Jun 07 12:41:35.824884 dv-neutron-844959-1-hyperv neutron-server[111273]: DEBUG neutron.pecan_wsgi.hooks.policy_enforcement [req-859c7201-a940-44bd-acc6-688980ed55f2 req-04f6abb4-5737-4f3f-a6db-f7870807b8c1 tempest-ServerActionsTestJSON-720575268 tempest-ServerActionsTestJSON-720575268-project] Attributes excluded by policy engine: ['standard_attr_id', 'vlan_transparent', 'provider:network_type', 'provider:physical_network', 'provider:segmentation_id'] {{(pid=111273) _exclude_attributes_by_policy /opt/stack/neutron/neutron/pecan_wsgi/hooks/policy_enforcement.py:259}}
Jun 07 12:41:35.832105 dv-neutron-844959-1-hyperv neutron-server[111273]: INFO neutron.wsgi [req-859c7201-a940-44bd-acc6-688980ed55f2 req-04f6abb4-5737-4f3f-a6db-f7870807b8c1 tempest-ServerActionsTestJSON-720575268 tempest-ServerActionsTestJSON-720575268-project] 10.222.0.33 "GET /v2.0/networks?id=07b1dd88-8dfd-4eb8-9efe-8063748c4412 HTTP/1.1" status: 200 len: 811 time: 0.3477459
Jun 07 12:41:35.895871 dv-neutron-844959-1-hyperv neutron-server[111273]: DEBUG neutron.wsgi [-] (111273) accepted ('10.222.0.33', 39178) {{(pid=111273) server /usr/local/lib/python3.8/dist-packages/eventlet/wsgi.py:1004}}
Jun 07 12:41:35.920868 dv-neutron-844959-1-hyperv neutron-server[111274]: DEBUG neutron_lib.callbacks.manager [req-53fb1c1c-bb46-4b09-b118-800e5a93fec8 req-22bad384-d6d0-4c7c-a10a-d6018549332d tempest-ServersTestJSON-1579687424 tempest-ServersTestJSON-1579687424-project] Publish callbacks [] for port (f241a82a-784b-4223-821a-a84c4fe247db), precommit_create {{(pid=111274) _notify_loop /usr/local/lib/python3.8/dist-packages/neutron_lib/callbacks/manager.py:176}}
Jun 07 12:41:35.925306 dv-neutron-844959-1-hyperv neutron-server[111273]: DEBUG neutron.api.v2.base [None req-5842fbaa-7f77-43ab-bff6-19dc216efcc7 tempest-RoutersIpV6AdminTest-626061816 tempest-RoutersIpV6AdminTest-626061816-project-admin] Request body: {'router': {'name': 'tempest-router--1670063696', 'project_id': '3fa2d796f7c74a9e9639a5a01f4fe58c'}} {{(pid=111273) prepare_request_body /opt/stack/neutron/neutron/api/v2/base.py:730}}
Jun 07 12:41:35.985580 dv-neutron-844959-1-hyperv neutron-server[111274]: DEBUG neutron_lib.callbacks.manager [None req-ce05d652-0c49-4d81-a660-9b2ac515c93d tempest-ExtraDHCPOptionsTestJSON-518762315 tempest-ExtraDHCPOptionsTestJSON-518762315-project] Publish callbacks ['neutron.plugins.ml2.plugin.SecurityGroupServerNotifierRpcMixin._notify_sg_on_port_change-3900087', 'neutron.plugins.ml2.ovo_rpc._ObjectChangeHandler.handle_event-97057', 'neutron.api.rpc.agentnotifiers.dhcp_rpc_agent_api.DhcpAgentNotifyAPI._native_event_send_dhcp_notification-539593', 'neutron.db.l3_db.L3RpcNotifierMixin._notify_gateway_port_ip_changed-8746501490926', 'neutron.db.l3_dvrscheduler_db._notify_l3_agent_port_update-8746501011222', 'neutron.db.l3_hascheduler_db._notify_l3_agent_ha_port_update-8746501011240', 'neutron.services.segments.plugin.NovaSegmentNotifier._notify_port_updated-129405924'] for port (c524b3bc-108f-46ed-b232-043b84eb012a), after_update {{(pid=111274) _notify_loop /usr/local/lib/python3.8/dist-packages/neutron_lib/callbacks/manager.py:176}}
Jun 07 12:41:36.019868 dv-neutron-844959-1-hyperv neutron-server[111274]: DEBUG neutron_lib.callbacks.manager [req-53fb1c1c-bb46-4b09-b118-800e5a93fec8 req-22bad384-d6d0-4c7c-a10a-d6018549332d tempest-ServersTestJSON-1579687424 tempest-ServersTestJSON-1579687424-project] Publish callbacks ['neutron.plugins.ml2.plugin.SecurityGroupServerNotifierRpcMixin._notify_sg_on_port_change-3900087', 'neutron.plugins.ml2.ovo_rpc._ObjectChangeHandler.handle_event-97057', 'neutron.api.rpc.agentnotifiers.dhcp_rpc_agent_api.DhcpAgentNotifyAPI._native_event_send_dhcp_notification-539593', 'neutron.db.l3_dvrscheduler_db._notify_l3_agent_new_port-8746501011204', 'neutron.services.segments.plugin.NovaSegmentNotifier._notify_port_created_or_deleted-129405935'] for port (f241a82a-784b-4223-821a-a84c4fe247db), after_create {{(pid=111274) _notify_loop /usr/local/lib/python3.8/dist-packages/neutron_lib/callbacks/manager.py:176}}
Jun 07 12:41:36.039755 dv-neutron-844959-1-hyperv neutron-server[111273]: DEBUG dbcounter [-] [111273] Writing DB stats neutron:SELECT=90,neutron:DELETE=7,neutron:UPDATE=2,neutron:INSERT=1 {{(pid=111273) stat_writer /usr/local/lib/python3.8/dist-packages/dbcounter.py:114}}
Jun 07 12:41:36.072519 dv-neutron-844959-1-hyperv neutron-server[111275]: DEBUG neutron.plugins.ml2.plugin [None req-d79763bd-1e01-4b14-b960-2d58771e30f4 None None] Port 91180dd0-c2e3-430e-b9f3-c816106b3250 cannot update to ACTIVE because it is not bound. {{(pid=111275) _port_provisioned /opt/stack/neutron/neutron/plugins/ml2/plugin.py:354}}
Jun 07 12:41:36.143758 dv-neutron-844959-1-hyperv neutron-server[111274]: DEBUG dbcounter [-] [111274] Writing DB stats neutron:SELECT=89,neutron:INSERT=7,neutron:UPDATE=4 {{(pid=111274) stat_writer /usr/local/lib/python3.8/dist-packages/dbcounter.py:114}}
Jun 07 12:41:36.177311 dv-neutron-844959-1-hyperv neutron-server[111273]: DEBUG neutron.plugins.ml2.plugin [None req-b3215082-cf92-4cf6-ad67-3b9561b91e05 tempest-AllowedAddressPairIpV6TestJSON-1691441757 tempest-AllowedAddressPairIpV6TestJSON-1691441757-project] Deleting port 91180dd0-c2e3-430e-b9f3-c816106b3250 {{(pid=111273) _pre_delete_port /opt/stack/neutron/neutron/plugins/ml2/plugin.py:2043}}
Jun 07 12:41:36.177908 dv-neutron-844959-1-hyperv neutron-server[111273]: DEBUG neutron_lib.callbacks.manager [None req-b3215082-cf92-4cf6-ad67-3b9561b91e05 tempest-AllowedAddressPairIpV6TestJSON-1691441757 tempest-AllowedAddressPairIpV6TestJSON-1691441757-project] Publish callbacks ['neutron.db.l3_db.L3_NAT_dbonly_mixin._prevent_l3_port_delete_callback-8746501488231'] for port (91180dd0-c2e3-430e-b9f3-c816106b3250), before_delete {{(pid=111273) _notify_loop /usr/local/lib/python3.8/dist-packages/neutron_lib/callbacks/manager.py:176}}
Jun 07 12:41:36.187975 dv-neutron-844959-1-hyperv neutron-server[111273]: DEBUG neutron_lib.callbacks.manager [None req-5842fbaa-7f77-43ab-bff6-19dc216efcc7 tempest-RoutersIpV6AdminTest-626061816 tempest-RoutersIpV6AdminTest-626061816-project-admin] Publish callbacks ['neutron.services.l3_router.l3_router_plugin.L3_HA_NAT_db_mixin._before_router_create_handler-564180', 'neutron.services.l3_router.service_providers.driver_controller.DriverController._check_router_request-479'] for router (963b1b5b-748f-4a35-8efb-a7494b7d2988), before_create {{(pid=111273) _notify_loop /usr/local/lib/python3.8/dist-packages/neutron_lib/callbacks/manager.py:176}}
Jun 07 12:41:36.189465 dv-neutron-844959-1-hyperv neutron-server[111273]: DEBUG neutron_lib.callbacks.manager [None req-5842fbaa-7f77-43ab-bff6-19dc216efcc7 tempest-RoutersIpV6AdminTest-626061816 tempest-RoutersIpV6AdminTest-626061816-project-admin] Publish callbacks ['neutron.services.l3_router.l3_router_plugin.L3_HA_NAT_db_mixin._precommit_router_create-562644', 'neutron.services.l3_router.l3_router_plugin.DVRResourceOperationHandler._set_distributed_flag-558678', 'neutron.services.l3_router.l3_router_plugin.RouterAvailabilityZoneMixin._process_az_request-639268', 'neutron.services.l3_router.service_providers.driver_controller.DriverController._set_router_provider-468'] for router (963b1b5b-748f-4a35-8efb-a7494b7d2988), precommit_create {{(pid=111273) _notify_loop /usr/local/lib/python3.8/dist-packages/neutron_lib/callbacks/manager.py:176}}
Jun 07 12:41:36.304244 dv-neutron-844959-1-hyperv neutron-server[111273]: INFO neutron.wsgi [req-859c7201-a940-44bd-acc6-688980ed55f2 req-99d6a30a-ad31-4b86-9370-31746be6f8b4 tempest-ServerActionsTestJSON-720575268 tempest-ServerActionsTestJSON-720575268-project] 10.222.0.33 "GET /v2.0/quotas/9af599f2cf4947c5ab74b3325d5c98ca HTTP/1.1" status: 200 len: 375 time: 0.3146787
Jun 07 12:41:36.315360 dv-neutron-844959-1-hyperv neutron-server[111273]: DEBUG neutron_lib.callbacks.manager [None req-5842fbaa-7f77-43ab-bff6-19dc216efcc7 tempest-RoutersIpV6AdminTest-626061816 tempest-RoutersIpV6AdminTest-626061816-project-admin] Publish callbacks [] for router_controller (963b1b5b-748f-4a35-8efb-a7494b7d2988), precommit_add_association {{(pid=111273) _notify_loop /usr/local/lib/python3.8/dist-packages/neutron_lib/callbacks/manager.py:176}}
Jun 07 12:41:36.348886 dv-neutron-844959-1-hyperv neutron-server[111273]: DEBUG neutron_lib.callbacks.manager [None req-5842fbaa-7f77-43ab-bff6-19dc216efcc7 tempest-RoutersIpV6AdminTest-626061816 tempest-RoutersIpV6AdminTest-626061816-project-admin] Publish callbacks ['neutron.services.l3_router.l3_router_plugin.L3_HA_NAT_db_mixin._after_router_create-562540', 'neutron.services.l3_router.l3_router_plugin.DVRResourceOperationHandler._create_snat_interfaces_after_change-566484'] for router (963b1b5b-748f-4a35-8efb-a7494b7d2988), after_create {{(pid=111273) _notify_loop /usr/local/lib/python3.8/dist-packages/neutron_lib/callbacks/manager.py:176}}
Jun 07 12:41:36.418827 dv-neutron-844959-1-hyperv neutron-server[111275]: DEBUG neutron.plugins.ml2.plugin [None req-ca550db8-f6d1-4f84-a942-bbe3819f2fe0 None None] Current status of the port a7eca3b1-8ad5-4881-8850-c1139c7b3a38 is: ACTIVE; New status is: ACTIVE {{(pid=111275) _update_individual_port_db_status /opt/stack/neutron/neutron/plugins/ml2/plugin.py:2298}}
Jun 07 12:41:36.451110 dv-neutron-844959-1-hyperv neutron-server[111274]: DEBUG neutron.plugins.ml2.plugin [None req-ce05d652-0c49-4d81-a660-9b2ac515c93d tempest-ExtraDHCPOptionsTestJSON-518762315 tempest-ExtraDHCPOptionsTestJSON-518762315-project] In _notify_port_updated(), no bound segment for port c524b3bc-108f-46ed-b232-043b84eb012a on network b504292c-0a01-4f6c-a752-53db481510e7 {{(pid=111274) _notify_port_updated /opt/stack/neutron/neutron/plugins/ml2/plugin.py:937}}
Jun 07 12:41:36.495763 dv-neutron-844959-1-hyperv neutron-server[111274]: DEBUG neutron.pecan_wsgi.hooks.policy_enforcement [None req-ce05d652-0c49-4d81-a660-9b2ac515c93d tempest-ExtraDHCPOptionsTestJSON-518762315 tempest-ExtraDHCPOptionsTestJSON-518762315-project] Attributes excluded by policy engine: ['standard_attr_id', 'binding:profile', 'binding:host_id', 'binding:vif_type', 'binding:vif_details'] {{(pid=111274) _exclude_attributes_by_policy /opt/stack/neutron/neutron/pecan_wsgi/hooks/policy_enforcement.py:259}}
Jun 07 12:41:36.497077 dv-neutron-844959-1-hyperv neutron-server[111274]: DEBUG neutron_lib.callbacks.manager [None req-ce05d652-0c49-4d81-a660-9b2ac515c93d tempest-ExtraDHCPOptionsTestJSON-518762315 tempest-ExtraDHCPOptionsTestJSON-518762315-project] Publish callbacks ['neutron.notifiers.nova.Notifier._send_nova_notification-40581'] for port (None), before_response {{(pid=111274) _notify_loop /usr/local/lib/python3.8/dist-packages/neutron_lib/callbacks/manager.py:176}}
Jun 07 12:41:36.501190 dv-neutron-844959-1-hyperv neutron-server[111274]: INFO neutron.wsgi [None req-ce05d652-0c49-4d81-a660-9b2ac515c93d tempest-ExtraDHCPOptionsTestJSON-518762315 tempest-ExtraDHCPOptionsTestJSON-518762315-project] 10.222.0.33 "PUT /v2.0/ports/c524b3bc-108f-46ed-b232-043b84eb012a HTTP/1.1" status: 200 len: 1135 time: 3.4485016
Jun 07 12:41:36.505756 dv-neutron-844959-1-hyperv neutron-server[111274]: DEBUG neutron.scheduler.l3_agent_scheduler [None req-8d94e52d-c6e5-441a-9f0c-182ea9f2d0e8 tempest-FloatingIPAdminTestJSON-302835532 tempest-FloatingIPAdminTestJSON-302835532-project] Router 483a90d4-366c-471c-abaf-74ac1b318d50 has already been hosted by L3 agent abb5242f-8ce7-43dd-898c-de9724ee99d1 {{(pid=111274) _get_candidates /opt/stack/neutron/neutron/scheduler/l3_agent_scheduler.py:126}}
Jun 07 12:41:36.532481 dv-neutron-844959-1-hyperv neutron-server[111276]: DEBUG dbcounter [-] [111276] Writing DB stats neutron:SELECT=37 {{(pid=111276) stat_writer /usr/local/lib/python3.8/dist-packages/dbcounter.py:114}}
Jun 07 12:41:36.570590 dv-neutron-844959-1-hyperv neutron-server[111274]: DEBUG neutron.scheduler.dhcp_agent_scheduler [req-53fb1c1c-bb46-4b09-b118-800e5a93fec8 req-22bad384-d6d0-4c7c-a10a-d6018549332d tempest-ServersTestJSON-1579687424 tempest-ServersTestJSON-1579687424-project] Network 9e0b20fd-ba79-4f6a-8810-f918a62fe222 is already hosted by enough agents. {{(pid=111274) _get_dhcp_agents_hosting_network /opt/stack/neutron/neutron/scheduler/dhcp_agent_scheduler.py:275}}
Jun 07 12:41:36.576213 dv-neutron-844959-1-hyperv neutron-server[111275]: DEBUG neutron_lib.callbacks.manager [None req-834f6606-a734-45f8-b6e7-0760a0b1480c None None] Publish callbacks ['neutron.services.segments.db._update_segment_host_mapping_for_agent-8746501506160', 'neutron.plugins.ml2.plugin.Ml2Plugin._retry_binding_revived_agents-4052850'] for agent (1258be1d-55e5-4705-8c16-2d9bb3ca7f4e), after_update {{(pid=111275) _notify_loop /usr/local/lib/python3.8/dist-packages/neutron_lib/callbacks/manager.py:176}}
Jun 07 12:41:36.583774 dv-neutron-844959-1-hyperv neutron-server[111276]: DEBUG dbcounter [-] [111276] Writing DB stats neutron:SELECT=35 {{(pid=111276) stat_writer /usr/local/lib/python3.8/dist-packages/dbcounter.py:114}}
Jun 07 12:41:36.585799 dv-neutron-844959-1-hyperv neutron-server[111274]: DEBUG neutron.wsgi [-] (111274) accepted ('10.222.0.33', 39182) {{(pid=111274) server /usr/local/lib/python3.8/dist-packages/eventlet/wsgi.py:1004}}
Jun 07 12:41:36.642505 dv-neutron-844959-1-hyperv neutron-server[111274]: DEBUG neutron.api.rpc.handlers.resources_rpc [None req-ce05d652-0c49-4d81-a660-9b2ac515c93d tempest-ExtraDHCPOptionsTestJSON-518762315 tempest-ExtraDHCPOptionsTestJSON-518762315-project] Pushing event updated for resources: {'Port': ['ID=c524b3bc-108f-46ed-b232-043b84eb012a,revision_number=2']} {{(pid=111274) push /opt/stack/neutron/neutron/api/rpc/handlers/resources_rpc.py:237}}
Jun 07 12:41:36.658161 dv-neutron-844959-1-hyperv neutron-server[111274]: DEBUG neutron.scheduler.base_scheduler [req-53fb1c1c-bb46-4b09-b118-800e5a93fec8 req-22bad384-d6d0-4c7c-a10a-d6018549332d tempest-ServersTestJSON-1579687424 tempest-ServersTestJSON-1579687424-project] Resources bound (agent type, host, resource id): {{(pid=111274) schedule /opt/stack/neutron/neutron/scheduler/base_scheduler.py:57}}
Jun 07 12:41:36.731775 dv-neutron-844959-1-hyperv neutron-server[111275]: DEBUG neutron_lib.callbacks.manager [None req-f79380f6-1c0d-4dc9-85c6-c5387ba2a79c None None] Publish callbacks [] for port (bc394745-c45e-426d-abd2-4137d12c27ac), precommit_create {{(pid=111275) _notify_loop /usr/local/lib/python3.8/dist-packages/neutron_lib/callbacks/manager.py:176}}
Jun 07 12:41:36.745167 dv-neutron-844959-1-hyperv neutron-server[111275]: DEBUG neutron_lib.callbacks.manager [None req-f79380f6-1c0d-4dc9-85c6-c5387ba2a79c None None] Publish callbacks ['neutron.plugins.ml2.plugin.SecurityGroupServerNotifierRpcMixin._notify_sg_on_port_change-3900087', 'neutron.plugins.ml2.ovo_rpc._ObjectChangeHandler.handle_event-97057', 'neutron.api.rpc.agentnotifiers.dhcp_rpc_agent_api.DhcpAgentNotifyAPI._native_event_send_dhcp_notification-539593', 'neutron.db.l3_dvrscheduler_db._notify_l3_agent_new_port-8746501011204'] for port (bc394745-c45e-426d-abd2-4137d12c27ac), after_create {{(pid=111275) _notify_loop /usr/local/lib/python3.8/dist-packages/neutron_lib/callbacks/manager.py:176}}
Jun 07 12:41:36.871070 dv-neutron-844959-1-hyperv neutron-server[111275]: DEBUG neutron.api.rpc.handlers.resources_rpc [None req-f79380f6-1c0d-4dc9-85c6-c5387ba2a79c None None] Pushing event updated for resources: {'Port': ['ID=bc394745-c45e-426d-abd2-4137d12c27ac,revision_number=1']} {{(pid=111275) push /opt/stack/neutron/neutron/api/rpc/handlers/resources_rpc.py:237}}
Jun 07 12:41:36.880253 dv-neutron-844959-1-hyperv neutron-server[111275]: DEBUG neutron.db.provisioning_blocks [None req-0d51a28d-1095-40ca-a194-1198ceef98e2 None None] Provisioning complete for port c524b3bc-108f-46ed-b232-043b84eb012a triggered by entity DHCP. {{(pid=111275) provisioning_complete /opt/stack/neutron/neutron/db/provisioning_blocks.py:145}}
Jun 07 12:41:36.880719 dv-neutron-844959-1-hyperv neutron-server[111275]: DEBUG neutron_lib.callbacks.manager [None req-0d51a28d-1095-40ca-a194-1198ceef98e2 None None] Publish callbacks ['neutron.plugins.ml2.plugin.Ml2Plugin._port_provisioned-4053456'] for port (c524b3bc-108f-46ed-b232-043b84eb012a), provisioning_complete {{(pid=111275) _notify_loop /usr/local/lib/python3.8/dist-packages/neutron_lib/callbacks/manager.py:176}}
Jun 07 12:41:36.931456 dv-neutron-844959-1-hyperv neutron-server[111273]: DEBUG neutron.db.db_base_plugin_common [None req-a238e245-ade4-4d59-9a50-10d8ed57900f tempest-NetworksTestDHCPv6-571727582 tempest-NetworksTestDHCPv6-571727582-project] Allocated IP 2001:db8::252 (0bed1dbe-2f0e-4331-8a37-c4e96b1e576e/188978b9-4b16-44d1-a282-4facea76e960/c6de9efd-d5b8-4e51-b571-039157abdf19) {{(pid=111273) _store_ip_allocation /opt/stack/neutron/neutron/db/db_base_plugin_common.py:131}}
Jun 07 12:41:36.950768 dv-neutron-844959-1-hyperv neutron-server[111275]: DEBUG neutron.scheduler.dhcp_agent_scheduler [None req-f79380f6-1c0d-4dc9-85c6-c5387ba2a79c None None] Network 0bed1dbe-2f0e-4331-8a37-c4e96b1e576e is already hosted by enough agents. {{(pid=111275) _get_dhcp_agents_hosting_network /opt/stack/neutron/neutron/scheduler/dhcp_agent_scheduler.py:275}}
Jun 07 12:41:36.953879 dv-neutron-844959-1-hyperv neutron-server[111275]: DEBUG neutron.scheduler.base_scheduler [None req-f79380f6-1c0d-4dc9-85c6-c5387ba2a79c None None] Resources bound (agent type, host, resource id): {{(pid=111275) schedule /opt/stack/neutron/neutron/scheduler/base_scheduler.py:57}}
Jun 07 12:41:36.976151 dv-neutron-844959-1-hyperv neutron-server[111275]: DEBUG neutron.db.l3_dvrscheduler_db [None req-f79380f6-1c0d-4dc9-85c6-c5387ba2a79c None None] Received port after_create {{(pid=111275) _notify_l3_agent_new_port /opt/stack/neutron/neutron/db/l3_dvrscheduler_db.py:542}}
Jun 07 12:41:36.991720 dv-neutron-844959-1-hyperv neutron-server[111273]: DEBUG neutron_lib.callbacks.manager [None req-5842fbaa-7f77-43ab-bff6-19dc216efcc7 tempest-RoutersIpV6AdminTest-626061816 tempest-RoutersIpV6AdminTest-626061816-project-admin] Publish callbacks [] for router (None), before_response {{(pid=111273) _notify_loop /usr/local/lib/python3.8/dist-packages/neutron_lib/callbacks/manager.py:176}}
Jun 07 12:41:36.997270 dv-neutron-844959-1-hyperv neutron-server[111273]: INFO neutron.wsgi [None req-5842fbaa-7f77-43ab-bff6-19dc216efcc7 tempest-RoutersIpV6AdminTest-626061816 tempest-RoutersIpV6AdminTest-626061816-project-admin] 10.222.0.33 "POST /v2.0/routers HTTP/1.1" status: 201 len: 723 time: 1.0757430
Jun 07 12:41:37.028264 dv-neutron-844959-1-hyperv neutron-server[111273]: DEBUG neutron.wsgi [-] (111273) accepted ('10.222.0.33', 39184) {{(pid=111273) server /usr/local/lib/python3.8/dist-packages/eventlet/wsgi.py:1004}}
Jun 07 12:41:37.098966 dv-neutron-844959-1-hyperv neutron-server[111275]: DEBUG dbcounter [-] [111275] Writing DB stats neutron:SELECT=94,neutron:INSERT=2,neutron:UPDATE=4 {{(pid=111275) stat_writer /usr/local/lib/python3.8/dist-packages/dbcounter.py:114}}
Jun 07 12:41:37.115609 dv-neutron-844959-1-hyperv neutron-server[111275]: DEBUG neutron.plugins.ml2.plugin [None req-0d51a28d-1095-40ca-a194-1198ceef98e2 None None] Port c524b3bc-108f-46ed-b232-043b84eb012a cannot update to ACTIVE because it is not bound. {{(pid=111275) _port_provisioned /opt/stack/neutron/neutron/plugins/ml2/plugin.py:354}}
Jun 07 12:41:37.121504 dv-neutron-844959-1-hyperv neutron-server[111275]: DEBUG neutron.plugins.ml2.managers [None req-f79380f6-1c0d-4dc9-85c6-c5387ba2a79c None None] Attempting to bind port bc394745-c45e-426d-abd2-4137d12c27ac on host dv-neutron-844959-1-hyperv for vnic_type normal with profile {{(pid=111275) bind_port /opt/stack/neutron/neutron/plugins/ml2/managers.py:811}}
Jun 07 12:41:37.121871 dv-neutron-844959-1-hyperv neutron-server[111275]: DEBUG neutron.plugins.ml2.managers [None req-f79380f6-1c0d-4dc9-85c6-c5387ba2a79c None None] Attempting to bind port bc394745-c45e-426d-abd2-4137d12c27ac by drivers openvswitch,hyperv on host dv-neutron-844959-1-hyperv at level 0 using segments [{'id': 'c031a1c5-3dce-48c4-8bc0-de7776c13f3c', 'network_type': 'vlan', 'physical_network': 'physnet1', 'segmentation_id': 171, 'network_id': '0bed1dbe-2f0e-4331-8a37-c4e96b1e576e'}] {{(pid=111275) _bind_port_level /opt/stack/neutron/neutron/plugins/ml2/managers.py:836}}
Jun 07 12:41:37.122505 dv-neutron-844959-1-hyperv neutron-server[111275]: DEBUG neutron.plugins.ml2.drivers.mech_agent [None req-f79380f6-1c0d-4dc9-85c6-c5387ba2a79c None None] Attempting to bind port bc394745-c45e-426d-abd2-4137d12c27ac on network 0bed1dbe-2f0e-4331-8a37-c4e96b1e576e {{(pid=111275) bind_port /opt/stack/neutron/neutron/plugins/ml2/drivers/mech_agent.py:91}}
Jun 07 12:41:37.128392 dv-neutron-844959-1-hyperv neutron-server[111275]: DEBUG neutron.plugins.ml2.drivers.mech_agent [None req-f79380f6-1c0d-4dc9-85c6-c5387ba2a79c None None] Checking agent: {'id': 'e5889478-d949-4a9f-881b-4cdc7cc7836a', 'agent_type': 'Open vSwitch agent', 'binary': 'neutron-openvswitch-agent', 'topic': 'N/A', 'host': 'dv-neutron-844959-1-hyperv', 'admin_state_up': True, 'created_at': datetime.datetime(2022, 6, 7, 12, 33, 8), 'started_at': datetime.datetime(2022, 6, 7, 12, 33, 38), 'heartbeat_timestamp': datetime.datetime(2022, 6, 7, 12, 41, 8), 'description': None, 'resources_synced': None, 'availability_zone': None, 'alive': True, 'configurations': {'arp_responder_enabled': False, 'baremetal_smartnic': False, 'bridge_mappings': {'physnet1': 'br-data'}, 'datapath_type': 'system', 'devices': 0, 'enable_distributed_routing': False, 'extensions': [], 'in_distributed_mode': False, 'integration_bridge': 'br-int', 'l2_population': False, 'log_agent_heartbeats': False, 'ovs_capabilities': {'datapath_types': ['netdev', 'system'], 'iface_types': ['erspan', 'geneve', 'gre', 'internal', 'ip6erspan', 'ip6gre', 'lisp', 'patch', 'stt', 'system', 'tap', 'vxlan']}, 'ovs_hybrid_plug': False, 'resource_provider_bandwidths': {}, 'resource_provider_hypervisors': {'br-data': 'dv-neutron-844959-1-hyperv'}, 'resource_provider_inventory_defaults': {'allocation_ratio': 1.0, 'min_unit': 1, 'step_size': 1, 'reserved': 0}, 'resource_provider_packet_processing_inventory_defaults': {'allocation_ratio': 1.0, 'min_unit': 1, 'step_size': 1, 'reserved': 0}, 'resource_provider_packet_processing_with_direction': {}, 'resource_provider_packet_processing_without_direction': {}, 'tunnel_types': [], 'tunneling_ip': None, 'vhostuser_socket_dir': '/var/run/openvswitch'}, 'resource_versions': {'AddressGroup': '1.2', 'Agent': '1.1', 'ConntrackHelper': '1.0', 'LocalIPAssociation': '1.0', 'Log': '1.0', 'NDPProxy': '1.0', 'Network': '1.1', 'Port': '1.7', 'PortForwarding': '1.3', 'QosPolicy': '1.10', 'SecurityGroup': '1.5', 'SecurityGroupRule': '1.2', 'SubPort': '1.0', 'Subnet': '1.1', 'Trunk': '1.1'}} {{(pid=111275) bind_port /opt/stack/neutron/neutron/plugins/ml2/drivers/mech_agent.py:110}}
Jun 07 12:41:37.128769 dv-neutron-844959-1-hyperv neutron-server[111275]: DEBUG neutron.plugins.ml2.drivers.mech_agent [None req-f79380f6-1c0d-4dc9-85c6-c5387ba2a79c None None] Checking segment: {'id': 'c031a1c5-3dce-48c4-8bc0-de7776c13f3c', 'network_type': 'vlan', 'physical_network': 'physnet1', 'segmentation_id': 171, 'network_id': '0bed1dbe-2f0e-4331-8a37-c4e96b1e576e'} for mappings: {'physnet1': 'br-data'} with network types: ['local', 'flat', 'vlan'] {{(pid=111275) check_segment_for_agent /opt/stack/neutron/neutron/plugins/ml2/drivers/mech_agent.py:373}}
Jun 07 12:41:37.129171 dv-neutron-844959-1-hyperv neutron-server[111275]: DEBUG neutron_lib.callbacks.manager [None req-f79380f6-1c0d-4dc9-85c6-c5387ba2a79c None None] Publish callbacks [] for ovs_bridge_name (None), before_read {{(pid=111275) _notify_loop /usr/local/lib/python3.8/dist-packages/neutron_lib/callbacks/manager.py:176}}
Jun 07 12:41:37.129534 dv-neutron-844959-1-hyperv neutron-server[111275]: DEBUG neutron.plugins.ml2.drivers.mech_agent [None req-f79380f6-1c0d-4dc9-85c6-c5387ba2a79c None None] Bound using segment: {'id': 'c031a1c5-3dce-48c4-8bc0-de7776c13f3c', 'network_type': 'vlan', 'physical_network': 'physnet1', 'segmentation_id': 171, 'network_id': '0bed1dbe-2f0e-4331-8a37-c4e96b1e576e'} {{(pid=111275) bind_port /opt/stack/neutron/neutron/plugins/ml2/drivers/mech_agent.py:120}}
Jun 07 12:41:37.130208 dv-neutron-844959-1-hyperv neutron-server[111275]: DEBUG neutron.plugins.ml2.managers [None req-f79380f6-1c0d-4dc9-85c6-c5387ba2a79c None None] Bound port: bc394745-c45e-426d-abd2-4137d12c27ac, host: dv-neutron-844959-1-hyperv, vif_type: ovs, vif_details: {"connectivity": "l2", "port_filter": true, "ovs_hybrid_plug": false, "datapath_type": "system", "bridge_name": "br-int"}, binding_levels: [{'bound_driver': 'openvswitch', 'bound_segment': {'id': 'c031a1c5-3dce-48c4-8bc0-de7776c13f3c', 'network_type': 'vlan', 'physical_network': 'physnet1', 'segmentation_id': 171, 'network_id': '0bed1dbe-2f0e-4331-8a37-c4e96b1e576e'}}] {{(pid=111275) _bind_port_level /opt/stack/neutron/neutron/plugins/ml2/managers.py:948}}
Jun 07 12:41:37.130597 dv-neutron-844959-1-hyperv neutron-server[111275]: DEBUG neutron_lib.callbacks.manager [None req-f79380f6-1c0d-4dc9-85c6-c5387ba2a79c None None] Publish callbacks ['neutron.plugins.ml2.plugin.SecurityGroupDbMixin._ensure_default_security_group_handler-3900148'] for port (bc394745-c45e-426d-abd2-4137d12c27ac), before_update {{(pid=111275) _notify_loop /usr/local/lib/python3.8/dist-packages/neutron_lib/callbacks/manager.py:176}}
Jun 07 12:41:37.187335 dv-neutron-844959-1-hyperv neutron-server[111274]: DEBUG neutron.db.l3_dvrscheduler_db [req-53fb1c1c-bb46-4b09-b118-800e5a93fec8 req-22bad384-d6d0-4c7c-a10a-d6018549332d tempest-ServersTestJSON-1579687424 tempest-ServersTestJSON-1579687424-project] Received port after_create {{(pid=111274) _notify_l3_agent_new_port /opt/stack/neutron/neutron/db/l3_dvrscheduler_db.py:542}}
Jun 07 12:41:37.222788 dv-neutron-844959-1-hyperv neutron-server[111275]: DEBUG neutron.plugins.ml2.db [None req-f79380f6-1c0d-4dc9-85c6-c5387ba2a79c None None] For port bc394745-c45e-426d-abd2-4137d12c27ac, host dv-neutron-844959-1-hyperv, cleared binding levels {{(pid=111275) clear_binding_levels /opt/stack/neutron/neutron/plugins/ml2/db.py:87}}
Jun 07 12:41:37.226736 dv-neutron-844959-1-hyperv neutron-server[111275]: DEBUG dbcounter [-] [111275] Writing DB stats neutron:SELECT=95,neutron:INSERT=3,neutron:UPDATE=2 {{(pid=111275) stat_writer /usr/local/lib/python3.8/dist-packages/dbcounter.py:114}}
Jun 07 12:41:37.234473 dv-neutron-844959-1-hyperv neutron-server[111275]: DEBUG neutron.plugins.ml2.db [None req-f79380f6-1c0d-4dc9-85c6-c5387ba2a79c None None] For port bc394745-c45e-426d-abd2-4137d12c27ac, host dv-neutron-844959-1-hyperv, set binding levels [PortBindingLevel(driver='openvswitch',host='dv-neutron-844959-1-hyperv',level=0,port_id=bc394745-c45e-426d-abd2-4137d12c27ac,segment=NetworkSegment(c031a1c5-3dce-48c4-8bc0-de7776c13f3c),segment_id=c031a1c5-3dce-48c4-8bc0-de7776c13f3c)] {{(pid=111275) set_binding_levels /opt/stack/neutron/neutron/plugins/ml2/db.py:59}}
Jun 07 12:41:37.240346 dv-neutron-844959-1-hyperv neutron-server[111274]: DEBUG neutron.pecan_wsgi.hooks.policy_enforcement [None req-5744eb9c-55c7-458f-b02a-f4a1a943d1e0 tempest-ExtraDHCPOptionsTestJSON-518762315 tempest-ExtraDHCPOptionsTestJSON-518762315-project] Attributes excluded by policy engine: ['standard_attr_id', 'binding:profile', 'binding:host_id', 'binding:vif_type', 'binding:vif_details'] {{(pid=111274) _exclude_attributes_by_policy /opt/stack/neutron/neutron/pecan_wsgi/hooks/policy_enforcement.py:259}}
Jun 07 12:41:37.242085 dv-neutron-844959-1-hyperv neutron-server[111274]: INFO neutron.wsgi [None req-5744eb9c-55c7-458f-b02a-f4a1a943d1e0 tempest-ExtraDHCPOptionsTestJSON-518762315 tempest-ExtraDHCPOptionsTestJSON-518762315-project] 10.222.0.33 "GET /v2.0/ports/c524b3bc-108f-46ed-b232-043b84eb012a HTTP/1.1" status: 200 len: 1135 time: 0.6391530
Jun 07 12:41:37.260287 dv-neutron-844959-1-hyperv neutron-server[111273]: DEBUG neutron.wsgi [-] (111273) accepted ('10.222.0.33', 39186) {{(pid=111273) server /usr/local/lib/python3.8/dist-packages/eventlet/wsgi.py:1004}}
Jun 07 12:41:37.269839 dv-neutron-844959-1-hyperv neutron-server[111275]: DEBUG neutron.db.provisioning_blocks [None req-99d52feb-c612-482e-9abe-287eb8b2cbac None None] Provisioning complete for port f241a82a-784b-4223-821a-a84c4fe247db triggered by entity DHCP. {{(pid=111275) provisioning_complete /opt/stack/neutron/neutron/db/provisioning_blocks.py:145}}
Jun 07 12:41:37.270841 dv-neutron-844959-1-hyperv neutron-server[111275]: DEBUG neutron_lib.callbacks.manager [None req-99d52feb-c612-482e-9abe-287eb8b2cbac None None] Publish callbacks ['neutron.plugins.ml2.plugin.Ml2Plugin._port_provisioned-4053456'] for port (f241a82a-784b-4223-821a-a84c4fe247db), provisioning_complete {{(pid=111275) _notify_loop /usr/local/lib/python3.8/dist-packages/neutron_lib/callbacks/manager.py:176}}
Jun 07 12:41:37.279848 dv-neutron-844959-1-hyperv neutron-server[111273]: INFO neutron.wsgi [req-859c7201-a940-44bd-acc6-688980ed55f2 req-ce62e2a5-2d77-4709-bf7a-10e222e54fec tempest-ServerActionsTestJSON-720575268 tempest-ServerActionsTestJSON-720575268-project] 10.222.0.33 "GET /v2.0/ports?tenant_id=9af599f2cf4947c5ab74b3325d5c98ca&fields=id HTTP/1.1" status: 200 len: 302 time: 0.9547443
Jun 07 12:41:37.356334 dv-neutron-844959-1-hyperv neutron-server[111275]: DEBUG neutron_lib.callbacks.manager [None req-f79380f6-1c0d-4dc9-85c6-c5387ba2a79c None None] Publish callbacks ['neutron.plugins.ml2.plugin.SecurityGroupServerNotifierRpcMixin._notify_sg_on_port_change-3900087', 'neutron.plugins.ml2.ovo_rpc._ObjectChangeHandler.handle_event-97057', 'neutron.api.rpc.agentnotifiers.dhcp_rpc_agent_api.DhcpAgentNotifyAPI._native_event_send_dhcp_notification-539593', 'neutron.db.l3_db.L3RpcNotifierMixin._notify_gateway_port_ip_changed-8746501490926', 'neutron.db.l3_dvrscheduler_db._notify_l3_agent_port_update-8746501011222', 'neutron.db.l3_hascheduler_db._notify_l3_agent_ha_port_update-8746501011240'] for port (bc394745-c45e-426d-abd2-4137d12c27ac), after_update {{(pid=111275) _notify_loop /usr/local/lib/python3.8/dist-packages/neutron_lib/callbacks/manager.py:176}}
Jun 07 12:41:37.361306 dv-neutron-844959-1-hyperv neutron-server[111273]: DEBUG neutron_lib.callbacks.manager [None req-b3215082-cf92-4cf6-ad67-3b9561b91e05 tempest-AllowedAddressPairIpV6TestJSON-1691441757 tempest-AllowedAddressPairIpV6TestJSON-1691441757-project] Publish callbacks ['neutron.services.l3_router.l3_router_plugin.L3_NAT_dbonly_mixin._precommit_delete_port_callback-562493'] for port (91180dd0-c2e3-430e-b9f3-c816106b3250), precommit_delete {{(pid=111273) _notify_loop /usr/local/lib/python3.8/dist-packages/neutron_lib/callbacks/manager.py:176}}
Jun 07 12:41:37.373954 dv-neutron-844959-1-hyperv neutron-server[111273]: DEBUG neutron_lib.callbacks.manager [None req-4c0a50c2-f68f-4dd6-8037-48385b0716bb tempest-RoutersIpV6AdminTest-626061816 tempest-RoutersIpV6AdminTest-626061816-project-admin] Publish callbacks [] for router (963b1b5b-748f-4a35-8efb-a7494b7d2988), before_delete {{(pid=111273) _notify_loop /usr/local/lib/python3.8/dist-packages/neutron_lib/callbacks/manager.py:176}}
Jun 07 12:41:37.380195 dv-neutron-844959-1-hyperv neutron-server[111275]: DEBUG dbcounter [-] [111275] Writing DB stats neutron:SELECT=94,neutron:UPDATE=4,neutron:INSERT=2 {{(pid=111275) stat_writer /usr/local/lib/python3.8/dist-packages/dbcounter.py:114}}
Jun 07 12:41:37.384978 dv-neutron-844959-1-hyperv neutron-server[111274]: DEBUG neutron.api.rpc.handlers.resources_rpc [None req-22bad384-d6d0-4c7c-a10a-d6018549332d tempest-ServersTestJSON-1579687424 tempest-ServersTestJSON-1579687424-project] Pushing event updated for resources: {'Port': ['ID=f241a82a-784b-4223-821a-a84c4fe247db,revision_number=1']} {{(pid=111274) push /opt/stack/neutron/neutron/api/rpc/handlers/resources_rpc.py:237}}
Jun 07 12:41:37.486853 dv-neutron-844959-1-hyperv neutron-server[111273]: DEBUG neutron.pecan_wsgi.hooks.policy_enforcement [req-3232c9a2-c8fd-4b2c-9b51-0d7175a65a8b req-e58ac49d-ba6b-43d9-87d4-49803d8b951f tempest-ServersTestJSON-1579687424 tempest-ServersTestJSON-1579687424-project] Attributes excluded by policy engine: ['standard_attr_id', 'binding:profile', 'binding:host_id', 'binding:vif_type', 'binding:vif_details'] {{(pid=111273) _exclude_attributes_by_policy /opt/stack/neutron/neutron/pecan_wsgi/hooks/policy_enforcement.py:259}}
Jun 07 12:41:37.488602 dv-neutron-844959-1-hyperv neutron-server[111273]: INFO neutron.wsgi [req-3232c9a2-c8fd-4b2c-9b51-0d7175a65a8b req-e58ac49d-ba6b-43d9-87d4-49803d8b951f tempest-ServersTestJSON-1579687424 tempest-ServersTestJSON-1579687424-project] 10.222.0.33 "GET /v2.0/ports?device_id=d94c0d03-e68b-46c2-89c6-e233b3c896fd HTTP/1.1" status: 200 len: 932 time: 0.6380746
Jun 07 12:41:37.491926 dv-neutron-844959-1-hyperv neutron-server[111274]: DEBUG neutron.pecan_wsgi.hooks.policy_enforcement [req-53fb1c1c-bb46-4b09-b118-800e5a93fec8 req-22bad384-d6d0-4c7c-a10a-d6018549332d tempest-ServersTestJSON-1579687424 tempest-ServersTestJSON-1579687424-project] Attributes excluded by policy engine: ['standard_attr_id', 'binding:profile', 'binding:host_id', 'binding:vif_type', 'binding:vif_details', 'network'] {{(pid=111274) _exclude_attributes_by_policy /opt/stack/neutron/neutron/pecan_wsgi/hooks/policy_enforcement.py:259}}
Jun 07 12:41:37.501092 dv-neutron-844959-1-hyperv neutron-server[111274]: DEBUG neutron_lib.callbacks.manager [req-53fb1c1c-bb46-4b09-b118-800e5a93fec8 req-22bad384-d6d0-4c7c-a10a-d6018549332d tempest-ServersTestJSON-1579687424 tempest-ServersTestJSON-1579687424-project] Publish callbacks ['neutron.notifiers.nova.Notifier._send_nova_notification-40581'] for port (None), before_response {{(pid=111274) _notify_loop /usr/local/lib/python3.8/dist-packages/neutron_lib/callbacks/manager.py:176}}
Jun 07 12:41:37.524876 dv-neutron-844959-1-hyperv neutron-server[111275]: DEBUG neutron.plugins.ml2.plugin [None req-99d52feb-c612-482e-9abe-287eb8b2cbac None None] Port f241a82a-784b-4223-821a-a84c4fe247db cannot update to ACTIVE because it is not bound. {{(pid=111275) _port_provisioned /opt/stack/neutron/neutron/plugins/ml2/plugin.py:354}}
Jun 07 12:41:37.551971 dv-neutron-844959-1-hyperv neutron-server[111275]: DEBUG neutron.api.rpc.handlers.resources_rpc [None req-f79380f6-1c0d-4dc9-85c6-c5387ba2a79c None None] Pushing event updated for resources: {'Port': ['ID=bc394745-c45e-426d-abd2-4137d12c27ac,revision_number=2']} {{(pid=111275) push /opt/stack/neutron/neutron/api/rpc/handlers/resources_rpc.py:237}}
Jun 07 12:41:37.570536 dv-neutron-844959-1-hyperv neutron-server[111273]: DEBUG neutron.plugins.ml2.plugin [None req-b3215082-cf92-4cf6-ad67-3b9561b91e05 tempest-AllowedAddressPairIpV6TestJSON-1691441757 tempest-AllowedAddressPairIpV6TestJSON-1691441757-project] Calling delete_port for 91180dd0-c2e3-430e-b9f3-c816106b3250 owned by {{(pid=111273) delete_port /opt/stack/neutron/neutron/plugins/ml2/plugin.py:2122}}
Jun 07 12:41:37.610698 dv-neutron-844959-1-hyperv neutron-server[111274]: DEBUG neutron_lib.callbacks.manager [None req-3d7f8ab2-2a41-49d7-8733-4024bfbde0cc admin admin] Publish callbacks [] for security_group (391ac658-3c3b-436b-9a73-af90ffca4668), precommit_create {{(pid=111274) _notify_loop /usr/local/lib/python3.8/dist-packages/neutron_lib/callbacks/manager.py:176}}
Jun 07 12:41:37.622344 dv-neutron-844959-1-hyperv neutron-server[111274]: DEBUG neutron.api.rpc.agentnotifiers.l3_rpc_agent_api [None req-8d94e52d-c6e5-441a-9f0c-182ea9f2d0e8 tempest-FloatingIPAdminTestJSON-302835532 tempest-FloatingIPAdminTestJSON-302835532-project] Notify agent at l3_agent.dv-neutron-844959-1-hyperv the message routers_updated {{(pid=111274) _agent_notification /opt/stack/neutron/neutron/api/rpc/agentnotifiers/l3_rpc_agent_api.py:65}}
Jun 07 12:41:37.629789 dv-neutron-844959-1-hyperv neutron-server[111274]: INFO neutron.wsgi [req-53fb1c1c-bb46-4b09-b118-800e5a93fec8 req-22bad384-d6d0-4c7c-a10a-d6018549332d tempest-ServersTestJSON-1579687424 tempest-ServersTestJSON-1579687424-project] 10.222.0.46 "POST /v2.0/ports HTTP/1.1" status: 201 len: 934 time: 3.1270196
Jun 07 12:41:37.640687 dv-neutron-844959-1-hyperv neutron-server[111274]: INFO neutron.wsgi [None req-8d94e52d-c6e5-441a-9f0c-182ea9f2d0e8 tempest-FloatingIPAdminTestJSON-302835532 tempest-FloatingIPAdminTestJSON-302835532-project] 10.222.0.33 "PUT /v2.0/routers/483a90d4-366c-471c-abaf-74ac1b318d50/add_router_interface HTTP/1.1" status: 200 len: 503 time: 12.9103427
Jun 07 12:41:37.642399 dv-neutron-844959-1-hyperv neutron-server[111276]: DEBUG neutron.api.rpc.handlers.l3_rpc [None req-e5653110-3f3f-467b-83c7-b0dc6a41d0a3 None None] Sync routers for ids ['483a90d4-366c-471c-abaf-74ac1b318d50'] in dv-neutron-844959-1-hyperv {{(pid=111276) sync_routers /opt/stack/neutron/neutron/api/rpc/handlers/l3_rpc.py:125}}
Jun 07 12:41:37.642932 dv-neutron-844959-1-hyperv neutron-server[111274]: DEBUG neutron.wsgi [-] (111274) accepted ('10.222.0.33', 39188) {{(pid=111274) server /usr/local/lib/python3.8/dist-packages/eventlet/wsgi.py:1004}}
Jun 07 12:41:37.643612 dv-neutron-844959-1-hyperv neutron-server[111274]: DEBUG neutron_lib.callbacks.manager [None req-3d7f8ab2-2a41-49d7-8733-4024bfbde0cc admin admin] Publish callbacks ['neutron.plugins.ml2.ovo_rpc._ObjectChangeHandler.handle_event-748219'] for security_group (391ac658-3c3b-436b-9a73-af90ffca4668), after_create {{(pid=111274) _notify_loop /usr/local/lib/python3.8/dist-packages/neutron_lib/callbacks/manager.py:176}}
Jun 07 12:41:37.654761 dv-neutron-844959-1-hyperv neutron-server[111274]: DEBUG neutron.api.v2.base [None req-9a5fa6f1-e0f0-4a35-8d73-595a1a14468d tempest-FloatingIPAdminTestJSON-302835532 tempest-FloatingIPAdminTestJSON-302835532-project] Request body: {'port': {'network_id': '6358c833-1ff5-4597-8715-f906f2b4ac08', 'name': 'tempest-FloatingIPAdminTestJSON-1841971275'}} {{(pid=111274) prepare_request_body /opt/stack/neutron/neutron/api/v2/base.py:730}}
Jun 07 12:41:37.664558 dv-neutron-844959-1-hyperv neutron-server[111274]: DEBUG neutron.wsgi [req-53fb1c1c-bb46-4b09-b118-800e5a93fec8 req-3decd05b-28b7-4682-abc2-c507eb8dee26 tempest-ServersTestJSON-1579687424 tempest-ServersTestJSON-1579687424-project] http://10.222.0.33:9696/v2.0/extensions returned with HTTP 200 {{(pid=111274) __call__ /opt/stack/neutron/neutron/wsgi.py:730}}
Jun 07 12:41:37.665920 dv-neutron-844959-1-hyperv neutron-server[111274]: INFO neutron.wsgi [req-53fb1c1c-bb46-4b09-b118-800e5a93fec8 req-3decd05b-28b7-4682-abc2-c507eb8dee26 tempest-ServersTestJSON-1579687424 tempest-ServersTestJSON-1579687424-project] 10.222.0.46 "GET /v2.0/extensions HTTP/1.1" status: 200 len: 14320 time: 0.0241332
Jun 07 12:41:37.696175 dv-neutron-844959-1-hyperv neutron-server[111276]: DEBUG neutron.db.l3_dvrscheduler_db [None req-e5653110-3f3f-467b-83c7-b0dc6a41d0a3 None None] Routers {'483a90d4-366c-471c-abaf-74ac1b318d50'} bound to L3 agent in host dv-neutron-844959-1-hyperv {{(pid=111276) _get_router_ids_for_agent /opt/stack/neutron/neutron/db/l3_dvrscheduler_db.py:426}}
Jun 07 12:41:37.697931 dv-neutron-844959-1-hyperv neutron-server[111276]: DEBUG neutron.db.l3_hamode_db [None req-e5653110-3f3f-467b-83c7-b0dc6a41d0a3 None None] neutron.services.l3_router.l3_router_plugin.L3RouterPlugin method get_ha_sync_data_for_host called with arguments (, 'dv-neutron-844959-1-hyperv', Agent(admin_state_up=True,agent_type='L3 agent',availability_zone='nova',binary='neutron-l3-agent',configurations={"agent_mode": "legacy", "ex_gw_ports": 3, "extensions": [], "floating_ips": 0, "handle_internal_only_routers": true, "interface_driver": "openvswitch", "interfaces": 3, "log_agent_heartbeats": false, "routers": 3},created_at=2022-06-07T12:33:03Z,description=,heartbeat_timestamp=2022-06-07T12:41:34Z,host='dv-neutron-844959-1-hyperv',id=abb5242f-8ce7-43dd-898c-de9724ee99d1,load=0,resource_versions=,resources_synced=,started_at=2022-06-07T12:33:03Z,topic='l3_agent')) {'router_ids': ['483a90d4-366c-471c-abaf-74ac1b318d50'], 'active': True} {{(pid=111276) wrapper /usr/local/lib/python3.8/dist-packages/oslo_log/helpers.py:65}}
Jun 07 12:41:37.771922 dv-neutron-844959-1-hyperv neutron-server[111274]: INFO neutron.wsgi [None req-3d7f8ab2-2a41-49d7-8733-4024bfbde0cc admin admin] 10.222.0.33 "GET /v2.0/security-groups?tenant_id=3154bce4a7d946ed8ebe0595ed52bf74&name=default HTTP/1.1" status: 200 len: 2996 time: 2.6896052
Jun 07 12:41:37.785394 dv-neutron-844959-1-hyperv neutron-server[111274]: DEBUG neutron.wsgi [-] (111274) accepted ('10.222.0.33', 39190) {{(pid=111274) server /usr/local/lib/python3.8/dist-packages/eventlet/wsgi.py:1004}}
Jun 07 12:41:37.854932 dv-neutron-844959-1-hyperv neutron-server[111275]: DEBUG neutron_lib.callbacks.manager [None req-ca550db8-f6d1-4f84-a942-bbe3819f2fe0 None None] Publish callbacks ['neutron.services.segments.db._update_segment_host_mapping_for_agent-8746501506160', 'neutron.plugins.ml2.plugin.Ml2Plugin._retry_binding_revived_agents-4052850'] for agent (e5889478-d949-4a9f-881b-4cdc7cc7836a), after_update {{(pid=111275) _notify_loop /usr/local/lib/python3.8/dist-packages/neutron_lib/callbacks/manager.py:176}}
Jun 07 12:41:37.870730 dv-neutron-844959-1-hyperv neutron-server[111274]: DEBUG neutron.api.rpc.handlers.resources_rpc [None req-3d7f8ab2-2a41-49d7-8733-4024bfbde0cc admin admin] Pushing event updated for resources: {'SecurityGroup': ['ID=391ac658-3c3b-436b-9a73-af90ffca4668,revision_number=1']} {{(pid=111274) push /opt/stack/neutron/neutron/api/rpc/handlers/resources_rpc.py:237}}
Jun 07 12:41:37.876025 dv-neutron-844959-1-hyperv neutron-server[111276]: DEBUG neutron.db.l3_hamode_db [None req-e5653110-3f3f-467b-83c7-b0dc6a41d0a3 None None] neutron.services.l3_router.l3_router_plugin.L3RouterPlugin method _process_sync_ha_data called with arguments (, [], 'dv-neutron-844959-1-hyperv', False) {} {{(pid=111276) wrapper /usr/local/lib/python3.8/dist-packages/oslo_log/helpers.py:65}}
Jun 07 12:41:37.925412 dv-neutron-844959-1-hyperv neutron-server[111276]: DEBUG neutron.db.l3_dvrscheduler_db [None req-e5653110-3f3f-467b-83c7-b0dc6a41d0a3 None None] Routers {'483a90d4-366c-471c-abaf-74ac1b318d50'} bound to L3 agent in host dv-neutron-844959-1-hyperv {{(pid=111276) _get_router_ids_for_agent /opt/stack/neutron/neutron/db/l3_dvrscheduler_db.py:426}}
Jun 07 12:41:37.926829 dv-neutron-844959-1-hyperv neutron-server[111276]: DEBUG neutron.db.l3_hamode_db [None req-e5653110-3f3f-467b-83c7-b0dc6a41d0a3 None None] neutron.services.l3_router.l3_router_plugin.L3RouterPlugin method get_ha_sync_data_for_host called with arguments (, 'dv-neutron-844959-1-hyperv', Agent(admin_state_up=True,agent_type='L3 agent',availability_zone='nova',binary='neutron-l3-agent',configurations={"agent_mode": "legacy", "ex_gw_ports": 3, "extensions": [], "floating_ips": 0, "handle_internal_only_routers": true, "interface_driver": "openvswitch", "interfaces": 3, "log_agent_heartbeats": false, "routers": 3},created_at=2022-06-07T12:33:03Z,description=,heartbeat_timestamp=2022-06-07T12:41:34Z,host='dv-neutron-844959-1-hyperv',id=abb5242f-8ce7-43dd-898c-de9724ee99d1,load=0,resource_versions=,resources_synced=,started_at=2022-06-07T12:33:03Z,topic='l3_agent')) {'router_ids': ['483a90d4-366c-471c-abaf-74ac1b318d50'], 'active': True} {{(pid=111276) wrapper /usr/local/lib/python3.8/dist-packages/oslo_log/helpers.py:65}}
Jun 07 12:41:37.942227 dv-neutron-844959-1-hyperv neutron-server[111274]: DEBUG dbcounter [-] [111274] Writing DB stats neutron:SELECT=89,neutron:INSERT=10,neutron:DELETE=1 {{(pid=111274) stat_writer /usr/local/lib/python3.8/dist-packages/dbcounter.py:114}}
Jun 07 12:41:37.982814 dv-neutron-844959-1-hyperv neutron-server[111274]: DEBUG neutron_lib.callbacks.manager [None req-701c9071-0ad2-4b40-8459-6a1a5b623e4d admin admin] Publish callbacks [] for security_group (391ac658-3c3b-436b-9a73-af90ffca4668), before_delete {{(pid=111274) _notify_loop /usr/local/lib/python3.8/dist-packages/neutron_lib/callbacks/manager.py:176}}
Jun 07 12:41:38.039150 dv-neutron-844959-1-hyperv neutron-server[111274]: DEBUG neutron.pecan_wsgi.hooks.quota_enforcement [None req-9a5fa6f1-e0f0-4a35-8d73-595a1a14468d tempest-FloatingIPAdminTestJSON-302835532 tempest-FloatingIPAdminTestJSON-302835532-project] Made reservation on behalf of 8e284a43deaa4749b69d15a3c1ee94af for: {'port': 1} {{(pid=111274) before /opt/stack/neutron/neutron/pecan_wsgi/hooks/quota_enforcement.py:53}}
Jun 07 12:41:38.046591 dv-neutron-844959-1-hyperv neutron-server[111274]: DEBUG neutron_lib.callbacks.manager [None req-9a5fa6f1-e0f0-4a35-8d73-595a1a14468d tempest-FloatingIPAdminTestJSON-302835532 tempest-FloatingIPAdminTestJSON-302835532-project] Publish callbacks ['neutron.plugins.ml2.plugin.SecurityGroupDbMixin._ensure_default_security_group_handler-3900148'] for port (None), before_create {{(pid=111274) _notify_loop /usr/local/lib/python3.8/dist-packages/neutron_lib/callbacks/manager.py:176}}
Jun 07 12:41:38.052239 dv-neutron-844959-1-hyperv neutron-server[111274]: DEBUG neutron_lib.callbacks.manager [None req-701c9071-0ad2-4b40-8459-6a1a5b623e4d admin admin] Publish callbacks [] for security_group (391ac658-3c3b-436b-9a73-af90ffca4668), precommit_delete {{(pid=111274) _notify_loop /usr/local/lib/python3.8/dist-packages/neutron_lib/callbacks/manager.py:176}}
Jun 07 12:41:38.156363 dv-neutron-844959-1-hyperv neutron-server[111274]: DEBUG neutron.notifiers.nova [None req-9a5fa6f1-e0f0-4a35-8d73-595a1a14468d tempest-FloatingIPAdminTestJSON-302835532 tempest-FloatingIPAdminTestJSON-302835532-project] device_id is not set on port b0cfb4dc-5c54-474b-9d75-20fc8437b2d0 yet. {{(pid=111274) _can_notify /opt/stack/neutron/neutron/notifiers/nova.py:199}}
Jun 07 12:41:38.171157 dv-neutron-844959-1-hyperv neutron-server[111276]: DEBUG neutron.db.l3_hamode_db [None req-e5653110-3f3f-467b-83c7-b0dc6a41d0a3 None None] neutron.services.l3_router.l3_router_plugin.L3RouterPlugin method _process_sync_ha_data called with arguments (, [], 'dv-neutron-844959-1-hyperv', False) {} {{(pid=111276) wrapper /usr/local/lib/python3.8/dist-packages/oslo_log/helpers.py:65}}
Jun 07 12:41:38.173115 dv-neutron-844959-1-hyperv neutron-server[111273]: DEBUG neutron_lib.callbacks.manager [None req-a238e245-ade4-4d59-9a50-10d8ed57900f tempest-NetworksTestDHCPv6-571727582 tempest-NetworksTestDHCPv6-571727582-project] Publish callbacks [] for port (c6de9efd-d5b8-4e51-b571-039157abdf19), precommit_create {{(pid=111273) _notify_loop /usr/local/lib/python3.8/dist-packages/neutron_lib/callbacks/manager.py:176}}
Jun 07 12:41:38.174633 dv-neutron-844959-1-hyperv neutron-server[111276]: DEBUG neutron.api.rpc.handlers.l3_rpc [None req-e5653110-3f3f-467b-83c7-b0dc6a41d0a3 None None] The sync data for ids ['483a90d4-366c-471c-abaf-74ac1b318d50'] in dv-neutron-844959-1-hyperv is: [] {{(pid=111276) sync_routers /opt/stack/neutron/neutron/api/rpc/handlers/l3_rpc.py:137}}
Jun 07 12:41:38.407934 dv-neutron-844959-1-hyperv neutron-server[111274]: DEBUG neutron.api.v2.base [req-53fb1c1c-bb46-4b09-b118-800e5a93fec8 req-5ea716d0-d81d-49e3-8aa0-cd55a2d903af service neutron] Request body: {'port': {'device_id': 'd94c0d03-e68b-46c2-89c6-e233b3c896fd', 'device_owner': 'compute:nova', 'binding:host_id': 'hv-neutron-8449'}} {{(pid=111274) prepare_request_body /opt/stack/neutron/neutron/api/v2/base.py:730}}
Jun 07 12:41:38.467171 dv-neutron-844959-1-hyperv neutron-server[111274]: DEBUG neutron_lib.callbacks.manager [None req-701c9071-0ad2-4b40-8459-6a1a5b623e4d admin admin] Publish callbacks ['neutron.plugins.ml2.ovo_rpc._ObjectChangeHandler.handle_event-748219'] for security_group (391ac658-3c3b-436b-9a73-af90ffca4668), after_delete {{(pid=111274) _notify_loop /usr/local/lib/python3.8/dist-packages/neutron_lib/callbacks/manager.py:176}}
Jun 07 12:41:38.477015 dv-neutron-844959-1-hyperv neutron-server[111274]: DEBUG neutron_lib.callbacks.manager [None req-701c9071-0ad2-4b40-8459-6a1a5b623e4d admin admin] Publish callbacks [] for security_group (None), before_response {{(pid=111274) _notify_loop /usr/local/lib/python3.8/dist-packages/neutron_lib/callbacks/manager.py:176}}
Jun 07 12:41:38.485684 dv-neutron-844959-1-hyperv neutron-server[111274]: INFO neutron.wsgi [None req-701c9071-0ad2-4b40-8459-6a1a5b623e4d admin admin] 10.222.0.33 "DELETE /v2.0/security-groups/391ac658-3c3b-436b-9a73-af90ffca4668 HTTP/1.1" status: 204 len: 168 time: 0.6984923
Jun 07 12:41:38.520541 dv-neutron-844959-1-hyperv neutron-server[111274]: DEBUG neutron.api.rpc.handlers.resources_rpc [None req-701c9071-0ad2-4b40-8459-6a1a5b623e4d admin admin] Pushing event deleted for resources: {'SecurityGroup': ['ID=391ac658-3c3b-436b-9a73-af90ffca4668,revision_number=None']} {{(pid=111274) push /opt/stack/neutron/neutron/api/rpc/handlers/resources_rpc.py:237}}
Jun 07 12:41:38.527187 dv-neutron-844959-1-hyperv neutron-server[111273]: DEBUG dbcounter [-] [111273] Writing DB stats neutron:INSERT=7,neutron:SELECT=90,neutron:UPDATE=1,neutron:DELETE=2 {{(pid=111273) stat_writer /usr/local/lib/python3.8/dist-packages/dbcounter.py:114}}
Jun 07 12:41:38.528314 dv-neutron-844959-1-hyperv neutron-server[111273]: DEBUG dbcounter [-] [111273] Writing DB stats neutron:SELECT=93,neutron:INSERT=4,neutron:UPDATE=3 {{(pid=111273) stat_writer /usr/local/lib/python3.8/dist-packages/dbcounter.py:114}}
Jun 07 12:41:38.566226 dv-neutron-844959-1-hyperv neutron-server[111274]: DEBUG neutron.db.db_base_plugin_common [None req-9a5fa6f1-e0f0-4a35-8d73-595a1a14468d tempest-FloatingIPAdminTestJSON-302835532 tempest-FloatingIPAdminTestJSON-302835532-project] Allocated IP 172.20.0.7 (6358c833-1ff5-4597-8715-f906f2b4ac08/fd83ec5d-a943-468a-98fc-7d5e0549be30/b0cfb4dc-5c54-474b-9d75-20fc8437b2d0) {{(pid=111274) _store_ip_allocation /opt/stack/neutron/neutron/db/db_base_plugin_common.py:131}}
