Jun 06 08:18:03.544197 dv-neutron-844790-1-hyperv neutron-server[103515]: DEBUG neutron_lib.callbacks.manager [None req-48ece2c0-5745-431f-9be3-7ff7e6478883 admin admin] Notify callbacks ['neutron.plugins.ml2.plugin.SecurityGroupDbMixin._ensure_default_security_group_handler-776851'] for port, before_create {{(pid=103515) _notify_loop /usr/local/lib/python3.8/dist-packages/neutron_lib/callbacks/manager.py:192}}
Jun 06 08:18:03.597577 dv-neutron-844790-1-hyperv neutron-server[103515]: DEBUG neutron.api.rpc.handlers.resources_rpc [None req-2ec5de9c-aa8d-40aa-a063-73abd438d9eb tempest-ExternalNetworksTestJSON-332815819 tempest-ExternalNetworksTestJSON-332815819-project] Pushing event updated for resources: {'Network': ['ID=849dca69-9342-4b23-9bb0-4c1d4f86411f,revision_number=1']} {{(pid=103515) push /opt/stack/neutron/neutron/api/rpc/handlers/resources_rpc.py:237}}
Jun 06 08:18:03.607862 dv-neutron-844790-1-hyperv neutron-server[103515]: DEBUG neutron.quota.resource [None req-59f73176-7cf9-4da6-a3c6-8d8f8c3225ff tempest-QuotasTest-532266744 tempest-QuotasTest-532266744-project-admin] Usage tracker for resource:router and tenant:cecfb3e6301d4d06bdfae130f4aae028 is out of sync, need to count used quota {{(pid=103515) count_used /opt/stack/neutron/neutron/quota/resource.py:291}}
Jun 06 08:18:03.609446 dv-neutron-844790-1-hyperv neutron-server[103517]: DEBUG neutron.plugins.ml2.rpc [None req-0e4a9be5-85d4-4f94-9cbd-454aab1b72db None None] Network 849dca69-9342-4b23-9bb0-4c1d4f86411f details requested by agent ovs-agent-dv-neutron-844790-1-hyperv with host dv-neutron-844790-1-hyperv {{(pid=103517) get_network_details /opt/stack/neutron/neutron/plugins/ml2/rpc.py:248}}
Jun 06 08:18:03.616348 dv-neutron-844790-1-hyperv neutron-server[103515]: DEBUG neutron_lib.callbacks.manager [None req-e590772b-8fb6-48e7-86f7-53af4098552a tempest-RoutersAdminNegativeTest-1559397068 tempest-RoutersAdminNegativeTest-1559397068-project-admin] Notify callbacks [] for port, precommit_create {{(pid=103515) _notify_loop /usr/local/lib/python3.8/dist-packages/neutron_lib/callbacks/manager.py:192}}
Jun 06 08:18:03.630041 dv-neutron-844790-1-hyperv neutron-server[103516]: DEBUG neutron_lib.callbacks.manager [None req-5cf713e7-b97d-48e5-b74f-de8ee8dce8fc tempest-RoutersTestDVR-1666956501 tempest-RoutersTestDVR-1666956501-project-admin] Notify callbacks [] for router, before_delete {{(pid=103516) _notify_loop /usr/local/lib/python3.8/dist-packages/neutron_lib/callbacks/manager.py:192}}
Jun 06 08:18:03.668950 dv-neutron-844790-1-hyperv neutron-server[103515]: INFO neutron.wsgi [None req-2ec5de9c-aa8d-40aa-a063-73abd438d9eb tempest-ExternalNetworksTestJSON-332815819 tempest-ExternalNetworksTestJSON-332815819-project] 10.222.0.46 "POST /v2.0/networks HTTP/1.1" status: 201 len: 791 time: 3.2001753
Jun 06 08:18:03.670155 dv-neutron-844790-1-hyperv neutron-server[103515]: DEBUG neutron.quota.resource [None req-59f73176-7cf9-4da6-a3c6-8d8f8c3225ff tempest-QuotasTest-532266744 tempest-QuotasTest-532266744-project-admin] Quota usage for router was recalculated. Used quota:0. {{(pid=103515) count_used /opt/stack/neutron/neutron/quota/resource.py:311}}
Jun 06 08:18:03.671110 dv-neutron-844790-1-hyperv neutron-server[103516]: DEBUG neutron.wsgi [-] (103516) accepted ('10.222.0.46', 35656) {{(pid=103516) server /usr/local/lib/python3.8/dist-packages/eventlet/wsgi.py:982}}
Jun 06 08:18:03.744188 dv-neutron-844790-1-hyperv neutron-server[103515]: DEBUG neutron.quota.resource [None req-59f73176-7cf9-4da6-a3c6-8d8f8c3225ff tempest-QuotasTest-532266744 tempest-QuotasTest-532266744-project-admin] Usage tracker for resource:floatingip and tenant:cecfb3e6301d4d06bdfae130f4aae028 is out of sync, need to count used quota {{(pid=103515) count_used /opt/stack/neutron/neutron/quota/resource.py:291}}
Jun 06 08:18:03.746457 dv-neutron-844790-1-hyperv neutron-server[103517]: DEBUG neutron.api.rpc.handlers.dhcp_rpc [None req-21612091-b832-4913-96c6-ea7c80b4bd3a None None] Network 51fe560d-13de-4f07-9e8b-5c0520a73653 requested from dv-neutron-844790-1-hyperv {{(pid=103517) get_network_info /opt/stack/neutron/neutron/api/rpc/handlers/dhcp_rpc.py:218}}
Jun 06 08:18:03.753817 dv-neutron-844790-1-hyperv neutron-server[103515]: DEBUG neutron.quota.resource [None req-59f73176-7cf9-4da6-a3c6-8d8f8c3225ff tempest-QuotasTest-532266744 tempest-QuotasTest-532266744-project-admin] Quota usage for floatingip was recalculated. Used quota:0. {{(pid=103515) count_used /opt/stack/neutron/neutron/quota/resource.py:311}}
Jun 06 08:18:03.768882 dv-neutron-844790-1-hyperv neutron-server[103515]: DEBUG neutron_lib.callbacks.manager [None req-05e2ab92-18cb-403f-877d-b55655cfa8aa tempest-DHCPAgentSchedulersTestJSON-2138184138 tempest-DHCPAgentSchedulersTestJSON-2138184138-project] Notify callbacks ['neutron.plugins.ml2.ovo_rpc._ObjectChangeHandler.handle_event-1622200', 'neutron.api.rpc.agentnotifiers.dhcp_rpc_agent_api.DhcpAgentNotifyAPI._native_event_send_dhcp_notification-1666692'] for subnet, after_create {{(pid=103515) _notify_loop /usr/local/lib/python3.8/dist-packages/neutron_lib/callbacks/manager.py:192}}
Jun 06 08:18:03.858606 dv-neutron-844790-1-hyperv neutron-server[103515]: DEBUG neutron.api.rpc.handlers.resources_rpc [None req-05e2ab92-18cb-403f-877d-b55655cfa8aa tempest-DHCPAgentSchedulersTestJSON-2138184138 tempest-DHCPAgentSchedulersTestJSON-2138184138-project] Pushing event updated for resources: {'Subnet': ['ID=f092d47e-082c-4710-ac93-1fcc74d24f92,revision_number=0']} {{(pid=103515) push /opt/stack/neutron/neutron/api/rpc/handlers/resources_rpc.py:237}}
Jun 06 08:18:03.876562 dv-neutron-844790-1-hyperv neutron-server[103516]: DEBUG neutron_lib.callbacks.manager [None req-5cf713e7-b97d-48e5-b74f-de8ee8dce8fc tempest-RoutersTestDVR-1666956501 tempest-RoutersTestDVR-1666956501-project-admin] Notify callbacks ['neutron.services.l3_router.l3_router_plugin.L3_HA_NAT_db_mixin._release_router_vr_id-1773479', 'neutron.services.l3_router.service_providers.driver_controller.DriverController._clear_router_provider-11038'] for router, precommit_delete {{(pid=103516) _notify_loop /usr/local/lib/python3.8/dist-packages/neutron_lib/callbacks/manager.py:192}}
Jun 06 08:18:03.879171 dv-neutron-844790-1-hyperv neutron-server[103515]: DEBUG neutron.plugins.ml2.drivers.mech_agent [None req-05e2ab92-18cb-403f-877d-b55655cfa8aa tempest-DHCPAgentSchedulersTestJSON-2138184138 tempest-DHCPAgentSchedulersTestJSON-2138184138-project] Checking segment: {'id': 'e15ef291-43a8-4ad8-b3b3-79b516f273ae', 'network_type': 'vlan', 'physical_network': 'physnet1', 'segmentation_id': 216, 'network_id': '4bf12214-ec45-4d07-a035-44cbca362bef'} for mappings: {'physnet1': 'br-data'} with network types: ['local', 'flat', 'vlan'] {{(pid=103515) check_segment_for_agent /opt/stack/neutron/neutron/plugins/ml2/drivers/mech_agent.py:360}}
Jun 06 08:18:03.879526 dv-neutron-844790-1-hyperv neutron-server[103515]: DEBUG neutron.scheduler.dhcp_agent_scheduler [None req-05e2ab92-18cb-403f-877d-b55655cfa8aa tempest-DHCPAgentSchedulersTestJSON-2138184138 tempest-DHCPAgentSchedulersTestJSON-2138184138-project] Network hostable DHCP agents. Network: 4bf12214-ec45-4d07-a035-44cbca362bef, hostable agents: ['e692cfb6-99e2-4cc3-9ab6-28a52a2e235d'], hosted agents: [] {{(pid=103515) _get_network_hostable_dhcp_agents /opt/stack/neutron/neutron/scheduler/dhcp_agent_scheduler.py:329}}
Jun 06 08:18:03.880736 dv-neutron-844790-1-hyperv neutron-server[103516]: DEBUG neutron_lib.callbacks.manager [None req-5cf713e7-b97d-48e5-b74f-de8ee8dce8fc tempest-RoutersTestDVR-1666956501 tempest-RoutersTestDVR-1666956501-project-admin] Notify callbacks [] for router_controller, precommit_delete_associations {{(pid=103516) _notify_loop /usr/local/lib/python3.8/dist-packages/neutron_lib/callbacks/manager.py:192}}
Jun 06 08:18:03.885473 dv-neutron-844790-1-hyperv neutron-server[103516]: DEBUG neutron_lib.callbacks.manager [None req-d76bd90f-63b9-445c-9a40-bc6c004e0eec admin admin] Notify callbacks ['neutron.plugins.ml2.plugin.SecurityGroupDbMixin._ensure_default_security_group_handler-776851'] for port, before_create {{(pid=103516) _notify_loop /usr/local/lib/python3.8/dist-packages/neutron_lib/callbacks/manager.py:192}}
Jun 06 08:18:03.887031 dv-neutron-844790-1-hyperv neutron-server[103515]: DEBUG neutron_lib.callbacks.manager [None req-e590772b-8fb6-48e7-86f7-53af4098552a tempest-RoutersAdminNegativeTest-1559397068 tempest-RoutersAdminNegativeTest-1559397068-project-admin] Notify callbacks ['neutron.plugins.ml2.plugin.SecurityGroupServerNotifierRpcMixin._notify_sg_on_port_change-776916', 'neutron.plugins.ml2.ovo_rpc._ObjectChangeHandler.handle_event-381305', 'neutron.api.rpc.agentnotifiers.dhcp_rpc_agent_api.DhcpAgentNotifyAPI._native_event_send_dhcp_notification-1666692', 'neutron.db.l3_dvrscheduler_db._notify_l3_agent_new_port-8780902211247'] for port, after_create {{(pid=103515) _notify_loop /usr/local/lib/python3.8/dist-packages/neutron_lib/callbacks/manager.py:192}}
Jun 06 08:18:03.893026 dv-neutron-844790-1-hyperv neutron-server[103517]: DEBUG neutron.db.provisioning_blocks [None req-20e60431-fd08-4702-8632-99c793ad5df9 None None] Provisioning complete for port c1697c29-ee13-4773-9dab-c3ccb6aa617a triggered by entity DHCP. {{(pid=103517) provisioning_complete /opt/stack/neutron/neutron/db/provisioning_blocks.py:139}}
Jun 06 08:18:03.893026 dv-neutron-844790-1-hyperv neutron-server[103517]: DEBUG neutron_lib.callbacks.manager [None req-20e60431-fd08-4702-8632-99c793ad5df9 None None] Notify callbacks ['neutron.plugins.ml2.plugin.Ml2Plugin._port_provisioned-668719'] for port, provisioning_complete {{(pid=103517) _notify_loop /usr/local/lib/python3.8/dist-packages/neutron_lib/callbacks/manager.py:192}}
Jun 06 08:18:04.028925 dv-neutron-844790-1-hyperv neutron-server[103516]: DEBUG neutron_lib.callbacks.manager [None req-5cf713e7-b97d-48e5-b74f-de8ee8dce8fc tempest-RoutersTestDVR-1666956501 tempest-RoutersTestDVR-1666956501-project-admin] Notify callbacks ['neutron.services.l3_router.l3_router_plugin.L3_HA_NAT_db_mixin._cleanup_ha_network_handler-1773468'] for router, after_delete {{(pid=103516) _notify_loop /usr/local/lib/python3.8/dist-packages/neutron_lib/callbacks/manager.py:192}}
Jun 06 08:18:04.029632 dv-neutron-844790-1-hyperv neutron-server[103516]: DEBUG neutron.api.rpc.agentnotifiers.l3_rpc_agent_api [None req-5cf713e7-b97d-48e5-b74f-de8ee8dce8fc tempest-RoutersTestDVR-1666956501 tempest-RoutersTestDVR-1666956501-project-admin] Fanout notify agent at l3_agent the message router_deleted on router 7920f901-0fee-4537-81d3-9b5bb43c75da {{(pid=103516) _notification_fanout /opt/stack/neutron/neutron/api/rpc/agentnotifiers/l3_rpc_agent_api.py:114}}
Jun 06 08:18:04.040823 dv-neutron-844790-1-hyperv neutron-server[103516]: DEBUG neutron_lib.callbacks.manager [None req-5cf713e7-b97d-48e5-b74f-de8ee8dce8fc tempest-RoutersTestDVR-1666956501 tempest-RoutersTestDVR-1666956501-project-admin] Notify callbacks [] for router, before_response {{(pid=103516) _notify_loop /usr/local/lib/python3.8/dist-packages/neutron_lib/callbacks/manager.py:192}}
Jun 06 08:18:04.046471 dv-neutron-844790-1-hyperv neutron-server[103515]: DEBUG neutron.quota.resource [None req-59f73176-7cf9-4da6-a3c6-8d8f8c3225ff tempest-QuotasTest-532266744 tempest-QuotasTest-532266744-project-admin] Usage tracker for resource:security_group and tenant:cecfb3e6301d4d06bdfae130f4aae028 is out of sync, need to count used quota {{(pid=103515) count_used /opt/stack/neutron/neutron/quota/resource.py:291}}
Jun 06 08:18:04.048247 dv-neutron-844790-1-hyperv neutron-server[103516]: INFO neutron.wsgi [None req-5cf713e7-b97d-48e5-b74f-de8ee8dce8fc tempest-RoutersTestDVR-1666956501 tempest-RoutersTestDVR-1666956501-project-admin] 10.222.0.46 "DELETE /v2.0/routers/7920f901-0fee-4537-81d3-9b5bb43c75da HTTP/1.1" status: 204 len: 168 time: 0.6818881
Jun 06 08:18:04.050903 dv-neutron-844790-1-hyperv neutron-server[103516]: DEBUG neutron.wsgi [-] (103516) accepted ('10.222.0.46', 35660) {{(pid=103516) server /usr/local/lib/python3.8/dist-packages/eventlet/wsgi.py:982}}
Jun 06 08:18:04.058914 dv-neutron-844790-1-hyperv neutron-server[103516]: DEBUG neutron.api.v2.base [None req-33d3d46c-a45f-473b-9b90-55ae5e7282cf tempest-RoutersTestDVR-1666956501 tempest-RoutersTestDVR-1666956501-project-admin] Request body: {'router': {'name': 'tempest-router-1093797538', 'distributed': False, 'admin_state_up': False, 'ha': False, 'project_id': '44f94510ea114ba9ad36b0212dce07c7'}} {{(pid=103516) prepare_request_body /opt/stack/neutron/neutron/api/v2/base.py:729}}
Jun 06 08:18:04.073550 dv-neutron-844790-1-hyperv neutron-server[103517]: DEBUG neutron.plugins.ml2.plugin [None req-20e60431-fd08-4702-8632-99c793ad5df9 None None] Current status of the port c1697c29-ee13-4773-9dab-c3ccb6aa617a is: DOWN; New status is: ACTIVE {{(pid=103517) _update_individual_port_db_status /opt/stack/neutron/neutron/plugins/ml2/plugin.py:2238}}
Jun 06 08:18:04.077409 dv-neutron-844790-1-hyperv neutron-server[103517]: DEBUG neutron_lib.callbacks.manager [None req-20e60431-fd08-4702-8632-99c793ad5df9 None None] Notify callbacks ['neutron.plugins.ml2.plugin.SecurityGroupDbMixin._ensure_default_security_group_handler-776851'] for port, before_update {{(pid=103517) _notify_loop /usr/local/lib/python3.8/dist-packages/neutron_lib/callbacks/manager.py:192}}
Jun 06 08:18:04.084198 dv-neutron-844790-1-hyperv neutron-server[103515]: DEBUG neutron.scheduler.dhcp_agent_scheduler [None req-e590772b-8fb6-48e7-86f7-53af4098552a tempest-RoutersAdminNegativeTest-1559397068 tempest-RoutersAdminNegativeTest-1559397068-project-admin] Network e31d1173-b60a-40c9-84c7-21897e52a052 is already hosted by enough agents. {{(pid=103515) _get_dhcp_agents_hosting_network /opt/stack/neutron/neutron/scheduler/dhcp_agent_scheduler.py:275}}
Jun 06 08:18:04.110224 dv-neutron-844790-1-hyperv neutron-server[103515]: DEBUG neutron.db.db_base_plugin_common [None req-9002ae5a-49e6-4557-acf2-fc138522da98 admin admin] Allocated IP 172.26.5.247 (e31d1173-b60a-40c9-84c7-21897e52a052/04a0e1c3-8937-422f-8163-5e0aecc92ca3/4c99f721-a101-407b-af3c-de373cef36aa) {{(pid=103515) _store_ip_allocation /opt/stack/neutron/neutron/db/db_base_plugin_common.py:131}}
Jun 06 08:18:04.112270 dv-neutron-844790-1-hyperv neutron-server[103517]: DEBUG neutron.api.rpc.handlers.dhcp_rpc [None req-775fda4d-3d28-4edb-8dd8-e187c7c73536 None None] Network 9f8c36eb-6829-4f39-bd96-48675e9c01af requested from dv-neutron-844790-1-hyperv {{(pid=103517) get_network_info /opt/stack/neutron/neutron/api/rpc/handlers/dhcp_rpc.py:218}}
Jun 06 08:18:04.113013 dv-neutron-844790-1-hyperv neutron-server[103515]: DEBUG neutron.scheduler.base_scheduler [None req-e590772b-8fb6-48e7-86f7-53af4098552a tempest-RoutersAdminNegativeTest-1559397068 tempest-RoutersAdminNegativeTest-1559397068-project-admin] Resources bound (agent type, host, resource id): {{(pid=103515) schedule /opt/stack/neutron/neutron/scheduler/base_scheduler.py:57}}
Jun 06 08:18:04.116283 dv-neutron-844790-1-hyperv neutron-server[103516]: DEBUG neutron.api.v2.base [None req-f8a3d94f-a598-4863-8472-0a02697694c8 tempest-ExternalNetworksTestJSON-758957483 tempest-ExternalNetworksTestJSON-758957483-project-admin] Request body: {'network': {'name': 'tempest-network--1648522257', 'router:external': True}} {{(pid=103516) prepare_request_body /opt/stack/neutron/neutron/api/v2/base.py:729}}
Jun 06 08:18:04.130094 dv-neutron-844790-1-hyperv neutron-server[103515]: DEBUG neutron.quota.resource [None req-59f73176-7cf9-4da6-a3c6-8d8f8c3225ff tempest-QuotasTest-532266744 tempest-QuotasTest-532266744-project-admin] Quota usage for security_group was recalculated. Used quota:0. {{(pid=103515) count_used /opt/stack/neutron/neutron/quota/resource.py:311}}
Jun 06 08:18:04.138328 dv-neutron-844790-1-hyperv neutron-server[103515]: DEBUG neutron.db.l3_dvrscheduler_db [None req-e590772b-8fb6-48e7-86f7-53af4098552a tempest-RoutersAdminNegativeTest-1559397068 tempest-RoutersAdminNegativeTest-1559397068-project-admin] Received port after_create {{(pid=103515) _notify_l3_agent_new_port /opt/stack/neutron/neutron/db/l3_dvrscheduler_db.py:536}}
Jun 06 08:18:04.139278 dv-neutron-844790-1-hyperv neutron-server[103515]: DEBUG neutron.pecan_wsgi.hooks.policy_enforcement [None req-e590772b-8fb6-48e7-86f7-53af4098552a tempest-RoutersAdminNegativeTest-1559397068 tempest-RoutersAdminNegativeTest-1559397068-project-admin] Attributes excluded by policy engine: ['standard_attr_id', 'network'] {{(pid=103515) _exclude_attributes_by_policy /opt/stack/neutron/neutron/pecan_wsgi/hooks/policy_enforcement.py:259}}
Jun 06 08:18:04.139877 dv-neutron-844790-1-hyperv neutron-server[103515]: DEBUG neutron_lib.callbacks.manager [None req-e590772b-8fb6-48e7-86f7-53af4098552a tempest-RoutersAdminNegativeTest-1559397068 tempest-RoutersAdminNegativeTest-1559397068-project-admin] Notify callbacks ['neutron.notifiers.nova.Notifier._send_nova_notification-183814', 'neutron.api.rpc.agentnotifiers.dhcp_rpc_agent_api.DhcpAgentNotifyAPI._send_dhcp_notification-1666794'] for port, before_response {{(pid=103515) _notify_loop /usr/local/lib/python3.8/dist-packages/neutron_lib/callbacks/manager.py:192}}
Jun 06 08:18:04.150747 dv-neutron-844790-1-hyperv neutron-server[103515]: DEBUG neutron.api.rpc.handlers.resources_rpc [None req-e590772b-8fb6-48e7-86f7-53af4098552a tempest-RoutersAdminNegativeTest-1559397068 tempest-RoutersAdminNegativeTest-1559397068-project-admin] Pushing event updated for resources: {'Port': ['ID=858ae1a1-d112-46e8-aea1-9f4deef3958b,revision_number=1']} {{(pid=103515) push /opt/stack/neutron/neutron/api/rpc/handlers/resources_rpc.py:237}}
Jun 06 08:18:04.163118 dv-neutron-844790-1-hyperv neutron-server[103515]: DEBUG neutron.scheduler.dhcp_agent_scheduler [None req-05e2ab92-18cb-403f-877d-b55655cfa8aa tempest-DHCPAgentSchedulersTestJSON-2138184138 tempest-DHCPAgentSchedulersTestJSON-2138184138-project] Network 4bf12214-ec45-4d07-a035-44cbca362bef is scheduled to be hosted by DHCP agent e692cfb6-99e2-4cc3-9ab6-28a52a2e235d with binding_index 1 {{(pid=103515) bind /opt/stack/neutron/neutron/scheduler/dhcp_agent_scheduler.py:227}}
Jun 06 08:18:04.183140 dv-neutron-844790-1-hyperv neutron-server[103515]: DEBUG neutron.quota.resource [None req-59f73176-7cf9-4da6-a3c6-8d8f8c3225ff tempest-QuotasTest-532266744 tempest-QuotasTest-532266744-project-admin] Usage tracker for resource:security_group_rule and tenant:cecfb3e6301d4d06bdfae130f4aae028 is out of sync, need to count used quota {{(pid=103515) count_used /opt/stack/neutron/neutron/quota/resource.py:291}}
Jun 06 08:18:04.223612 dv-neutron-844790-1-hyperv neutron-server[103515]: DEBUG neutron.quota.resource [None req-59f73176-7cf9-4da6-a3c6-8d8f8c3225ff tempest-QuotasTest-532266744 tempest-QuotasTest-532266744-project-admin] Quota usage for security_group_rule was recalculated. Used quota:0. {{(pid=103515) count_used /opt/stack/neutron/neutron/quota/resource.py:311}}
Jun 06 08:18:04.229616 dv-neutron-844790-1-hyperv neutron-server[103517]: DEBUG neutron.plugins.ml2.db [None req-20e60431-fd08-4702-8632-99c793ad5df9 None None] For port c1697c29-ee13-4773-9dab-c3ccb6aa617a, host dv-neutron-844790-1-hyperv, got binding levels [PortBindingLevel(driver='openvswitch',host='dv-neutron-844790-1-hyperv',level=0,port_id=c1697c29-ee13-4773-9dab-c3ccb6aa617a,segment=NetworkSegment(6ebe27cd-4b4a-4edb-a15e-459e0eb5dbd6),segment_id=6ebe27cd-4b4a-4edb-a15e-459e0eb5dbd6)] {{(pid=103517) get_binding_level_objs /opt/stack/neutron/neutron/plugins/ml2/db.py:74}}
Jun 06 08:18:04.238345 dv-neutron-844790-1-hyperv neutron-server[103515]: INFO neutron.wsgi [None req-59f73176-7cf9-4da6-a3c6-8d8f8c3225ff tempest-QuotasTest-532266744 tempest-QuotasTest-532266744-project-admin] 10.222.0.46 "GET /v2.0/quotas/cecfb3e6301d4d06bdfae130f4aae028/details.json HTTP/1.1" status: 200 len: 703 time: 2.0743780
Jun 06 08:18:04.259446 dv-neutron-844790-1-hyperv neutron-server[103516]: DEBUG neutron_lib.callbacks.manager [None req-33d3d46c-a45f-473b-9b90-55ae5e7282cf tempest-RoutersTestDVR-1666956501 tempest-RoutersTestDVR-1666956501-project-admin] Notify callbacks ['neutron.services.l3_router.l3_router_plugin.L3_HA_NAT_db_mixin._before_router_create_handler-1774541', 'neutron.services.l3_router.service_providers.driver_controller.DriverController._check_router_request-11008'] for router, before_create {{(pid=103516) _notify_loop /usr/local/lib/python3.8/dist-packages/neutron_lib/callbacks/manager.py:192}}
Jun 06 08:18:04.260529 dv-neutron-844790-1-hyperv neutron-server[103516]: DEBUG neutron_lib.callbacks.manager [None req-33d3d46c-a45f-473b-9b90-55ae5e7282cf tempest-RoutersTestDVR-1666956501 tempest-RoutersTestDVR-1666956501-project-admin] Notify callbacks ['neutron.services.l3_router.l3_router_plugin.L3_HA_NAT_db_mixin._precommit_router_create-1773405', 'neutron.services.l3_router.l3_router_plugin.DVRResourceOperationHandler._set_distributed_flag-1776505', 'neutron.services.l3_router.l3_router_plugin.RouterAvailabilityZoneMixin._process_az_request-1619712', 'neutron.services.l3_router.service_providers.driver_controller.DriverController._set_router_provider-11031'] for router, precommit_create {{(pid=103516) _notify_loop /usr/local/lib/python3.8/dist-packages/neutron_lib/callbacks/manager.py:192}}
Jun 06 08:18:04.264873 dv-neutron-844790-1-hyperv neutron-server[103516]: DEBUG neutron.db.db_base_plugin_common [None req-d76bd90f-63b9-445c-9a40-bc6c004e0eec admin admin] Allocated IP 172.20.0.1 (384f6476-c1ee-47d1-96c9-035c08ccf588/cc6c7af1-ce90-48da-9a0e-98b12f2d0142/97ebc8f7-992d-4bee-86cb-30c567b5b674) {{(pid=103516) _store_ip_allocation /opt/stack/neutron/neutron/db/db_base_plugin_common.py:131}}
Jun 06 08:18:04.314384 dv-neutron-844790-1-hyperv neutron-server[103515]: DEBUG neutron.scheduler.base_scheduler [None req-05e2ab92-18cb-403f-877d-b55655cfa8aa tempest-DHCPAgentSchedulersTestJSON-2138184138 tempest-DHCPAgentSchedulersTestJSON-2138184138-project] Resources bound (agent type, host, resource id): (DHCP agent, dv-neutron-844790-1-hyperv, 4bf12214-ec45-4d07-a035-44cbca362bef) {{(pid=103515) schedule /opt/stack/neutron/neutron/scheduler/base_scheduler.py:57}}
Jun 06 08:18:04.327652 dv-neutron-844790-1-hyperv neutron-server[103517]: DEBUG neutron.api.rpc.handlers.dhcp_rpc [None req-83b49a6c-7223-4810-bb20-f411cf892d62 None None] Network 4bf12214-ec45-4d07-a035-44cbca362bef requested from dv-neutron-844790-1-hyperv {{(pid=103517) get_network_info /opt/stack/neutron/neutron/api/rpc/handlers/dhcp_rpc.py:218}}
Jun 06 08:18:04.331679 dv-neutron-844790-1-hyperv neutron-server[103515]: INFO neutron.wsgi [None req-e590772b-8fb6-48e7-86f7-53af4098552a tempest-RoutersAdminNegativeTest-1559397068 tempest-RoutersAdminNegativeTest-1559397068-project-admin] 10.222.0.46 "POST /v2.0/ports HTTP/1.1" status: 201 len: 1032 time: 4.0060427
Jun 06 08:18:04.332315 dv-neutron-844790-1-hyperv neutron-server[103515]: DEBUG neutron.wsgi [-] (103515) accepted ('10.222.0.46', 35664) {{(pid=103515) server /usr/local/lib/python3.8/dist-packages/eventlet/wsgi.py:982}}
Jun 06 08:18:04.349104 dv-neutron-844790-1-hyperv neutron-server[103515]: DEBUG neutron.api.v2.base [None req-65b3403d-3b82-4b77-9e6b-db7bd1365aab tempest-RoutersAdminNegativeTest-1559397068 tempest-RoutersAdminNegativeTest-1559397068-project-admin] Request body: {'router': {'external_gateway_info': {'network_id': 'e31d1173-b60a-40c9-84c7-21897e52a052', 'external_fixed_ips': [{'subnet_id': '04a0e1c3-8937-422f-8163-5e0aecc92ca3', 'ip_address': '172.26.5.45'}]}}} {{(pid=103515) prepare_request_body /opt/stack/neutron/neutron/api/v2/base.py:729}}
Jun 06 08:18:04.352899 dv-neutron-844790-1-hyperv neutron-server[103517]: DEBUG neutron_lib.callbacks.manager [None req-20e60431-fd08-4702-8632-99c793ad5df9 None None] Notify callbacks ['neutron.plugins.ml2.plugin.SecurityGroupServerNotifierRpcMixin._notify_sg_on_port_change-776916', 'neutron.plugins.ml2.ovo_rpc._ObjectChangeHandler.handle_event-381305', 'neutron.api.rpc.agentnotifiers.dhcp_rpc_agent_api.DhcpAgentNotifyAPI._native_event_send_dhcp_notification-1666692', 'neutron.db.l3_db.L3RpcNotifierMixin._notify_gateway_port_ip_changed-8780902689401', 'neutron.db.l3_dvrscheduler_db._notify_l3_agent_port_update-8780902211220', 'neutron.db.l3_hascheduler_db._notify_l3_agent_ha_port_update-8780902221626'] for port, after_update {{(pid=103517) _notify_loop /usr/local/lib/python3.8/dist-packages/neutron_lib/callbacks/manager.py:192}}
Jun 06 08:18:04.366600 dv-neutron-844790-1-hyperv neutron-server[103515]: DEBUG neutron.pecan_wsgi.hooks.policy_enforcement [None req-05e2ab92-18cb-403f-877d-b55655cfa8aa tempest-DHCPAgentSchedulersTestJSON-2138184138 tempest-DHCPAgentSchedulersTestJSON-2138184138-project] Attributes excluded by policy engine: ['standard_attr_id', 'shared', 'network'] {{(pid=103515) _exclude_attributes_by_policy /opt/stack/neutron/neutron/pecan_wsgi/hooks/policy_enforcement.py:259}}
Jun 06 08:18:04.372314 dv-neutron-844790-1-hyperv neutron-server[103515]: DEBUG neutron_lib.callbacks.manager [None req-05e2ab92-18cb-403f-877d-b55655cfa8aa tempest-DHCPAgentSchedulersTestJSON-2138184138 tempest-DHCPAgentSchedulersTestJSON-2138184138-project] Notify callbacks ['neutron.api.rpc.agentnotifiers.dhcp_rpc_agent_api.DhcpAgentNotifyAPI._send_dhcp_notification-1666794'] for subnet, before_response {{(pid=103515) _notify_loop /usr/local/lib/python3.8/dist-packages/neutron_lib/callbacks/manager.py:192}}
Jun 06 08:18:04.392724 dv-neutron-844790-1-hyperv neutron-server[103516]: DEBUG neutron_lib.callbacks.manager [None req-33d3d46c-a45f-473b-9b90-55ae5e7282cf tempest-RoutersTestDVR-1666956501 tempest-RoutersTestDVR-1666956501-project-admin] Notify callbacks [] for router_controller, precommit_add_association {{(pid=103516) _notify_loop /usr/local/lib/python3.8/dist-packages/neutron_lib/callbacks/manager.py:192}}
Jun 06 08:18:04.413342 dv-neutron-844790-1-hyperv neutron-server[103517]: DEBUG neutron.plugins.ml2.rpc [None req-0e4a9be5-85d4-4f94-9cbd-454aab1b72db None None] Device abf6567a-206d-4e67-bb98-b5959ec88a26 up at agent ovs-agent-dv-neutron-844790-1-hyperv {{(pid=103517) update_device_up /opt/stack/neutron/neutron/plugins/ml2/rpc.py:296}}
Jun 06 08:18:04.413864 dv-neutron-844790-1-hyperv neutron-server[103515]: DEBUG neutron_lib.callbacks.manager [None req-9002ae5a-49e6-4557-acf2-fc138522da98 admin admin] Notify callbacks [] for port, precommit_create {{(pid=103515) _notify_loop /usr/local/lib/python3.8/dist-packages/neutron_lib/callbacks/manager.py:192}}
Jun 06 08:18:04.448803 dv-neutron-844790-1-hyperv neutron-server[103516]: DEBUG neutron.pecan_wsgi.hooks.quota_enforcement [None req-f8a3d94f-a598-4863-8472-0a02697694c8 tempest-ExternalNetworksTestJSON-758957483 tempest-ExternalNetworksTestJSON-758957483-project-admin] Made reservation on behalf of 70480d400fc74ab7be0f7c5a061e5640 for: {'network': 1} {{(pid=103516) before /opt/stack/neutron/neutron/pecan_wsgi/hooks/quota_enforcement.py:53}}
Jun 06 08:18:04.450885 dv-neutron-844790-1-hyperv neutron-server[103516]: DEBUG neutron_lib.callbacks.manager [None req-f8a3d94f-a598-4863-8472-0a02697694c8 tempest-ExternalNetworksTestJSON-758957483 tempest-ExternalNetworksTestJSON-758957483-project-admin] Notify callbacks ['neutron.plugins.ml2.plugin.SecurityGroupDbMixin._ensure_default_security_group_handler-776851'] for network, before_create {{(pid=103516) _notify_loop /usr/local/lib/python3.8/dist-packages/neutron_lib/callbacks/manager.py:192}}
Jun 06 08:18:04.465507 dv-neutron-844790-1-hyperv neutron-server[103516]: DEBUG neutron_lib.callbacks.manager [None req-f8a3d94f-a598-4863-8472-0a02697694c8 tempest-ExternalNetworksTestJSON-758957483 tempest-ExternalNetworksTestJSON-758957483-project-admin] Notify callbacks [] for security_group, before_create {{(pid=103516) _notify_loop /usr/local/lib/python3.8/dist-packages/neutron_lib/callbacks/manager.py:192}}
Jun 06 08:18:04.470142 dv-neutron-844790-1-hyperv neutron-server[103516]: DEBUG neutron_lib.callbacks.manager [None req-33d3d46c-a45f-473b-9b90-55ae5e7282cf tempest-RoutersTestDVR-1666956501 tempest-RoutersTestDVR-1666956501-project-admin] Notify callbacks ['neutron.services.l3_router.l3_router_plugin.L3_HA_NAT_db_mixin._after_router_create-1773386', 'neutron.services.l3_router.l3_router_plugin.DVRResourceOperationHandler._create_snat_interfaces_after_change-1776458'] for router, after_create {{(pid=103516) _notify_loop /usr/local/lib/python3.8/dist-packages/neutron_lib/callbacks/manager.py:192}}
Jun 06 08:18:04.537662 dv-neutron-844790-1-hyperv neutron-server[103517]: DEBUG neutron.api.rpc.handlers.resources_rpc [None req-20e60431-fd08-4702-8632-99c793ad5df9 None None] Pushing event updated for resources: {'Port': ['ID=c1697c29-ee13-4773-9dab-c3ccb6aa617a,revision_number=3']} {{(pid=103517) push /opt/stack/neutron/neutron/api/rpc/handlers/resources_rpc.py:237}}
Jun 06 08:18:04.546748 dv-neutron-844790-1-hyperv neutron-server[103517]: DEBUG neutron.db.provisioning_blocks [None req-61568f57-4f8a-4f0c-a488-fcfdae893b26 None None] Provisioning complete for port c1697c29-ee13-4773-9dab-c3ccb6aa617a triggered by entity DHCP. {{(pid=103517) provisioning_complete /opt/stack/neutron/neutron/db/provisioning_blocks.py:139}}
Jun 06 08:18:04.547384 dv-neutron-844790-1-hyperv neutron-server[103517]: DEBUG neutron_lib.callbacks.manager [None req-61568f57-4f8a-4f0c-a488-fcfdae893b26 None None] Notify callbacks ['neutron.plugins.ml2.plugin.Ml2Plugin._port_provisioned-668719'] for port, provisioning_complete {{(pid=103517) _notify_loop /usr/local/lib/python3.8/dist-packages/neutron_lib/callbacks/manager.py:192}}
Jun 06 08:18:04.553029 dv-neutron-844790-1-hyperv neutron-server[103516]: DEBUG neutron_lib.callbacks.manager [None req-d76bd90f-63b9-445c-9a40-bc6c004e0eec admin admin] Notify callbacks [] for port, precommit_create {{(pid=103516) _notify_loop /usr/local/lib/python3.8/dist-packages/neutron_lib/callbacks/manager.py:192}}
Jun 06 08:18:04.590777 dv-neutron-844790-1-hyperv neutron-server[103515]: INFO neutron.wsgi [None req-05e2ab92-18cb-403f-877d-b55655cfa8aa tempest-DHCPAgentSchedulersTestJSON-2138184138 tempest-DHCPAgentSchedulersTestJSON-2138184138-project] 10.222.0.46 "POST /v2.0/subnets HTTP/1.1" status: 201 len: 801 time: 2.7173591
Jun 06 08:18:04.591804 dv-neutron-844790-1-hyperv neutron-server[103515]: DEBUG neutron_lib.callbacks.manager [None req-65b3403d-3b82-4b77-9e6b-db7bd1365aab tempest-RoutersAdminNegativeTest-1559397068 tempest-RoutersAdminNegativeTest-1559397068-project-admin] Notify callbacks ['neutron.services.l3_router.l3_router_plugin.L3_HA_NAT_db_mixin._before_router_create_handler-1774541', 'neutron.services.l3_router.service_providers.driver_controller.DriverController._check_router_request-11008'] for router, before_create {{(pid=103515) _notify_loop /usr/local/lib/python3.8/dist-packages/neutron_lib/callbacks/manager.py:192}}
Jun 06 08:18:04.592813 dv-neutron-844790-1-hyperv neutron-server[103515]: DEBUG neutron_lib.callbacks.manager [None req-65b3403d-3b82-4b77-9e6b-db7bd1365aab tempest-RoutersAdminNegativeTest-1559397068 tempest-RoutersAdminNegativeTest-1559397068-project-admin] Notify callbacks ['neutron.services.l3_router.l3_router_plugin.L3_HA_NAT_db_mixin._precommit_router_create-1773405', 'neutron.services.l3_router.l3_router_plugin.DVRResourceOperationHandler._set_distributed_flag-1776505', 'neutron.services.l3_router.l3_router_plugin.RouterAvailabilityZoneMixin._process_az_request-1619712', 'neutron.services.l3_router.service_providers.driver_controller.DriverController._set_router_provider-11031'] for router, precommit_create {{(pid=103515) _notify_loop /usr/local/lib/python3.8/dist-packages/neutron_lib/callbacks/manager.py:192}}
Jun 06 08:18:04.598299 dv-neutron-844790-1-hyperv neutron-server[103515]: DEBUG neutron.wsgi [-] (103515) accepted ('10.222.0.46', 35666) {{(pid=103515) server /usr/local/lib/python3.8/dist-packages/eventlet/wsgi.py:982}}
Jun 06 08:18:04.599279 dv-neutron-844790-1-hyperv neutron-server[103515]: DEBUG neutron_lib.callbacks.manager [None req-9002ae5a-49e6-4557-acf2-fc138522da98 admin admin] Notify callbacks ['neutron.plugins.ml2.plugin.SecurityGroupServerNotifierRpcMixin._notify_sg_on_port_change-776916', 'neutron.plugins.ml2.ovo_rpc._ObjectChangeHandler.handle_event-381305', 'neutron.api.rpc.agentnotifiers.dhcp_rpc_agent_api.DhcpAgentNotifyAPI._native_event_send_dhcp_notification-1666692', 'neutron.db.l3_dvrscheduler_db._notify_l3_agent_new_port-8780902211247'] for port, after_create {{(pid=103515) _notify_loop /usr/local/lib/python3.8/dist-packages/neutron_lib/callbacks/manager.py:192}}
Jun 06 08:18:04.609828 dv-neutron-844790-1-hyperv neutron-server[103515]: DEBUG neutron.api.v2.base [None req-343219b9-85ae-4b6c-ae78-9dd7d727d8dd tempest-DHCPAgentSchedulersTestJSON-2138184138 tempest-DHCPAgentSchedulersTestJSON-2138184138-project] Request body: {'port': {'network_id': '4bf12214-ec45-4d07-a035-44cbca362bef', 'name': 'tempest-DHCPAgentSchedulersTestJSON-183808545'}} {{(pid=103515) prepare_request_body /opt/stack/neutron/neutron/api/v2/base.py:729}}
Jun 06 08:18:04.622892 dv-neutron-844790-1-hyperv neutron-server[103517]: DEBUG neutron.db.provisioning_blocks [None req-0e4a9be5-85d4-4f94-9cbd-454aab1b72db None None] Provisioning complete for port abf6567a-206d-4e67-bb98-b5959ec88a26 triggered by entity L2. {{(pid=103517) provisioning_complete /opt/stack/neutron/neutron/db/provisioning_blocks.py:139}}
Jun 06 08:18:04.624757 dv-neutron-844790-1-hyperv neutron-server[103517]: DEBUG neutron_lib.callbacks.manager [None req-0e4a9be5-85d4-4f94-9cbd-454aab1b72db None None] Notify callbacks ['neutron.plugins.ml2.plugin.Ml2Plugin._port_provisioned-668719'] for port, provisioning_complete {{(pid=103517) _notify_loop /usr/local/lib/python3.8/dist-packages/neutron_lib/callbacks/manager.py:192}}
Jun 06 08:18:04.658335 dv-neutron-844790-1-hyperv neutron-server[103516]: DEBUG neutron_lib.callbacks.manager [None req-33d3d46c-a45f-473b-9b90-55ae5e7282cf tempest-RoutersTestDVR-1666956501 tempest-RoutersTestDVR-1666956501-project-admin] Notify callbacks [] for router, before_response {{(pid=103516) _notify_loop /usr/local/lib/python3.8/dist-packages/neutron_lib/callbacks/manager.py:192}}
Jun 06 08:18:04.663547 dv-neutron-844790-1-hyperv neutron-server[103516]: INFO neutron.wsgi [None req-33d3d46c-a45f-473b-9b90-55ae5e7282cf tempest-RoutersTestDVR-1666956501 tempest-RoutersTestDVR-1666956501-project-admin] 10.222.0.46 "POST /v2.0/routers HTTP/1.1" status: 201 len: 723 time: 0.6113338
Jun 06 08:18:04.936053 dv-neutron-844790-1-hyperv neutron-server[103516]: DEBUG neutron.wsgi [-] (103516) accepted ('10.222.0.46', 35668) {{(pid=103516) server /usr/local/lib/python3.8/dist-packages/eventlet/wsgi.py:982}}
Jun 06 08:18:04.936053 dv-neutron-844790-1-hyperv neutron-server[103516]: DEBUG neutron.api.v2.base [None req-15c4144d-b0e5-4b9d-9900-fa4eeeb2b4ed tempest-RoutersTestDVR-1666956501 tempest-RoutersTestDVR-1666956501-project-admin] Request body: {'router': {'distributed': True}} {{(pid=103516) prepare_request_body /opt/stack/neutron/neutron/api/v2/base.py:729}}
Jun 06 08:18:04.936053 dv-neutron-844790-1-hyperv neutron-server[103516]: DEBUG neutron_lib.callbacks.manager [None req-f8a3d94f-a598-4863-8472-0a02697694c8 tempest-ExternalNetworksTestJSON-758957483 tempest-ExternalNetworksTestJSON-758957483-project-admin] Notify callbacks [] for security_group, precommit_create {{(pid=103516) _notify_loop /usr/local/lib/python3.8/dist-packages/neutron_lib/callbacks/manager.py:192}}
Jun 06 08:18:04.936337 dv-neutron-844790-1-hyperv neutron-server[103517]: DEBUG neutron.api.rpc.handlers.dhcp_rpc [None req-72dbc371-bcd5-4e47-aae0-84570862b1a4 None None] Create dhcp port {'port': {'name': '', 'admin_state_up': True, 'device_id': 'dhcp8ae58c99-89a6-5a85-bda4-4d247d6bc5ce-4bf12214-ec45-4d07-a035-44cbca362bef', 'network_id': '4bf12214-ec45-4d07-a035-44cbca362bef', 'tenant_id': '369958d910c04d16ba3a05a74aeee15f', 'fixed_ips': [{'subnet_id': 'f092d47e-082c-4710-ac93-1fcc74d24f92'}]}} from dv-neutron-844790-1-hyperv. {{(pid=103517) create_dhcp_port /opt/stack/neutron/neutron/api/rpc/handlers/dhcp_rpc.py:285}}
Jun 06 08:18:04.936337 dv-neutron-844790-1-hyperv neutron-server[103517]: DEBUG neutron_lib.callbacks.manager [None req-72dbc371-bcd5-4e47-aae0-84570862b1a4 None None] Notify callbacks ['neutron.plugins.ml2.plugin.SecurityGroupDbMixin._ensure_default_security_group_handler-776851'] for port, before_create {{(pid=103517) _notify_loop /usr/local/lib/python3.8/dist-packages/neutron_lib/callbacks/manager.py:192}}
Jun 06 08:18:04.936337 dv-neutron-844790-1-hyperv neutron-server[103517]: DEBUG neutron.plugins.ml2.plugin [None req-61568f57-4f8a-4f0c-a488-fcfdae893b26 None None] Current status of the port c1697c29-ee13-4773-9dab-c3ccb6aa617a is: ACTIVE; New status is: ACTIVE {{(pid=103517) _update_individual_port_db_status /opt/stack/neutron/neutron/plugins/ml2/plugin.py:2238}}
Jun 06 08:18:04.936588 dv-neutron-844790-1-hyperv neutron-server[103515]: DEBUG neutron.scheduler.dhcp_agent_scheduler [None req-9002ae5a-49e6-4557-acf2-fc138522da98 admin admin] Network e31d1173-b60a-40c9-84c7-21897e52a052 is already hosted by enough agents. {{(pid=103515) _get_dhcp_agents_hosting_network /opt/stack/neutron/neutron/scheduler/dhcp_agent_scheduler.py:275}}
Jun 06 08:18:04.936685 dv-neutron-844790-1-hyperv neutron-server[103518]: DEBUG neutron_lib.callbacks.manager [None req-01467741-caf3-4ae4-b4f6-9832f7c336a9 None None] Notify callbacks [] for port, precommit_update {{(pid=103518) _notify_loop /usr/local/lib/python3.8/dist-packages/neutron_lib/callbacks/manager.py:192}}
Jun 06 08:18:04.937140 dv-neutron-844790-1-hyperv neutron-server[103516]: DEBUG neutron_lib.callbacks.manager [None req-f8a3d94f-a598-4863-8472-0a02697694c8 tempest-ExternalNetworksTestJSON-758957483 tempest-ExternalNetworksTestJSON-758957483-project-admin] Notify callbacks ['neutron.plugins.ml2.ovo_rpc._ObjectChangeHandler.handle_event-1628905'] for security_group, after_create {{(pid=103516) _notify_loop /usr/local/lib/python3.8/dist-packages/neutron_lib/callbacks/manager.py:192}}
Jun 06 08:18:04.937218 dv-neutron-844790-1-hyperv neutron-server[103515]: DEBUG neutron.scheduler.base_scheduler [None req-9002ae5a-49e6-4557-acf2-fc138522da98 admin admin] Resources bound (agent type, host, resource id): {{(pid=103515) schedule /opt/stack/neutron/neutron/scheduler/base_scheduler.py:57}}
Jun 06 08:18:04.937218 dv-neutron-844790-1-hyperv neutron-server[103515]: DEBUG neutron.db.l3_dvrscheduler_db [None req-9002ae5a-49e6-4557-acf2-fc138522da98 admin admin] Received port after_create {{(pid=103515) _notify_l3_agent_new_port /opt/stack/neutron/neutron/db/l3_dvrscheduler_db.py:536}}
Jun 06 08:18:04.937364 dv-neutron-844790-1-hyperv neutron-server[103517]: DEBUG neutron.db.provisioning_blocks [None req-61568f57-4f8a-4f0c-a488-fcfdae893b26 None None] Provisioning complete for port abf6567a-206d-4e67-bb98-b5959ec88a26 triggered by entity DHCP. {{(pid=103517) provisioning_complete /opt/stack/neutron/neutron/db/provisioning_blocks.py:139}}
Jun 06 08:18:04.937364 dv-neutron-844790-1-hyperv neutron-server[103517]: DEBUG neutron_lib.callbacks.manager [None req-61568f57-4f8a-4f0c-a488-fcfdae893b26 None None] Notify callbacks ['neutron.plugins.ml2.plugin.Ml2Plugin._port_provisioned-668719'] for port, provisioning_complete {{(pid=103517) _notify_loop /usr/local/lib/python3.8/dist-packages/neutron_lib/callbacks/manager.py:192}}
Jun 06 08:18:04.937530 dv-neutron-844790-1-hyperv neutron-server[103518]: DEBUG neutron_lib.callbacks.manager [None req-01467741-caf3-4ae4-b4f6-9832f7c336a9 None None] Notify callbacks ['neutron.plugins.ml2.plugin.SecurityGroupServerNotifierRpcMixin._notify_sg_on_port_change-776916', 'neutron.plugins.ml2.ovo_rpc._ObjectChangeHandler.handle_event-381305', 'neutron.api.rpc.agentnotifiers.dhcp_rpc_agent_api.DhcpAgentNotifyAPI._native_event_send_dhcp_notification-1666692', 'neutron.db.l3_db.L3RpcNotifierMixin._notify_gateway_port_ip_changed-8780902689401', 'neutron.db.l3_dvrscheduler_db._notify_l3_agent_port_update-8780902211220', 'neutron.db.l3_hascheduler_db._notify_l3_agent_ha_port_update-8780902221626'] for port, after_update {{(pid=103518) _notify_loop /usr/local/lib/python3.8/dist-packages/neutron_lib/callbacks/manager.py:192}}
Jun 06 08:18:04.941774 dv-neutron-844790-1-hyperv neutron-server[103517]: DEBUG neutron.plugins.ml2.plugin [None req-0e4a9be5-85d4-4f94-9cbd-454aab1b72db None None] Current status of the port abf6567a-206d-4e67-bb98-b5959ec88a26 is: DOWN; New status is: ACTIVE {{(pid=103517) _update_individual_port_db_status /opt/stack/neutron/neutron/plugins/ml2/plugin.py:2238}}
Jun 06 08:18:04.941774 dv-neutron-844790-1-hyperv neutron-server[103517]: DEBUG neutron_lib.callbacks.manager [None req-0e4a9be5-85d4-4f94-9cbd-454aab1b72db None None] Notify callbacks ['neutron.plugins.ml2.plugin.SecurityGroupDbMixin._ensure_default_security_group_handler-776851'] for port, before_update {{(pid=103517) _notify_loop /usr/local/lib/python3.8/dist-packages/neutron_lib/callbacks/manager.py:192}}
Jun 06 08:18:04.955152 dv-neutron-844790-1-hyperv neutron-server[103516]: DEBUG neutron_lib.callbacks.manager [None req-d76bd90f-63b9-445c-9a40-bc6c004e0eec admin admin] Notify callbacks ['neutron.plugins.ml2.plugin.SecurityGroupServerNotifierRpcMixin._notify_sg_on_port_change-776916', 'neutron.plugins.ml2.ovo_rpc._ObjectChangeHandler.handle_event-381305', 'neutron.api.rpc.agentnotifiers.dhcp_rpc_agent_api.DhcpAgentNotifyAPI._native_event_send_dhcp_notification-1666692', 'neutron.db.l3_dvrscheduler_db._notify_l3_agent_new_port-8780902211247'] for port, after_create {{(pid=103516) _notify_loop /usr/local/lib/python3.8/dist-packages/neutron_lib/callbacks/manager.py:192}}
Jun 06 08:18:05.038570 dv-neutron-844790-1-hyperv neutron-server[103518]: DEBUG neutron.plugins.ml2.managers [None req-01467741-caf3-4ae4-b4f6-9832f7c336a9 None None] Attempting to bind port 756f5980-9561-4058-a83d-bc4b741ea487 on host dv-neutron-844790-1-hyperv for vnic_type normal with profile {{(pid=103518) bind_port /opt/stack/neutron/neutron/plugins/ml2/managers.py:790}}
Jun 06 08:18:05.038985 dv-neutron-844790-1-hyperv neutron-server[103518]: DEBUG neutron.plugins.ml2.managers [None req-01467741-caf3-4ae4-b4f6-9832f7c336a9 None None] Attempting to bind port 756f5980-9561-4058-a83d-bc4b741ea487 by drivers openvswitch,hyperv on host dv-neutron-844790-1-hyperv at level 0 using segments [{'id': 'd371e4ea-d91f-4900-8b96-77d3355830ef', 'network_type': 'flat', 'physical_network': 'physnet1', 'segmentation_id': None, 'network_id': 'e31d1173-b60a-40c9-84c7-21897e52a052'}] {{(pid=103518) _bind_port_level /opt/stack/neutron/neutron/plugins/ml2/managers.py:815}}
Jun 06 08:18:05.040109 dv-neutron-844790-1-hyperv neutron-server[103518]: DEBUG neutron.plugins.ml2.drivers.mech_agent [None req-01467741-caf3-4ae4-b4f6-9832f7c336a9 None None] Attempting to bind port 756f5980-9561-4058-a83d-bc4b741ea487 on network e31d1173-b60a-40c9-84c7-21897e52a052 {{(pid=103518) bind_port /opt/stack/neutron/neutron/plugins/ml2/drivers/mech_agent.py:91}}
Jun 06 08:18:05.048179 dv-neutron-844790-1-hyperv neutron-server[103516]: DEBUG neutron.plugins.ml2.drivers.helpers [None req-f8a3d94f-a598-4863-8472-0a02697694c8 tempest-ExternalNetworksTestJSON-758957483 tempest-ExternalNetworksTestJSON-758957483-project-admin] vlan segment allocate from pool success with {'vlan_id': 227, 'physical_network': 'physnet1'} {{(pid=103516) allocate_partially_specified_segment /opt/stack/neutron/neutron/plugins/ml2/drivers/helpers.py:153}}
Jun 06 08:18:05.050978 dv-neutron-844790-1-hyperv neutron-server[103518]: DEBUG neutron.api.rpc.handlers.resources_rpc [None req-97f45eeb-78fd-40f3-8190-5febe363c973 None None] Pushing event updated for resources: {'Port': ['ID=756f5980-9561-4058-a83d-bc4b741ea487,revision_number=2']} {{(pid=103518) push /opt/stack/neutron/neutron/api/rpc/handlers/resources_rpc.py:237}}
Jun 06 08:18:05.051282 dv-neutron-844790-1-hyperv neutron-server[103517]: DEBUG neutron.db.db_base_plugin_common [None req-72dbc371-bcd5-4e47-aae0-84570862b1a4 None None] Allocated IP 172.20.0.2 (4bf12214-ec45-4d07-a035-44cbca362bef/f092d47e-082c-4710-ac93-1fcc74d24f92/c0f1b1e0-0874-45b4-9310-5964dccf9088) {{(pid=103517) _store_ip_allocation /opt/stack/neutron/neutron/db/db_base_plugin_common.py:131}}
Jun 06 08:18:05.055998 dv-neutron-844790-1-hyperv neutron-server[103516]: DEBUG neutron.api.rpc.handlers.resources_rpc [None req-f8a3d94f-a598-4863-8472-0a02697694c8 tempest-ExternalNetworksTestJSON-758957483 tempest-ExternalNetworksTestJSON-758957483-project-admin] Pushing event updated for resources: {'SecurityGroup': ['ID=a5f3bb14-ff19-44d0-b7aa-9e21f380724c,revision_number=1']} {{(pid=103516) push /opt/stack/neutron/neutron/api/rpc/handlers/resources_rpc.py:237}}
Jun 06 08:18:05.067272 dv-neutron-844790-1-hyperv neutron-server[103518]: DEBUG neutron.api.rpc.callbacks.version_manager [None req-97f45eeb-78fd-40f3-8190-5febe363c973 None None] Version for resource type AddressGroup changed None to 1.2 on consumer Open vSwitch agent@dv-neutron-844790-1-hyperv {{(pid=103518) _set_version /opt/stack/neutron/neutron/api/rpc/callbacks/version_manager.py:113}}
Jun 06 08:18:05.067616 dv-neutron-844790-1-hyperv neutron-server[103518]: DEBUG neutron.api.rpc.callbacks.version_manager [None req-97f45eeb-78fd-40f3-8190-5febe363c973 None None] Version for resource type ConntrackHelper changed None to 1.0 on consumer Open vSwitch agent@dv-neutron-844790-1-hyperv {{(pid=103518) _set_version /opt/stack/neutron/neutron/api/rpc/callbacks/version_manager.py:113}}
Jun 06 08:18:05.067987 dv-neutron-844790-1-hyperv neutron-server[103518]: DEBUG neutron.api.rpc.callbacks.version_manager [None req-97f45eeb-78fd-40f3-8190-5febe363c973 None None] Version for resource type Log changed None to 1.0 on consumer Open vSwitch agent@dv-neutron-844790-1-hyperv {{(pid=103518) _set_version /opt/stack/neutron/neutron/api/rpc/callbacks/version_manager.py:113}}
Jun 06 08:18:05.068285 dv-neutron-844790-1-hyperv neutron-server[103518]: DEBUG neutron.api.rpc.callbacks.version_manager [None req-97f45eeb-78fd-40f3-8190-5febe363c973 None None] Version for resource type Network changed None to 1.1 on consumer Open vSwitch agent@dv-neutron-844790-1-hyperv {{(pid=103518) _set_version /opt/stack/neutron/neutron/api/rpc/callbacks/version_manager.py:113}}
Jun 06 08:18:05.068616 dv-neutron-844790-1-hyperv neutron-server[103518]: DEBUG neutron.api.rpc.callbacks.version_manager [None req-97f45eeb-78fd-40f3-8190-5febe363c973 None None] Version for resource type Port changed None to 1.7 on consumer Open vSwitch agent@dv-neutron-844790-1-hyperv {{(pid=103518) _set_version /opt/stack/neutron/neutron/api/rpc/callbacks/version_manager.py:113}}
Jun 06 08:18:05.068962 dv-neutron-844790-1-hyperv neutron-server[103518]: DEBUG neutron.api.rpc.callbacks.version_manager [None req-97f45eeb-78fd-40f3-8190-5febe363c973 None None] Version for resource type PortForwarding changed None to 1.2 on consumer Open vSwitch agent@dv-neutron-844790-1-hyperv {{(pid=103518) _set_version /opt/stack/neutron/neutron/api/rpc/callbacks/version_manager.py:113}}
Jun 06 08:18:05.069366 dv-neutron-844790-1-hyperv neutron-server[103518]: DEBUG neutron.api.rpc.callbacks.version_manager [None req-97f45eeb-78fd-40f3-8190-5febe363c973 None None] Version for resource type QosPolicy changed None to 1.9 on consumer Open vSwitch agent@dv-neutron-844790-1-hyperv {{(pid=103518) _set_version /opt/stack/neutron/neutron/api/rpc/callbacks/version_manager.py:113}}
Jun 06 08:18:05.069622 dv-neutron-844790-1-hyperv neutron-server[103518]: DEBUG neutron.api.rpc.callbacks.version_manager [None req-97f45eeb-78fd-40f3-8190-5febe363c973 None None] Version for resource type SecurityGroup changed None to 1.4 on consumer Open vSwitch agent@dv-neutron-844790-1-hyperv {{(pid=103518) _set_version /opt/stack/neutron/neutron/api/rpc/callbacks/version_manager.py:113}}
Jun 06 08:18:05.069967 dv-neutron-844790-1-hyperv neutron-server[103518]: DEBUG neutron.api.rpc.callbacks.version_manager [None req-97f45eeb-78fd-40f3-8190-5febe363c973 None None] Version for resource type SecurityGroupRule changed None to 1.2 on consumer Open vSwitch agent@dv-neutron-844790-1-hyperv {{(pid=103518) _set_version /opt/stack/neutron/neutron/api/rpc/callbacks/version_manager.py:113}}
Jun 06 08:18:05.070411 dv-neutron-844790-1-hyperv neutron-server[103518]: DEBUG neutron.api.rpc.callbacks.version_manager [None req-97f45eeb-78fd-40f3-8190-5febe363c973 None None] Version for resource type SubPort changed None to 1.0 on consumer Open vSwitch agent@dv-neutron-844790-1-hyperv {{(pid=103518) _set_version /opt/stack/neutron/neutron/api/rpc/callbacks/version_manager.py:113}}
Jun 06 08:18:05.071085 dv-neutron-844790-1-hyperv neutron-server[103518]: DEBUG neutron.api.rpc.callbacks.version_manager [None req-97f45eeb-78fd-40f3-8190-5febe363c973 None None] Version for resource type Subnet changed None to 1.1 on consumer Open vSwitch agent@dv-neutron-844790-1-hyperv {{(pid=103518) _set_version /opt/stack/neutron/neutron/api/rpc/callbacks/version_manager.py:113}}
Jun 06 08:18:05.072835 dv-neutron-844790-1-hyperv neutron-server[103517]: DEBUG neutron.plugins.ml2.db [None req-0e4a9be5-85d4-4f94-9cbd-454aab1b72db None None] For port abf6567a-206d-4e67-bb98-b5959ec88a26, host dv-neutron-844790-1-hyperv, got binding levels [PortBindingLevel(driver='openvswitch',host='dv-neutron-844790-1-hyperv',level=0,port_id=abf6567a-206d-4e67-bb98-b5959ec88a26,segment=NetworkSegment(e5e00413-7241-4a75-bc58-078f361a9ad3),segment_id=e5e00413-7241-4a75-bc58-078f361a9ad3)] {{(pid=103517) get_binding_level_objs /opt/stack/neutron/neutron/plugins/ml2/db.py:74}}
