Jun 06 09:34:16.784384 dv-neutron-844788-1-hyperv neutron-server[89304]: DEBUG neutron.quota.resource [req-534317e2-ada1-495b-a427-3eb4d8da9bfd req-e7ad375b-8aa8-4433-8dd0-b479373b822f tempest-ServerActionsTestJSON-523934349 tempest-ServerActionsTestJSON-523934349-project] Synchronizing usage tracker for tenant:31c4aa91177e4d1d8c0daa5759deb306 on resource:security_group {{(pid=89304) resync /opt/stack/neutron/neutron/quota/resource.py:241}}
Jun 06 09:34:16.790897 dv-neutron-844788-1-hyperv neutron-server[89305]: DEBUG neutron.plugins.ml2.db [None req-4f110387-705a-4369-b081-4607519479ef None None] For port 11723bec-7976-47e7-a8a5-1edbcfb40b40, host dv-neutron-844788-1-hyperv, got binding levels [PortBindingLevel(driver='openvswitch',host='dv-neutron-844788-1-hyperv',level=0,port_id=11723bec-7976-47e7-a8a5-1edbcfb40b40,segment=NetworkSegment(7f8c49d9-ba5d-418a-9acf-b96f152cf899),segment_id=7f8c49d9-ba5d-418a-9acf-b96f152cf899)] {{(pid=89305) get_binding_level_objs /opt/stack/neutron/neutron/plugins/ml2/db.py:75}}
Jun 06 09:34:16.791619 dv-neutron-844788-1-hyperv neutron-server[89305]: DEBUG neutron_lib.callbacks.manager [None req-4f110387-705a-4369-b081-4607519479ef None None] Notify callbacks ['neutron.services.l3_router.l3_router_plugin.L3_NAT_dbonly_mixin._precommit_delete_port_callback-430014'] for port, precommit_delete {{(pid=89305) _notify_loop /usr/local/lib/python3.8/dist-packages/neutron_lib/callbacks/manager.py:192}}
Jun 06 09:34:16.810680 dv-neutron-844788-1-hyperv neutron-server[89303]: DEBUG neutron.pecan_wsgi.hooks.policy_enforcement [None req-8f9aedd8-b242-43c1-817a-02b342eec972 tempest-ExternalNetworksTestJSON-55947039 tempest-ExternalNetworksTestJSON-55947039-project-admin] Attributes excluded by policy engine: ['standard_attr_id', 'shared', 'segment_id'] {{(pid=89303) _exclude_attributes_by_policy /opt/stack/neutron/neutron/pecan_wsgi/hooks/policy_enforcement.py:259}}
Jun 06 09:34:16.811228 dv-neutron-844788-1-hyperv neutron-server[89303]: DEBUG neutron.pecan_wsgi.hooks.policy_enforcement [None req-8f9aedd8-b242-43c1-817a-02b342eec972 tempest-ExternalNetworksTestJSON-55947039 tempest-ExternalNetworksTestJSON-55947039-project-admin] Attributes excluded by policy engine: ['standard_attr_id', 'shared', 'segment_id'] {{(pid=89303) _exclude_attributes_by_policy /opt/stack/neutron/neutron/pecan_wsgi/hooks/policy_enforcement.py:259}}
Jun 06 09:34:16.811704 dv-neutron-844788-1-hyperv neutron-server[89303]: DEBUG neutron.pecan_wsgi.hooks.policy_enforcement [None req-8f9aedd8-b242-43c1-817a-02b342eec972 tempest-ExternalNetworksTestJSON-55947039 tempest-ExternalNetworksTestJSON-55947039-project-admin] Attributes excluded by policy engine: ['standard_attr_id', 'shared', 'segment_id'] {{(pid=89303) _exclude_attributes_by_policy /opt/stack/neutron/neutron/pecan_wsgi/hooks/policy_enforcement.py:259}}
Jun 06 09:34:16.812148 dv-neutron-844788-1-hyperv neutron-server[89303]: DEBUG neutron.pecan_wsgi.hooks.policy_enforcement [None req-8f9aedd8-b242-43c1-817a-02b342eec972 tempest-ExternalNetworksTestJSON-55947039 tempest-ExternalNetworksTestJSON-55947039-project-admin] Attributes excluded by policy engine: ['standard_attr_id', 'shared', 'segment_id'] {{(pid=89303) _exclude_attributes_by_policy /opt/stack/neutron/neutron/pecan_wsgi/hooks/policy_enforcement.py:259}}
Jun 06 09:34:16.812585 dv-neutron-844788-1-hyperv neutron-server[89303]: DEBUG neutron.pecan_wsgi.hooks.policy_enforcement [None req-8f9aedd8-b242-43c1-817a-02b342eec972 tempest-ExternalNetworksTestJSON-55947039 tempest-ExternalNetworksTestJSON-55947039-project-admin] Attributes excluded by policy engine: ['standard_attr_id', 'shared', 'segment_id'] {{(pid=89303) _exclude_attributes_by_policy /opt/stack/neutron/neutron/pecan_wsgi/hooks/policy_enforcement.py:259}}
Jun 06 09:34:16.813539 dv-neutron-844788-1-hyperv neutron-server[89303]: DEBUG neutron.pecan_wsgi.hooks.policy_enforcement [None req-8f9aedd8-b242-43c1-817a-02b342eec972 tempest-ExternalNetworksTestJSON-55947039 tempest-ExternalNetworksTestJSON-55947039-project-admin] Attributes excluded by policy engine: ['standard_attr_id', 'shared', 'segment_id'] {{(pid=89303) _exclude_attributes_by_policy /opt/stack/neutron/neutron/pecan_wsgi/hooks/policy_enforcement.py:259}}
Jun 06 09:34:16.813647 dv-neutron-844788-1-hyperv neutron-server[89303]: DEBUG neutron.pecan_wsgi.hooks.policy_enforcement [None req-8f9aedd8-b242-43c1-817a-02b342eec972 tempest-ExternalNetworksTestJSON-55947039 tempest-ExternalNetworksTestJSON-55947039-project-admin] Attributes excluded by policy engine: ['standard_attr_id', 'shared', 'segment_id'] {{(pid=89303) _exclude_attributes_by_policy /opt/stack/neutron/neutron/pecan_wsgi/hooks/policy_enforcement.py:259}}
Jun 06 09:34:16.814122 dv-neutron-844788-1-hyperv neutron-server[89303]: DEBUG neutron.pecan_wsgi.hooks.policy_enforcement [None req-8f9aedd8-b242-43c1-817a-02b342eec972 tempest-ExternalNetworksTestJSON-55947039 tempest-ExternalNetworksTestJSON-55947039-project-admin] Attributes excluded by policy engine: ['standard_attr_id', 'shared', 'segment_id'] {{(pid=89303) _exclude_attributes_by_policy /opt/stack/neutron/neutron/pecan_wsgi/hooks/policy_enforcement.py:259}}
Jun 06 09:34:16.815101 dv-neutron-844788-1-hyperv neutron-server[89303]: DEBUG neutron.quota.resource [None req-8f9aedd8-b242-43c1-817a-02b342eec972 tempest-ExternalNetworksTestJSON-55947039 tempest-ExternalNetworksTestJSON-55947039-project-admin] Synchronizing usage tracker for tenant:7322e83e22bf4d09ade15fd9ab0ec84a on resource:subnet {{(pid=89303) resync /opt/stack/neutron/neutron/quota/resource.py:241}}
Jun 06 09:34:16.826773 dv-neutron-844788-1-hyperv neutron-server[89303]: DEBUG neutron.plugins.ml2.plugin [None req-abe4f301-86d4-4f01-90da-1d70ffad0fe9 tempest-DHCPAgentSchedulersTestJSON-136920188 tempest-DHCPAgentSchedulersTestJSON-136920188-project] Deleting port 11723bec-7976-47e7-a8a5-1edbcfb40b40 {{(pid=89303) _pre_delete_port /opt/stack/neutron/neutron/plugins/ml2/plugin.py:1915}}
Jun 06 09:34:16.827110 dv-neutron-844788-1-hyperv neutron-server[89303]: DEBUG neutron_lib.callbacks.manager [None req-abe4f301-86d4-4f01-90da-1d70ffad0fe9 tempest-DHCPAgentSchedulersTestJSON-136920188 tempest-DHCPAgentSchedulersTestJSON-136920188-project] Notify callbacks ['neutron.db.l3_db.L3_NAT_dbonly_mixin._prevent_l3_port_delete_callback-8728559940181'] for port, before_delete {{(pid=89303) _notify_loop /usr/local/lib/python3.8/dist-packages/neutron_lib/callbacks/manager.py:192}}
Jun 06 09:34:16.847152 dv-neutron-844788-1-hyperv neutron-server[89304]: DEBUG neutron.notifiers.nova [None req-0a74a4be-4dea-4f36-abf3-51a86ea1029e tempest-PortsAdminExtendedAttrsIpV6TestJSON-704238786 tempest-PortsAdminExtendedAttrsIpV6TestJSON-704238786-project-admin] device_id is not set on port 8a4cf459-b15a-4e7a-a538-642643340793 yet. {{(pid=89304) _can_notify /opt/stack/neutron/neutron/notifiers/nova.py:199}}
Jun 06 09:34:16.857969 dv-neutron-844788-1-hyperv neutron-server[89304]: DEBUG neutron_lib.callbacks.manager [None req-9590ed08-0200-4ff5-a238-aa529c760705 tempest-FloatingIPAdminTestJSON-2020103476 tempest-FloatingIPAdminTestJSON-2020103476-project] Notify callbacks [] for port, precommit_update {{(pid=89304) _notify_loop /usr/local/lib/python3.8/dist-packages/neutron_lib/callbacks/manager.py:192}}
Jun 06 09:34:16.869641 dv-neutron-844788-1-hyperv neutron-server[89304]: DEBUG neutron.pecan_wsgi.hooks.policy_enforcement [req-333f4a87-dedf-4113-a9e1-90f61856dfbf req-a84d2975-e80e-4182-a72e-b9a85e0a9991 tempest-ServersTestJSON-1705075189 tempest-ServersTestJSON-1705075189-project] Attributes excluded by policy engine: ['standard_attr_id', 'vlan_transparent', 'provider:network_type', 'provider:physical_network', 'provider:segmentation_id'] {{(pid=89304) _exclude_attributes_by_policy /opt/stack/neutron/neutron/pecan_wsgi/hooks/policy_enforcement.py:259}}
Jun 06 09:34:16.870991 dv-neutron-844788-1-hyperv neutron-server[89303]: DEBUG neutron.scheduler.l3_agent_scheduler [None req-a7781a32-f676-47d2-b9b0-06229d566ac7 tempest-RoutersAdminTest-1703241033 tempest-RoutersAdminTest-1703241033-project-admin] Router 2d30710e-534a-488d-9376-92af05ff7803 is scheduled to L3 agent 0cc128c8-c7c8-4aca-83a1-c1e9941042a4 with binding_index 1 {{(pid=89303) bind_router /opt/stack/neutron/neutron/scheduler/l3_agent_scheduler.py:210}}
Jun 06 09:34:16.875489 dv-neutron-844788-1-hyperv neutron-server[89304]: INFO neutron.wsgi [req-333f4a87-dedf-4113-a9e1-90f61856dfbf req-a84d2975-e80e-4182-a72e-b9a85e0a9991 tempest-ServersTestJSON-1705075189 tempest-ServersTestJSON-1705075189-project] 10.222.0.48 "GET /v2.0/networks?id=e992e8c8-91a4-420c-9b25-69658f383f1a HTTP/1.1" status: 200 len: 806 time: 0.5165060
Jun 06 09:34:16.875489 dv-neutron-844788-1-hyperv neutron-server[89304]: DEBUG neutron_lib.callbacks.manager [None req-0a74a4be-4dea-4f36-abf3-51a86ea1029e tempest-PortsAdminExtendedAttrsIpV6TestJSON-704238786 tempest-PortsAdminExtendedAttrsIpV6TestJSON-704238786-project-admin] Notify callbacks [] for port, precommit_create {{(pid=89304) _notify_loop /usr/local/lib/python3.8/dist-packages/neutron_lib/callbacks/manager.py:192}}
Jun 06 09:34:16.896218 dv-neutron-844788-1-hyperv neutron-server[89304]: DEBUG neutron.db.provisioning_blocks [None req-0a74a4be-4dea-4f36-abf3-51a86ea1029e tempest-PortsAdminExtendedAttrsIpV6TestJSON-704238786 tempest-PortsAdminExtendedAttrsIpV6TestJSON-704238786-project-admin] Transition to ACTIVE for port object 8a4cf459-b15a-4e7a-a538-642643340793 will not be triggered until provisioned by entity L2. {{(pid=89304) add_provisioning_component /opt/stack/neutron/neutron/db/provisioning_blocks.py:73}}
Jun 06 09:34:16.909666 dv-neutron-844788-1-hyperv neutron-server[89304]: INFO neutron.wsgi [req-333f4a87-dedf-4113-a9e1-90f61856dfbf req-ccb2c268-d138-476c-9e23-3c2349cebb10 tempest-ServersTestJSON-1705075189 tempest-ServersTestJSON-1705075189-project] 10.222.0.48 "GET /v2.0/quotas/650450ded9fd43d18c1bb648234d81b5 HTTP/1.1" status: 200 len: 375 time: 0.0144601
Jun 06 09:34:16.911750 dv-neutron-844788-1-hyperv neutron-server[89303]: DEBUG neutron_lib.callbacks.manager [None req-10d70186-7b7c-476e-8e7e-220e2507b4ac tempest-ServersTestManualDisk-632052512 tempest-ServersTestManualDisk-632052512-project] Notify callbacks [] for port, precommit_create {{(pid=89303) _notify_loop /usr/local/lib/python3.8/dist-packages/neutron_lib/callbacks/manager.py:192}}
Jun 06 09:34:16.926364 dv-neutron-844788-1-hyperv neutron-server[89305]: DEBUG neutron.plugins.ml2.plugin [None req-4f110387-705a-4369-b081-4607519479ef None None] Calling delete_port for 11723bec-7976-47e7-a8a5-1edbcfb40b40 owned by network:dhcp {{(pid=89305) delete_port /opt/stack/neutron/neutron/plugins/ml2/plugin.py:1987}}
Jun 06 09:34:16.953259 dv-neutron-844788-1-hyperv neutron-server[89305]: DEBUG neutron.db.provisioning_blocks [None req-06311336-ecd1-4692-b51c-4ed98b13ff49 None None] Provisioning complete for port c2fb1e93-5554-4fbd-b8af-45a6d5dd88b9 triggered by entity L2. {{(pid=89305) provisioning_complete /opt/stack/neutron/neutron/db/provisioning_blocks.py:139}}
Jun 06 09:34:16.953673 dv-neutron-844788-1-hyperv neutron-server[89305]: DEBUG neutron_lib.callbacks.manager [None req-06311336-ecd1-4692-b51c-4ed98b13ff49 None None] Notify callbacks ['neutron.plugins.ml2.plugin.Ml2Plugin._port_provisioned-7962565'] for port, provisioning_complete {{(pid=89305) _notify_loop /usr/local/lib/python3.8/dist-packages/neutron_lib/callbacks/manager.py:192}}
Jun 06 09:34:16.959802 dv-neutron-844788-1-hyperv neutron-server[89304]: DEBUG neutron_lib.callbacks.manager [None req-9590ed08-0200-4ff5-a238-aa529c760705 tempest-FloatingIPAdminTestJSON-2020103476 tempest-FloatingIPAdminTestJSON-2020103476-project] Notify callbacks ['neutron.plugins.ml2.plugin.SecurityGroupServerNotifierRpcMixin.notify_sg_on_port_change-7980891', 'neutron.plugins.ml2.ovo_rpc._ObjectChangeHandler.handle_event-1014509', 'neutron.api.rpc.agentnotifiers.dhcp_rpc_agent_api.DhcpAgentNotifyAPI._native_event_send_dhcp_notification-553849', 'neutron.db.l3_db.L3RpcNotifierMixin._notify_gateway_port_ip_changed-8728559944340', 'neutron.db.l3_dvrscheduler_db._notify_l3_agent_port_update-8728559552669', 'neutron.db.l3_hascheduler_db._notify_l3_agent_ha_port_update-8728559552714', 'neutron.services.segments.plugin.NovaSegmentNotifier._notify_port_updated-2162309'] for port, after_update {{(pid=89304) _notify_loop /usr/local/lib/python3.8/dist-packages/neutron_lib/callbacks/manager.py:192}}
Jun 06 09:34:17.031929 dv-neutron-844788-1-hyperv neutron-server[89304]: DEBUG neutron.quota.resource [req-534317e2-ada1-495b-a427-3eb4d8da9bfd req-e7ad375b-8aa8-4433-8dd0-b479373b822f tempest-ServerActionsTestJSON-523934349 tempest-ServerActionsTestJSON-523934349-project] Unset dirty status for tenant:31c4aa91177e4d1d8c0daa5759deb306 on resource:security_group {{(pid=89304) _resync /opt/stack/neutron/neutron/quota/resource.py:233}}
Jun 06 09:34:17.033136 dv-neutron-844788-1-hyperv neutron-server[89304]: INFO neutron.wsgi [req-534317e2-ada1-495b-a427-3eb4d8da9bfd req-e7ad375b-8aa8-4433-8dd0-b479373b822f tempest-ServerActionsTestJSON-523934349 tempest-ServerActionsTestJSON-523934349-project] 10.222.0.48 "GET /v2.0/security-groups?name=tempest-securitygroup--920602619&fields=id&tenant_id=31c4aa91177e4d1d8c0daa5759deb306 HTTP/1.1" status: 200 len: 267 time: 0.4669359
Jun 06 09:34:17.051525 dv-neutron-844788-1-hyperv neutron-server[89304]: DEBUG neutron_lib.callbacks.manager [None req-0a74a4be-4dea-4f36-abf3-51a86ea1029e tempest-PortsAdminExtendedAttrsIpV6TestJSON-704238786 tempest-PortsAdminExtendedAttrsIpV6TestJSON-704238786-project-admin] Notify callbacks ['neutron.plugins.ml2.plugin.SecurityGroupServerNotifierRpcMixin.notify_sg_on_port_change-7980891', 'neutron.plugins.ml2.ovo_rpc._ObjectChangeHandler.handle_event-1014509', 'neutron.api.rpc.agentnotifiers.dhcp_rpc_agent_api.DhcpAgentNotifyAPI._native_event_send_dhcp_notification-553849', 'neutron.db.l3_dvrscheduler_db._notify_l3_agent_new_port-8728559552651', 'neutron.services.segments.plugin.NovaSegmentNotifier._notify_port_created_or_deleted-2162332'] for port, after_create {{(pid=89304) _notify_loop /usr/local/lib/python3.8/dist-packages/neutron_lib/callbacks/manager.py:192}}
Jun 06 09:34:17.060052 dv-neutron-844788-1-hyperv neutron-server[89303]: DEBUG neutron.quota.resource [None req-8f9aedd8-b242-43c1-817a-02b342eec972 tempest-ExternalNetworksTestJSON-55947039 tempest-ExternalNetworksTestJSON-55947039-project-admin] Unset dirty status for tenant:7322e83e22bf4d09ade15fd9ab0ec84a on resource:subnet {{(pid=89303) _resync /opt/stack/neutron/neutron/quota/resource.py:233}}
Jun 06 09:34:17.063994 dv-neutron-844788-1-hyperv neutron-server[89303]: INFO neutron.wsgi [None req-8f9aedd8-b242-43c1-817a-02b342eec972 tempest-ExternalNetworksTestJSON-55947039 tempest-ExternalNetworksTestJSON-55947039-project-admin] 10.222.0.48 "GET /v2.0/subnets HTTP/1.1" status: 200 len: 5200 time: 0.9948897
Jun 06 09:34:17.065292 dv-neutron-844788-1-hyperv neutron-server[89304]: DEBUG neutron.wsgi [-] (89304) accepted ('10.222.0.48', 53804) {{(pid=89304) server /usr/local/lib/python3.8/dist-packages/eventlet/wsgi.py:992}}
Jun 06 09:34:17.188733 dv-neutron-844788-1-hyperv neutron-server[89305]: DEBUG neutron.plugins.ml2.plugin [None req-06311336-ecd1-4692-b51c-4ed98b13ff49 None None] Current status of the port c2fb1e93-5554-4fbd-b8af-45a6d5dd88b9 is: ACTIVE; New status is: ACTIVE {{(pid=89305) _update_individual_port_db_status /opt/stack/neutron/neutron/plugins/ml2/plugin.py:2163}}
Jun 06 09:34:17.233583 dv-neutron-844788-1-hyperv neutron-server[89305]: DEBUG neutron_lib.callbacks.manager [None req-4f110387-705a-4369-b081-4607519479ef None None] Notify callbacks ['neutron.plugins.ml2.plugin.SecurityGroupServerNotifierRpcMixin.notify_sg_on_port_change-7980891', 'neutron.plugins.ml2.ovo_rpc._ObjectChangeHandler.handle_event-1014509', 'neutron.api.rpc.agentnotifiers.dhcp_rpc_agent_api.DhcpAgentNotifyAPI._native_event_send_dhcp_notification-553849', 'neutron.db.l3_db.L3RpcNotifierMixin._notify_routers_callback-8728559944367', 'neutron.db.l3_dvrscheduler_db._notify_port_delete-8728559552660'] for port, after_delete {{(pid=89305) _notify_loop /usr/local/lib/python3.8/dist-packages/neutron_lib/callbacks/manager.py:192}}
Jun 06 09:34:17.240377 dv-neutron-844788-1-hyperv neutron-server[89304]: INFO neutron.api.v2.resource [None req-7f8fc53d-1e2d-4006-b8ff-1b1495c528df tempest-ExternalNetworksTestJSON-55947039 tempest-ExternalNetworksTestJSON-55947039-project-admin] delete failed (client error): The resource could not be found.
Jun 06 09:34:17.244131 dv-neutron-844788-1-hyperv neutron-server[89304]: INFO neutron.wsgi [None req-7f8fc53d-1e2d-4006-b8ff-1b1495c528df tempest-ExternalNetworksTestJSON-55947039 tempest-ExternalNetworksTestJSON-55947039-project-admin] 10.222.0.48 "DELETE /v2.0/floatingips/fc3d4294-2865-4df6-811f-8760f78176c6 HTTP/1.1" status: 404 len: 345 time: 0.1697161
Jun 06 09:34:17.251594 dv-neutron-844788-1-hyperv neutron-server[89303]: DEBUG neutron.wsgi [-] (89303) accepted ('10.222.0.48', 53808) {{(pid=89303) server /usr/local/lib/python3.8/dist-packages/eventlet/wsgi.py:992}}
Jun 06 09:34:17.264785 dv-neutron-844788-1-hyperv neutron-server[89304]: DEBUG neutron.api.rpc.handlers.resources_rpc [None req-9590ed08-0200-4ff5-a238-aa529c760705 tempest-FloatingIPAdminTestJSON-2020103476 tempest-FloatingIPAdminTestJSON-2020103476-project] Pushing event updated for resources: {'Port': ['ID=8566cd26-0c8d-4004-9819-7c8779bed9ee,revision_number=2']} {{(pid=89304) push /opt/stack/neutron/neutron/api/rpc/handlers/resources_rpc.py:237}}
Jun 06 09:34:17.278291 dv-neutron-844788-1-hyperv neutron-server[89303]: DEBUG neutron.api.rpc.agentnotifiers.l3_rpc_agent_api [None req-a7781a32-f676-47d2-b9b0-06229d566ac7 tempest-RoutersAdminTest-1703241033 tempest-RoutersAdminTest-1703241033-project-admin] Notify agent at l3_agent.dv-neutron-844788-1-hyperv the message routers_updated {{(pid=89303) _agent_notification /opt/stack/neutron/neutron/api/rpc/agentnotifiers/l3_rpc_agent_api.py:68}}
Jun 06 09:34:17.292941 dv-neutron-844788-1-hyperv neutron-server[89305]: DEBUG neutron.api.rpc.handlers.l3_rpc [None req-a1480f48-3a20-4161-80e9-bc6a7342c883 None None] Sync routers for ids ['2d30710e-534a-488d-9376-92af05ff7803'] in dv-neutron-844788-1-hyperv {{(pid=89305) sync_routers /opt/stack/neutron/neutron/api/rpc/handlers/l3_rpc.py:125}}
Jun 06 09:34:17.294874 dv-neutron-844788-1-hyperv neutron-server[89305]: DEBUG neutron.api.rpc.handlers.resources_rpc [None req-4f110387-705a-4369-b081-4607519479ef None None] Pushing event deleted for resources: {'Port': ['ID=11723bec-7976-47e7-a8a5-1edbcfb40b40,revision_number=None']} {{(pid=89305) push /opt/stack/neutron/neutron/api/rpc/handlers/resources_rpc.py:237}}
Jun 06 09:34:17.299304 dv-neutron-844788-1-hyperv neutron-server[89303]: DEBUG neutron.plugins.ml2.db [None req-abe4f301-86d4-4f01-90da-1d70ffad0fe9 tempest-DHCPAgentSchedulersTestJSON-136920188 tempest-DHCPAgentSchedulersTestJSON-136920188-project] For port 11723bec-7976-47e7-a8a5-1edbcfb40b40, host dv-neutron-844788-1-hyperv, got binding levels [PortBindingLevel(driver='openvswitch',host='dv-neutron-844788-1-hyperv',level=0,port_id=11723bec-7976-47e7-a8a5-1edbcfb40b40,segment=NetworkSegment(7f8c49d9-ba5d-418a-9acf-b96f152cf899),segment_id=7f8c49d9-ba5d-418a-9acf-b96f152cf899)] {{(pid=89303) get_binding_level_objs /opt/stack/neutron/neutron/plugins/ml2/db.py:75}}
Jun 06 09:34:17.299673 dv-neutron-844788-1-hyperv neutron-server[89303]: DEBUG neutron_lib.callbacks.manager [None req-abe4f301-86d4-4f01-90da-1d70ffad0fe9 tempest-DHCPAgentSchedulersTestJSON-136920188 tempest-DHCPAgentSchedulersTestJSON-136920188-project] Notify callbacks ['neutron.services.l3_router.l3_router_plugin.L3_NAT_dbonly_mixin._precommit_delete_port_callback-430014'] for port, precommit_delete {{(pid=89303) _notify_loop /usr/local/lib/python3.8/dist-packages/neutron_lib/callbacks/manager.py:192}}
Jun 06 09:34:17.305157 dv-neutron-844788-1-hyperv neutron-server[89305]: DEBUG neutron.db.l3_dvrscheduler_db [None req-4f110387-705a-4369-b081-4607519479ef None None] No DVR routers for this DVR port 11723bec-7976-47e7-a8a5-1edbcfb40b40 on host dv-neutron-844788-1-hyperv {{(pid=89305) get_dvr_routers_to_remove /opt/stack/neutron/neutron/db/l3_dvrscheduler_db.py:214}}
Jun 06 09:34:17.320305 dv-neutron-844788-1-hyperv neutron-server[89305]: DEBUG neutron.db.l3_dvrscheduler_db [None req-a1480f48-3a20-4161-80e9-bc6a7342c883 None None] Routers {'2d30710e-534a-488d-9376-92af05ff7803'} bound to L3 agent in host dv-neutron-844788-1-hyperv {{(pid=89305) _get_router_ids_for_agent /opt/stack/neutron/neutron/db/l3_dvrscheduler_db.py:423}}
Jun 06 09:34:17.320305 dv-neutron-844788-1-hyperv neutron-server[89305]: DEBUG neutron.db.l3_hamode_db [None req-a1480f48-3a20-4161-80e9-bc6a7342c883 None None] neutron.services.l3_router.l3_router_plugin.L3RouterPlugin method get_ha_sync_data_for_host called with arguments (, 'dv-neutron-844788-1-hyperv', Agent(admin_state_up=True,agent_type='L3 agent',availability_zone='nova',binary='neutron-l3-agent',configurations={"agent_mode": "legacy", "ex_gw_ports": 1, "extensions": [], "floating_ips": 0, "handle_internal_only_routers": true, "interface_driver": "openvswitch", "interfaces": 1, "log_agent_heartbeats": false, "routers": 1},created_at=2022-06-06T09:24:54Z,description=,heartbeat_timestamp=2022-06-06T09:33:54Z,host='dv-neutron-844788-1-hyperv',id=0cc128c8-c7c8-4aca-83a1-c1e9941042a4,load=0,resource_versions=,resources_synced=,started_at=2022-06-06T09:24:54Z,topic='l3_agent')) {'router_ids': ['2d30710e-534a-488d-9376-92af05ff7803'], 'active': True} {{(pid=89305) wrapper /usr/local/lib/python3.8/dist-packages/oslo_log/helpers.py:65}}
Jun 06 09:34:17.323403 dv-neutron-844788-1-hyperv neutron-server[89303]: DEBUG neutron_lib.callbacks.manager [None req-10d70186-7b7c-476e-8e7e-220e2507b4ac tempest-ServersTestManualDisk-632052512 tempest-ServersTestManualDisk-632052512-project] Notify callbacks ['neutron.plugins.ml2.plugin.SecurityGroupServerNotifierRpcMixin.notify_sg_on_port_change-7980891', 'neutron.plugins.ml2.ovo_rpc._ObjectChangeHandler.handle_event-1014509', 'neutron.api.rpc.agentnotifiers.dhcp_rpc_agent_api.DhcpAgentNotifyAPI._native_event_send_dhcp_notification-553849', 'neutron.db.l3_dvrscheduler_db._notify_l3_agent_new_port-8728559552651', 'neutron.services.segments.plugin.NovaSegmentNotifier._notify_port_created_or_deleted-2159825'] for port, after_create {{(pid=89303) _notify_loop /usr/local/lib/python3.8/dist-packages/neutron_lib/callbacks/manager.py:192}}
Jun 06 09:34:17.357656 dv-neutron-844788-1-hyperv neutron-server[89304]: DEBUG neutron_lib.callbacks.manager [None req-9590ed08-0200-4ff5-a238-aa529c760705 tempest-FloatingIPAdminTestJSON-2020103476 tempest-FloatingIPAdminTestJSON-2020103476-project] Notify callbacks ['neutron.api.rpc.agentnotifiers.dhcp_rpc_agent_api.DhcpAgentNotifyAPI._after_router_interface_created-553803', 'neutron.services.l3_router.l3_router_plugin.DVRResourceOperationHandler._update_snat_v6_addrs_after_intf_update-432102'] for router_interface, after_create {{(pid=89304) _notify_loop /usr/local/lib/python3.8/dist-packages/neutron_lib/callbacks/manager.py:192}}
Jun 06 09:34:17.385493 dv-neutron-844788-1-hyperv neutron-server[89306]: DEBUG neutron.db.agents_db [None req-f56053a8-fba9-41ba-8bb8-134de80b1d47 None None] Agent healthcheck: found 6 active agents {{(pid=89306) agent_health_check /opt/stack/neutron/neutron/db/agents_db.py:328}}
Jun 06 09:34:17.469304 dv-neutron-844788-1-hyperv neutron-server[89303]: INFO neutron.pecan_wsgi.hooks.translation [None req-46814d3e-a7fc-4160-a279-094feaa0ea24 tempest-ExternalNetworksTestJSON-55947039 tempest-ExternalNetworksTestJSON-55947039-project-admin] DELETE failed (client error): The resource could not be found.
Jun 06 09:34:17.469714 dv-neutron-844788-1-hyperv neutron-server[89303]: DEBUG neutron.pecan_wsgi.hooks.notifier [None req-46814d3e-a7fc-4160-a279-094feaa0ea24 tempest-ExternalNetworksTestJSON-55947039 tempest-ExternalNetworksTestJSON-55947039-project-admin] No notification will be sent due to unsuccessful status code: 404 {{(pid=89303) after /opt/stack/neutron/neutron/pecan_wsgi/hooks/notifier.py:78}}
Jun 06 09:34:17.545439 dv-neutron-844788-1-hyperv neutron-server[89305]: DEBUG neutron.db.l3_dvr_db [None req-a1480f48-3a20-4161-80e9-bc6a7342c883 None None] Set router 2d30710e-534a-488d-9376-92af05ff7803 gateway port host: dv-neutron-844788-1-hyperv {{(pid=89305) _build_routers_list /opt/stack/neutron/neutron/db/l3_dvr_db.py:875}}
Jun 06 09:34:17.546110 dv-neutron-844788-1-hyperv neutron-server[89304]: DEBUG neutron.plugins.ml2.drivers.mech_agent [None req-0a74a4be-4dea-4f36-abf3-51a86ea1029e tempest-PortsAdminExtendedAttrsIpV6TestJSON-704238786 tempest-PortsAdminExtendedAttrsIpV6TestJSON-704238786-project-admin] Checking segment: {'id': '9824756b-46d9-4041-80ba-b645d886e4c6', 'network_type': 'vlan', 'physical_network': 'physnet1', 'segmentation_id': 368, 'network_id': '0396f1be-108b-4d72-9a87-fd69bb32fa1b'} for mappings: {'physnet1': 'br-data'} with network types: ['local', 'flat', 'vlan'] {{(pid=89304) check_segment_for_agent /opt/stack/neutron/neutron/plugins/ml2/drivers/mech_agent.py:343}}
Jun 06 09:34:17.546530 dv-neutron-844788-1-hyperv neutron-server[89304]: DEBUG neutron.scheduler.dhcp_agent_scheduler [None req-0a74a4be-4dea-4f36-abf3-51a86ea1029e tempest-PortsAdminExtendedAttrsIpV6TestJSON-704238786 tempest-PortsAdminExtendedAttrsIpV6TestJSON-704238786-project-admin] Network hostable DHCP agents. Network: 0396f1be-108b-4d72-9a87-fd69bb32fa1b, hostable agents: ['8584279d-ed68-45ba-9e71-f70828d72933'], hosted agents: [] {{(pid=89304) _get_network_hostable_dhcp_agents /opt/stack/neutron/neutron/scheduler/dhcp_agent_scheduler.py:329}}
Jun 06 09:34:17.582542 dv-neutron-844788-1-hyperv neutron-server[89304]: DEBUG neutron.api.rpc.handlers.resources_rpc [None req-0a74a4be-4dea-4f36-abf3-51a86ea1029e tempest-PortsAdminExtendedAttrsIpV6TestJSON-704238786 tempest-PortsAdminExtendedAttrsIpV6TestJSON-704238786-project-admin] Pushing event updated for resources: {'Port': ['ID=8a4cf459-b15a-4e7a-a538-642643340793,revision_number=1']} {{(pid=89304) push /opt/stack/neutron/neutron/api/rpc/handlers/resources_rpc.py:237}}
Jun 06 09:34:17.596816 dv-neutron-844788-1-hyperv neutron-server[89304]: INFO neutron.wsgi [req-333f4a87-dedf-4113-a9e1-90f61856dfbf req-ce7197d2-2110-47d2-accd-a3a3952a2b25 tempest-ServersTestJSON-1705075189 tempest-ServersTestJSON-1705075189-project] 10.222.0.48 "GET /v2.0/ports?tenant_id=650450ded9fd43d18c1bb648234d81b5&fields=id HTTP/1.1" status: 200 len: 348 time: 0.6858840
Jun 06 09:34:17.601385 dv-neutron-844788-1-hyperv neutron-server[89303]: DEBUG neutron.plugins.ml2.plugin [None req-abe4f301-86d4-4f01-90da-1d70ffad0fe9 tempest-DHCPAgentSchedulersTestJSON-136920188 tempest-DHCPAgentSchedulersTestJSON-136920188-project] Calling delete_port for 11723bec-7976-47e7-a8a5-1edbcfb40b40 owned by network:dhcp {{(pid=89303) delete_port /opt/stack/neutron/neutron/plugins/ml2/plugin.py:1987}}
Jun 06 09:34:17.607310 dv-neutron-844788-1-hyperv neutron-server[89304]: DEBUG neutron.pecan_wsgi.hooks.policy_enforcement [req-534317e2-ada1-495b-a427-3eb4d8da9bfd req-7a96ca25-ad0c-4825-beb8-dc2bcb7e13fe tempest-ServerActionsTestJSON-523934349 tempest-ServerActionsTestJSON-523934349-project] Attributes excluded by policy engine: ['standard_attr_id', 'vlan_transparent', 'provider:network_type', 'provider:physical_network', 'provider:segmentation_id'] {{(pid=89304) _exclude_attributes_by_policy /opt/stack/neutron/neutron/pecan_wsgi/hooks/policy_enforcement.py:259}}
Jun 06 09:34:17.608748 dv-neutron-844788-1-hyperv neutron-server[89304]: INFO neutron.wsgi [req-534317e2-ada1-495b-a427-3eb4d8da9bfd req-7a96ca25-ad0c-4825-beb8-dc2bcb7e13fe tempest-ServerActionsTestJSON-523934349 tempest-ServerActionsTestJSON-523934349-project] 10.222.0.48 "GET /v2.0/networks?id=82491cdd-7c6f-4607-aa2c-939c6ec509dc HTTP/1.1" status: 200 len: 812 time: 0.5466440
Jun 06 09:34:17.649163 dv-neutron-844788-1-hyperv neutron-server[89303]: INFO neutron.wsgi [None req-46814d3e-a7fc-4160-a279-094feaa0ea24 tempest-ExternalNetworksTestJSON-55947039 tempest-ExternalNetworksTestJSON-55947039-project-admin] 10.222.0.48 "DELETE /v2.0/networks/ff4dcf0d-f79c-4a8c-92d4-d8fe5adcd009 HTTP/1.1" status: 404 len: 339 time: 0.3959737
Jun 06 09:34:17.664241 dv-neutron-844788-1-hyperv neutron-server[89303]: DEBUG neutron_lib.callbacks.manager [None req-a7781a32-f676-47d2-b9b0-06229d566ac7 tempest-RoutersAdminTest-1703241033 tempest-RoutersAdminTest-1703241033-project-admin] Notify callbacks [] for router, before_response {{(pid=89303) _notify_loop /usr/local/lib/python3.8/dist-packages/neutron_lib/callbacks/manager.py:192}}
Jun 06 09:34:17.665465 dv-neutron-844788-1-hyperv neutron-server[89303]: INFO neutron.wsgi [None req-a7781a32-f676-47d2-b9b0-06229d566ac7 tempest-RoutersAdminTest-1703241033 tempest-RoutersAdminTest-1703241033-project-admin] 10.222.0.48 "POST /v2.0/routers HTTP/1.1" status: 201 len: 875 time: 12.4091430
Jun 06 09:34:17.666007 dv-neutron-844788-1-hyperv neutron-server[89303]: DEBUG neutron.wsgi [-] (89303) accepted ('10.222.0.48', 53818) {{(pid=89303) server /usr/local/lib/python3.8/dist-packages/eventlet/wsgi.py:992}}
Jun 06 09:34:17.669860 dv-neutron-844788-1-hyperv neutron-server[89303]: DEBUG neutron.scheduler.dhcp_agent_scheduler [None req-10d70186-7b7c-476e-8e7e-220e2507b4ac tempest-ServersTestManualDisk-632052512 tempest-ServersTestManualDisk-632052512-project] Network f1471083-3e2b-4a48-9a4d-6da31cf2ea7d is already hosted by enough agents. {{(pid=89303) _get_dhcp_agents_hosting_network /opt/stack/neutron/neutron/scheduler/dhcp_agent_scheduler.py:275}}
Jun 06 09:34:17.670373 dv-neutron-844788-1-hyperv neutron-server[89304]: INFO neutron.wsgi [req-534317e2-ada1-495b-a427-3eb4d8da9bfd req-73aa7d8f-e258-4a13-a73f-f2ed7577b093 tempest-ServerActionsTestJSON-523934349 tempest-ServerActionsTestJSON-523934349-project] 10.222.0.48 "GET /v2.0/quotas/31c4aa91177e4d1d8c0daa5759deb306 HTTP/1.1" status: 200 len: 375 time: 0.0494990
Jun 06 09:34:17.673124 dv-neutron-844788-1-hyperv neutron-server[89304]: DEBUG neutron.wsgi [-] (89304) accepted ('10.222.0.48', 53820) {{(pid=89304) server /usr/local/lib/python3.8/dist-packages/eventlet/wsgi.py:992}}
Jun 06 09:34:17.677977 dv-neutron-844788-1-hyperv neutron-server[89303]: DEBUG neutron.scheduler.base_scheduler [None req-10d70186-7b7c-476e-8e7e-220e2507b4ac tempest-ServersTestManualDisk-632052512 tempest-ServersTestManualDisk-632052512-project] Resources bound (agent type, host, resource id): {{(pid=89303) schedule /opt/stack/neutron/neutron/scheduler/base_scheduler.py:57}}
Jun 06 09:34:17.680315 dv-neutron-844788-1-hyperv neutron-server[89303]: DEBUG neutron.db.l3_dvrscheduler_db [None req-10d70186-7b7c-476e-8e7e-220e2507b4ac tempest-ServersTestManualDisk-632052512 tempest-ServersTestManualDisk-632052512-project] Received port after_create {{(pid=89303) _notify_l3_agent_new_port /opt/stack/neutron/neutron/db/l3_dvrscheduler_db.py:538}}
Jun 06 09:34:17.714665 dv-neutron-844788-1-hyperv neutron-server[89303]: DEBUG neutron.api.v2.base [None req-19dcbec3-e8a7-4edd-9658-ee97439fac67 tempest-ExternalNetworksTestJSON-55947039 tempest-ExternalNetworksTestJSON-55947039-project-admin] Request body: {'network': {'name': 'tempest-network--932447755', 'router:external': True}} {{(pid=89303) prepare_request_body /opt/stack/neutron/neutron/api/v2/base.py:729}}
Jun 06 09:34:17.733809 dv-neutron-844788-1-hyperv neutron-server[89303]: DEBUG neutron.db.quota.driver [None req-19dcbec3-e8a7-4edd-9658-ee97439fac67 tempest-ExternalNetworksTestJSON-55947039 tempest-ExternalNetworksTestJSON-55947039-project-admin] Resources subnetpool have unlimited quota limit. It is not required to calculate headroom {{(pid=89303) make_reservation /opt/stack/neutron/neutron/db/quota/driver.py:219}}
Jun 06 09:34:17.743285 dv-neutron-844788-1-hyperv neutron-server[89303]: DEBUG neutron.quota.resource [None req-19dcbec3-e8a7-4edd-9658-ee97439fac67 tempest-ExternalNetworksTestJSON-55947039 tempest-ExternalNetworksTestJSON-55947039-project-admin] Usage tracker for resource:network and tenant:7322e83e22bf4d09ade15fd9ab0ec84a is out of sync, need to count used quota {{(pid=89303) count_used /opt/stack/neutron/neutron/quota/resource.py:270}}
Jun 06 09:34:17.747507 dv-neutron-844788-1-hyperv neutron-server[89303]: DEBUG neutron.api.rpc.handlers.resources_rpc [None req-10d70186-7b7c-476e-8e7e-220e2507b4ac tempest-ServersTestManualDisk-632052512 tempest-ServersTestManualDisk-632052512-project] Pushing event updated for resources: {'Port': ['ID=1793be56-f7c4-41ac-9ff0-efa7cd51a567,revision_number=1']} {{(pid=89303) push /opt/stack/neutron/neutron/api/rpc/handlers/resources_rpc.py:237}}
Jun 06 09:34:17.748789 dv-neutron-844788-1-hyperv neutron-server[89304]: DEBUG neutron.scheduler.dhcp_agent_scheduler [None req-0a74a4be-4dea-4f36-abf3-51a86ea1029e tempest-PortsAdminExtendedAttrsIpV6TestJSON-704238786 tempest-PortsAdminExtendedAttrsIpV6TestJSON-704238786-project-admin] Network 0396f1be-108b-4d72-9a87-fd69bb32fa1b is scheduled to be hosted by DHCP agent 8584279d-ed68-45ba-9e71-f70828d72933 with binding_index 1 {{(pid=89304) bind /opt/stack/neutron/neutron/scheduler/dhcp_agent_scheduler.py:227}}
Jun 06 09:34:17.750690 dv-neutron-844788-1-hyperv neutron-server[89303]: DEBUG neutron.quota.resource [None req-19dcbec3-e8a7-4edd-9658-ee97439fac67 tempest-ExternalNetworksTestJSON-55947039 tempest-ExternalNetworksTestJSON-55947039-project-admin] Quota usage for network was recalculated. Used quota:0. {{(pid=89303) count_used /opt/stack/neutron/neutron/quota/resource.py:290}}
Jun 06 09:34:17.776209 dv-neutron-844788-1-hyperv neutron-server[89303]: DEBUG neutron.db.quota.driver [None req-19dcbec3-e8a7-4edd-9658-ee97439fac67 tempest-ExternalNetworksTestJSON-55947039 tempest-ExternalNetworksTestJSON-55947039-project-admin] Attempting to reserve 1 items for resource network. Total usage: 0; quota limit: 100; headroom:100 {{(pid=89303) make_reservation /opt/stack/neutron/neutron/db/quota/driver.py:246}}
Jun 06 09:34:17.811148 dv-neutron-844788-1-hyperv neutron-server[89303]: DEBUG neutron_lib.db.api [None req-abe4f301-86d4-4f01-90da-1d70ffad0fe9 tempest-DHCPAgentSchedulersTestJSON-136920188 tempest-DHCPAgentSchedulersTestJSON-136920188-project] Retry wrapper got retriable exception: DELETE statement on table 'standardattributes' expected to delete 1 row(s); 0 were matched. Please set confirm_deleted_rows=False within the mapper configuration to prevent this warning. {{(pid=89303) wrapped /usr/local/lib/python3.8/dist-packages/neutron_lib/db/api.py:183}}
Jun 06 09:34:17.811491 dv-neutron-844788-1-hyperv neutron-server[89303]: DEBUG oslo_db.api [None req-abe4f301-86d4-4f01-90da-1d70ffad0fe9 tempest-DHCPAgentSchedulersTestJSON-136920188 tempest-DHCPAgentSchedulersTestJSON-136920188-project] Performing DB retry for function neutron.plugins.ml2.plugin.Ml2Plugin.delete_port {{(pid=89303) wrapper /usr/local/lib/python3.8/dist-packages/oslo_db/api.py:155}}
Jun 06 09:34:17.828818 dv-neutron-844788-1-hyperv neutron-server[89303]: DEBUG neutron_lib.callbacks.manager [None req-10d70186-7b7c-476e-8e7e-220e2507b4ac tempest-ServersTestManualDisk-632052512 tempest-ServersTestManualDisk-632052512-project] Notify callbacks [] for floatingip, precommit_create {{(pid=89303) _notify_loop /usr/local/lib/python3.8/dist-packages/neutron_lib/callbacks/manager.py:192}}
Jun 06 09:34:17.833518 dv-neutron-844788-1-hyperv neutron-server[89304]: DEBUG neutron.scheduler.dhcp_agent_scheduler [None req-9590ed08-0200-4ff5-a238-aa529c760705 tempest-FloatingIPAdminTestJSON-2020103476 tempest-FloatingIPAdminTestJSON-2020103476-project] Network ffd774d8-3bf1-4536-a31d-7a39e0bf9e3d is already hosted by enough agents. {{(pid=89304) _get_dhcp_agents_hosting_network /opt/stack/neutron/neutron/scheduler/dhcp_agent_scheduler.py:275}}
Jun 06 09:34:17.838841 dv-neutron-844788-1-hyperv neutron-server[89304]: DEBUG neutron.scheduler.base_scheduler [None req-9590ed08-0200-4ff5-a238-aa529c760705 tempest-FloatingIPAdminTestJSON-2020103476 tempest-FloatingIPAdminTestJSON-2020103476-project] Resources bound (agent type, host, resource id): {{(pid=89304) schedule /opt/stack/neutron/neutron/scheduler/base_scheduler.py:57}}
Jun 06 09:34:17.876039 dv-neutron-844788-1-hyperv neutron-server[89303]: DEBUG neutron.pecan_wsgi.hooks.quota_enforcement [None req-19dcbec3-e8a7-4edd-9658-ee97439fac67 tempest-ExternalNetworksTestJSON-55947039 tempest-ExternalNetworksTestJSON-55947039-project-admin] Made reservation on behalf of 7322e83e22bf4d09ade15fd9ab0ec84a for: {'network': 1} {{(pid=89303) before /opt/stack/neutron/neutron/pecan_wsgi/hooks/quota_enforcement.py:53}}
Jun 06 09:34:17.878922 dv-neutron-844788-1-hyperv neutron-server[89303]: DEBUG neutron_lib.callbacks.manager [None req-19dcbec3-e8a7-4edd-9658-ee97439fac67 tempest-ExternalNetworksTestJSON-55947039 tempest-ExternalNetworksTestJSON-55947039-project-admin] Notify callbacks ['neutron.plugins.ml2.plugin.SecurityGroupDbMixin._ensure_default_security_group_handler-7980932'] for network, before_create {{(pid=89303) _notify_loop /usr/local/lib/python3.8/dist-packages/neutron_lib/callbacks/manager.py:192}}
Jun 06 09:34:17.934365 dv-neutron-844788-1-hyperv neutron-server[89304]: DEBUG neutron.wsgi [req-333f4a87-dedf-4113-a9e1-90f61856dfbf req-7c5f49db-7255-4b17-b52a-63d5c5ef24ba service neutron] http://10.222.0.48:9696/v2.0/extensions returned with HTTP 200 {{(pid=89304) __call__ /opt/stack/neutron/neutron/wsgi.py:729}}
Jun 06 09:34:17.937819 dv-neutron-844788-1-hyperv neutron-server[89304]: INFO neutron.wsgi [req-333f4a87-dedf-4113-a9e1-90f61856dfbf req-7c5f49db-7255-4b17-b52a-63d5c5ef24ba service neutron] 10.222.0.48 "GET /v2.0/extensions HTTP/1.1" status: 200 len: 13640 time: 0.1365302
Jun 06 09:34:17.944363 dv-neutron-844788-1-hyperv neutron-server[89305]: DEBUG neutron.db.l3_hamode_db [None req-a1480f48-3a20-4161-80e9-bc6a7342c883 None None] neutron.services.l3_router.l3_router_plugin.L3RouterPlugin method _process_sync_ha_data called with arguments (, [{'id': '2d30710e-534a-488d-9376-92af05ff7803', 'name': '', 'tenant_id': 'dedff6bb4b934dac9a5f9c288e217388', 'admin_state_up': True, 'status': 'ACTIVE', 'external_gateway_info': {'network_id': 'd3b5500b-24c1-4546-b32a-04001d42835e', 'external_fixed_ips': [{'subnet_id': 'f6e16231-f1b1-4a7f-abbd-7a91878dde17', 'ip_address': '172.20.0.3'}], 'enable_snat': True}, 'gw_port_id': 'd172d572-ea6a-4cf8-8acf-9faaa2c99464', 'description': '', 'availability_zones': ['nova'], 'distributed': False, 'ha': False, 'ha_vr_id': 0, 'availability_zone_hints': [], 'routes': [], 'flavor_id': None, 'tags': [], 'created_at': '2022-06-06T09:34:05Z', 'updated_at': '2022-06-06T09:34:13Z', 'revision_number': 3, 'project_id': 'dedff6bb4b934dac9a5f9c288e217388', 'gw_port': {'id': 'd172d572-ea6a-4cf8-8acf-9faaa2c99464', 'name': '', 'network_id': 'd3b5500b-24c1-4546-b32a-04001d42835e', 'tenant_id': '', 'mac_address': 'fa:16:3e:9c:5c:7b', 'admin_state_up': True, 'status': 'DOWN', 'device_id': '2d30710e-534a-488d-9376-92af05ff7803', 'device_owner': 'network:router_gateway', 'standard_attr_id': 152, 'fixed_ips': [{'subnet_id': 'f6e16231-f1b1-4a7f-abbd-7a91878dde17', 'ip_address': '172.20.0.3', 'prefixlen': 28}], 'allowed_address_pairs': [], 'extra_dhcp_opts': [], 'security_groups': [], 'description': '', 'binding:vnic_type': 'normal', 'binding:profile': {}, 'binding:host_id': '', 'binding:vif_type': 'unbound', 'binding:vif_details': {}, 'port_security_enabled': False, 'tags': [], 'created_at': '2022-06-06T09:34:09Z', 'updated_at': '2022-06-06T09:34:10Z', 'revision_number': 1, 'project_id': '', 'subnets': [{'id': 'f6e16231-f1b1-4a7f-abbd-7a91878dde17', 'cidr': '172.20.0.0/28', 'gateway_ip': '172.20.0.1', 'dns_nameservers': [], 'ipv6_ra_mode': None, 'subnetpool_id': None}], 'extra_subnets': [], 'address_scopes': {4: None, 6: None}, 'mtu': 1500}, 'enable_snat': True, 'gw_port_host': 'dv-neutron-844788-1-hyperv'}], 'dv-neutron-844788-1-hyperv', False) {} {{(pid=89305) wrapper /usr/local/lib/python3.8/dist-packages/oslo_log/helpers.py:65}}
Jun 06 09:34:17.950192 dv-neutron-844788-1-hyperv neutron-server[89305]: DEBUG neutron.api.rpc.handlers.l3_rpc [None req-a1480f48-3a20-4161-80e9-bc6a7342c883 None None] Checking router: 2d30710e-534a-488d-9376-92af05ff7803 for host: dv-neutron-844788-1-hyperv {{(pid=89305) _ensure_host_set_on_ports /opt/stack/neutron/neutron/api/rpc/handlers/l3_rpc.py:155}}
Jun 06 09:34:17.950762 dv-neutron-844788-1-hyperv neutron-server[89305]: DEBUG neutron.api.rpc.handlers.l3_rpc [None req-a1480f48-3a20-4161-80e9-bc6a7342c883 None None] Updating router 2d30710e-534a-488d-9376-92af05ff7803 port d172d572-ea6a-4cf8-8acf-9faaa2c99464 binding host dv-neutron-844788-1-hyperv {{(pid=89305) _ensure_host_set_on_port /opt/stack/neutron/neutron/api/rpc/handlers/l3_rpc.py:205}}
Jun 06 09:34:17.978916 dv-neutron-844788-1-hyperv neutron-server[89303]: DEBUG neutron.plugins.ml2.drivers.helpers [None req-19dcbec3-e8a7-4edd-9658-ee97439fac67 tempest-ExternalNetworksTestJSON-55947039 tempest-ExternalNetworksTestJSON-55947039-project-admin] vlan segment allocate from pool success with {'physical_network': 'physnet1', 'vlan_id': 363} {{(pid=89303) allocate_partially_specified_segment /opt/stack/neutron/neutron/plugins/ml2/drivers/helpers.py:153}}
Jun 06 09:34:17.995121 dv-neutron-844788-1-hyperv neutron-server[89303]: DEBUG neutron_lib.callbacks.manager [None req-19dcbec3-e8a7-4edd-9658-ee97439fac67 tempest-ExternalNetworksTestJSON-55947039 tempest-ExternalNetworksTestJSON-55947039-project-admin] Notify callbacks ['neutron.plugins.ml2.plugin.Ml2Plugin._handle_segment_change-7847989'] for segment, precommit_create {{(pid=89303) _notify_loop /usr/local/lib/python3.8/dist-packages/neutron_lib/callbacks/manager.py:192}}
Jun 06 09:34:17.995480 dv-neutron-844788-1-hyperv neutron-server[89303]: INFO neutron.db.segments_db [None req-19dcbec3-e8a7-4edd-9658-ee97439fac67 tempest-ExternalNetworksTestJSON-55947039 tempest-ExternalNetworksTestJSON-55947039-project-admin] Added segment ea63309c-4975-4431-bec1-6f1dd4623f07 of type vlan for network 1ae0738b-a29d-45e4-9fde-161513eb390c
Jun 06 09:34:18.001913 dv-neutron-844788-1-hyperv neutron-server[89304]: DEBUG neutron.scheduler.base_scheduler [None req-0a74a4be-4dea-4f36-abf3-51a86ea1029e tempest-PortsAdminExtendedAttrsIpV6TestJSON-704238786 tempest-PortsAdminExtendedAttrsIpV6TestJSON-704238786-project-admin] Resources bound (agent type, host, resource id): (DHCP agent, dv-neutron-844788-1-hyperv, 0396f1be-108b-4d72-9a87-fd69bb32fa1b) {{(pid=89304) schedule /opt/stack/neutron/neutron/scheduler/base_scheduler.py:57}}
Jun 06 09:34:18.003390 dv-neutron-844788-1-hyperv neutron-server[89303]: DEBUG neutron_lib.callbacks.manager [None req-10d70186-7b7c-476e-8e7e-220e2507b4ac tempest-ServersTestManualDisk-632052512 tempest-ServersTestManualDisk-632052512-project] Notify callbacks ['neutron.plugins.ml2.plugin.SecurityGroupDbMixin._ensure_default_security_group_handler-7980932'] for port, before_update {{(pid=89303) _notify_loop /usr/local/lib/python3.8/dist-packages/neutron_lib/callbacks/manager.py:192}}
Jun 06 09:34:18.005986 dv-neutron-844788-1-hyperv neutron-server[89304]: DEBUG neutron.db.l3_dvrscheduler_db [None req-0a74a4be-4dea-4f36-abf3-51a86ea1029e tempest-PortsAdminExtendedAttrsIpV6TestJSON-704238786 tempest-PortsAdminExtendedAttrsIpV6TestJSON-704238786-project-admin] Received port after_create {{(pid=89304) _notify_l3_agent_new_port /opt/stack/neutron/neutron/db/l3_dvrscheduler_db.py:538}}
Jun 06 09:34:18.045988 dv-neutron-844788-1-hyperv neutron-server[89305]: DEBUG neutron.api.rpc.handlers.dhcp_rpc [None req-d0367188-34ec-4e75-a351-e8f2e4a6457c None None] Network 0396f1be-108b-4d72-9a87-fd69bb32fa1b requested from dv-neutron-844788-1-hyperv {{(pid=89305) get_network_info /opt/stack/neutron/neutron/api/rpc/handlers/dhcp_rpc.py:213}}
Jun 06 09:34:18.104317 dv-neutron-844788-1-hyperv neutron-server[89303]: DEBUG neutron_lib.callbacks.manager [None req-19dcbec3-e8a7-4edd-9658-ee97439fac67 tempest-ExternalNetworksTestJSON-55947039 tempest-ExternalNetworksTestJSON-55947039-project-admin] Notify callbacks ['neutron.services.auto_allocate.db._ensure_external_network_default_value_callback-8728559503373'] for network, precommit_create {{(pid=89303) _notify_loop /usr/local/lib/python3.8/dist-packages/neutron_lib/callbacks/manager.py:192}}
Jun 06 09:34:18.132417 dv-neutron-844788-1-hyperv neutron-server[89305]: DEBUG neutron_lib.callbacks.manager [None req-a1480f48-3a20-4161-80e9-bc6a7342c883 None None] Notify callbacks ['neutron.plugins.ml2.plugin.SecurityGroupDbMixin._ensure_default_security_group_handler-7980932'] for port, before_update {{(pid=89305) _notify_loop /usr/local/lib/python3.8/dist-packages/neutron_lib/callbacks/manager.py:192}}
Jun 06 09:34:18.134875 dv-neutron-844788-1-hyperv neutron-server[89304]: DEBUG neutron.plugins.ml2.managers [None req-0a74a4be-4dea-4f36-abf3-51a86ea1029e tempest-PortsAdminExtendedAttrsIpV6TestJSON-704238786 tempest-PortsAdminExtendedAttrsIpV6TestJSON-704238786-project-admin] Attempting to bind port 8a4cf459-b15a-4e7a-a538-642643340793 on host hv-neutron-8447 for vnic_type normal with profile {{(pid=89304) bind_port /opt/stack/neutron/neutron/plugins/ml2/managers.py:790}}
Jun 06 09:34:18.135227 dv-neutron-844788-1-hyperv neutron-server[89304]: DEBUG neutron.plugins.ml2.managers [None req-0a74a4be-4dea-4f36-abf3-51a86ea1029e tempest-PortsAdminExtendedAttrsIpV6TestJSON-704238786 tempest-PortsAdminExtendedAttrsIpV6TestJSON-704238786-project-admin] Attempting to bind port 8a4cf459-b15a-4e7a-a538-642643340793 by drivers openvswitch,hyperv on host hv-neutron-8447 at level 0 using segments [{'id': '9824756b-46d9-4041-80ba-b645d886e4c6', 'network_type': 'vlan', 'physical_network': 'physnet1', 'segmentation_id': 368, 'network_id': '0396f1be-108b-4d72-9a87-fd69bb32fa1b'}] {{(pid=89304) _bind_port_level /opt/stack/neutron/neutron/plugins/ml2/managers.py:815}}
Jun 06 09:34:18.135592 dv-neutron-844788-1-hyperv neutron-server[89304]: DEBUG neutron.plugins.ml2.drivers.mech_agent [None req-0a74a4be-4dea-4f36-abf3-51a86ea1029e tempest-PortsAdminExtendedAttrsIpV6TestJSON-704238786 tempest-PortsAdminExtendedAttrsIpV6TestJSON-704238786-project-admin] Attempting to bind port 8a4cf459-b15a-4e7a-a538-642643340793 on network 0396f1be-108b-4d72-9a87-fd69bb32fa1b {{(pid=89304) bind_port /opt/stack/neutron/neutron/plugins/ml2/drivers/mech_agent.py:86}}
Jun 06 09:34:18.224093 dv-neutron-844788-1-hyperv neutron-server[89304]: DEBUG neutron_lib.callbacks.manager [None req-af3e9aa6-e1de-4603-8cbc-587d8278887d tempest-RoutersAdminTest-1703241033 tempest-RoutersAdminTest-1703241033-project-admin] Notify callbacks [] for router, before_delete {{(pid=89304) _notify_loop /usr/local/lib/python3.8/dist-packages/neutron_lib/callbacks/manager.py:192}}
Jun 06 09:34:18.261247 dv-neutron-844788-1-hyperv neutron-server[89305]: DEBUG neutron.plugins.ml2.rpc [None req-06311336-ecd1-4692-b51c-4ed98b13ff49 None None] Device 11723bec-7976-47e7-a8a5-1edbcfb40b40 no longer exists at agent ovs-agent-dv-neutron-844788-1-hyperv {{(pid=89305) update_device_down /opt/stack/neutron/neutron/plugins/ml2/rpc.py:243}}
Jun 06 09:34:18.287533 dv-neutron-844788-1-hyperv neutron-server[89303]: DEBUG neutron_lib.callbacks.manager [None req-10d70186-7b7c-476e-8e7e-220e2507b4ac tempest-ServersTestManualDisk-632052512 tempest-ServersTestManualDisk-632052512-project] Notify callbacks [] for port, precommit_update {{(pid=89303) _notify_loop /usr/local/lib/python3.8/dist-packages/neutron_lib/callbacks/manager.py:192}}
Jun 06 09:34:18.292737 dv-neutron-844788-1-hyperv neutron-server[89303]: DEBUG neutron_lib.callbacks.manager [None req-19dcbec3-e8a7-4edd-9658-ee97439fac67 tempest-ExternalNetworksTestJSON-55947039 tempest-ExternalNetworksTestJSON-55947039-project-admin] Notify callbacks ['neutron.plugins.ml2.ovo_rpc._ObjectChangeHandler.handle_event-607042', 'neutron.api.rpc.agentnotifiers.dhcp_rpc_agent_api.DhcpAgentNotifyAPI._native_event_send_dhcp_notification-553849'] for network, after_create {{(pid=89303) _notify_loop /usr/local/lib/python3.8/dist-packages/neutron_lib/callbacks/manager.py:192}}
Jun 06 09:34:18.293710 dv-neutron-844788-1-hyperv neutron-server[89303]: DEBUG neutron.pecan_wsgi.hooks.policy_enforcement [None req-19dcbec3-e8a7-4edd-9658-ee97439fac67 tempest-ExternalNetworksTestJSON-55947039 tempest-ExternalNetworksTestJSON-55947039-project-admin] Attributes excluded by policy engine: ['standard_attr_id', 'vlan_transparent'] {{(pid=89303) _exclude_attributes_by_policy /opt/stack/neutron/neutron/pecan_wsgi/hooks/policy_enforcement.py:259}}
Jun 06 09:34:18.294346 dv-neutron-844788-1-hyperv neutron-server[89303]: DEBUG neutron_lib.callbacks.manager [None req-19dcbec3-e8a7-4edd-9658-ee97439fac67 tempest-ExternalNetworksTestJSON-55947039 tempest-ExternalNetworksTestJSON-55947039-project-admin] Notify callbacks ['neutron.api.rpc.agentnotifiers.dhcp_rpc_agent_api.DhcpAgentNotifyAPI._send_dhcp_notification-553751'] for network, before_response {{(pid=89303) _notify_loop /usr/local/lib/python3.8/dist-packages/neutron_lib/callbacks/manager.py:192}}
Jun 06 09:34:18.306156 dv-neutron-844788-1-hyperv neutron-server[89305]: DEBUG neutron.plugins.ml2.plugin [None req-06311336-ecd1-4692-b51c-4ed98b13ff49 None None] No Port match for: 11723bec-7976-47e7-a8a5-1edbcfb40b40 {{(pid=89305) port_bound_to_host /opt/stack/neutron/neutron/plugins/ml2/plugin.py:2243}}
