Jun 06 14:22:31.615941 dv-neutron-844779-2-hyperv neutron-server[104609]: DEBUG neutron_lib.callbacks.manager [None req-f347506e-f7bb-4c1b-906e-673c1de938ae tempest-ExtraDHCPOptionsTestJSON-1482013894 tempest-ExtraDHCPOptionsTestJSON-1482013894-project] Publish callbacks ['neutron.plugins.ml2.plugin.SecurityGroupServerNotifierRpcMixin._notify_sg_on_port_change-1524706', 'neutron.plugins.ml2.ovo_rpc._ObjectChangeHandler.handle_event-216173', 'neutron.api.rpc.agentnotifiers.dhcp_rpc_agent_api.DhcpAgentNotifyAPI._native_event_send_dhcp_notification-584359', 'neutron.db.l3_db.L3RpcNotifierMixin._notify_gateway_port_ip_changed-8777997170050', 'neutron.db.l3_dvrscheduler_db._notify_l3_agent_port_update-8777996705055', 'neutron.db.l3_hascheduler_db._notify_l3_agent_ha_port_update-8777996705073', 'neutron.services.segments.plugin.NovaSegmentNotifier._notify_port_updated-3982603'] for port (1fc52b4b-4492-43fd-a3bc-ff663489dc1d), after_update {{(pid=104609) _notify_loop /usr/local/lib/python3.8/dist-packages/neutron_lib/callbacks/manager.py:176}}
Jun 06 14:22:31.636963 dv-neutron-844779-2-hyperv neutron-server[104609]: DEBUG dbcounter [-] [104609] Writing DB stats neutron:SELECT=97,neutron:INSERT=1,neutron:UPDATE=2 {{(pid=104609) stat_writer /usr/local/lib/python3.8/dist-packages/dbcounter.py:114}}
Jun 06 14:22:31.773991 dv-neutron-844779-2-hyperv neutron-server[104609]: DEBUG neutron.pecan_wsgi.hooks.policy_enforcement [req-242f6f9e-9ccb-4b4e-9252-737600cc9db3 req-e740945f-aad4-4098-970e-09a3ec5b8c3e tempest-ServersTestJSON-1217734950 tempest-ServersTestJSON-1217734950-project] Attributes excluded by policy engine: ['standard_attr_id', 'binding:profile', 'binding:host_id', 'binding:vif_type', 'binding:vif_details'] {{(pid=104609) _exclude_attributes_by_policy /opt/stack/neutron/neutron/pecan_wsgi/hooks/policy_enforcement.py:259}}
Jun 06 14:22:31.781266 dv-neutron-844779-2-hyperv neutron-server[104609]: INFO neutron.wsgi [req-242f6f9e-9ccb-4b4e-9252-737600cc9db3 req-e740945f-aad4-4098-970e-09a3ec5b8c3e tempest-ServersTestJSON-1217734950 tempest-ServersTestJSON-1217734950-project] 10.222.0.50 "GET /v2.0/ports?device_id=5fcfe8e3-54b6-45c1-a188-e6b5957ff137 HTTP/1.1" status: 200 len: 931 time: 0.3211162
Jun 06 14:22:31.867601 dv-neutron-844779-2-hyperv neutron-server[104610]: INFO neutron.wsgi [req-f9755066-fedf-4598-bcb7-a35dfe7761cb req-8d417d73-b4a0-4c3a-8e61-77816b06adae tempest-ServerActionsTestJSON-692078470 tempest-ServerActionsTestJSON-692078470-project] 10.222.0.57 "GET /v2.0/security-groups?fields=id&fields=name&tenant_id=12499c66e153474b85017ae82f0980ba HTTP/1.1" status: 200 len: 380 time: 0.5618806
Jun 06 14:22:31.879251 dv-neutron-844779-2-hyperv neutron-server[104610]: DEBUG neutron.api.v2.base [req-f9755066-fedf-4598-bcb7-a35dfe7761cb req-3836fa66-5d1d-4771-8d0c-895089d78648 tempest-ServerActionsTestJSON-692078470 tempest-ServerActionsTestJSON-692078470-project] Request body: {'port': {'device_id': 'ef5551f8-1025-40b4-8f9e-eb1f072af03d', 'network_id': '1b15f686-064b-4f97-bdf6-b1f526c7b408', 'admin_state_up': True, 'tenant_id': '12499c66e153474b85017ae82f0980ba', 'security_groups': ['9874a128-d707-43cb-8fe6-c2529fecf291']}} {{(pid=104610) prepare_request_body /opt/stack/neutron/neutron/api/v2/base.py:730}}
Jun 06 14:22:31.938371 dv-neutron-844779-2-hyperv neutron-server[104610]: DEBUG neutron_lib.callbacks.manager [None req-a81a3288-461c-4695-ae76-508c1629d2c2 tempest-ExternalNetworksAdminNegativeTestJSON-731552085 tempest-ExternalNetworksAdminNegativeTestJSON-731552085-project-admin] Publish callbacks ['neutron.plugins.ml2.plugin.SecurityGroupDbMixin._ensure_default_security_group_handler-1524515'] for port (None), before_create {{(pid=104610) _notify_loop /usr/local/lib/python3.8/dist-packages/neutron_lib/callbacks/manager.py:176}}
Jun 06 14:22:31.941696 dv-neutron-844779-2-hyperv neutron-server[104609]: DEBUG neutron.api.rpc.handlers.resources_rpc [None req-f347506e-f7bb-4c1b-906e-673c1de938ae tempest-ExtraDHCPOptionsTestJSON-1482013894 tempest-ExtraDHCPOptionsTestJSON-1482013894-project] Pushing event updated for resources: {'Port': ['ID=1fc52b4b-4492-43fd-a3bc-ff663489dc1d,revision_number=2']} {{(pid=104609) push /opt/stack/neutron/neutron/api/rpc/handlers/resources_rpc.py:237}}
Jun 06 14:22:31.953967 dv-neutron-844779-2-hyperv neutron-server[104609]: DEBUG neutron.plugins.ml2.plugin [None req-f347506e-f7bb-4c1b-906e-673c1de938ae tempest-ExtraDHCPOptionsTestJSON-1482013894 tempest-ExtraDHCPOptionsTestJSON-1482013894-project] In _notify_port_updated(), no bound segment for port 1fc52b4b-4492-43fd-a3bc-ff663489dc1d on network 0e2bb2ad-0c9b-4c2e-941b-ebff5c71b786 {{(pid=104609) _notify_port_updated /opt/stack/neutron/neutron/plugins/ml2/plugin.py:937}}
Jun 06 14:22:31.965530 dv-neutron-844779-2-hyperv neutron-server[104609]: DEBUG neutron.pecan_wsgi.hooks.policy_enforcement [None req-f347506e-f7bb-4c1b-906e-673c1de938ae tempest-ExtraDHCPOptionsTestJSON-1482013894 tempest-ExtraDHCPOptionsTestJSON-1482013894-project] Attributes excluded by policy engine: ['standard_attr_id', 'binding:profile', 'binding:host_id', 'binding:vif_type', 'binding:vif_details'] {{(pid=104609) _exclude_attributes_by_policy /opt/stack/neutron/neutron/pecan_wsgi/hooks/policy_enforcement.py:259}}
Jun 06 14:22:31.977471 dv-neutron-844779-2-hyperv neutron-server[104609]: DEBUG neutron_lib.callbacks.manager [None req-f347506e-f7bb-4c1b-906e-673c1de938ae tempest-ExtraDHCPOptionsTestJSON-1482013894 tempest-ExtraDHCPOptionsTestJSON-1482013894-project] Publish callbacks ['neutron.notifiers.nova.Notifier._send_nova_notification-99046'] for port (None), before_response {{(pid=104609) _notify_loop /usr/local/lib/python3.8/dist-packages/neutron_lib/callbacks/manager.py:176}}
Jun 06 14:22:31.979838 dv-neutron-844779-2-hyperv neutron-server[104609]: INFO neutron.wsgi [None req-f347506e-f7bb-4c1b-906e-673c1de938ae tempest-ExtraDHCPOptionsTestJSON-1482013894 tempest-ExtraDHCPOptionsTestJSON-1482013894-project] 10.222.0.50 "PUT /v2.0/ports/1fc52b4b-4492-43fd-a3bc-ff663489dc1d HTTP/1.1" status: 200 len: 1137 time: 2.8427427
Jun 06 14:22:32.047375 dv-neutron-844779-2-hyperv neutron-server[104609]: DEBUG neutron.wsgi [-] (104609) accepted ('10.222.0.50', 57492) {{(pid=104609) server /usr/local/lib/python3.8/dist-packages/eventlet/wsgi.py:1004}}
Jun 06 14:22:32.094641 dv-neutron-844779-2-hyperv neutron-server[104609]: INFO neutron.wsgi [req-242f6f9e-9ccb-4b4e-9252-737600cc9db3 req-14f19862-a334-4c08-ac37-cdd611218e26 tempest-ServersTestJSON-1217734950 tempest-ServersTestJSON-1217734950-project] 10.222.0.50 "GET /v2.0/security-groups?id=dc9ab03e-18b2-4094-93b2-03ecb65890bf&fields=id&fields=name HTTP/1.1" status: 200 len: 313 time: 0.3103082
Jun 06 14:22:32.127774 dv-neutron-844779-2-hyperv neutron-server[104609]: DEBUG neutron.notifiers.nova [req-26621c6e-b4c1-4a26-8808-ee38b4d027ed req-71aa7104-a0b5-4eea-9530-caa206bcbef1 service neutron] Ignoring state change previous_port_status: DOWN current_port_status: DOWN port_id 84cbf42f-1bf8-4d10-ab2f-8238aa3e5291 {{(pid=104609) record_port_status_changed /opt/stack/neutron/neutron/notifiers/nova.py:233}}
Jun 06 14:22:32.164106 dv-neutron-844779-2-hyperv neutron-server[104611]: DEBUG neutron.db.provisioning_blocks [None req-9cbbb1f0-3a4d-4d2e-9035-c96ffbb37c60 None None] Provisioning complete for port 1fc52b4b-4492-43fd-a3bc-ff663489dc1d triggered by entity DHCP. {{(pid=104611) provisioning_complete /opt/stack/neutron/neutron/db/provisioning_blocks.py:145}}
Jun 06 14:22:32.168528 dv-neutron-844779-2-hyperv neutron-server[104611]: DEBUG neutron_lib.callbacks.manager [None req-9cbbb1f0-3a4d-4d2e-9035-c96ffbb37c60 None None] Publish callbacks ['neutron.plugins.ml2.plugin.Ml2Plugin._port_provisioned-1473888'] for port (1fc52b4b-4492-43fd-a3bc-ff663489dc1d), provisioning_complete {{(pid=104611) _notify_loop /usr/local/lib/python3.8/dist-packages/neutron_lib/callbacks/manager.py:176}}
Jun 06 14:22:32.177491 dv-neutron-844779-2-hyperv neutron-server[104609]: DEBUG neutron_lib.callbacks.manager [None req-ffe840af-c745-466e-9b0e-1389367aced1 tempest-FloatingIPAdminTestJSON-1517229857 tempest-FloatingIPAdminTestJSON-1517229857-project] Publish callbacks ['neutron.plugins.ml2.plugin.SecurityGroupServerNotifierRpcMixin._notify_sg_on_port_change-1524706', 'neutron.plugins.ml2.ovo_rpc._ObjectChangeHandler.handle_event-216173', 'neutron.api.rpc.agentnotifiers.dhcp_rpc_agent_api.DhcpAgentNotifyAPI._native_event_send_dhcp_notification-584359', 'neutron.db.l3_dvrscheduler_db._notify_l3_agent_new_port-8777996705037', 'neutron.services.segments.plugin.NovaSegmentNotifier._notify_port_created_or_deleted-3982592'] for port (d78c8d9b-d8f8-44d3-b49e-d7b001d8f159), after_create {{(pid=104609) _notify_loop /usr/local/lib/python3.8/dist-packages/neutron_lib/callbacks/manager.py:176}}
Jun 06 14:22:32.244950 dv-neutron-844779-2-hyperv neutron-server[104610]: DEBUG neutron.db.db_base_plugin_common [None req-a81a3288-461c-4695-ae76-508c1629d2c2 tempest-ExternalNetworksAdminNegativeTestJSON-731552085 tempest-ExternalNetworksAdminNegativeTestJSON-731552085-project-admin] Allocated IP 172.26.2.244 (4a438d7c-52a0-4b1e-8763-9573590e84a3/655137e4-8204-4d10-919d-9cfb4546ba88/70e2110f-0b02-4518-b7dc-a1660eb382c2) {{(pid=104610) _store_ip_allocation /opt/stack/neutron/neutron/db/db_base_plugin_common.py:131}}
Jun 06 14:22:32.269790 dv-neutron-844779-2-hyperv neutron-server[104611]: DEBUG neutron.plugins.ml2.plugin [None req-9cbbb1f0-3a4d-4d2e-9035-c96ffbb37c60 None None] Port 1fc52b4b-4492-43fd-a3bc-ff663489dc1d cannot update to ACTIVE because it is not bound. {{(pid=104611) _port_provisioned /opt/stack/neutron/neutron/plugins/ml2/plugin.py:354}}
Jun 06 14:22:32.314460 dv-neutron-844779-2-hyperv neutron-server[104609]: DEBUG neutron_lib.callbacks.manager [req-26621c6e-b4c1-4a26-8808-ee38b4d027ed req-71aa7104-a0b5-4eea-9530-caa206bcbef1 service neutron] Publish callbacks [] for port (84cbf42f-1bf8-4d10-ab2f-8238aa3e5291), precommit_update {{(pid=104609) _notify_loop /usr/local/lib/python3.8/dist-packages/neutron_lib/callbacks/manager.py:176}}
Jun 06 14:22:32.323225 dv-neutron-844779-2-hyperv neutron-server[104609]: DEBUG dbcounter [-] [104609] Writing DB stats neutron:SELECT=94,neutron:INSERT=4,neutron:UPDATE=2 {{(pid=104609) stat_writer /usr/local/lib/python3.8/dist-packages/dbcounter.py:114}}
Jun 06 14:22:32.369909 dv-neutron-844779-2-hyperv neutron-server[104609]: DEBUG neutron.wsgi [-] (104609) accepted ('10.222.0.50', 57498) {{(pid=104609) server /usr/local/lib/python3.8/dist-packages/eventlet/wsgi.py:1004}}
Jun 06 14:22:32.453436 dv-neutron-844779-2-hyperv neutron-server[104610]: DEBUG neutron_lib.callbacks.manager [None req-a81a3288-461c-4695-ae76-508c1629d2c2 tempest-ExternalNetworksAdminNegativeTestJSON-731552085 tempest-ExternalNetworksAdminNegativeTestJSON-731552085-project-admin] Publish callbacks [] for port (70e2110f-0b02-4518-b7dc-a1660eb382c2), precommit_create {{(pid=104610) _notify_loop /usr/local/lib/python3.8/dist-packages/neutron_lib/callbacks/manager.py:176}}
Jun 06 14:22:32.495155 dv-neutron-844779-2-hyperv neutron-server[104609]: DEBUG neutron.scheduler.dhcp_agent_scheduler [None req-ffe840af-c745-466e-9b0e-1389367aced1 tempest-FloatingIPAdminTestJSON-1517229857 tempest-FloatingIPAdminTestJSON-1517229857-project] Network f752a08c-73ba-496b-b20f-a84cc18a5ad0 is already hosted by enough agents. {{(pid=104609) _get_dhcp_agents_hosting_network /opt/stack/neutron/neutron/scheduler/dhcp_agent_scheduler.py:275}}
Jun 06 14:22:32.528760 dv-neutron-844779-2-hyperv neutron-server[104610]: DEBUG neutron_lib.callbacks.manager [None req-a81a3288-461c-4695-ae76-508c1629d2c2 tempest-ExternalNetworksAdminNegativeTestJSON-731552085 tempest-ExternalNetworksAdminNegativeTestJSON-731552085-project-admin] Publish callbacks ['neutron.plugins.ml2.plugin.SecurityGroupServerNotifierRpcMixin._notify_sg_on_port_change-1524706', 'neutron.plugins.ml2.ovo_rpc._ObjectChangeHandler.handle_event-216173', 'neutron.api.rpc.agentnotifiers.dhcp_rpc_agent_api.DhcpAgentNotifyAPI._native_event_send_dhcp_notification-584359', 'neutron.db.l3_dvrscheduler_db._notify_l3_agent_new_port-8777996705037'] for port (70e2110f-0b02-4518-b7dc-a1660eb382c2), after_create {{(pid=104610) _notify_loop /usr/local/lib/python3.8/dist-packages/neutron_lib/callbacks/manager.py:176}}
Jun 06 14:22:32.558502 dv-neutron-844779-2-hyperv neutron-server[104609]: DEBUG neutron.scheduler.base_scheduler [None req-ffe840af-c745-466e-9b0e-1389367aced1 tempest-FloatingIPAdminTestJSON-1517229857 tempest-FloatingIPAdminTestJSON-1517229857-project] Resources bound (agent type, host, resource id): {{(pid=104609) schedule /opt/stack/neutron/neutron/scheduler/base_scheduler.py:57}}
Jun 06 14:22:32.590238 dv-neutron-844779-2-hyperv neutron-server[104610]: DEBUG neutron.scheduler.dhcp_agent_scheduler [None req-a81a3288-461c-4695-ae76-508c1629d2c2 tempest-ExternalNetworksAdminNegativeTestJSON-731552085 tempest-ExternalNetworksAdminNegativeTestJSON-731552085-project-admin] Network 4a438d7c-52a0-4b1e-8763-9573590e84a3 is already hosted by enough agents. {{(pid=104610) _get_dhcp_agents_hosting_network /opt/stack/neutron/neutron/scheduler/dhcp_agent_scheduler.py:275}}
Jun 06 14:22:32.596196 dv-neutron-844779-2-hyperv neutron-server[104610]: DEBUG neutron.scheduler.base_scheduler [None req-a81a3288-461c-4695-ae76-508c1629d2c2 tempest-ExternalNetworksAdminNegativeTestJSON-731552085 tempest-ExternalNetworksAdminNegativeTestJSON-731552085-project-admin] Resources bound (agent type, host, resource id): {{(pid=104610) schedule /opt/stack/neutron/neutron/scheduler/base_scheduler.py:57}}
Jun 06 14:22:32.600076 dv-neutron-844779-2-hyperv neutron-server[104609]: DEBUG neutron.db.provisioning_blocks [req-26621c6e-b4c1-4a26-8808-ee38b4d027ed req-71aa7104-a0b5-4eea-9530-caa206bcbef1 service neutron] Transition to ACTIVE for port object 84cbf42f-1bf8-4d10-ab2f-8238aa3e5291 will not be triggered until provisioned by entity L2. {{(pid=104609) add_provisioning_component /opt/stack/neutron/neutron/db/provisioning_blocks.py:75}}
Jun 06 14:22:32.614437 dv-neutron-844779-2-hyperv neutron-server[104610]: DEBUG neutron.db.l3_dvrscheduler_db [None req-a81a3288-461c-4695-ae76-508c1629d2c2 tempest-ExternalNetworksAdminNegativeTestJSON-731552085 tempest-ExternalNetworksAdminNegativeTestJSON-731552085-project-admin] Received port after_create {{(pid=104610) _notify_l3_agent_new_port /opt/stack/neutron/neutron/db/l3_dvrscheduler_db.py:542}}
Jun 06 14:22:32.660335 dv-neutron-844779-2-hyperv neutron-server[104609]: DEBUG neutron.db.l3_dvrscheduler_db [None req-ffe840af-c745-466e-9b0e-1389367aced1 tempest-FloatingIPAdminTestJSON-1517229857 tempest-FloatingIPAdminTestJSON-1517229857-project] Received port after_create {{(pid=104609) _notify_l3_agent_new_port /opt/stack/neutron/neutron/db/l3_dvrscheduler_db.py:542}}
Jun 06 14:22:32.677098 dv-neutron-844779-2-hyperv neutron-server[104609]: DEBUG neutron.pecan_wsgi.hooks.policy_enforcement [None req-b9003422-cadf-41ce-91fa-46b5c22c3bfe tempest-ExtraDHCPOptionsTestJSON-1482013894 tempest-ExtraDHCPOptionsTestJSON-1482013894-project] Attributes excluded by policy engine: ['standard_attr_id', 'binding:profile', 'binding:host_id', 'binding:vif_type', 'binding:vif_details'] {{(pid=104609) _exclude_attributes_by_policy /opt/stack/neutron/neutron/pecan_wsgi/hooks/policy_enforcement.py:259}}
Jun 06 14:22:32.678961 dv-neutron-844779-2-hyperv neutron-server[104610]: DEBUG neutron.api.rpc.handlers.resources_rpc [None req-a81a3288-461c-4695-ae76-508c1629d2c2 tempest-ExternalNetworksAdminNegativeTestJSON-731552085 tempest-ExternalNetworksAdminNegativeTestJSON-731552085-project-admin] Pushing event updated for resources: {'Port': ['ID=70e2110f-0b02-4518-b7dc-a1660eb382c2,revision_number=1']} {{(pid=104610) push /opt/stack/neutron/neutron/api/rpc/handlers/resources_rpc.py:237}}
Jun 06 14:22:32.683610 dv-neutron-844779-2-hyperv neutron-server[104609]: INFO neutron.wsgi [None req-b9003422-cadf-41ce-91fa-46b5c22c3bfe tempest-ExtraDHCPOptionsTestJSON-1482013894 tempest-ExtraDHCPOptionsTestJSON-1482013894-project] 10.222.0.50 "GET /v2.0/ports/1fc52b4b-4492-43fd-a3bc-ff663489dc1d HTTP/1.1" status: 200 len: 1137 time: 0.5836313
Jun 06 14:22:32.689077 dv-neutron-844779-2-hyperv neutron-server[104609]: INFO neutron.wsgi [req-f2eb17a6-faf3-4095-8774-2e11d32adc05 req-dcba12b3-c701-493d-8da2-d72841d9ebae tempest-ServerActionsTestJSON-692078470 tempest-ServerActionsTestJSON-692078470-project] 10.222.0.50 "GET /v2.0/ports?device_id=ef5551f8-1025-40b4-8f9e-eb1f072af03d HTTP/1.1" status: 200 len: 210 time: 0.3579073
Jun 06 14:22:32.690348 dv-neutron-844779-2-hyperv neutron-server[104609]: DEBUG neutron.wsgi [-] (104609) accepted ('10.222.0.50', 57506) {{(pid=104609) server /usr/local/lib/python3.8/dist-packages/eventlet/wsgi.py:1004}}
Jun 06 14:22:32.696868 dv-neutron-844779-2-hyperv neutron-server[104609]: DEBUG neutron.api.v2.base [None req-b1cd6ebd-ecdc-45e3-bc8b-0a465313c88f tempest-AllowedAddressPairIpV6TestJSON-705848082 tempest-AllowedAddressPairIpV6TestJSON-705848082-project] Request body: {'network': {'name': 'tempest-AllowedAddressPairIpV6TestJSON-test-network-1018606390'}} {{(pid=104609) prepare_request_body /opt/stack/neutron/neutron/api/v2/base.py:730}}
Jun 06 14:22:32.745978 dv-neutron-844779-2-hyperv neutron-server[104610]: DEBUG dbcounter [-] [104610] Writing DB stats neutron:SELECT=93,neutron:INSERT=4,neutron:UPDATE=3 {{(pid=104610) stat_writer /usr/local/lib/python3.8/dist-packages/dbcounter.py:114}}
Jun 06 14:22:32.821273 dv-neutron-844779-2-hyperv neutron-server[104609]: DEBUG neutron.wsgi [req-dff8884f-9d8a-4d01-ad66-40d5eaf37e8b req-2f1e77cc-a889-4690-a456-ec71be190562 service neutron] http://10.222.0.50:9696/v2.0/extensions returned with HTTP 200 {{(pid=104609) __call__ /opt/stack/neutron/neutron/wsgi.py:730}}
Jun 06 14:22:32.822352 dv-neutron-844779-2-hyperv neutron-server[104609]: INFO neutron.wsgi [req-dff8884f-9d8a-4d01-ad66-40d5eaf37e8b req-2f1e77cc-a889-4690-a456-ec71be190562 service neutron] 10.222.0.50 "GET /v2.0/extensions HTTP/1.1" status: 200 len: 14320 time: 0.6477716
Jun 06 14:22:32.835119 dv-neutron-844779-2-hyperv neutron-server[104609]: DEBUG neutron_lib.callbacks.manager [req-26621c6e-b4c1-4a26-8808-ee38b4d027ed req-71aa7104-a0b5-4eea-9530-caa206bcbef1 service neutron] Publish callbacks ['neutron.plugins.ml2.plugin.SecurityGroupServerNotifierRpcMixin._notify_sg_on_port_change-1524706', 'neutron.plugins.ml2.ovo_rpc._ObjectChangeHandler.handle_event-216173', 'neutron.api.rpc.agentnotifiers.dhcp_rpc_agent_api.DhcpAgentNotifyAPI._native_event_send_dhcp_notification-584359', 'neutron.db.l3_db.L3RpcNotifierMixin._notify_gateway_port_ip_changed-8777997170050', 'neutron.db.l3_dvrscheduler_db._notify_l3_agent_port_update-8777996705055', 'neutron.db.l3_hascheduler_db._notify_l3_agent_ha_port_update-8777996705073', 'neutron.services.segments.plugin.NovaSegmentNotifier._notify_port_updated-3982603'] for port (84cbf42f-1bf8-4d10-ab2f-8238aa3e5291), after_update {{(pid=104609) _notify_loop /usr/local/lib/python3.8/dist-packages/neutron_lib/callbacks/manager.py:176}}
Jun 06 14:22:32.876293 dv-neutron-844779-2-hyperv neutron-server[104609]: DEBUG neutron.api.rpc.handlers.resources_rpc [None req-ffe840af-c745-466e-9b0e-1389367aced1 tempest-FloatingIPAdminTestJSON-1517229857 tempest-FloatingIPAdminTestJSON-1517229857-project] Pushing event updated for resources: {'Port': ['ID=d78c8d9b-d8f8-44d3-b49e-d7b001d8f159,revision_number=1']} {{(pid=104609) push /opt/stack/neutron/neutron/api/rpc/handlers/resources_rpc.py:237}}
Jun 06 14:22:32.880766 dv-neutron-844779-2-hyperv neutron-server[104610]: DEBUG neutron_lib.callbacks.manager [None req-a81a3288-461c-4695-ae76-508c1629d2c2 tempest-ExternalNetworksAdminNegativeTestJSON-731552085 tempest-ExternalNetworksAdminNegativeTestJSON-731552085-project-admin] Publish callbacks [] for floatingip (33fb554f-e7ec-4698-be20-42468287bbab), precommit_create {{(pid=104610) _notify_loop /usr/local/lib/python3.8/dist-packages/neutron_lib/callbacks/manager.py:176}}
Jun 06 14:22:32.933582 dv-neutron-844779-2-hyperv neutron-server[104610]: DEBUG neutron.pecan_wsgi.hooks.quota_enforcement [req-f9755066-fedf-4598-bcb7-a35dfe7761cb req-3836fa66-5d1d-4771-8d0c-895089d78648 tempest-ServerActionsTestJSON-692078470 tempest-ServerActionsTestJSON-692078470-project] Made reservation on behalf of 12499c66e153474b85017ae82f0980ba for: {'port': 1} {{(pid=104610) before /opt/stack/neutron/neutron/pecan_wsgi/hooks/quota_enforcement.py:53}}
Jun 06 14:22:32.943041 dv-neutron-844779-2-hyperv neutron-server[104610]: DEBUG neutron_lib.callbacks.manager [req-f9755066-fedf-4598-bcb7-a35dfe7761cb req-3836fa66-5d1d-4771-8d0c-895089d78648 tempest-ServerActionsTestJSON-692078470 tempest-ServerActionsTestJSON-692078470-project] Publish callbacks ['neutron.plugins.ml2.plugin.SecurityGroupDbMixin._ensure_default_security_group_handler-1524515'] for port (None), before_create {{(pid=104610) _notify_loop /usr/local/lib/python3.8/dist-packages/neutron_lib/callbacks/manager.py:176}}
Jun 06 14:22:33.016358 dv-neutron-844779-2-hyperv neutron-server[104610]: DEBUG dbcounter [-] [104610] Writing DB stats neutron:SELECT=91,neutron:INSERT=8,neutron:UPDATE=1 {{(pid=104610) stat_writer /usr/local/lib/python3.8/dist-packages/dbcounter.py:114}}
Jun 06 14:22:33.037564 dv-neutron-844779-2-hyperv neutron-server[104611]: DEBUG dbcounter [-] [104611] Writing DB stats neutron:SELECT=98,neutron:UPDATE=2 {{(pid=104611) stat_writer /usr/local/lib/python3.8/dist-packages/dbcounter.py:114}}
Jun 06 14:22:33.037807 dv-neutron-844779-2-hyperv neutron-server[104610]: DEBUG neutron_lib.callbacks.manager [None req-a81a3288-461c-4695-ae76-508c1629d2c2 tempest-ExternalNetworksAdminNegativeTestJSON-731552085 tempest-ExternalNetworksAdminNegativeTestJSON-731552085-project-admin] Publish callbacks ['neutron.plugins.ml2.plugin.SecurityGroupDbMixin._ensure_default_security_group_handler-1524515'] for port (70e2110f-0b02-4518-b7dc-a1660eb382c2), before_update {{(pid=104610) _notify_loop /usr/local/lib/python3.8/dist-packages/neutron_lib/callbacks/manager.py:176}}
Jun 06 14:22:33.050576 dv-neutron-844779-2-hyperv neutron-server[104609]: DEBUG neutron.pecan_wsgi.hooks.policy_enforcement [None req-ffe840af-c745-466e-9b0e-1389367aced1 tempest-FloatingIPAdminTestJSON-1517229857 tempest-FloatingIPAdminTestJSON-1517229857-project] Attributes excluded by policy engine: ['standard_attr_id', 'binding:profile', 'binding:host_id', 'binding:vif_type', 'binding:vif_details', 'network'] {{(pid=104609) _exclude_attributes_by_policy /opt/stack/neutron/neutron/pecan_wsgi/hooks/policy_enforcement.py:259}}
Jun 06 14:22:33.053282 dv-neutron-844779-2-hyperv neutron-server[104611]: DEBUG neutron.db.provisioning_blocks [None req-7399fd20-e7d0-4c05-83dc-f5d362702b95 None None] Provisioning complete for port d78c8d9b-d8f8-44d3-b49e-d7b001d8f159 triggered by entity DHCP. {{(pid=104611) provisioning_complete /opt/stack/neutron/neutron/db/provisioning_blocks.py:145}}
Jun 06 14:22:33.053988 dv-neutron-844779-2-hyperv neutron-server[104611]: DEBUG neutron_lib.callbacks.manager [None req-7399fd20-e7d0-4c05-83dc-f5d362702b95 None None] Publish callbacks ['neutron.plugins.ml2.plugin.Ml2Plugin._port_provisioned-1473888'] for port (d78c8d9b-d8f8-44d3-b49e-d7b001d8f159), provisioning_complete {{(pid=104611) _notify_loop /usr/local/lib/python3.8/dist-packages/neutron_lib/callbacks/manager.py:176}}
Jun 06 14:22:33.054500 dv-neutron-844779-2-hyperv neutron-server[104609]: DEBUG neutron_lib.callbacks.manager [None req-ffe840af-c745-466e-9b0e-1389367aced1 tempest-FloatingIPAdminTestJSON-1517229857 tempest-FloatingIPAdminTestJSON-1517229857-project] Publish callbacks ['neutron.notifiers.nova.Notifier._send_nova_notification-99046'] for port (None), before_response {{(pid=104609) _notify_loop /usr/local/lib/python3.8/dist-packages/neutron_lib/callbacks/manager.py:176}}
Jun 06 14:22:33.086151 dv-neutron-844779-2-hyperv neutron-server[104609]: DEBUG neutron.wsgi [-] (104609) accepted ('10.222.0.50', 57510) {{(pid=104609) server /usr/local/lib/python3.8/dist-packages/eventlet/wsgi.py:1004}}
Jun 06 14:22:33.105583 dv-neutron-844779-2-hyperv neutron-server[104609]: DEBUG neutron.pecan_wsgi.hooks.quota_enforcement [None req-b1cd6ebd-ecdc-45e3-bc8b-0a465313c88f tempest-AllowedAddressPairIpV6TestJSON-705848082 tempest-AllowedAddressPairIpV6TestJSON-705848082-project] Made reservation on behalf of 994fb43d397e42c38e10caf491fff333 for: {'network': 1} {{(pid=104609) before /opt/stack/neutron/neutron/pecan_wsgi/hooks/quota_enforcement.py:53}}
Jun 06 14:22:33.111921 dv-neutron-844779-2-hyperv neutron-server[104609]: DEBUG neutron_lib.callbacks.manager [None req-b1cd6ebd-ecdc-45e3-bc8b-0a465313c88f tempest-AllowedAddressPairIpV6TestJSON-705848082 tempest-AllowedAddressPairIpV6TestJSON-705848082-project] Publish callbacks ['neutron.plugins.ml2.plugin.SecurityGroupDbMixin._ensure_default_security_group_handler-1524515'] for network (None), before_create {{(pid=104609) _notify_loop /usr/local/lib/python3.8/dist-packages/neutron_lib/callbacks/manager.py:176}}
Jun 06 14:22:33.155787 dv-neutron-844779-2-hyperv neutron-server[104611]: DEBUG neutron.plugins.ml2.plugin [None req-7399fd20-e7d0-4c05-83dc-f5d362702b95 None None] Port d78c8d9b-d8f8-44d3-b49e-d7b001d8f159 cannot update to ACTIVE because it is not bound. {{(pid=104611) _port_provisioned /opt/stack/neutron/neutron/plugins/ml2/plugin.py:354}}
Jun 06 14:22:33.239916 dv-neutron-844779-2-hyperv neutron-server[104609]: INFO neutron.wsgi [None req-ffe840af-c745-466e-9b0e-1389367aced1 tempest-FloatingIPAdminTestJSON-1517229857 tempest-FloatingIPAdminTestJSON-1517229857-project] 10.222.0.50 "POST /v2.0/ports HTTP/1.1" status: 201 len: 932 time: 7.6440411
Jun 06 14:22:33.241138 dv-neutron-844779-2-hyperv neutron-server[104609]: DEBUG neutron_lib.callbacks.manager [None req-b1cd6ebd-ecdc-45e3-bc8b-0a465313c88f tempest-AllowedAddressPairIpV6TestJSON-705848082 tempest-AllowedAddressPairIpV6TestJSON-705848082-project] Publish callbacks [] for security_group (None), before_create {{(pid=104609) _notify_loop /usr/local/lib/python3.8/dist-packages/neutron_lib/callbacks/manager.py:176}}
Jun 06 14:22:33.278966 dv-neutron-844779-2-hyperv neutron-server[104609]: DEBUG neutron.wsgi [-] (104609) accepted ('10.222.0.50', 57516) {{(pid=104609) server /usr/local/lib/python3.8/dist-packages/eventlet/wsgi.py:1004}}
Jun 06 14:22:33.324175 dv-neutron-844779-2-hyperv neutron-server[104609]: DEBUG neutron.api.rpc.handlers.resources_rpc [None req-71aa7104-a0b5-4eea-9530-caa206bcbef1 service neutron] Pushing event updated for resources: {'Port': ['ID=84cbf42f-1bf8-4d10-ab2f-8238aa3e5291,revision_number=2']} {{(pid=104609) push /opt/stack/neutron/neutron/api/rpc/handlers/resources_rpc.py:237}}
Jun 06 14:22:33.465626 dv-neutron-844779-2-hyperv neutron-server[104609]: DEBUG neutron.plugins.ml2.plugin [None req-8f6b0631-f52c-480c-9356-f119701c1faf tempest-ExtraDHCPOptionsTestJSON-1482013894 tempest-ExtraDHCPOptionsTestJSON-1482013894-project] Deleting port 1fc52b4b-4492-43fd-a3bc-ff663489dc1d {{(pid=104609) _pre_delete_port /opt/stack/neutron/neutron/plugins/ml2/plugin.py:2043}}
Jun 06 14:22:33.466048 dv-neutron-844779-2-hyperv neutron-server[104609]: DEBUG neutron_lib.callbacks.manager [None req-8f6b0631-f52c-480c-9356-f119701c1faf tempest-ExtraDHCPOptionsTestJSON-1482013894 tempest-ExtraDHCPOptionsTestJSON-1482013894-project] Publish callbacks ['neutron.db.l3_db.L3_NAT_dbonly_mixin._prevent_l3_port_delete_callback-8777997164144'] for port (1fc52b4b-4492-43fd-a3bc-ff663489dc1d), before_delete {{(pid=104609) _notify_loop /usr/local/lib/python3.8/dist-packages/neutron_lib/callbacks/manager.py:176}}
Jun 06 14:22:33.469735 dv-neutron-844779-2-hyperv neutron-server[104609]: DEBUG dbcounter [-] [104609] Writing DB stats neutron:SELECT=97,neutron:INSERT=2,neutron:DELETE=1 {{(pid=104609) stat_writer /usr/local/lib/python3.8/dist-packages/dbcounter.py:114}}
Jun 06 14:22:33.510479 dv-neutron-844779-2-hyperv neutron-server[104609]: INFO neutron.wsgi [req-dff8884f-9d8a-4d01-ad66-40d5eaf37e8b req-baf46034-3d29-4d78-acc7-56aebfef1f0b service neutron] 10.222.0.50 "GET /v2.0/networks/2da5eb2e-c7c6-4bcc-a280-9913ad8ed70a?fields=segments HTTP/1.1" status: 200 len: 212 time: 0.6718063
Jun 06 14:22:33.585902 dv-neutron-844779-2-hyperv neutron-server[104609]: DEBUG neutron.pecan_wsgi.hooks.policy_enforcement [req-40cb80d3-7296-4bc1-833f-7593247be746 req-ed4fc43a-8afc-4d35-9e24-db8c065014b5 tempest-ServersTestJSON-1217734950 tempest-ServersTestJSON-1217734950-project] Attributes excluded by policy engine: ['standard_attr_id', 'binding:profile', 'binding:host_id', 'binding:vif_type', 'binding:vif_details'] {{(pid=104609) _exclude_attributes_by_policy /opt/stack/neutron/neutron/pecan_wsgi/hooks/policy_enforcement.py:259}}
Jun 06 14:22:33.587669 dv-neutron-844779-2-hyperv neutron-server[104609]: INFO neutron.wsgi [req-40cb80d3-7296-4bc1-833f-7593247be746 req-ed4fc43a-8afc-4d35-9e24-db8c065014b5 tempest-ServersTestJSON-1217734950 tempest-ServersTestJSON-1217734950-project] 10.222.0.50 "GET /v2.0/ports?device_id=5fcfe8e3-54b6-45c1-a188-e6b5957ff137 HTTP/1.1" status: 200 len: 943 time: 0.3270845
Jun 06 14:22:33.630681 dv-neutron-844779-2-hyperv neutron-server[104610]: DEBUG neutron_lib.callbacks.manager [None req-a81a3288-461c-4695-ae76-508c1629d2c2 tempest-ExternalNetworksAdminNegativeTestJSON-731552085 tempest-ExternalNetworksAdminNegativeTestJSON-731552085-project-admin] Publish callbacks [] for port (70e2110f-0b02-4518-b7dc-a1660eb382c2), precommit_update {{(pid=104610) _notify_loop /usr/local/lib/python3.8/dist-packages/neutron_lib/callbacks/manager.py:176}}
Jun 06 14:22:33.636699 dv-neutron-844779-2-hyperv neutron-server[104609]: DEBUG neutron.api.v2.base [None req-ecda0dee-c7bb-4f43-b0cf-47b9f527076c tempest-NetworksIpV6Test-1694349155 tempest-NetworksIpV6Test-1694349155-project] Request body: {'network': {'name': 'tempest-NetworksIpV6Test-test-network-1889846212'}} {{(pid=104609) prepare_request_body /opt/stack/neutron/neutron/api/v2/base.py:730}}
Jun 06 14:22:33.647932 dv-neutron-844779-2-hyperv neutron-server[104610]: DEBUG neutron_lib.callbacks.manager [None req-a81a3288-461c-4695-ae76-508c1629d2c2 tempest-ExternalNetworksAdminNegativeTestJSON-731552085 tempest-ExternalNetworksAdminNegativeTestJSON-731552085-project-admin] Publish callbacks ['neutron.plugins.ml2.plugin.SecurityGroupServerNotifierRpcMixin._notify_sg_on_port_change-1524706', 'neutron.plugins.ml2.ovo_rpc._ObjectChangeHandler.handle_event-216173', 'neutron.api.rpc.agentnotifiers.dhcp_rpc_agent_api.DhcpAgentNotifyAPI._native_event_send_dhcp_notification-584359', 'neutron.db.l3_db.L3RpcNotifierMixin._notify_gateway_port_ip_changed-8777997170050', 'neutron.db.l3_dvrscheduler_db._notify_l3_agent_port_update-8777996705055', 'neutron.db.l3_hascheduler_db._notify_l3_agent_ha_port_update-8777996705073'] for port (70e2110f-0b02-4518-b7dc-a1660eb382c2), after_update {{(pid=104610) _notify_loop /usr/local/lib/python3.8/dist-packages/neutron_lib/callbacks/manager.py:176}}
Jun 06 14:22:33.738754 dv-neutron-844779-2-hyperv neutron-server[104610]: DEBUG neutron_lib.callbacks.manager [None req-a81a3288-461c-4695-ae76-508c1629d2c2 tempest-ExternalNetworksAdminNegativeTestJSON-731552085 tempest-ExternalNetworksAdminNegativeTestJSON-731552085-project-admin] Publish callbacks ['neutron.services.l3_router.l3_router_plugin.DVRResourceOperationHandler._create_dvr_floating_gw_port-3724549'] for floatingip (33fb554f-e7ec-4698-be20-42468287bbab), after_create {{(pid=104610) _notify_loop /usr/local/lib/python3.8/dist-packages/neutron_lib/callbacks/manager.py:176}}
Jun 06 14:22:33.775131 dv-neutron-844779-2-hyperv neutron-server[104609]: DEBUG neutron.plugins.ml2.managers [req-26621c6e-b4c1-4a26-8808-ee38b4d027ed req-71aa7104-a0b5-4eea-9530-caa206bcbef1 service neutron] Attempting to bind port 84cbf42f-1bf8-4d10-ab2f-8238aa3e5291 on host hv-neutron-8447 for vnic_type normal with profile {{(pid=104609) bind_port /opt/stack/neutron/neutron/plugins/ml2/managers.py:811}}
Jun 06 14:22:33.775593 dv-neutron-844779-2-hyperv neutron-server[104609]: DEBUG neutron.plugins.ml2.managers [req-26621c6e-b4c1-4a26-8808-ee38b4d027ed req-71aa7104-a0b5-4eea-9530-caa206bcbef1 service neutron] Attempting to bind port 84cbf42f-1bf8-4d10-ab2f-8238aa3e5291 by drivers openvswitch,hyperv on host hv-neutron-8447 at level 0 using segments [{'id': '772315ed-03ec-4362-9ec5-a5e9c7585583', 'network_type': 'vlan', 'physical_network': 'physnet1', 'segmentation_id': 427, 'network_id': '3e28f1f2-5352-4289-ba7a-cfc02c2c395c'}] {{(pid=104609) _bind_port_level /opt/stack/neutron/neutron/plugins/ml2/managers.py:836}}
Jun 06 14:22:33.775991 dv-neutron-844779-2-hyperv neutron-server[104609]: DEBUG neutron.plugins.ml2.drivers.mech_agent [req-26621c6e-b4c1-4a26-8808-ee38b4d027ed req-71aa7104-a0b5-4eea-9530-caa206bcbef1 service neutron] Attempting to bind port 84cbf42f-1bf8-4d10-ab2f-8238aa3e5291 on network 3e28f1f2-5352-4289-ba7a-cfc02c2c395c {{(pid=104609) bind_port /opt/stack/neutron/neutron/plugins/ml2/drivers/mech_agent.py:91}}
Jun 06 14:22:33.783901 dv-neutron-844779-2-hyperv neutron-server[104610]: DEBUG neutron.api.rpc.handlers.resources_rpc [None req-a81a3288-461c-4695-ae76-508c1629d2c2 tempest-ExternalNetworksAdminNegativeTestJSON-731552085 tempest-ExternalNetworksAdminNegativeTestJSON-731552085-project-admin] Pushing event updated for resources: {'Port': ['ID=70e2110f-0b02-4518-b7dc-a1660eb382c2,revision_number=2']} {{(pid=104610) push /opt/stack/neutron/neutron/api/rpc/handlers/resources_rpc.py:237}}
Jun 06 14:22:33.799179 dv-neutron-844779-2-hyperv neutron-server[104610]: DEBUG neutron_lib.callbacks.manager [None req-a81a3288-461c-4695-ae76-508c1629d2c2 tempest-ExternalNetworksAdminNegativeTestJSON-731552085 tempest-ExternalNetworksAdminNegativeTestJSON-731552085-project-admin] Publish callbacks ['neutron.notifiers.nova.Notifier._send_nova_notification-99046'] for floatingip (None), before_response {{(pid=104610) _notify_loop /usr/local/lib/python3.8/dist-packages/neutron_lib/callbacks/manager.py:176}}
Jun 06 14:22:33.805043 dv-neutron-844779-2-hyperv neutron-server[104610]: INFO neutron.wsgi [None req-a81a3288-461c-4695-ae76-508c1629d2c2 tempest-ExternalNetworksAdminNegativeTestJSON-731552085 tempest-ExternalNetworksAdminNegativeTestJSON-731552085-project-admin] 10.222.0.50 "POST /v2.0/floatingips HTTP/1.1" status: 201 len: 693 time: 2.9073443
Jun 06 14:22:33.805939 dv-neutron-844779-2-hyperv neutron-server[104609]: DEBUG neutron.api.v2.base [None req-586f64fc-01e8-48d3-aa8f-4f35c599641e tempest-FloatingIPAdminTestJSON-1874385171 tempest-FloatingIPAdminTestJSON-1874385171-project-admin] Request body: {'floatingip': {'floating_network_id': '4a438d7c-52a0-4b1e-8763-9573590e84a3', 'project_id': '636505dfcfd5418c80412c4fc8ad22da', 'port_id': 'd78c8d9b-d8f8-44d3-b49e-d7b001d8f159'}} {{(pid=104609) prepare_request_body /opt/stack/neutron/neutron/api/v2/base.py:730}}
Jun 06 14:22:33.808840 dv-neutron-844779-2-hyperv neutron-server[104610]: DEBUG neutron.wsgi [-] (104610) accepted ('10.222.0.50', 57522) {{(pid=104610) server /usr/local/lib/python3.8/dist-packages/eventlet/wsgi.py:1004}}
Jun 06 14:22:33.814261 dv-neutron-844779-2-hyperv neutron-server[104610]: DEBUG neutron.api.v2.base [None req-312688d9-c2f0-4613-8add-52ea4e94797a tempest-ExternalNetworksAdminNegativeTestJSON-731552085 tempest-ExternalNetworksAdminNegativeTestJSON-731552085-project-admin] Request body: {'port': {'name': 'tempest-ExternalNetworksAdminNegativeTestJSON-1002506807', 'network_id': '4a438d7c-52a0-4b1e-8763-9573590e84a3', 'fixed_ips': [{'ip_address': '172.26.2.244'}]}} {{(pid=104610) prepare_request_body /opt/stack/neutron/neutron/api/v2/base.py:730}}
Jun 06 14:22:33.821660 dv-neutron-844779-2-hyperv neutron-server[104609]: DEBUG neutron.pecan_wsgi.hooks.quota_enforcement [None req-ecda0dee-c7bb-4f43-b0cf-47b9f527076c tempest-NetworksIpV6Test-1694349155 tempest-NetworksIpV6Test-1694349155-project] Made reservation on behalf of e2941c8411564b8d99594862c6179b3e for: {'network': 1} {{(pid=104609) before /opt/stack/neutron/neutron/pecan_wsgi/hooks/quota_enforcement.py:53}}
Jun 06 14:22:33.825610 dv-neutron-844779-2-hyperv neutron-server[104609]: DEBUG neutron_lib.callbacks.manager [None req-ecda0dee-c7bb-4f43-b0cf-47b9f527076c tempest-NetworksIpV6Test-1694349155 tempest-NetworksIpV6Test-1694349155-project] Publish callbacks ['neutron.plugins.ml2.plugin.SecurityGroupDbMixin._ensure_default_security_group_handler-1524515'] for network (None), before_create {{(pid=104609) _notify_loop /usr/local/lib/python3.8/dist-packages/neutron_lib/callbacks/manager.py:176}}
Jun 06 14:22:33.840944 dv-neutron-844779-2-hyperv neutron-server[104610]: DEBUG neutron.db.db_base_plugin_common [req-f9755066-fedf-4598-bcb7-a35dfe7761cb req-3836fa66-5d1d-4771-8d0c-895089d78648 tempest-ServerActionsTestJSON-692078470 tempest-ServerActionsTestJSON-692078470-project] Allocated IP 172.20.0.3 (1b15f686-064b-4f97-bdf6-b1f526c7b408/01da7397-e96e-4e5f-9257-ed763292e333/90278a77-f0d9-4a9a-8b4c-d4aa9ebdfc68) {{(pid=104610) _store_ip_allocation /opt/stack/neutron/neutron/db/db_base_plugin_common.py:131}}
Jun 06 14:22:33.860804 dv-neutron-844779-2-hyperv neutron-server[104610]: DEBUG neutron.pecan_wsgi.hooks.quota_enforcement [None req-312688d9-c2f0-4613-8add-52ea4e94797a tempest-ExternalNetworksAdminNegativeTestJSON-731552085 tempest-ExternalNetworksAdminNegativeTestJSON-731552085-project-admin] Made reservation on behalf of 1360b08869184b8ab27ed77ca6e86679 for: {'port': 1} {{(pid=104610) before /opt/stack/neutron/neutron/pecan_wsgi/hooks/quota_enforcement.py:53}}
Jun 06 14:22:33.864496 dv-neutron-844779-2-hyperv neutron-server[104610]: DEBUG neutron_lib.callbacks.manager [None req-312688d9-c2f0-4613-8add-52ea4e94797a tempest-ExternalNetworksAdminNegativeTestJSON-731552085 tempest-ExternalNetworksAdminNegativeTestJSON-731552085-project-admin] Publish callbacks ['neutron.plugins.ml2.plugin.SecurityGroupDbMixin._ensure_default_security_group_handler-1524515'] for port (None), before_create {{(pid=104610) _notify_loop /usr/local/lib/python3.8/dist-packages/neutron_lib/callbacks/manager.py:176}}
Jun 06 14:22:33.877847 dv-neutron-844779-2-hyperv neutron-server[104609]: DEBUG neutron.plugins.ml2.drivers.mech_agent [req-26621c6e-b4c1-4a26-8808-ee38b4d027ed req-71aa7104-a0b5-4eea-9530-caa206bcbef1 service neutron] Port 84cbf42f-1bf8-4d10-ab2f-8238aa3e5291 on network 3e28f1f2-5352-4289-ba7a-cfc02c2c395c not bound, no agent of type Open vSwitch agent registered on host hv-neutron-8447 {{(pid=104609) bind_port /opt/stack/neutron/neutron/plugins/ml2/drivers/mech_agent.py:103}}
Jun 06 14:22:33.878223 dv-neutron-844779-2-hyperv neutron-server[104609]: DEBUG neutron.plugins.ml2.drivers.mech_agent [req-26621c6e-b4c1-4a26-8808-ee38b4d027ed req-71aa7104-a0b5-4eea-9530-caa206bcbef1 service neutron] Attempting to bind port 84cbf42f-1bf8-4d10-ab2f-8238aa3e5291 on network 3e28f1f2-5352-4289-ba7a-cfc02c2c395c {{(pid=104609) bind_port /opt/stack/neutron/neutron/plugins/ml2/drivers/mech_agent.py:91}}
Jun 06 14:22:33.895939 dv-neutron-844779-2-hyperv neutron-server[104609]: DEBUG dbcounter [-] [104609] Writing DB stats neutron:SELECT=88,neutron:INSERT=10,neutron:DELETE=1,neutron:UPDATE=1 {{(pid=104609) stat_writer /usr/local/lib/python3.8/dist-packages/dbcounter.py:114}}
Jun 06 14:22:33.897939 dv-neutron-844779-2-hyperv neutron-server[104609]: DEBUG neutron_lib.callbacks.manager [None req-ecda0dee-c7bb-4f43-b0cf-47b9f527076c tempest-NetworksIpV6Test-1694349155 tempest-NetworksIpV6Test-1694349155-project] Publish callbacks [] for security_group (None), before_create {{(pid=104609) _notify_loop /usr/local/lib/python3.8/dist-packages/neutron_lib/callbacks/manager.py:176}}
Jun 06 14:22:33.911123 dv-neutron-844779-2-hyperv neutron-server[104609]: DEBUG neutron_lib.callbacks.manager [None req-8f6b0631-f52c-480c-9356-f119701c1faf tempest-ExtraDHCPOptionsTestJSON-1482013894 tempest-ExtraDHCPOptionsTestJSON-1482013894-project] Publish callbacks ['neutron.services.l3_router.l3_router_plugin.L3_NAT_dbonly_mixin._precommit_delete_port_callback-3724810'] for port (1fc52b4b-4492-43fd-a3bc-ff663489dc1d), precommit_delete {{(pid=104609) _notify_loop /usr/local/lib/python3.8/dist-packages/neutron_lib/callbacks/manager.py:176}}
Jun 06 14:22:33.931158 dv-neutron-844779-2-hyperv neutron-server[104609]: INFO neutron.wsgi [req-40cb80d3-7296-4bc1-833f-7593247be746 req-7fb5aeb1-ef6a-4df8-84c6-29d3462c1d37 tempest-ServersTestJSON-1217734950 tempest-ServersTestJSON-1217734950-project] 10.222.0.50 "GET /v2.0/security-groups?id=dc9ab03e-18b2-4094-93b2-03ecb65890bf&fields=id&fields=name HTTP/1.1" status: 200 len: 313 time: 0.2835774
Jun 06 14:22:33.945698 dv-neutron-844779-2-hyperv neutron-server[104610]: DEBUG neutron_lib.callbacks.manager [None req-312688d9-c2f0-4613-8add-52ea4e94797a tempest-ExternalNetworksAdminNegativeTestJSON-731552085 tempest-ExternalNetworksAdminNegativeTestJSON-731552085-project-admin] Publish callbacks [] for security_group (None), before_create {{(pid=104610) _notify_loop /usr/local/lib/python3.8/dist-packages/neutron_lib/callbacks/manager.py:176}}
Jun 06 14:22:33.960509 dv-neutron-844779-2-hyperv neutron-server[104609]: DEBUG neutron.plugins.ml2.drivers.mech_agent [req-26621c6e-b4c1-4a26-8808-ee38b4d027ed req-71aa7104-a0b5-4eea-9530-caa206bcbef1 service neutron] Checking agent: {'id': 'a63be3e5-4c2a-489c-88f0-bfc6f910162f', 'agent_type': 'HyperV agent', 'binary': 'neutron-hyperv-agent', 'topic': 'N/A', 'host': 'hv-neutron-8447', 'admin_state_up': True, 'created_at': datetime.datetime(2022, 6, 6, 14, 20, 8), 'started_at': datetime.datetime(2022, 6, 6, 14, 20, 8), 'heartbeat_timestamp': datetime.datetime(2022, 6, 6, 14, 22, 9), 'description': None, 'resources_synced': None, 'availability_zone': None, 'alive': True, 'configurations': {'vswitch_mappings': {'physnet1$': 'br-data'}}, 'resource_versions': {}} {{(pid=104609) bind_port /opt/stack/neutron/neutron/plugins/ml2/drivers/mech_agent.py:110}}
Jun 06 14:22:33.960976 dv-neutron-844779-2-hyperv neutron-server[104609]: DEBUG neutron.plugins.ml2.drivers.mech_agent [req-26621c6e-b4c1-4a26-8808-ee38b4d027ed req-71aa7104-a0b5-4eea-9530-caa206bcbef1 service neutron] Checking segment: {'id': '772315ed-03ec-4362-9ec5-a5e9c7585583', 'network_type': 'vlan', 'physical_network': 'physnet1', 'segmentation_id': 427, 'network_id': '3e28f1f2-5352-4289-ba7a-cfc02c2c395c'} for mappings: {'physnet1$': 'br-data'} with network types: ['local', 'flat', 'vlan'] {{(pid=104609) check_segment_for_agent /opt/stack/neutron/neutron/plugins/ml2/drivers/mech_agent.py:373}}
Jun 06 14:22:33.961718 dv-neutron-844779-2-hyperv neutron-server[104609]: DEBUG neutron.plugins.ml2.drivers.mech_agent [req-26621c6e-b4c1-4a26-8808-ee38b4d027ed req-71aa7104-a0b5-4eea-9530-caa206bcbef1 service neutron] Bound using segment: {'id': '772315ed-03ec-4362-9ec5-a5e9c7585583', 'network_type': 'vlan', 'physical_network': 'physnet1', 'segmentation_id': 427, 'network_id': '3e28f1f2-5352-4289-ba7a-cfc02c2c395c'} {{(pid=104609) bind_port /opt/stack/neutron/neutron/plugins/ml2/drivers/mech_agent.py:120}}
Jun 06 14:22:33.962401 dv-neutron-844779-2-hyperv neutron-server[104609]: DEBUG neutron.plugins.ml2.managers [req-26621c6e-b4c1-4a26-8808-ee38b4d027ed req-71aa7104-a0b5-4eea-9530-caa206bcbef1 service neutron] Bound port: 84cbf42f-1bf8-4d10-ab2f-8238aa3e5291, host: hv-neutron-8447, vif_type: hyperv, vif_details: {"connectivity": "legacy", "port_filter": false}, binding_levels: [{'bound_driver': 'hyperv', 'bound_segment': {'id': '772315ed-03ec-4362-9ec5-a5e9c7585583', 'network_type': 'vlan', 'physical_network': 'physnet1', 'segmentation_id': 427, 'network_id': '3e28f1f2-5352-4289-ba7a-cfc02c2c395c'}}] {{(pid=104609) _bind_port_level /opt/stack/neutron/neutron/plugins/ml2/managers.py:948}}
Jun 06 14:22:33.962846 dv-neutron-844779-2-hyperv neutron-server[104609]: DEBUG neutron_lib.callbacks.manager [req-26621c6e-b4c1-4a26-8808-ee38b4d027ed req-71aa7104-a0b5-4eea-9530-caa206bcbef1 service neutron] Publish callbacks ['neutron.plugins.ml2.plugin.SecurityGroupDbMixin._ensure_default_security_group_handler-1524515'] for port (84cbf42f-1bf8-4d10-ab2f-8238aa3e5291), before_update {{(pid=104609) _notify_loop /usr/local/lib/python3.8/dist-packages/neutron_lib/callbacks/manager.py:176}}
Jun 06 14:22:33.997374 dv-neutron-844779-2-hyperv neutron-server[104609]: DEBUG neutron_lib.callbacks.manager [None req-b1cd6ebd-ecdc-45e3-bc8b-0a465313c88f tempest-AllowedAddressPairIpV6TestJSON-705848082 tempest-AllowedAddressPairIpV6TestJSON-705848082-project] Publish callbacks [] for security_group (551cba8b-51f0-4f72-aacc-c30be0fd2a7c), precommit_create {{(pid=104609) _notify_loop /usr/local/lib/python3.8/dist-packages/neutron_lib/callbacks/manager.py:176}}
Jun 06 14:22:34.000259 dv-neutron-844779-2-hyperv neutron-server[104609]: DEBUG neutron.plugins.ml2.plugin [None req-8f6b0631-f52c-480c-9356-f119701c1faf tempest-ExtraDHCPOptionsTestJSON-1482013894 tempest-ExtraDHCPOptionsTestJSON-1482013894-project] Calling delete_port for 1fc52b4b-4492-43fd-a3bc-ff663489dc1d owned by {{(pid=104609) delete_port /opt/stack/neutron/neutron/plugins/ml2/plugin.py:2122}}
Jun 06 14:22:34.012652 dv-neutron-844779-2-hyperv neutron-server[104609]: INFO neutron.wsgi [req-dff8884f-9d8a-4d01-ad66-40d5eaf37e8b req-553f3cd1-45cb-451b-b024-c7aa05450c82 service neutron] 10.222.0.50 "GET /v2.0/networks/2da5eb2e-c7c6-4bcc-a280-9913ad8ed70a?fields=provider%3Aphysical_network&fields=provider%3Anetwork_type HTTP/1.1" status: 200 len: 281 time: 0.4522407
Jun 06 14:22:34.013493 dv-neutron-844779-2-hyperv neutron-server[104609]: DEBUG neutron_lib.callbacks.manager [None req-586f64fc-01e8-48d3-aa8f-4f35c599641e tempest-FloatingIPAdminTestJSON-1874385171 tempest-FloatingIPAdminTestJSON-1874385171-project-admin] Publish callbacks [] for floatingip (None), before_create {{(pid=104609) _notify_loop /usr/local/lib/python3.8/dist-packages/neutron_lib/callbacks/manager.py:176}}
Jun 06 14:22:34.023981 dv-neutron-844779-2-hyperv neutron-server[104609]: DEBUG neutron_lib.callbacks.manager [None req-b1cd6ebd-ecdc-45e3-bc8b-0a465313c88f tempest-AllowedAddressPairIpV6TestJSON-705848082 tempest-AllowedAddressPairIpV6TestJSON-705848082-project] Publish callbacks ['neutron.plugins.ml2.ovo_rpc._ObjectChangeHandler.handle_event-471586'] for security_group (551cba8b-51f0-4f72-aacc-c30be0fd2a7c), after_create {{(pid=104609) _notify_loop /usr/local/lib/python3.8/dist-packages/neutron_lib/callbacks/manager.py:176}}
Jun 06 14:22:34.060436 dv-neutron-844779-2-hyperv neutron-server[104610]: DEBUG dbcounter [-] [104610] Writing DB stats neutron:SELECT=91,neutron:INSERT=6,neutron:UPDATE=3 {{(pid=104610) stat_writer /usr/local/lib/python3.8/dist-packages/dbcounter.py:114}}
Jun 06 14:22:34.272951 dv-neutron-844779-2-hyperv neutron-server[104609]: DEBUG neutron.plugins.ml2.drivers.helpers [None req-b1cd6ebd-ecdc-45e3-bc8b-0a465313c88f tempest-AllowedAddressPairIpV6TestJSON-705848082 tempest-AllowedAddressPairIpV6TestJSON-705848082-project] vlan segment allocate from pool success with {'physical_network': 'physnet1', 'vlan_id': 408} {{(pid=104609) allocate_partially_specified_segment /opt/stack/neutron/neutron/plugins/ml2/drivers/helpers.py:153}}
Jun 06 14:22:34.296761 dv-neutron-844779-2-hyperv neutron-server[104610]: DEBUG neutron_lib.callbacks.manager [None req-312688d9-c2f0-4613-8add-52ea4e94797a tempest-ExternalNetworksAdminNegativeTestJSON-731552085 tempest-ExternalNetworksAdminNegativeTestJSON-731552085-project-admin] Publish callbacks [] for security_group (762df8cc-693a-4c3e-aef7-6ca8f8335425), precommit_create {{(pid=104610) _notify_loop /usr/local/lib/python3.8/dist-packages/neutron_lib/callbacks/manager.py:176}}
Jun 06 14:22:34.309085 dv-neutron-844779-2-hyperv neutron-server[104610]: DEBUG neutron_lib.callbacks.manager [None req-312688d9-c2f0-4613-8add-52ea4e94797a tempest-ExternalNetworksAdminNegativeTestJSON-731552085 tempest-ExternalNetworksAdminNegativeTestJSON-731552085-project-admin] Publish callbacks ['neutron.plugins.ml2.ovo_rpc._ObjectChangeHandler.handle_event-471586'] for security_group (762df8cc-693a-4c3e-aef7-6ca8f8335425), after_create {{(pid=104610) _notify_loop /usr/local/lib/python3.8/dist-packages/neutron_lib/callbacks/manager.py:176}}
Jun 06 14:22:34.315243 dv-neutron-844779-2-hyperv neutron-server[104609]: INFO neutron.wsgi [req-35a44c98-4856-47e9-abb9-eda7fb4f2981 req-aced8d98-237b-469a-95f0-ae3c4ef46b59 tempest-ServerActionsTestJSON-692078470 tempest-ServerActionsTestJSON-692078470-project] 10.222.0.50 "GET /v2.0/ports?device_id=ef5551f8-1025-40b4-8f9e-eb1f072af03d HTTP/1.1" status: 200 len: 210 time: 0.2294497
Jun 06 14:22:34.340931 dv-neutron-844779-2-hyperv neutron-server[104610]: DEBUG neutron_lib.callbacks.manager [req-f9755066-fedf-4598-bcb7-a35dfe7761cb req-3836fa66-5d1d-4771-8d0c-895089d78648 tempest-ServerActionsTestJSON-692078470 tempest-ServerActionsTestJSON-692078470-project] Publish callbacks [] for port (90278a77-f0d9-4a9a-8b4c-d4aa9ebdfc68), precommit_create {{(pid=104610) _notify_loop /usr/local/lib/python3.8/dist-packages/neutron_lib/callbacks/manager.py:176}}
Jun 06 14:22:34.345599 dv-neutron-844779-2-hyperv neutron-server[104610]: DEBUG neutron.notifiers.nova [None req-312688d9-c2f0-4613-8add-52ea4e94797a tempest-ExternalNetworksAdminNegativeTestJSON-731552085 tempest-ExternalNetworksAdminNegativeTestJSON-731552085-project-admin] device_id is not set on port 3447c7cc-89b0-4872-9971-c570d4a1a2d6 yet. {{(pid=104610) _can_notify /opt/stack/neutron/neutron/notifiers/nova.py:199}}
