Jun 06 12:41:44.922654 dv-neutron-844494-2-hyperv neutron-server[110942]: INFO neutron.services.segments.plugin [-] Segment 0f450b8c-3ed0-426a-b77d-5c5cd251b9e4 resource provider aggregate not found
Jun 06 12:41:44.924377 dv-neutron-844494-2-hyperv neutron-server[110943]: DEBUG neutron.scheduler.base_scheduler [None req-7e24ae15-5423-4362-9c91-9ef61485eb9e tempest-NetworksTest-129608682 tempest-NetworksTest-129608682-project] Resources bound (agent type, host, resource id): (DHCP agent, dv-neutron-844494-2-hyperv, 1d98f538-b408-4e94-a366-ef262f38656e) {{(pid=110943) schedule /opt/stack/neutron/neutron/scheduler/base_scheduler.py:57}}
Jun 06 12:41:44.938582 dv-neutron-844494-2-hyperv neutron-server[110943]: DEBUG neutron.pecan_wsgi.hooks.policy_enforcement [None req-7e24ae15-5423-4362-9c91-9ef61485eb9e tempest-NetworksTest-129608682 tempest-NetworksTest-129608682-project] Attributes excluded by policy engine: ['standard_attr_id', 'shared', 'segment_id', 'network'] {{(pid=110943) _exclude_attributes_by_policy /opt/stack/neutron/neutron/pecan_wsgi/hooks/policy_enforcement.py:259}}
Jun 06 12:41:44.939178 dv-neutron-844494-2-hyperv neutron-server[110943]: DEBUG neutron_lib.callbacks.manager [None req-7e24ae15-5423-4362-9c91-9ef61485eb9e tempest-NetworksTest-129608682 tempest-NetworksTest-129608682-project] Publish callbacks ['neutron.api.rpc.agentnotifiers.dhcp_rpc_agent_api.DhcpAgentNotifyAPI._send_dhcp_notification-1600024'] for subnet (None), before_response {{(pid=110943) _notify_loop /usr/local/lib/python3.8/dist-packages/neutron_lib/callbacks/manager.py:176}}
Jun 06 12:41:44.951507 dv-neutron-844494-2-hyperv neutron-server[110944]: DEBUG neutron.api.rpc.handlers.dhcp_rpc [None req-c1ee49e8-5c3a-49e6-9410-68a8c78a09df None None] Network 1d98f538-b408-4e94-a366-ef262f38656e requested from dv-neutron-844494-2-hyperv {{(pid=110944) get_network_info /opt/stack/neutron/neutron/api/rpc/handlers/dhcp_rpc.py:191}}
Jun 06 12:41:44.959904 dv-neutron-844494-2-hyperv neutron-server[110942]: INFO neutron.wsgi [req-8052b033-8189-4580-81a8-a9dbbf463b6a req-2a92a059-15c2-4262-b459-9f23ed04bd82 service neutron] 10.222.0.48 "GET /v2.0/networks/2d62893d-8b8c-41ee-9a78-0f73db5ca722?fields=segments HTTP/1.1" status: 200 len: 212 time: 0.3440838
Jun 06 12:41:44.978476 dv-neutron-844494-2-hyperv neutron-server[110943]: DEBUG neutron.scheduler.l3_agent_scheduler [None req-eb753c78-7b61-43aa-8298-3bc5255ecd28 tempest-RoutersIpV6AdminTest-1278513916 tempest-RoutersIpV6AdminTest-1278513916-project-admin] Router d1d3fdd0-f24d-4eab-9960-f37bc8bba0d9 is scheduled to L3 agent daa8cf21-5aab-4f4d-8812-1d579e6a3375 with binding_index 1 {{(pid=110943) bind_router /opt/stack/neutron/neutron/scheduler/l3_agent_scheduler.py:209}}
Jun 06 12:41:44.990573 dv-neutron-844494-2-hyperv neutron-server[110943]: INFO neutron.wsgi [None req-7e24ae15-5423-4362-9c91-9ef61485eb9e tempest-NetworksTest-129608682 tempest-NetworksTest-129608682-project] 10.222.0.45 "POST /v2.0/subnets HTTP/1.1" status: 201 len: 816 time: 2.2553024
Jun 06 12:41:44.990782 dv-neutron-844494-2-hyperv neutron-server[110942]: INFO neutron.services.segments.plugin [-] Segment 0f450b8c-3ed0-426a-b77d-5c5cd251b9e4 resource provider not found; error: Placement Client Error (4xx): {"errors": [{"status": 404, "title": "Not Found", "detail": "The resource could not be found.\n\n No resource provider with uuid 0f450b8c-3ed0-426a-b77d-5c5cd251b9e4 found for delete ", "request_id": "req-a8e5a88f-8936-48f1-adea-c3c26530cf17"}]}
Jun 06 12:41:44.993269 dv-neutron-844494-2-hyperv neutron-server[110943]: DEBUG neutron.pecan_wsgi.hooks.quota_enforcement [None req-f46a06d2-62f6-41e2-a04b-74de81358932 tempest-AllowedAddressPairIpV6TestJSON-301489128 tempest-AllowedAddressPairIpV6TestJSON-301489128-project] Made reservation on behalf of 4f7fe4a3fa534b458c4331986a358ff2 for: {'port': 1} {{(pid=110943) before /opt/stack/neutron/neutron/pecan_wsgi/hooks/quota_enforcement.py:53}}
Jun 06 12:41:44.996622 dv-neutron-844494-2-hyperv neutron-server[110943]: DEBUG neutron_lib.callbacks.manager [None req-f46a06d2-62f6-41e2-a04b-74de81358932 tempest-AllowedAddressPairIpV6TestJSON-301489128 tempest-AllowedAddressPairIpV6TestJSON-301489128-project] Publish callbacks ['neutron.plugins.ml2.plugin.SecurityGroupDbMixin._ensure_default_security_group_handler-618042'] for port (None), before_create {{(pid=110943) _notify_loop /usr/local/lib/python3.8/dist-packages/neutron_lib/callbacks/manager.py:176}}
Jun 06 12:41:44.999090 dv-neutron-844494-2-hyperv neutron-server[110943]: DEBUG neutron.wsgi [-] (110943) accepted ('10.222.0.45', 48256) {{(pid=110943) server /usr/local/lib/python3.8/dist-packages/eventlet/wsgi.py:1004}}
Jun 06 12:41:45.048741 dv-neutron-844494-2-hyperv neutron-server[110942]: DEBUG neutron.wsgi [req-86d9e6f0-fa9f-4d1f-8a29-8e92d26eaeca req-7214333b-b7b0-471a-a674-0db198be8034 service neutron] http://10.222.0.45:9696/v2.0/extensions returned with HTTP 200 {{(pid=110942) __call__ /opt/stack/neutron/neutron/wsgi.py:730}}
Jun 06 12:41:45.049739 dv-neutron-844494-2-hyperv neutron-server[110942]: INFO neutron.wsgi [req-86d9e6f0-fa9f-4d1f-8a29-8e92d26eaeca req-7214333b-b7b0-471a-a674-0db198be8034 service neutron] 10.222.0.45 "GET /v2.0/extensions HTTP/1.1" status: 200 len: 14082 time: 0.1604342
Jun 06 12:41:45.061478 dv-neutron-844494-2-hyperv neutron-server[110942]: INFO neutron.wsgi [None req-4708c4f9-6343-487d-b85b-1b5be2d9672c admin admin] 10.222.0.45 "GET /v2.0/security-groups?tenant_id=18cf8f8eda5148c3ae6f0140f2e2ae86&name=default HTTP/1.1" status: 200 len: 2992 time: 0.2963274
Jun 06 12:41:45.066909 dv-neutron-844494-2-hyperv neutron-server[110944]: DEBUG neutron.db.provisioning_blocks [None req-b5640cdd-00e8-44c7-841e-82cb34750a22 None None] Provisioning complete for port 7cdc1687-20ce-430b-89b1-670f22709319 triggered by entity DHCP. {{(pid=110944) provisioning_complete /opt/stack/neutron/neutron/db/provisioning_blocks.py:140}}
Jun 06 12:41:45.067555 dv-neutron-844494-2-hyperv neutron-server[110944]: DEBUG neutron_lib.callbacks.manager [None req-b5640cdd-00e8-44c7-841e-82cb34750a22 None None] Publish callbacks ['neutron.plugins.ml2.plugin.Ml2Plugin._port_provisioned-951473'] for port (7cdc1687-20ce-430b-89b1-670f22709319), provisioning_complete {{(pid=110944) _notify_loop /usr/local/lib/python3.8/dist-packages/neutron_lib/callbacks/manager.py:176}}
Jun 06 12:41:45.069537 dv-neutron-844494-2-hyperv neutron-server[110943]: DEBUG neutron.wsgi [-] (110943) accepted ('10.222.0.45', 48258) {{(pid=110943) server /usr/local/lib/python3.8/dist-packages/eventlet/wsgi.py:1004}}
Jun 06 12:41:45.074442 dv-neutron-844494-2-hyperv neutron-server[110943]: DEBUG neutron.api.v2.base [None req-5fbbb73b-45bd-4680-befc-0dce8d5cff87 tempest-NetworksTest-129608682 tempest-NetworksTest-129608682-project] Request body: {'network': {'name': 'tempest-NetworksTest-test-network-1954025032'}} {{(pid=110943) prepare_request_body /opt/stack/neutron/neutron/api/v2/base.py:730}}
Jun 06 12:41:45.094174 dv-neutron-844494-2-hyperv neutron-server[110942]: INFO neutron.wsgi [req-9bc7e509-7850-4c6a-97b6-d59a4f3e8550 req-b267900c-2428-4d47-b04f-ad500d9df80a tempest-ServersTestManualDisk-1864925770 tempest-ServersTestManualDisk-1864925770-project] 10.222.0.45 "GET /v2.0/ports?device_id=43044891-072c-4cf6-90aa-8073aadb815c HTTP/1.1" status: 200 len: 210 time: 0.0515537
Jun 06 12:41:45.105184 dv-neutron-844494-2-hyperv neutron-server[110942]: DEBUG neutron_lib.callbacks.manager [None req-014dda9c-6bc4-44af-9fa7-1bcb28243088 tempest-BulkNetworkOpsTest-280120894 tempest-BulkNetworkOpsTest-280120894-project] Publish callbacks ['neutron.plugins.ml2.plugin.Ml2Plugin._network_delete_after_delete_handler-1035553', 'neutron.plugins.ml2.ovo_rpc._ObjectChangeHandler.handle_event-1687016', 'neutron.api.rpc.agentnotifiers.dhcp_rpc_agent_api.DhcpAgentNotifyAPI._native_event_send_dhcp_notification-1600006', 'neutron.services.l3_router.l3_router_plugin.DVRResourceOperationHandler.delete_fip_namespaces_for_ext_net-2087936'] for network (d0e686a7-667c-4ccb-85bd-3ce013400b74), after_delete {{(pid=110942) _notify_loop /usr/local/lib/python3.8/dist-packages/neutron_lib/callbacks/manager.py:176}}
Jun 06 12:41:45.141198 dv-neutron-844494-2-hyperv neutron-server[110944]: DEBUG neutron.plugins.ml2.plugin [None req-b5640cdd-00e8-44c7-841e-82cb34750a22 None None] Port 7cdc1687-20ce-430b-89b1-670f22709319 cannot update to ACTIVE because it is not bound. {{(pid=110944) _port_provisioned /opt/stack/neutron/neutron/plugins/ml2/plugin.py:343}}
Jun 06 12:41:45.141820 dv-neutron-844494-2-hyperv neutron-server[110942]: DEBUG neutron_lib.callbacks.manager [None req-014dda9c-6bc4-44af-9fa7-1bcb28243088 tempest-BulkNetworkOpsTest-280120894 tempest-BulkNetworkOpsTest-280120894-project] Publish callbacks [] for network (None), before_response {{(pid=110942) _notify_loop /usr/local/lib/python3.8/dist-packages/neutron_lib/callbacks/manager.py:176}}
Jun 06 12:41:45.144981 dv-neutron-844494-2-hyperv neutron-server[110942]: INFO neutron.wsgi [None req-014dda9c-6bc4-44af-9fa7-1bcb28243088 tempest-BulkNetworkOpsTest-280120894 tempest-BulkNetworkOpsTest-280120894-project] 10.222.0.45 "DELETE /v2.0/networks/d0e686a7-667c-4ccb-85bd-3ce013400b74 HTTP/1.1" status: 204 len: 168 time: 0.9079571
Jun 06 12:41:45.151370 dv-neutron-844494-2-hyperv neutron-server[110944]: DEBUG neutron.api.rpc.handlers.dhcp_rpc [None req-e6eb5646-3801-420f-bdfe-16ad0105248f None None] Create dhcp port {'port': {'name': '', 'admin_state_up': True, 'device_id': 'dhcp6613026e-5ea8-50bd-9bb9-9efb59dc4eed-1d98f538-b408-4e94-a366-ef262f38656e', 'network_id': '1d98f538-b408-4e94-a366-ef262f38656e', 'project_id': '8b13d2e7e80c45a79cd179f691647707', 'fixed_ips': [{'subnet_id': 'd3f88d07-57be-4821-bd78-20371e2e6ed1'}]}} from dv-neutron-844494-2-hyperv. {{(pid=110944) create_dhcp_port /opt/stack/neutron/neutron/api/rpc/handlers/dhcp_rpc.py:268}}
Jun 06 12:41:45.152643 dv-neutron-844494-2-hyperv neutron-server[110944]: DEBUG neutron_lib.callbacks.manager [None req-e6eb5646-3801-420f-bdfe-16ad0105248f None None] Publish callbacks ['neutron.plugins.ml2.plugin.SecurityGroupDbMixin._ensure_default_security_group_handler-618042'] for port (None), before_create {{(pid=110944) _notify_loop /usr/local/lib/python3.8/dist-packages/neutron_lib/callbacks/manager.py:176}}
Jun 06 12:41:45.153594 dv-neutron-844494-2-hyperv neutron-server[110943]: DEBUG neutron.wsgi [-] (110943) accepted ('10.222.0.45', 48260) {{(pid=110943) server /usr/local/lib/python3.8/dist-packages/eventlet/wsgi.py:1004}}
Jun 06 12:41:45.170996 dv-neutron-844494-2-hyperv neutron-server[110942]: DEBUG neutron.api.rpc.handlers.resources_rpc [None req-014dda9c-6bc4-44af-9fa7-1bcb28243088 tempest-BulkNetworkOpsTest-280120894 tempest-BulkNetworkOpsTest-280120894-project] Pushing event deleted for resources: {'Network': ['ID=d0e686a7-667c-4ccb-85bd-3ce013400b74,revision_number=None']} {{(pid=110942) push /opt/stack/neutron/neutron/api/rpc/handlers/resources_rpc.py:237}}
Jun 06 12:41:45.179626 dv-neutron-844494-2-hyperv neutron-server[110943]: DEBUG neutron.notifiers.nova [None req-f46a06d2-62f6-41e2-a04b-74de81358932 tempest-AllowedAddressPairIpV6TestJSON-301489128 tempest-AllowedAddressPairIpV6TestJSON-301489128-project] device_id is not set on port 0b0d4fb4-7d52-4438-9764-fe07f579c886 yet. {{(pid=110943) _can_notify /opt/stack/neutron/neutron/notifiers/nova.py:199}}
Jun 06 12:41:45.214033 dv-neutron-844494-2-hyperv neutron-server[110942]: INFO neutron.wsgi [req-8052b033-8189-4580-81a8-a9dbbf463b6a req-8ed91807-d5f5-46f7-a427-dbfb4066ba6e service neutron] 10.222.0.48 "GET /v2.0/networks/2d62893d-8b8c-41ee-9a78-0f73db5ca722?fields=provider%3Aphysical_network&fields=provider%3Anetwork_type HTTP/1.1" status: 200 len: 281 time: 0.2460082
Jun 06 12:41:45.230385 dv-neutron-844494-2-hyperv neutron-server[110942]: INFO neutron.wsgi [req-86d9e6f0-fa9f-4d1f-8a29-8e92d26eaeca req-352a643e-a51e-4e42-9834-9a4345c614f0 service neutron] 10.222.0.45 "GET /v2.0/networks/cec6c864-0811-4508-8fce-32e61cd2ad31?fields=segments HTTP/1.1" status: 200 len: 212 time: 0.1655829
Jun 06 12:41:45.328746 dv-neutron-844494-2-hyperv neutron-server[110944]: DEBUG neutron.db.db_base_plugin_common [None req-e6eb5646-3801-420f-bdfe-16ad0105248f None None] Allocated IP 172.20.255.242 (1d98f538-b408-4e94-a366-ef262f38656e/d3f88d07-57be-4821-bd78-20371e2e6ed1/4159a8e6-96ad-452e-b8ed-9878b18c46bb) {{(pid=110944) _store_ip_allocation /opt/stack/neutron/neutron/db/db_base_plugin_common.py:131}}
Jun 06 12:41:45.367669 dv-neutron-844494-2-hyperv neutron-server[110942]: DEBUG neutron.pecan_wsgi.hooks.policy_enforcement [req-b0e571cb-8adc-42db-be54-c2751fd2d567 req-02c5de1c-a457-4d70-9c14-48854e4b0fdc service neutron] Attributes excluded by policy engine: ['standard_attr_id'] {{(pid=110942) _exclude_attributes_by_policy /opt/stack/neutron/neutron/pecan_wsgi/hooks/policy_enforcement.py:259}}
Jun 06 12:41:45.369297 dv-neutron-844494-2-hyperv neutron-server[110942]: INFO neutron.wsgi [req-b0e571cb-8adc-42db-be54-c2751fd2d567 req-02c5de1c-a457-4d70-9c14-48854e4b0fdc service neutron] 10.222.0.48 "GET /v2.0/ports?tenant_id=414bcf99ff254748b2486a6e45b97295&device_id=c0c92d0f-8a96-4a19-a867-40682fd84714 HTTP/1.1" status: 200 len: 1128 time: 0.0826988
Jun 06 12:41:45.373291 dv-neutron-844494-2-hyperv neutron-server[110942]: INFO neutron.wsgi [req-86d9e6f0-fa9f-4d1f-8a29-8e92d26eaeca req-ea530726-0989-455e-815b-b380f40ba354 service neutron] 10.222.0.45 "GET /v2.0/networks/cec6c864-0811-4508-8fce-32e61cd2ad31?fields=provider%3Aphysical_network&fields=provider%3Anetwork_type HTTP/1.1" status: 200 len: 281 time: 0.1350412
Jun 06 12:41:45.487440 dv-neutron-844494-2-hyperv neutron-server[110942]: DEBUG neutron.pecan_wsgi.hooks.policy_enforcement [req-b0e571cb-8adc-42db-be54-c2751fd2d567 req-c1433157-257a-4877-84ae-def2c474d805 service neutron] Attributes excluded by policy engine: ['standard_attr_id', 'vlan_transparent'] {{(pid=110942) _exclude_attributes_by_policy /opt/stack/neutron/neutron/pecan_wsgi/hooks/policy_enforcement.py:259}}
Jun 06 12:41:45.489812 dv-neutron-844494-2-hyperv neutron-server[110942]: INFO neutron.wsgi [req-b0e571cb-8adc-42db-be54-c2751fd2d567 req-c1433157-257a-4877-84ae-def2c474d805 service neutron] 10.222.0.48 "GET /v2.0/networks?id=2d62893d-8b8c-41ee-9a78-0f73db5ca722 HTTP/1.1" status: 200 len: 912 time: 0.1140444
Jun 06 12:41:45.490163 dv-neutron-844494-2-hyperv neutron-server[110944]: DEBUG neutron_lib.callbacks.manager [None req-e6eb5646-3801-420f-bdfe-16ad0105248f None None] Publish callbacks [] for port (4159a8e6-96ad-452e-b8ed-9878b18c46bb), precommit_create {{(pid=110944) _notify_loop /usr/local/lib/python3.8/dist-packages/neutron_lib/callbacks/manager.py:176}}
Jun 06 12:41:45.500821 dv-neutron-844494-2-hyperv neutron-server[110944]: DEBUG neutron_lib.callbacks.manager [None req-e6eb5646-3801-420f-bdfe-16ad0105248f None None] Publish callbacks ['neutron.plugins.ml2.plugin.SecurityGroupServerNotifierRpcMixin._notify_sg_on_port_change-614538', 'neutron.plugins.ml2.ovo_rpc._ObjectChangeHandler.handle_event-303021', 'neutron.api.rpc.agentnotifiers.dhcp_rpc_agent_api.DhcpAgentNotifyAPI._native_event_send_dhcp_notification-1600006', 'neutron.db.l3_dvrscheduler_db._notify_l3_agent_new_port-8780881104496'] for port (4159a8e6-96ad-452e-b8ed-9878b18c46bb), after_create {{(pid=110944) _notify_loop /usr/local/lib/python3.8/dist-packages/neutron_lib/callbacks/manager.py:176}}
Jun 06 12:41:45.537778 dv-neutron-844494-2-hyperv neutron-server[110942]: INFO neutron.wsgi [req-b0e571cb-8adc-42db-be54-c2751fd2d567 req-312917c8-1968-44c9-9382-fa659c1ff7e9 service neutron] 10.222.0.48 "GET /v2.0/floatingips?fixed_ip_address=172.20.0.14&port_id=bde9357f-4ee1-4ad4-9721-a076a368ba45 HTTP/1.1" status: 200 len: 217 time: 0.0406554
Jun 06 12:41:45.559359 dv-neutron-844494-2-hyperv neutron-server[110944]: DEBUG neutron.scheduler.dhcp_agent_scheduler [None req-e6eb5646-3801-420f-bdfe-16ad0105248f None None] Network 1d98f538-b408-4e94-a366-ef262f38656e is already hosted by enough agents. {{(pid=110944) _get_dhcp_agents_hosting_network /opt/stack/neutron/neutron/scheduler/dhcp_agent_scheduler.py:275}}
Jun 06 12:41:45.560825 dv-neutron-844494-2-hyperv neutron-server[110944]: DEBUG neutron.api.rpc.handlers.resources_rpc [None req-e6eb5646-3801-420f-bdfe-16ad0105248f None None] Pushing event updated for resources: {'Port': ['ID=4159a8e6-96ad-452e-b8ed-9878b18c46bb,revision_number=1']} {{(pid=110944) push /opt/stack/neutron/neutron/api/rpc/handlers/resources_rpc.py:237}}
Jun 06 12:41:45.560961 dv-neutron-844494-2-hyperv neutron-server[110943]: DEBUG neutron.pecan_wsgi.hooks.quota_enforcement [None req-5fbbb73b-45bd-4680-befc-0dce8d5cff87 tempest-NetworksTest-129608682 tempest-NetworksTest-129608682-project] Made reservation on behalf of 8b13d2e7e80c45a79cd179f691647707 for: {'network': 1} {{(pid=110943) before /opt/stack/neutron/neutron/pecan_wsgi/hooks/quota_enforcement.py:53}}
Jun 06 12:41:45.564494 dv-neutron-844494-2-hyperv neutron-server[110944]: DEBUG neutron.scheduler.base_scheduler [None req-e6eb5646-3801-420f-bdfe-16ad0105248f None None] Resources bound (agent type, host, resource id): {{(pid=110944) schedule /opt/stack/neutron/neutron/scheduler/base_scheduler.py:57}}
Jun 06 12:41:45.565092 dv-neutron-844494-2-hyperv neutron-server[110943]: DEBUG neutron_lib.callbacks.manager [None req-5fbbb73b-45bd-4680-befc-0dce8d5cff87 tempest-NetworksTest-129608682 tempest-NetworksTest-129608682-project] Publish callbacks ['neutron.plugins.ml2.plugin.SecurityGroupDbMixin._ensure_default_security_group_handler-618042'] for network (None), before_create {{(pid=110943) _notify_loop /usr/local/lib/python3.8/dist-packages/neutron_lib/callbacks/manager.py:176}}
Jun 06 12:41:45.567229 dv-neutron-844494-2-hyperv neutron-server[110944]: DEBUG neutron.db.l3_dvrscheduler_db [None req-e6eb5646-3801-420f-bdfe-16ad0105248f None None] Received port after_create {{(pid=110944) _notify_l3_agent_new_port /opt/stack/neutron/neutron/db/l3_dvrscheduler_db.py:536}}
Jun 06 12:41:45.611510 dv-neutron-844494-2-hyperv neutron-server[110942]: DEBUG neutron.pecan_wsgi.hooks.policy_enforcement [req-b0e571cb-8adc-42db-be54-c2751fd2d567 req-61ccfb07-f0d8-46d6-a010-e2bf063bf731 service neutron] Attributes excluded by policy engine: ['standard_attr_id', 'shared', 'segment_id'] {{(pid=110942) _exclude_attributes_by_policy /opt/stack/neutron/neutron/pecan_wsgi/hooks/policy_enforcement.py:259}}
Jun 06 12:41:45.613874 dv-neutron-844494-2-hyperv neutron-server[110942]: INFO neutron.wsgi [req-b0e571cb-8adc-42db-be54-c2751fd2d567 req-61ccfb07-f0d8-46d6-a010-e2bf063bf731 service neutron] 10.222.0.48 "GET /v2.0/subnets?id=4d3f5a93-2ec1-4e97-9fbd-4b22963bcab8 HTTP/1.1" status: 200 len: 850 time: 0.0698273
Jun 06 12:41:45.656286 dv-neutron-844494-2-hyperv neutron-server[110944]: DEBUG neutron.plugins.ml2.managers [None req-e6eb5646-3801-420f-bdfe-16ad0105248f None None] Attempting to bind port 4159a8e6-96ad-452e-b8ed-9878b18c46bb on host dv-neutron-844494-2-hyperv for vnic_type normal with profile {{(pid=110944) bind_port /opt/stack/neutron/neutron/plugins/ml2/managers.py:795}}
Jun 06 12:41:45.656660 dv-neutron-844494-2-hyperv neutron-server[110944]: DEBUG neutron.plugins.ml2.managers [None req-e6eb5646-3801-420f-bdfe-16ad0105248f None None] Attempting to bind port 4159a8e6-96ad-452e-b8ed-9878b18c46bb by drivers openvswitch,hyperv on host dv-neutron-844494-2-hyperv at level 0 using segments [{'id': 'ba40a523-897a-4fd2-97e7-e085ca33b5e1', 'network_type': 'vlan', 'physical_network': 'physnet1', 'segmentation_id': 339, 'network_id': '1d98f538-b408-4e94-a366-ef262f38656e'}] {{(pid=110944) _bind_port_level /opt/stack/neutron/neutron/plugins/ml2/managers.py:820}}
Jun 06 12:41:45.657023 dv-neutron-844494-2-hyperv neutron-server[110944]: DEBUG neutron.plugins.ml2.drivers.mech_agent [None req-e6eb5646-3801-420f-bdfe-16ad0105248f None None] Attempting to bind port 4159a8e6-96ad-452e-b8ed-9878b18c46bb on network 1d98f538-b408-4e94-a366-ef262f38656e {{(pid=110944) bind_port /opt/stack/neutron/neutron/plugins/ml2/drivers/mech_agent.py:91}}
Jun 06 12:41:45.662251 dv-neutron-844494-2-hyperv neutron-server[110944]: DEBUG neutron.plugins.ml2.drivers.mech_agent [None req-e6eb5646-3801-420f-bdfe-16ad0105248f None None] Checking agent: {'id': 'e0850bd1-781a-48ed-9e8b-a4a751626d37', 'agent_type': 'Open vSwitch agent', 'binary': 'neutron-openvswitch-agent', 'topic': 'N/A', 'host': 'dv-neutron-844494-2-hyperv', 'admin_state_up': True, 'created_at': datetime.datetime(2022, 6, 6, 12, 33, 32), 'started_at': datetime.datetime(2022, 6, 6, 12, 34, 2), 'heartbeat_timestamp': datetime.datetime(2022, 6, 6, 12, 41, 32), 'description': None, 'resources_synced': None, 'availability_zone': None, 'alive': True, 'configurations': {'arp_responder_enabled': False, 'baremetal_smartnic': False, 'bridge_mappings': {'physnet1': 'br-data'}, 'datapath_type': 'system', 'devices': 0, 'enable_distributed_routing': False, 'extensions': [], 'in_distributed_mode': False, 'integration_bridge': 'br-int', 'l2_population': False, 'log_agent_heartbeats': False, 'ovs_capabilities': {'datapath_types': ['netdev', 'system'], 'iface_types': ['erspan', 'geneve', 'gre', 'internal', 'ip6erspan', 'ip6gre', 'lisp', 'patch', 'stt', 'system', 'tap', 'vxlan']}, 'ovs_hybrid_plug': False, 'resource_provider_bandwidths': {}, 'resource_provider_hypervisors': {'br-data': 'dv-neutron-844494-2-hyperv'}, 'resource_provider_inventory_defaults': {'allocation_ratio': 1.0, 'min_unit': 1, 'step_size': 1, 'reserved': 0}, 'resource_provider_packet_processing_inventory_defaults': {'allocation_ratio': 1.0, 'min_unit': 1, 'step_size': 1, 'reserved': 0}, 'resource_provider_packet_processing_with_direction': {}, 'resource_provider_packet_processing_without_direction': {}, 'tunnel_types': [], 'tunneling_ip': None, 'vhostuser_socket_dir': '/var/run/openvswitch'}, 'resource_versions': {'AddressGroup': '1.2', 'ConntrackHelper': '1.0', 'LocalIPAssociation': '1.0', 'Log': '1.0', 'Network': '1.1', 'Port': '1.7', 'PortForwarding': '1.2', 'QosPolicy': '1.10', 'SecurityGroup': '1.5', 'SecurityGroupRule': '1.2', 'SubPort': '1.0', 'Subnet': '1.1', 'Trunk': '1.1'}} {{(pid=110944) bind_port /opt/stack/neutron/neutron/plugins/ml2/drivers/mech_agent.py:110}}
Jun 06 12:41:45.662629 dv-neutron-844494-2-hyperv neutron-server[110944]: DEBUG neutron.plugins.ml2.drivers.mech_agent [None req-e6eb5646-3801-420f-bdfe-16ad0105248f None None] Checking segment: {'id': 'ba40a523-897a-4fd2-97e7-e085ca33b5e1', 'network_type': 'vlan', 'physical_network': 'physnet1', 'segmentation_id': 339, 'network_id': '1d98f538-b408-4e94-a366-ef262f38656e'} for mappings: {'physnet1': 'br-data'} with network types: ['local', 'flat', 'vlan'] {{(pid=110944) check_segment_for_agent /opt/stack/neutron/neutron/plugins/ml2/drivers/mech_agent.py:373}}
Jun 06 12:41:45.663154 dv-neutron-844494-2-hyperv neutron-server[110944]: DEBUG neutron_lib.callbacks.manager [None req-e6eb5646-3801-420f-bdfe-16ad0105248f None None] Publish callbacks [] for ovs_bridge_name (None), before_read {{(pid=110944) _notify_loop /usr/local/lib/python3.8/dist-packages/neutron_lib/callbacks/manager.py:176}}
Jun 06 12:41:45.663754 dv-neutron-844494-2-hyperv neutron-server[110944]: DEBUG neutron.plugins.ml2.drivers.mech_agent [None req-e6eb5646-3801-420f-bdfe-16ad0105248f None None] Bound using segment: {'id': 'ba40a523-897a-4fd2-97e7-e085ca33b5e1', 'network_type': 'vlan', 'physical_network': 'physnet1', 'segmentation_id': 339, 'network_id': '1d98f538-b408-4e94-a366-ef262f38656e'} {{(pid=110944) bind_port /opt/stack/neutron/neutron/plugins/ml2/drivers/mech_agent.py:120}}
Jun 06 12:41:45.664378 dv-neutron-844494-2-hyperv neutron-server[110944]: DEBUG neutron.plugins.ml2.managers [None req-e6eb5646-3801-420f-bdfe-16ad0105248f None None] Bound port: 4159a8e6-96ad-452e-b8ed-9878b18c46bb, host: dv-neutron-844494-2-hyperv, vif_type: ovs, vif_details: {"connectivity": "l2", "port_filter": true, "ovs_hybrid_plug": false, "datapath_type": "system", "bridge_name": "br-int"}, binding_levels: [{'bound_driver': 'openvswitch', 'bound_segment': {'id': 'ba40a523-897a-4fd2-97e7-e085ca33b5e1', 'network_type': 'vlan', 'physical_network': 'physnet1', 'segmentation_id': 339, 'network_id': '1d98f538-b408-4e94-a366-ef262f38656e'}}] {{(pid=110944) _bind_port_level /opt/stack/neutron/neutron/plugins/ml2/managers.py:932}}
Jun 06 12:41:45.664923 dv-neutron-844494-2-hyperv neutron-server[110944]: DEBUG neutron_lib.callbacks.manager [None req-e6eb5646-3801-420f-bdfe-16ad0105248f None None] Publish callbacks ['neutron.plugins.ml2.plugin.SecurityGroupDbMixin._ensure_default_security_group_handler-618042'] for port (4159a8e6-96ad-452e-b8ed-9878b18c46bb), before_update {{(pid=110944) _notify_loop /usr/local/lib/python3.8/dist-packages/neutron_lib/callbacks/manager.py:176}}
Jun 06 12:41:45.682647 dv-neutron-844494-2-hyperv neutron-server[110943]: DEBUG neutron_lib.callbacks.manager [req-55acb04e-eda9-49ea-8c16-02b36eb819f0 req-8fd30ab8-939d-4d6e-8069-a2471da6d5da tempest-ServersTestManualDisk-1864925770 tempest-ServersTestManualDisk-1864925770-project] Publish callbacks [] for port (768c9df2-64c5-446e-ba97-a31d1e9cfaaf), precommit_create {{(pid=110943) _notify_loop /usr/local/lib/python3.8/dist-packages/neutron_lib/callbacks/manager.py:176}}
Jun 06 12:41:45.691856 dv-neutron-844494-2-hyperv neutron-server[110942]: INFO neutron.wsgi [req-829408eb-8ec7-49ff-8b72-e74bcbaa6ed9 req-22ba3aac-2109-47bb-bcc9-5d2618b3302c tempest-ServersTestJSON-1573005427 tempest-ServersTestJSON-1573005427-project] 10.222.0.45 "GET /v2.0/ports?device_id=4870a516-06be-4b66-a9b8-39eb8d4c3e51 HTTP/1.1" status: 200 len: 210 time: 0.0372593
Jun 06 12:41:45.703271 dv-neutron-844494-2-hyperv neutron-server[110943]: DEBUG neutron_lib.callbacks.manager [None req-f9689a4e-2cba-4170-bccf-7d737c8bf970 tempest-BulkNetworkOpsTest-280120894 tempest-BulkNetworkOpsTest-280120894-project] Publish callbacks ['neutron.plugins.ml2.plugin.External_net_db_mixin._before_network_delete_handler-651236'] for network (32e89c66-5984-407c-8b3f-1506c2729820), before_delete {{(pid=110943) _notify_loop /usr/local/lib/python3.8/dist-packages/neutron_lib/callbacks/manager.py:176}}
Jun 06 12:41:45.732735 dv-neutron-844494-2-hyperv neutron-server[110942]: DEBUG neutron.pecan_wsgi.hooks.policy_enforcement [req-b0e571cb-8adc-42db-be54-c2751fd2d567 req-342118fe-dd6f-4ea3-9637-4a6741d27626 service neutron] Attributes excluded by policy engine: ['standard_attr_id'] {{(pid=110942) _exclude_attributes_by_policy /opt/stack/neutron/neutron/pecan_wsgi/hooks/policy_enforcement.py:259}}
Jun 06 12:41:45.734465 dv-neutron-844494-2-hyperv neutron-server[110942]: INFO neutron.wsgi [req-b0e571cb-8adc-42db-be54-c2751fd2d567 req-342118fe-dd6f-4ea3-9637-4a6741d27626 service neutron] 10.222.0.48 "GET /v2.0/ports?network_id=2d62893d-8b8c-41ee-9a78-0f73db5ca722&device_owner=network%3Adhcp HTTP/1.1" status: 200 len: 1214 time: 0.1133621
Jun 06 12:41:45.748760 dv-neutron-844494-2-hyperv neutron-server[110944]: DEBUG neutron.plugins.ml2.db [None req-e6eb5646-3801-420f-bdfe-16ad0105248f None None] For port 4159a8e6-96ad-452e-b8ed-9878b18c46bb, host dv-neutron-844494-2-hyperv, cleared binding levels {{(pid=110944) clear_binding_levels /opt/stack/neutron/neutron/plugins/ml2/db.py:87}}
Jun 06 12:41:45.752225 dv-neutron-844494-2-hyperv neutron-server[110944]: DEBUG neutron.plugins.ml2.db [None req-e6eb5646-3801-420f-bdfe-16ad0105248f None None] For port 4159a8e6-96ad-452e-b8ed-9878b18c46bb, host dv-neutron-844494-2-hyperv, set binding levels [PortBindingLevel(driver='openvswitch',host='dv-neutron-844494-2-hyperv',level=0,port_id=4159a8e6-96ad-452e-b8ed-9878b18c46bb,segment=NetworkSegment(ba40a523-897a-4fd2-97e7-e085ca33b5e1),segment_id=ba40a523-897a-4fd2-97e7-e085ca33b5e1)] {{(pid=110944) set_binding_levels /opt/stack/neutron/neutron/plugins/ml2/db.py:59}}
Jun 06 12:41:45.761927 dv-neutron-844494-2-hyperv neutron-server[110944]: DEBUG neutron_lib.callbacks.manager [None req-e6eb5646-3801-420f-bdfe-16ad0105248f None None] Publish callbacks ['neutron.plugins.ml2.plugin.SecurityGroupServerNotifierRpcMixin._notify_sg_on_port_change-614538', 'neutron.plugins.ml2.ovo_rpc._ObjectChangeHandler.handle_event-303021', 'neutron.api.rpc.agentnotifiers.dhcp_rpc_agent_api.DhcpAgentNotifyAPI._native_event_send_dhcp_notification-1600006', 'neutron.db.l3_db.L3RpcNotifierMixin._notify_gateway_port_ip_changed-8780881510193', 'neutron.db.l3_dvrscheduler_db._notify_l3_agent_port_update-8780881104514', 'neutron.db.l3_hascheduler_db._notify_l3_agent_ha_port_update-8780881104532'] for port (4159a8e6-96ad-452e-b8ed-9878b18c46bb), after_update {{(pid=110944) _notify_loop /usr/local/lib/python3.8/dist-packages/neutron_lib/callbacks/manager.py:176}}
Jun 06 12:41:45.762944 dv-neutron-844494-2-hyperv neutron-server[110943]: DEBUG neutron.plugins.ml2.drivers.helpers [None req-5fbbb73b-45bd-4680-befc-0dce8d5cff87 tempest-NetworksTest-129608682 tempest-NetworksTest-129608682-project] vlan segment allocate from pool success with {'physical_network': 'physnet1', 'vlan_id': 334} {{(pid=110943) allocate_partially_specified_segment /opt/stack/neutron/neutron/plugins/ml2/drivers/helpers.py:153}}
Jun 06 12:41:45.774453 dv-neutron-844494-2-hyperv neutron-server[110943]: DEBUG neutron_lib.callbacks.manager [None req-4e35ff1f-9b74-4dcb-83f9-8c7a72f46ee3 admin admin] Publish callbacks [] for security_group (0959dbad-d060-48c6-8c8c-dcd90d1597f3), before_delete {{(pid=110943) _notify_loop /usr/local/lib/python3.8/dist-packages/neutron_lib/callbacks/manager.py:176}}
Jun 06 12:41:45.812602 dv-neutron-844494-2-hyperv neutron-server[110943]: DEBUG neutron.api.rpc.agentnotifiers.l3_rpc_agent_api [None req-eb753c78-7b61-43aa-8298-3bc5255ecd28 tempest-RoutersIpV6AdminTest-1278513916 tempest-RoutersIpV6AdminTest-1278513916-project-admin] Notify agent at l3_agent.dv-neutron-844494-2-hyperv the message routers_updated {{(pid=110943) _agent_notification /opt/stack/neutron/neutron/api/rpc/agentnotifiers/l3_rpc_agent_api.py:65}}
Jun 06 12:41:45.822680 dv-neutron-844494-2-hyperv neutron-server[110943]: DEBUG neutron_lib.callbacks.manager [None req-4e35ff1f-9b74-4dcb-83f9-8c7a72f46ee3 admin admin] Publish callbacks [] for security_group (0959dbad-d060-48c6-8c8c-dcd90d1597f3), precommit_delete {{(pid=110943) _notify_loop /usr/local/lib/python3.8/dist-packages/neutron_lib/callbacks/manager.py:176}}
Jun 06 12:41:45.824457 dv-neutron-844494-2-hyperv neutron-server[110944]: DEBUG neutron.api.rpc.handlers.resources_rpc [None req-e6eb5646-3801-420f-bdfe-16ad0105248f None None] Pushing event updated for resources: {'Port': ['ID=4159a8e6-96ad-452e-b8ed-9878b18c46bb,revision_number=2']} {{(pid=110944) push /opt/stack/neutron/neutron/api/rpc/handlers/resources_rpc.py:237}}
Jun 06 12:41:45.825043 dv-neutron-844494-2-hyperv neutron-server[110945]: DEBUG neutron.api.rpc.handlers.l3_rpc [None req-8aa946a3-d131-4b86-aa42-9a1ef102d859 None None] Sync routers for ids ['d1d3fdd0-f24d-4eab-9960-f37bc8bba0d9'] in dv-neutron-844494-2-hyperv {{(pid=110945) sync_routers /opt/stack/neutron/neutron/api/rpc/handlers/l3_rpc.py:125}}
Jun 06 12:41:45.840506 dv-neutron-844494-2-hyperv neutron-server[110945]: DEBUG neutron.db.l3_dvrscheduler_db [None req-8aa946a3-d131-4b86-aa42-9a1ef102d859 None None] Routers {'d1d3fdd0-f24d-4eab-9960-f37bc8bba0d9'} bound to L3 agent in host dv-neutron-844494-2-hyperv {{(pid=110945) _get_router_ids_for_agent /opt/stack/neutron/neutron/db/l3_dvrscheduler_db.py:421}}
Jun 06 12:41:45.841110 dv-neutron-844494-2-hyperv neutron-server[110945]: DEBUG neutron.db.l3_hamode_db [None req-8aa946a3-d131-4b86-aa42-9a1ef102d859 None None] neutron.services.l3_router.l3_router_plugin.L3RouterPlugin method get_ha_sync_data_for_host called with arguments (, 'dv-neutron-844494-2-hyperv', Agent(admin_state_up=True,agent_type='L3 agent',availability_zone='nova',binary='neutron-l3-agent',configurations={"agent_mode": "legacy", "ex_gw_ports": 4, "extensions": [], "floating_ips": 0, "handle_internal_only_routers": true, "interface_driver": "openvswitch", "interfaces": 3, "log_agent_heartbeats": false, "routers": 4},created_at=2022-06-06T12:33:28Z,description=,heartbeat_timestamp=2022-06-06T12:41:28Z,host='dv-neutron-844494-2-hyperv',id=daa8cf21-5aab-4f4d-8812-1d579e6a3375,load=0,resource_versions=,resources_synced=,started_at=2022-06-06T12:33:28Z,topic='l3_agent')) {'router_ids': ['d1d3fdd0-f24d-4eab-9960-f37bc8bba0d9'], 'active': True} {{(pid=110945) wrapper /usr/local/lib/python3.8/dist-packages/oslo_log/helpers.py:65}}
Jun 06 12:41:45.886179 dv-neutron-844494-2-hyperv neutron-server[110943]: DEBUG neutron_lib.callbacks.manager [None req-5fbbb73b-45bd-4680-befc-0dce8d5cff87 tempest-NetworksTest-129608682 tempest-NetworksTest-129608682-project] Publish callbacks ['neutron.plugins.ml2.plugin.Ml2Plugin._handle_segment_change-1047931'] for segment (b8c2ba85-9ecf-4486-a40a-95d7cce5d57b), precommit_create {{(pid=110943) _notify_loop /usr/local/lib/python3.8/dist-packages/neutron_lib/callbacks/manager.py:176}}
Jun 06 12:41:45.886527 dv-neutron-844494-2-hyperv neutron-server[110943]: INFO neutron.db.segments_db [None req-5fbbb73b-45bd-4680-befc-0dce8d5cff87 tempest-NetworksTest-129608682 tempest-NetworksTest-129608682-project] Added segment b8c2ba85-9ecf-4486-a40a-95d7cce5d57b of type vlan for network bc5fa078-6056-43af-bc9d-b8a5c1f73f74
Jun 06 12:41:45.914463 dv-neutron-844494-2-hyperv neutron-server[110943]: DEBUG neutron_lib.callbacks.manager [None req-eb753c78-7b61-43aa-8298-3bc5255ecd28 tempest-RoutersIpV6AdminTest-1278513916 tempest-RoutersIpV6AdminTest-1278513916-project-admin] Publish callbacks [] for router (None), before_response {{(pid=110943) _notify_loop /usr/local/lib/python3.8/dist-packages/neutron_lib/callbacks/manager.py:176}}
Jun 06 12:41:45.918049 dv-neutron-844494-2-hyperv neutron-server[110943]: INFO neutron.wsgi [None req-eb753c78-7b61-43aa-8298-3bc5255ecd28 tempest-RoutersIpV6AdminTest-1278513916 tempest-RoutersIpV6AdminTest-1278513916-project-admin] 10.222.0.45 "POST /v2.0/routers HTTP/1.1" status: 201 len: 878 time: 8.3823974
Jun 06 12:41:45.918850 dv-neutron-844494-2-hyperv neutron-server[110942]: DEBUG neutron.wsgi [-] (110942) accepted ('10.222.0.45', 48274) {{(pid=110942) server /usr/local/lib/python3.8/dist-packages/eventlet/wsgi.py:1004}}
Jun 06 12:41:45.969312 dv-neutron-844494-2-hyperv neutron-server[110943]: DEBUG neutron.db.db_base_plugin_common [None req-f46a06d2-62f6-41e2-a04b-74de81358932 tempest-AllowedAddressPairIpV6TestJSON-301489128 tempest-AllowedAddressPairIpV6TestJSON-301489128-project] Allocated IP 2001:db8::328 (8e294c84-3f07-4f10-b7c6-d876772bf330/2d441ca1-e399-4859-8945-e5d00486f2ce/0b0d4fb4-7d52-4438-9764-fe07f579c886) {{(pid=110943) _store_ip_allocation /opt/stack/neutron/neutron/db/db_base_plugin_common.py:131}}
Jun 06 12:41:46.001585 dv-neutron-844494-2-hyperv neutron-server[110945]: DEBUG neutron.db.l3_dvr_db [None req-8aa946a3-d131-4b86-aa42-9a1ef102d859 None None] Set router d1d3fdd0-f24d-4eab-9960-f37bc8bba0d9 gateway port host: dv-neutron-844494-2-hyperv {{(pid=110945) _build_routers_list /opt/stack/neutron/neutron/db/l3_dvr_db.py:906}}
Jun 06 12:41:46.030200 dv-neutron-844494-2-hyperv neutron-server[110942]: DEBUG neutron_lib.callbacks.manager [None req-362258ec-8d5a-4a3b-a8c5-af537a215723 tempest-RoutersIpV6AdminTest-1278513916 tempest-RoutersIpV6AdminTest-1278513916-project-admin] Publish callbacks [] for router (d1d3fdd0-f24d-4eab-9960-f37bc8bba0d9), before_delete {{(pid=110942) _notify_loop /usr/local/lib/python3.8/dist-packages/neutron_lib/callbacks/manager.py:176}}
Jun 06 12:41:46.086254 dv-neutron-844494-2-hyperv neutron-server[110942]: INFO neutron.wsgi [req-b0e571cb-8adc-42db-be54-c2751fd2d567 req-d9f68511-c2c9-4e7f-9953-1fd7849f099b service neutron] 10.222.0.48 "GET /v2.0/networks/2d62893d-8b8c-41ee-9a78-0f73db5ca722?fields=segments HTTP/1.1" status: 200 len: 212 time: 0.3441436
Jun 06 12:41:46.253488 dv-neutron-844494-2-hyperv neutron-server[110945]: DEBUG neutron.db.l3_hamode_db [None req-8aa946a3-d131-4b86-aa42-9a1ef102d859 None None] neutron.services.l3_router.l3_router_plugin.L3RouterPlugin method _process_sync_ha_data called with arguments (, [{'id': 'd1d3fdd0-f24d-4eab-9960-f37bc8bba0d9', 'name': '', 'tenant_id': '0a46127562e54545a83999484bb71ca4', 'admin_state_up': True, 'status': 'ACTIVE', 'external_gateway_info': {'network_id': 'cebbaa67-c539-4a54-b1a0-a6aa63026623', 'external_fixed_ips': [{'subnet_id': '27ca9d5d-1d71-452f-9983-a325934b9c0b', 'ip_address': '2001:db8::147'}], 'enable_snat': True}, 'gw_port_id': '7358909d-76e9-4110-b07c-cae949cc2aac', 'description': '', 'availability_zones': ['nova'], 'distributed': False, 'ha': False, 'ha_vr_id': 0, 'availability_zone_hints': [], 'routes': [], 'flavor_id': None, 'tags': [], 'created_at': '2022-06-06T12:41:37Z', 'updated_at': '2022-06-06T12:41:42Z', 'revision_number': 3, 'project_id': '0a46127562e54545a83999484bb71ca4', 'gw_port': {'id': '7358909d-76e9-4110-b07c-cae949cc2aac', 'name': '', 'network_id': 'cebbaa67-c539-4a54-b1a0-a6aa63026623', 'tenant_id': '', 'mac_address': 'fa:16:3e:7d:e3:77', 'admin_state_up': True, 'status': 'DOWN', 'device_id': 'd1d3fdd0-f24d-4eab-9960-f37bc8bba0d9', 'device_owner': 'network:router_gateway', 'standard_attr_id': 187, 'fixed_ips': [{'subnet_id': '27ca9d5d-1d71-452f-9983-a325934b9c0b', 'ip_address': '2001:db8::147', 'prefixlen': 64}], 'allowed_address_pairs': [], 'extra_dhcp_opts': [], 'security_groups': [], 'description': '', 'binding:vnic_type': 'normal', 'binding:profile': {}, 'binding:host_id': '', 'binding:vif_type': 'unbound', 'binding:vif_details': {}, 'port_security_enabled': False, 'tags': [], 'created_at': '2022-06-06T12:41:40Z', 'updated_at': '2022-06-06T12:41:40Z', 'revision_number': 1, 'project_id': '', 'subnets': [{'id': '27ca9d5d-1d71-452f-9983-a325934b9c0b', 'cidr': '2001:db8::/64', 'gateway_ip': '2001:db8::1', 'dns_nameservers': [], 'ipv6_ra_mode': None, 'subnetpool_id': None}], 'extra_subnets': [], 'address_scopes': {4: None, 6: None}, 'mtu': 1500}, 'enable_snat': True, 'gw_port_host': 'dv-neutron-844494-2-hyperv'}], 'dv-neutron-844494-2-hyperv', False) {} {{(pid=110945) wrapper /usr/local/lib/python3.8/dist-packages/oslo_log/helpers.py:65}}
Jun 06 12:41:46.272405 dv-neutron-844494-2-hyperv neutron-server[110943]: DEBUG neutron_lib.callbacks.manager [None req-4e35ff1f-9b74-4dcb-83f9-8c7a72f46ee3 admin admin] Publish callbacks ['neutron.plugins.ml2.ovo_rpc._ObjectChangeHandler.handle_event-1591638'] for security_group (0959dbad-d060-48c6-8c8c-dcd90d1597f3), after_delete {{(pid=110943) _notify_loop /usr/local/lib/python3.8/dist-packages/neutron_lib/callbacks/manager.py:176}}
Jun 06 12:41:46.276014 dv-neutron-844494-2-hyperv neutron-server[110943]: DEBUG neutron_lib.callbacks.manager [None req-4e35ff1f-9b74-4dcb-83f9-8c7a72f46ee3 admin admin] Publish callbacks [] for security_group (None), before_response {{(pid=110943) _notify_loop /usr/local/lib/python3.8/dist-packages/neutron_lib/callbacks/manager.py:176}}
Jun 06 12:41:46.283227 dv-neutron-844494-2-hyperv neutron-server[110943]: INFO neutron.wsgi [None req-4e35ff1f-9b74-4dcb-83f9-8c7a72f46ee3 admin admin] 10.222.0.45 "DELETE /v2.0/security-groups/0959dbad-d060-48c6-8c8c-dcd90d1597f3 HTTP/1.1" status: 204 len: 168 time: 1.1961844
Jun 06 12:41:46.286195 dv-neutron-844494-2-hyperv neutron-server[110943]: DEBUG neutron_lib.callbacks.manager [None req-5fbbb73b-45bd-4680-befc-0dce8d5cff87 tempest-NetworksTest-129608682 tempest-NetworksTest-129608682-project] Publish callbacks ['neutron.services.auto_allocate.db._ensure_external_network_default_value_callback-8780881074634'] for network (bc5fa078-6056-43af-bc9d-b8a5c1f73f74), precommit_create {{(pid=110943) _notify_loop /usr/local/lib/python3.8/dist-packages/neutron_lib/callbacks/manager.py:176}}
Jun 06 12:41:46.286648 dv-neutron-844494-2-hyperv neutron-server[110945]: DEBUG neutron.api.rpc.handlers.l3_rpc [None req-8aa946a3-d131-4b86-aa42-9a1ef102d859 None None] Checking router: d1d3fdd0-f24d-4eab-9960-f37bc8bba0d9 for host: dv-neutron-844494-2-hyperv {{(pid=110945) _ensure_host_set_on_ports /opt/stack/neutron/neutron/api/rpc/handlers/l3_rpc.py:155}}
Jun 06 12:41:46.287115 dv-neutron-844494-2-hyperv neutron-server[110945]: DEBUG neutron.api.rpc.handlers.l3_rpc [None req-8aa946a3-d131-4b86-aa42-9a1ef102d859 None None] Updating router d1d3fdd0-f24d-4eab-9960-f37bc8bba0d9 port 7358909d-76e9-4110-b07c-cae949cc2aac binding host dv-neutron-844494-2-hyperv {{(pid=110945) _ensure_host_set_on_port /opt/stack/neutron/neutron/api/rpc/handlers/l3_rpc.py:205}}
Jun 06 12:41:46.332190 dv-neutron-844494-2-hyperv neutron-server[110945]: DEBUG neutron_lib.callbacks.manager [None req-8aa946a3-d131-4b86-aa42-9a1ef102d859 None None] Publish callbacks ['neutron.plugins.ml2.plugin.SecurityGroupDbMixin._ensure_default_security_group_handler-618042'] for port (7358909d-76e9-4110-b07c-cae949cc2aac), before_update {{(pid=110945) _notify_loop /usr/local/lib/python3.8/dist-packages/neutron_lib/callbacks/manager.py:176}}
Jun 06 12:41:46.387641 dv-neutron-844494-2-hyperv neutron-server[110943]: DEBUG neutron_lib.callbacks.manager [None req-f46a06d2-62f6-41e2-a04b-74de81358932 tempest-AllowedAddressPairIpV6TestJSON-301489128 tempest-AllowedAddressPairIpV6TestJSON-301489128-project] Publish callbacks [] for port (0b0d4fb4-7d52-4438-9764-fe07f579c886), precommit_create {{(pid=110943) _notify_loop /usr/local/lib/python3.8/dist-packages/neutron_lib/callbacks/manager.py:176}}
Jun 06 12:41:46.434737 dv-neutron-844494-2-hyperv neutron-server[110943]: DEBUG neutron.api.rpc.handlers.resources_rpc [None req-4e35ff1f-9b74-4dcb-83f9-8c7a72f46ee3 admin admin] Pushing event deleted for resources: {'SecurityGroup': ['ID=0959dbad-d060-48c6-8c8c-dcd90d1597f3,revision_number=None']} {{(pid=110943) push /opt/stack/neutron/neutron/api/rpc/handlers/resources_rpc.py:237}}
Jun 06 12:41:46.437154 dv-neutron-844494-2-hyperv neutron-server[110943]: DEBUG neutron_lib.callbacks.manager [req-55acb04e-eda9-49ea-8c16-02b36eb819f0 req-8fd30ab8-939d-4d6e-8069-a2471da6d5da tempest-ServersTestManualDisk-1864925770 tempest-ServersTestManualDisk-1864925770-project] Publish callbacks ['neutron.plugins.ml2.plugin.SecurityGroupServerNotifierRpcMixin._notify_sg_on_port_change-614538', 'neutron.plugins.ml2.ovo_rpc._ObjectChangeHandler.handle_event-303021', 'neutron.api.rpc.agentnotifiers.dhcp_rpc_agent_api.DhcpAgentNotifyAPI._native_event_send_dhcp_notification-1600006', 'neutron.db.l3_dvrscheduler_db._notify_l3_agent_new_port-8780881104496', 'neutron.services.segments.plugin.NovaSegmentNotifier._notify_port_created_or_deleted-4536432'] for port (768c9df2-64c5-446e-ba97-a31d1e9cfaaf), after_create {{(pid=110943) _notify_loop /usr/local/lib/python3.8/dist-packages/neutron_lib/callbacks/manager.py:176}}
Jun 06 12:41:46.438949 dv-neutron-844494-2-hyperv neutron-server[110943]: DEBUG neutron_lib.callbacks.manager [None req-f46a06d2-62f6-41e2-a04b-74de81358932 tempest-AllowedAddressPairIpV6TestJSON-301489128 tempest-AllowedAddressPairIpV6TestJSON-301489128-project] Publish callbacks ['neutron.plugins.ml2.plugin.SecurityGroupServerNotifierRpcMixin._notify_sg_on_port_change-614538', 'neutron.plugins.ml2.ovo_rpc._ObjectChangeHandler.handle_event-303021', 'neutron.api.rpc.agentnotifiers.dhcp_rpc_agent_api.DhcpAgentNotifyAPI._native_event_send_dhcp_notification-1600006', 'neutron.db.l3_dvrscheduler_db._notify_l3_agent_new_port-8780881104496', 'neutron.services.segments.plugin.NovaSegmentNotifier._notify_port_created_or_deleted-4536432'] for port (0b0d4fb4-7d52-4438-9764-fe07f579c886), after_create {{(pid=110943) _notify_loop /usr/local/lib/python3.8/dist-packages/neutron_lib/callbacks/manager.py:176}}
Jun 06 12:41:46.448432 dv-neutron-844494-2-hyperv neutron-server[110943]: DEBUG neutron_lib.db.resource_extend [None req-5fbbb73b-45bd-4680-befc-0dce8d5cff87 tempest-NetworksTest-129608682 tempest-NetworksTest-129608682-project] It took 0.16 seconds to run function 'neutron_lib.db.resource_extend.apply_funcs' {{(pid=110943) wrapper /usr/local/lib/python3.8/dist-packages/oslo_utils/timeutils.py:386}}
Jun 06 12:41:46.475316 dv-neutron-844494-2-hyperv neutron-server[110942]: DEBUG neutron.pecan_wsgi.hooks.policy_enforcement [req-bb328cd8-8ab1-4662-8ce6-8e7b2e6dda35 req-fd96740a-8fa1-4576-b469-8adadb802377 tempest-ServersTestManualDisk-1864925770 tempest-ServersTestManualDisk-1864925770-project] Attributes excluded by policy engine: ['standard_attr_id', 'binding:profile', 'binding:host_id', 'binding:vif_type', 'binding:vif_details'] {{(pid=110942) _exclude_attributes_by_policy /opt/stack/neutron/neutron/pecan_wsgi/hooks/policy_enforcement.py:259}}
Jun 06 12:41:46.477452 dv-neutron-844494-2-hyperv neutron-server[110942]: INFO neutron.wsgi [req-bb328cd8-8ab1-4662-8ce6-8e7b2e6dda35 req-fd96740a-8fa1-4576-b469-8adadb802377 tempest-ServersTestManualDisk-1864925770 tempest-ServersTestManualDisk-1864925770-project] 10.222.0.45 "GET /v2.0/ports?device_id=43044891-072c-4cf6-90aa-8073aadb815c HTTP/1.1" status: 200 len: 931 time: 0.2012563
Jun 06 12:41:46.517576 dv-neutron-844494-2-hyperv neutron-server[110943]: DEBUG neutron_lib.callbacks.manager [None req-f9689a4e-2cba-4170-bccf-7d737c8bf970 tempest-BulkNetworkOpsTest-280120894 tempest-BulkNetworkOpsTest-280120894-project] Publish callbacks ['neutron.plugins.ml2.plugin.Ml2Plugin._network_delete_precommit_handler-1032402', 'neutron.services.segments.db._delete_segments_for_network-8780881629404'] for network (32e89c66-5984-407c-8b3f-1506c2729820), precommit_delete {{(pid=110943) _notify_loop /usr/local/lib/python3.8/dist-packages/neutron_lib/callbacks/manager.py:176}}
Jun 06 12:41:46.540451 dv-neutron-844494-2-hyperv neutron-server[110942]: DEBUG neutron.pecan_wsgi.hooks.policy_enforcement [req-417ba330-4f7f-4159-b99b-59e217b884fa req-19ac999a-4677-4deb-99ee-2dfd3d183dc6 tempest-ServerActionsTestJSON-34689144 tempest-ServerActionsTestJSON-34689144-project] Attributes excluded by policy engine: ['standard_attr_id', 'binding:profile', 'binding:host_id', 'binding:vif_type', 'binding:vif_details'] {{(pid=110942) _exclude_attributes_by_policy /opt/stack/neutron/neutron/pecan_wsgi/hooks/policy_enforcement.py:259}}
Jun 06 12:41:46.556900 dv-neutron-844494-2-hyperv neutron-server[110942]: INFO neutron.wsgi [req-417ba330-4f7f-4159-b99b-59e217b884fa req-19ac999a-4677-4deb-99ee-2dfd3d183dc6 tempest-ServerActionsTestJSON-34689144 tempest-ServerActionsTestJSON-34689144-project] 10.222.0.45 "GET /v2.0/ports?device_id=c0c92d0f-8a96-4a19-a867-40682fd84714 HTTP/1.1" status: 200 len: 944 time: 0.4277282
Jun 06 12:41:46.562248 dv-neutron-844494-2-hyperv neutron-server[110942]: DEBUG neutron_lib.callbacks.manager [None req-362258ec-8d5a-4a3b-a8c5-af537a215723 tempest-RoutersIpV6AdminTest-1278513916 tempest-RoutersIpV6AdminTest-1278513916-project-admin] Publish callbacks [] for router_gateway (d1d3fdd0-f24d-4eab-9960-f37bc8bba0d9), before_delete {{(pid=110942) _notify_loop /usr/local/lib/python3.8/dist-packages/neutron_lib/callbacks/manager.py:176}}
Jun 06 12:41:46.565712 dv-neutron-844494-2-hyperv neutron-server[110943]: DEBUG neutron.scheduler.dhcp_agent_scheduler [req-55acb04e-eda9-49ea-8c16-02b36eb819f0 req-8fd30ab8-939d-4d6e-8069-a2471da6d5da tempest-ServersTestManualDisk-1864925770 tempest-ServersTestManualDisk-1864925770-project] Network 595e8882-3390-4839-924f-e41194713bc8 is already hosted by enough agents. {{(pid=110943) _get_dhcp_agents_hosting_network /opt/stack/neutron/neutron/scheduler/dhcp_agent_scheduler.py:275}}
Jun 06 12:41:46.574686 dv-neutron-844494-2-hyperv neutron-server[110943]: DEBUG neutron.services.segments.db [None req-f9689a4e-2cba-4170-bccf-7d737c8bf970 tempest-BulkNetworkOpsTest-280120894 tempest-BulkNetworkOpsTest-280120894-project] neutron.services.segments.plugin.Plugin method get_segments called with arguments (,) {'filters': {'network_id': ['32e89c66-5984-407c-8b3f-1506c2729820']}} {{(pid=110943) wrapper /usr/local/lib/python3.8/dist-packages/oslo_log/helpers.py:65}}
Jun 06 12:41:46.577026 dv-neutron-844494-2-hyperv neutron-server[110943]: DEBUG neutron_lib.callbacks.manager [None req-5fbbb73b-45bd-4680-befc-0dce8d5cff87 tempest-NetworksTest-129608682 tempest-NetworksTest-129608682-project] Publish callbacks ['neutron.plugins.ml2.ovo_rpc._ObjectChangeHandler.handle_event-1687016', 'neutron.api.rpc.agentnotifiers.dhcp_rpc_agent_api.DhcpAgentNotifyAPI._native_event_send_dhcp_notification-1600006'] for network (bc5fa078-6056-43af-bc9d-b8a5c1f73f74), after_create {{(pid=110943) _notify_loop /usr/local/lib/python3.8/dist-packages/neutron_lib/callbacks/manager.py:176}}
Jun 06 12:41:46.582870 dv-neutron-844494-2-hyperv neutron-server[110943]: DEBUG neutron.pecan_wsgi.hooks.policy_enforcement [None req-5fbbb73b-45bd-4680-befc-0dce8d5cff87 tempest-NetworksTest-129608682 tempest-NetworksTest-129608682-project] Attributes excluded by policy engine: ['standard_attr_id', 'provider:network_type', 'provider:physical_network', 'provider:segmentation_id', 'vlan_transparent'] {{(pid=110943) _exclude_attributes_by_policy /opt/stack/neutron/neutron/pecan_wsgi/hooks/policy_enforcement.py:259}}
Jun 06 12:41:46.583471 dv-neutron-844494-2-hyperv neutron-server[110943]: DEBUG neutron_lib.callbacks.manager [None req-5fbbb73b-45bd-4680-befc-0dce8d5cff87 tempest-NetworksTest-129608682 tempest-NetworksTest-129608682-project] Publish callbacks ['neutron.api.rpc.agentnotifiers.dhcp_rpc_agent_api.DhcpAgentNotifyAPI._send_dhcp_notification-1600024'] for network (None), before_response {{(pid=110943) _notify_loop /usr/local/lib/python3.8/dist-packages/neutron_lib/callbacks/manager.py:176}}
