Jun 08 13:30:48.244837 dv-neutron-844461-2-hyperv neutron-server[104639]: INFO neutron.wsgi [None req-75096662-218e-4506-9702-a0e18eeb3c0d tempest-BulkNetworkOpsTest-2054846392 tempest-BulkNetworkOpsTest-2054846392-project] 10.222.0.41 "GET /v2.0/networks HTTP/1.1" status: 200 len: 2498 time: 0.8063209
Jun 08 13:30:48.251065 dv-neutron-844461-2-hyperv neutron-server[104639]: DEBUG neutron.wsgi [-] (104639) accepted ('10.222.0.41', 50348) {{(pid=104639) server /usr/local/lib/python3.8/dist-packages/eventlet/wsgi.py:1004}}
Jun 08 13:30:48.255865 dv-neutron-844461-2-hyperv neutron-server[104640]: INFO neutron.wsgi [None req-a896cffa-db97-4991-8b00-2cb6d3b7529b admin admin] 10.222.0.41 "GET /v2.0/security-groups?tenant_id=820db2c672e44d3db8eb654d347c5703&name=default HTTP/1.1" status: 200 len: 2996 time: 1.0216925
Jun 08 13:30:48.262308 dv-neutron-844461-2-hyperv neutron-server[104639]: DEBUG neutron.wsgi [-] (104639) accepted ('10.222.0.41', 50350) {{(pid=104639) server /usr/local/lib/python3.8/dist-packages/eventlet/wsgi.py:1004}}
Jun 08 13:30:48.265910 dv-neutron-844461-2-hyperv neutron-server[104639]: DEBUG neutron.api.v2.base [None req-81fc4448-94c7-42ad-bad5-06a98517ff37 tempest-BulkNetworkOpsTest-2054846392 tempest-BulkNetworkOpsTest-2054846392-project] Request body: {'network': {'name': 'tempest-BulkNetworkOpsTest-test-network-318347917'}} {{(pid=104639) prepare_request_body /opt/stack/neutron/neutron/api/v2/base.py:730}}
Jun 08 13:30:48.315432 dv-neutron-844461-2-hyperv neutron-server[104641]: DEBUG neutron.db.provisioning_blocks [None req-67ba5729-274e-44aa-b33a-a64fcf64fa8b None None] Provisioning complete for port 19c8aadd-65bb-48d9-8645-88c14ca74fb1 triggered by entity DHCP. {{(pid=104641) provisioning_complete /opt/stack/neutron/neutron/db/provisioning_blocks.py:145}}
Jun 08 13:30:48.315923 dv-neutron-844461-2-hyperv neutron-server[104641]: DEBUG neutron_lib.callbacks.manager [None req-67ba5729-274e-44aa-b33a-a64fcf64fa8b None None] Publish callbacks ['neutron.plugins.ml2.plugin.Ml2Plugin._port_provisioned-1434986'] for port (19c8aadd-65bb-48d9-8645-88c14ca74fb1), provisioning_complete {{(pid=104641) _notify_loop /usr/local/lib/python3.8/dist-packages/neutron_lib/callbacks/manager.py:176}}
Jun 08 13:30:48.353585 dv-neutron-844461-2-hyperv neutron-server[104641]: DEBUG neutron.plugins.ml2.plugin [None req-67ba5729-274e-44aa-b33a-a64fcf64fa8b None None] Port 19c8aadd-65bb-48d9-8645-88c14ca74fb1 cannot update to ACTIVE because it is not bound. {{(pid=104641) _port_provisioned /opt/stack/neutron/neutron/plugins/ml2/plugin.py:354}}
Jun 08 13:30:48.364212 dv-neutron-844461-2-hyperv neutron-server[104641]: DEBUG neutron.db.provisioning_blocks [None req-67ba5729-274e-44aa-b33a-a64fcf64fa8b None None] Provisioning complete for port 626bca8b-5835-4fd8-8376-7f71b8441aef triggered by entity DHCP. {{(pid=104641) provisioning_complete /opt/stack/neutron/neutron/db/provisioning_blocks.py:145}}
Jun 08 13:30:48.364212 dv-neutron-844461-2-hyperv neutron-server[104641]: DEBUG neutron_lib.callbacks.manager [None req-67ba5729-274e-44aa-b33a-a64fcf64fa8b None None] Publish callbacks ['neutron.plugins.ml2.plugin.Ml2Plugin._port_provisioned-1434986'] for port (626bca8b-5835-4fd8-8376-7f71b8441aef), provisioning_complete {{(pid=104641) _notify_loop /usr/local/lib/python3.8/dist-packages/neutron_lib/callbacks/manager.py:176}}
Jun 08 13:30:48.404216 dv-neutron-844461-2-hyperv neutron-server[104639]: DEBUG dbcounter [-] [104639] Writing DB stats neutron:INSERT=6,neutron:UPDATE=5,neutron:SELECT=89 {{(pid=104639) stat_writer /usr/local/lib/python3.8/dist-packages/dbcounter.py:114}}
Jun 08 13:30:48.404628 dv-neutron-844461-2-hyperv neutron-server[104639]: DEBUG neutron.pecan_wsgi.hooks.quota_enforcement [None req-81fc4448-94c7-42ad-bad5-06a98517ff37 tempest-BulkNetworkOpsTest-2054846392 tempest-BulkNetworkOpsTest-2054846392-project] Made reservation on behalf of f79b666993494dfd94a426c30d414050 for: {'network': 1} {{(pid=104639) before /opt/stack/neutron/neutron/pecan_wsgi/hooks/quota_enforcement.py:53}}
Jun 08 13:30:48.408278 dv-neutron-844461-2-hyperv neutron-server[104639]: DEBUG neutron_lib.callbacks.manager [None req-81fc4448-94c7-42ad-bad5-06a98517ff37 tempest-BulkNetworkOpsTest-2054846392 tempest-BulkNetworkOpsTest-2054846392-project] Publish callbacks ['neutron.plugins.ml2.plugin.SecurityGroupDbMixin._ensure_default_security_group_handler-1544489'] for network (None), before_create {{(pid=104639) _notify_loop /usr/local/lib/python3.8/dist-packages/neutron_lib/callbacks/manager.py:176}}
Jun 08 13:30:48.466603 dv-neutron-844461-2-hyperv neutron-server[104641]: DEBUG neutron.plugins.ml2.plugin [None req-67ba5729-274e-44aa-b33a-a64fcf64fa8b None None] Current status of the port 626bca8b-5835-4fd8-8376-7f71b8441aef is: ACTIVE; New status is: ACTIVE {{(pid=104641) _update_individual_port_db_status /opt/stack/neutron/neutron/plugins/ml2/plugin.py:2298}}
Jun 08 13:30:48.516224 dv-neutron-844461-2-hyperv neutron-server[104640]: DEBUG neutron.plugins.ml2.plugin [None req-3c32603e-248c-46c6-b193-ee5390433fd0 tempest-NetworksTestDHCPv6-282056894 tempest-NetworksTestDHCPv6-282056894-project] Deleting port 19c8aadd-65bb-48d9-8645-88c14ca74fb1 {{(pid=104640) _pre_delete_port /opt/stack/neutron/neutron/plugins/ml2/plugin.py:2043}}
Jun 08 13:30:48.516884 dv-neutron-844461-2-hyperv neutron-server[104640]: DEBUG neutron_lib.callbacks.manager [None req-3c32603e-248c-46c6-b193-ee5390433fd0 tempest-NetworksTestDHCPv6-282056894 tempest-NetworksTestDHCPv6-282056894-project] Publish callbacks ['neutron.db.l3_db.L3_NAT_dbonly_mixin._prevent_l3_port_delete_callback-8781008553584'] for port (19c8aadd-65bb-48d9-8645-88c14ca74fb1), before_delete {{(pid=104640) _notify_loop /usr/local/lib/python3.8/dist-packages/neutron_lib/callbacks/manager.py:176}}
Jun 08 13:30:48.559623 dv-neutron-844461-2-hyperv neutron-server[104641]: DEBUG neutron.plugins.ml2.rpc [None req-ac0c873f-f3ed-467d-861a-76a5f2032e72 None None] Device 626bca8b-5835-4fd8-8376-7f71b8441aef up at agent ovs-agent-dv-neutron-844461-2-hyperv {{(pid=104641) update_device_up /opt/stack/neutron/neutron/plugins/ml2/rpc.py:296}}
Jun 08 13:30:48.603651 dv-neutron-844461-2-hyperv neutron-server[104640]: DEBUG dbcounter [-] [104640] Writing DB stats neutron:SELECT=87,neutron:INSERT=8,neutron:UPDATE=3,neutron:DELETE=2 {{(pid=104640) stat_writer /usr/local/lib/python3.8/dist-packages/dbcounter.py:114}}
Jun 08 13:30:48.611135 dv-neutron-844461-2-hyperv neutron-server[104641]: DEBUG neutron.db.provisioning_blocks [None req-ac0c873f-f3ed-467d-861a-76a5f2032e72 None None] Provisioning complete for port 626bca8b-5835-4fd8-8376-7f71b8441aef triggered by entity L2. {{(pid=104641) provisioning_complete /opt/stack/neutron/neutron/db/provisioning_blocks.py:145}}
Jun 08 13:30:48.611525 dv-neutron-844461-2-hyperv neutron-server[104641]: DEBUG neutron_lib.callbacks.manager [None req-ac0c873f-f3ed-467d-861a-76a5f2032e72 None None] Publish callbacks ['neutron.plugins.ml2.plugin.Ml2Plugin._port_provisioned-1434986'] for port (626bca8b-5835-4fd8-8376-7f71b8441aef), provisioning_complete {{(pid=104641) _notify_loop /usr/local/lib/python3.8/dist-packages/neutron_lib/callbacks/manager.py:176}}
Jun 08 13:30:48.614920 dv-neutron-844461-2-hyperv neutron-server[104641]: DEBUG dbcounter [-] [104641] Writing DB stats neutron:SELECT=94,neutron:INSERT=2,neutron:UPDATE=4 {{(pid=104641) stat_writer /usr/local/lib/python3.8/dist-packages/dbcounter.py:114}}
Jun 08 13:30:48.678739 dv-neutron-844461-2-hyperv neutron-server[104640]: DEBUG neutron_lib.callbacks.manager [None req-c0f192e1-d6e7-4787-b71f-f1a46e4c3093 tempest-ServersTestManualDisk-526714041 tempest-ServersTestManualDisk-526714041-project] Publish callbacks [] for port (4ef0fb56-c49a-4978-9a15-bd6a7327abe6), precommit_update {{(pid=104640) _notify_loop /usr/local/lib/python3.8/dist-packages/neutron_lib/callbacks/manager.py:176}}
Jun 08 13:30:48.700777 dv-neutron-844461-2-hyperv neutron-server[104641]: DEBUG neutron.plugins.ml2.plugin [None req-ac0c873f-f3ed-467d-861a-76a5f2032e72 None None] Current status of the port 626bca8b-5835-4fd8-8376-7f71b8441aef is: ACTIVE; New status is: ACTIVE {{(pid=104641) _update_individual_port_db_status /opt/stack/neutron/neutron/plugins/ml2/plugin.py:2298}}
Jun 08 13:30:48.706166 dv-neutron-844461-2-hyperv neutron-server[104640]: DEBUG neutron_lib.callbacks.manager [None req-c0f192e1-d6e7-4787-b71f-f1a46e4c3093 tempest-ServersTestManualDisk-526714041 tempest-ServersTestManualDisk-526714041-project] Publish callbacks ['neutron.plugins.ml2.plugin.SecurityGroupServerNotifierRpcMixin._notify_sg_on_port_change-1544680', 'neutron.plugins.ml2.ovo_rpc._ObjectChangeHandler.handle_event-208300', 'neutron.api.rpc.agentnotifiers.dhcp_rpc_agent_api.DhcpAgentNotifyAPI._native_event_send_dhcp_notification-3697328', 'neutron.db.l3_db.L3RpcNotifierMixin._notify_gateway_port_ip_changed-8781008557186', 'neutron.db.l3_dvrscheduler_db._notify_l3_agent_port_update-8781008173855', 'neutron.db.l3_hascheduler_db._notify_l3_agent_ha_port_update-8781008173873', 'neutron.services.segments.plugin.NovaSegmentNotifier._notify_port_updated-9860256'] for port (4ef0fb56-c49a-4978-9a15-bd6a7327abe6), after_update {{(pid=104640) _notify_loop /usr/local/lib/python3.8/dist-packages/neutron_lib/callbacks/manager.py:176}}
Jun 08 13:30:48.719310 dv-neutron-844461-2-hyperv neutron-server[104639]: DEBUG neutron_lib.callbacks.manager [None req-2bf9b4af-a331-48f8-9722-dbced50b4d27 tempest-ExtraDHCPOptionsIpV6TestJSON-1932277783 tempest-ExtraDHCPOptionsIpV6TestJSON-1932277783-project] Publish callbacks [] for port (2bd1ec07-5c81-40e9-a71a-7dfc3d4a2ee8), precommit_create {{(pid=104639) _notify_loop /usr/local/lib/python3.8/dist-packages/neutron_lib/callbacks/manager.py:176}}
Jun 08 13:30:48.750426 dv-neutron-844461-2-hyperv neutron-server[104640]: DEBUG neutron_lib.callbacks.manager [None req-3c32603e-248c-46c6-b193-ee5390433fd0 tempest-NetworksTestDHCPv6-282056894 tempest-NetworksTestDHCPv6-282056894-project] Publish callbacks ['neutron.services.l3_router.l3_router_plugin.L3_NAT_dbonly_mixin._precommit_delete_port_callback-3808808'] for port (19c8aadd-65bb-48d9-8645-88c14ca74fb1), precommit_delete {{(pid=104640) _notify_loop /usr/local/lib/python3.8/dist-packages/neutron_lib/callbacks/manager.py:176}}
Jun 08 13:30:48.762720 dv-neutron-844461-2-hyperv neutron-server[104639]: DEBUG neutron_lib.callbacks.manager [None req-f9fde369-d9b8-4f3c-b038-f0929ca68243 tempest-ExternalNetworksTestJSON-1484915425 tempest-ExternalNetworksTestJSON-1484915425-project-admin] Publish callbacks ['neutron.plugins.ml2.plugin.Ml2Plugin._network_delete_precommit_handler-1375187', 'neutron.services.segments.db._delete_segments_for_network-8781008678157'] for network (0a70188a-bbd3-4df3-848b-f7a24e19ab99), precommit_delete {{(pid=104639) _notify_loop /usr/local/lib/python3.8/dist-packages/neutron_lib/callbacks/manager.py:176}}
Jun 08 13:30:48.808529 dv-neutron-844461-2-hyperv neutron-server[104640]: DEBUG neutron.plugins.ml2.plugin [None req-3c32603e-248c-46c6-b193-ee5390433fd0 tempest-NetworksTestDHCPv6-282056894 tempest-NetworksTestDHCPv6-282056894-project] Calling delete_port for 19c8aadd-65bb-48d9-8645-88c14ca74fb1 owned by {{(pid=104640) delete_port /opt/stack/neutron/neutron/plugins/ml2/plugin.py:2122}}
Jun 08 13:30:48.817330 dv-neutron-844461-2-hyperv neutron-server[104639]: DEBUG neutron.plugins.ml2.drivers.helpers [None req-81fc4448-94c7-42ad-bad5-06a98517ff37 tempest-BulkNetworkOpsTest-2054846392 tempest-BulkNetworkOpsTest-2054846392-project] vlan segment allocate from pool success with {'physical_network': 'physnet1', 'vlan_id': 181} {{(pid=104639) allocate_partially_specified_segment /opt/stack/neutron/neutron/plugins/ml2/drivers/helpers.py:153}}
Jun 08 13:30:48.830461 dv-neutron-844461-2-hyperv neutron-server[104640]: DEBUG neutron_lib.callbacks.manager [None req-61c8a546-2c1c-43ce-93af-71d6c0f92c95 tempest-RoutersIpV6AdminTest-355912427 tempest-RoutersIpV6AdminTest-355912427-project-admin] Publish callbacks ['neutron.plugins.ml2.plugin.SecurityGroupServerNotifierRpcMixin._notify_sg_on_port_change-1544680', 'neutron.plugins.ml2.ovo_rpc._ObjectChangeHandler.handle_event-208300', 'neutron.api.rpc.agentnotifiers.dhcp_rpc_agent_api.DhcpAgentNotifyAPI._native_event_send_dhcp_notification-3697328', 'neutron.db.l3_db.L3RpcNotifierMixin._notify_routers_callback-8781008557276', 'neutron.db.l3_dvrscheduler_db._notify_port_delete-8781008173846', 'neutron.services.segments.plugin.NovaSegmentNotifier._notify_port_created_or_deleted-9860267'] for port (0c566bb5-c61a-4290-b97c-1d0fbdf1304b), after_delete {{(pid=104640) _notify_loop /usr/local/lib/python3.8/dist-packages/neutron_lib/callbacks/manager.py:176}}
Jun 08 13:30:48.832363 dv-neutron-844461-2-hyperv neutron-server[104640]: DEBUG neutron.api.rpc.handlers.resources_rpc [None req-c0f192e1-d6e7-4787-b71f-f1a46e4c3093 tempest-ServersTestManualDisk-526714041 tempest-ServersTestManualDisk-526714041-project] Pushing event updated for resources: {'Port': ['ID=4ef0fb56-c49a-4978-9a15-bd6a7327abe6,revision_number=2']} {{(pid=104640) push /opt/stack/neutron/neutron/api/rpc/handlers/resources_rpc.py:237}}
Jun 08 13:30:48.837343 dv-neutron-844461-2-hyperv neutron-server[104639]: DEBUG neutron_lib.callbacks.manager [None req-45a00a22-71b5-44bb-b510-850e653f214d admin admin] Publish callbacks [] for security_group (ba3ae607-732b-4199-a25e-183c0577761b), before_delete {{(pid=104639) _notify_loop /usr/local/lib/python3.8/dist-packages/neutron_lib/callbacks/manager.py:176}}
Jun 08 13:30:48.844822 dv-neutron-844461-2-hyperv neutron-server[104639]: DEBUG neutron_lib.callbacks.manager [None req-0e37a66b-2069-4e75-b082-6bfaeef76a7c tempest-ServersTestJSON-978798887 tempest-ServersTestJSON-978798887-project] Publish callbacks [] for port (900b9c87-a0a0-4a83-aa02-0769985e73f8), precommit_update {{(pid=104639) _notify_loop /usr/local/lib/python3.8/dist-packages/neutron_lib/callbacks/manager.py:176}}
Jun 08 13:30:48.851033 dv-neutron-844461-2-hyperv neutron-server[104639]: DEBUG neutron.services.segments.db [None req-f9fde369-d9b8-4f3c-b038-f0929ca68243 tempest-ExternalNetworksTestJSON-1484915425 tempest-ExternalNetworksTestJSON-1484915425-project-admin] neutron.services.segments.plugin.Plugin method get_segments called with arguments (,) {'filters': {'network_id': ['0a70188a-bbd3-4df3-848b-f7a24e19ab99']}} {{(pid=104639) wrapper /usr/local/lib/python3.8/dist-packages/oslo_log/helpers.py:65}}
Jun 08 13:30:48.867505 dv-neutron-844461-2-hyperv neutron-server[104640]: DEBUG neutron_lib.callbacks.manager [None req-c0f192e1-d6e7-4787-b71f-f1a46e4c3093 tempest-ServersTestManualDisk-526714041 tempest-ServersTestManualDisk-526714041-project] Publish callbacks ['neutron.services.l3_router.l3_router_plugin.DVRResourceOperationHandler._create_dvr_floating_gw_port-3810855'] for floatingip (c22b7bc8-2f94-4581-ab69-94d9c2a5667b), after_create {{(pid=104640) _notify_loop /usr/local/lib/python3.8/dist-packages/neutron_lib/callbacks/manager.py:176}}
Jun 08 13:30:48.870892 dv-neutron-844461-2-hyperv neutron-server[104639]: DEBUG neutron_lib.callbacks.manager [None req-0e37a66b-2069-4e75-b082-6bfaeef76a7c tempest-ServersTestJSON-978798887 tempest-ServersTestJSON-978798887-project] Publish callbacks ['neutron.plugins.ml2.plugin.SecurityGroupServerNotifierRpcMixin._notify_sg_on_port_change-1544680', 'neutron.plugins.ml2.ovo_rpc._ObjectChangeHandler.handle_event-208300', 'neutron.api.rpc.agentnotifiers.dhcp_rpc_agent_api.DhcpAgentNotifyAPI._native_event_send_dhcp_notification-3697328', 'neutron.db.l3_db.L3RpcNotifierMixin._notify_gateway_port_ip_changed-8781008557186', 'neutron.db.l3_dvrscheduler_db._notify_l3_agent_port_update-8781008173855', 'neutron.db.l3_hascheduler_db._notify_l3_agent_ha_port_update-8781008173873', 'neutron.services.segments.plugin.NovaSegmentNotifier._notify_port_updated-9887679'] for port (900b9c87-a0a0-4a83-aa02-0769985e73f8), after_update {{(pid=104639) _notify_loop /usr/local/lib/python3.8/dist-packages/neutron_lib/callbacks/manager.py:176}}
Jun 08 13:30:48.878439 dv-neutron-844461-2-hyperv neutron-server[104639]: DEBUG neutron_lib.callbacks.manager [None req-81fc4448-94c7-42ad-bad5-06a98517ff37 tempest-BulkNetworkOpsTest-2054846392 tempest-BulkNetworkOpsTest-2054846392-project] Publish callbacks ['neutron.plugins.ml2.plugin.Ml2Plugin._handle_segment_change-1424248'] for segment (0f9b37b7-e72a-4361-8f9b-fadbc584bff8), precommit_create {{(pid=104639) _notify_loop /usr/local/lib/python3.8/dist-packages/neutron_lib/callbacks/manager.py:176}}
Jun 08 13:30:48.878875 dv-neutron-844461-2-hyperv neutron-server[104639]: INFO neutron.db.segments_db [None req-81fc4448-94c7-42ad-bad5-06a98517ff37 tempest-BulkNetworkOpsTest-2054846392 tempest-BulkNetworkOpsTest-2054846392-project] Added segment 0f9b37b7-e72a-4361-8f9b-fadbc584bff8 of type vlan for network 2f899aa8-8709-42ba-8b58-1a44d28e135f
Jun 08 13:30:48.880651 dv-neutron-844461-2-hyperv neutron-server[104640]: DEBUG dbcounter [-] [104640] Writing DB stats neutron:SELECT=93,neutron:DELETE=6,neutron:UPDATE=1 {{(pid=104640) stat_writer /usr/local/lib/python3.8/dist-packages/dbcounter.py:114}}
Jun 08 13:30:48.882486 dv-neutron-844461-2-hyperv neutron-server[104640]: DEBUG neutron.api.rpc.handlers.resources_rpc [None req-61c8a546-2c1c-43ce-93af-71d6c0f92c95 tempest-RoutersIpV6AdminTest-355912427 tempest-RoutersIpV6AdminTest-355912427-project-admin] Pushing event deleted for resources: {'Port': ['ID=0c566bb5-c61a-4290-b97c-1d0fbdf1304b,revision_number=None']} {{(pid=104640) push /opt/stack/neutron/neutron/api/rpc/handlers/resources_rpc.py:237}}
Jun 08 13:30:48.883775 dv-neutron-844461-2-hyperv neutron-server[104639]: DEBUG neutron.services.segments.db [None req-f9fde369-d9b8-4f3c-b038-f0929ca68243 tempest-ExternalNetworksTestJSON-1484915425 tempest-ExternalNetworksTestJSON-1484915425-project-admin] neutron.services.segments.plugin.Plugin method delete_segment called with arguments (, '057aba2f-1e13-402e-8afe-0da57e437dde') {'for_net_delete': True} {{(pid=104639) wrapper /usr/local/lib/python3.8/dist-packages/oslo_log/helpers.py:65}}
Jun 08 13:30:48.883775 dv-neutron-844461-2-hyperv neutron-server[104639]: DEBUG neutron.services.segments.db [None req-f9fde369-d9b8-4f3c-b038-f0929ca68243 tempest-ExternalNetworksTestJSON-1484915425 tempest-ExternalNetworksTestJSON-1484915425-project-admin] neutron.services.segments.plugin.Plugin method get_segment called with arguments (, '057aba2f-1e13-402e-8afe-0da57e437dde') {} {{(pid=104639) wrapper /usr/local/lib/python3.8/dist-packages/oslo_log/helpers.py:65}}
Jun 08 13:30:48.931568 dv-neutron-844461-2-hyperv neutron-server[104639]: DEBUG neutron_lib.callbacks.manager [None req-2bf9b4af-a331-48f8-9722-dbced50b4d27 tempest-ExtraDHCPOptionsIpV6TestJSON-1932277783 tempest-ExtraDHCPOptionsIpV6TestJSON-1932277783-project] Publish callbacks ['neutron.plugins.ml2.plugin.SecurityGroupServerNotifierRpcMixin._notify_sg_on_port_change-1544680', 'neutron.plugins.ml2.ovo_rpc._ObjectChangeHandler.handle_event-208300', 'neutron.api.rpc.agentnotifiers.dhcp_rpc_agent_api.DhcpAgentNotifyAPI._native_event_send_dhcp_notification-3697328', 'neutron.db.l3_dvrscheduler_db._notify_l3_agent_new_port-8781008173837', 'neutron.services.segments.plugin.NovaSegmentNotifier._notify_port_created_or_deleted-9887668'] for port (2bd1ec07-5c81-40e9-a71a-7dfc3d4a2ee8), after_create {{(pid=104639) _notify_loop /usr/local/lib/python3.8/dist-packages/neutron_lib/callbacks/manager.py:176}}
Jun 08 13:30:48.935308 dv-neutron-844461-2-hyperv neutron-server[104639]: DEBUG neutron_lib.callbacks.manager [None req-45a00a22-71b5-44bb-b510-850e653f214d admin admin] Publish callbacks [] for security_group (ba3ae607-732b-4199-a25e-183c0577761b), precommit_delete {{(pid=104639) _notify_loop /usr/local/lib/python3.8/dist-packages/neutron_lib/callbacks/manager.py:176}}
Jun 08 13:30:48.941790 dv-neutron-844461-2-hyperv neutron-server[104640]: DEBUG neutron_lib.callbacks.manager [None req-61c8a546-2c1c-43ce-93af-71d6c0f92c95 tempest-RoutersIpV6AdminTest-355912427 tempest-RoutersIpV6AdminTest-355912427-project-admin] Publish callbacks ['neutron.services.l3_router.l3_router_plugin.DVRResourceOperationHandler._delete_dvr_internal_ports-3810912'] for router_gateway (c9b09d49-8555-4883-a21d-624b77c63759), after_delete {{(pid=104640) _notify_loop /usr/local/lib/python3.8/dist-packages/neutron_lib/callbacks/manager.py:176}}
Jun 08 13:30:48.956909 dv-neutron-844461-2-hyperv neutron-server[104641]: DEBUG neutron.db.db_base_plugin_common [None req-50b10be8-90f9-4b41-a19c-6ef20c374491 None None] Allocated IP 2001:db8::2 (11d6ab71-a5da-477e-997a-19ef00bcf283/10a2c115-b3f6-4c40-927b-2ebe793024ff/161ff3ce-5a2f-4112-ba54-7bef00d9abbd) {{(pid=104641) _store_ip_allocation /opt/stack/neutron/neutron/db/db_base_plugin_common.py:131}}
Jun 08 13:30:48.980075 dv-neutron-844461-2-hyperv neutron-server[104639]: DEBUG neutron_lib.callbacks.manager [None req-f9fde369-d9b8-4f3c-b038-f0929ca68243 tempest-ExternalNetworksTestJSON-1484915425 tempest-ExternalNetworksTestJSON-1484915425-project-admin] Publish callbacks ['neutron.plugins.ml2.db._prevent_segment_delete_with_port_bound-8781008677268', 'neutron.services.segments.plugin.Plugin._prevent_segment_delete_with_subnet_associated-9695716'] for segment (057aba2f-1e13-402e-8afe-0da57e437dde), before_delete {{(pid=104639) _notify_loop /usr/local/lib/python3.8/dist-packages/neutron_lib/callbacks/manager.py:176}}
Jun 08 13:30:48.993326 dv-neutron-844461-2-hyperv neutron-server[104640]: DEBUG neutron_lib.callbacks.manager [None req-c0f192e1-d6e7-4787-b71f-f1a46e4c3093 tempest-ServersTestManualDisk-526714041 tempest-ServersTestManualDisk-526714041-project] Publish callbacks ['neutron.notifiers.nova.Notifier._send_nova_notification-229112'] for floatingip (None), before_response {{(pid=104640) _notify_loop /usr/local/lib/python3.8/dist-packages/neutron_lib/callbacks/manager.py:176}}
Jun 08 13:30:48.994665 dv-neutron-844461-2-hyperv neutron-server[104640]: INFO neutron.wsgi [None req-c0f192e1-d6e7-4787-b71f-f1a46e4c3093 tempest-ServersTestManualDisk-526714041 tempest-ServersTestManualDisk-526714041-project] 10.222.0.41 "POST /v2.0/floatingips HTTP/1.1" status: 201 len: 692 time: 4.8181894
Jun 08 13:30:49.020414 dv-neutron-844461-2-hyperv neutron-server[104639]: DEBUG neutron_lib.callbacks.manager [None req-81fc4448-94c7-42ad-bad5-06a98517ff37 tempest-BulkNetworkOpsTest-2054846392 tempest-BulkNetworkOpsTest-2054846392-project] Publish callbacks ['neutron.services.auto_allocate.db._ensure_external_network_default_value_callback-8781008147523'] for network (2f899aa8-8709-42ba-8b58-1a44d28e135f), precommit_create {{(pid=104639) _notify_loop /usr/local/lib/python3.8/dist-packages/neutron_lib/callbacks/manager.py:176}}
Jun 08 13:30:49.075888 dv-neutron-844461-2-hyperv neutron-server[104639]: DEBUG neutron_lib.callbacks.manager [None req-f9fde369-d9b8-4f3c-b038-f0929ca68243 tempest-ExternalNetworksTestJSON-1484915425 tempest-ExternalNetworksTestJSON-1484915425-project-admin] Publish callbacks ['neutron.plugins.ml2.plugin.Ml2Plugin._handle_segment_change-1424248'] for segment (057aba2f-1e13-402e-8afe-0da57e437dde), precommit_delete {{(pid=104639) _notify_loop /usr/local/lib/python3.8/dist-packages/neutron_lib/callbacks/manager.py:176}}
Jun 08 13:30:49.093103 dv-neutron-844461-2-hyperv neutron-server[104639]: DEBUG dbcounter [-] [104639] Writing DB stats neutron:SELECT=92,neutron:INSERT=5,neutron:UPDATE=2,neutron:DELETE=1 {{(pid=104639) stat_writer /usr/local/lib/python3.8/dist-packages/dbcounter.py:114}}
Jun 08 13:30:49.094551 dv-neutron-844461-2-hyperv neutron-server[104639]: DEBUG neutron.api.rpc.handlers.resources_rpc [None req-0e37a66b-2069-4e75-b082-6bfaeef76a7c tempest-ServersTestJSON-978798887 tempest-ServersTestJSON-978798887-project] Pushing event updated for resources: {'Port': ['ID=900b9c87-a0a0-4a83-aa02-0769985e73f8,revision_number=2']} {{(pid=104639) push /opt/stack/neutron/neutron/api/rpc/handlers/resources_rpc.py:237}}
Jun 08 13:30:49.110246 dv-neutron-844461-2-hyperv neutron-server[104639]: DEBUG neutron.scheduler.dhcp_agent_scheduler [None req-2bf9b4af-a331-48f8-9722-dbced50b4d27 tempest-ExtraDHCPOptionsIpV6TestJSON-1932277783 tempest-ExtraDHCPOptionsIpV6TestJSON-1932277783-project] Network 11d6ab71-a5da-477e-997a-19ef00bcf283 is already hosted by enough agents. {{(pid=104639) _get_dhcp_agents_hosting_network /opt/stack/neutron/neutron/scheduler/dhcp_agent_scheduler.py:275}}
Jun 08 13:30:49.117373 dv-neutron-844461-2-hyperv neutron-server[104639]: DEBUG neutron.plugins.ml2.drivers.type_vlan [None req-f9fde369-d9b8-4f3c-b038-f0929ca68243 tempest-ExternalNetworksTestJSON-1484915425 tempest-ExternalNetworksTestJSON-1484915425-project-admin] Releasing vlan 187 on physical network physnet1 to pool {{(pid=104639) release_segment /opt/stack/neutron/neutron/plugins/ml2/drivers/type_vlan.py:304}}
Jun 08 13:30:49.117922 dv-neutron-844461-2-hyperv neutron-server[104639]: DEBUG neutron_lib.callbacks.manager [None req-f9fde369-d9b8-4f3c-b038-f0929ca68243 tempest-ExternalNetworksTestJSON-1484915425 tempest-ExternalNetworksTestJSON-1484915425-project-admin] Publish callbacks ['neutron.plugins.ml2.plugin.Ml2Plugin._handle_segment_change-1424248', 'neutron.services.segments.plugin.NovaSegmentNotifier._notify_segment_deleted-9887707'] for segment (057aba2f-1e13-402e-8afe-0da57e437dde), after_delete {{(pid=104639) _notify_loop /usr/local/lib/python3.8/dist-packages/neutron_lib/callbacks/manager.py:176}}
Jun 08 13:30:49.130804 dv-neutron-844461-2-hyperv neutron-server[104640]: DEBUG neutron_lib.callbacks.manager [None req-61c8a546-2c1c-43ce-93af-71d6c0f92c95 tempest-RoutersIpV6AdminTest-355912427 tempest-RoutersIpV6AdminTest-355912427-project-admin] Publish callbacks ['neutron.services.l3_router.l3_router_plugin.L3_HA_NAT_db_mixin._release_router_vr_id-3809933', 'neutron.services.l3_router.service_providers.driver_controller.DriverController._clear_router_provider-6840'] for router (c9b09d49-8555-4883-a21d-624b77c63759), precommit_delete {{(pid=104640) _notify_loop /usr/local/lib/python3.8/dist-packages/neutron_lib/callbacks/manager.py:176}}
Jun 08 13:30:49.133786 dv-neutron-844461-2-hyperv neutron-server[104640]: DEBUG neutron_lib.callbacks.manager [None req-61c8a546-2c1c-43ce-93af-71d6c0f92c95 tempest-RoutersIpV6AdminTest-355912427 tempest-RoutersIpV6AdminTest-355912427-project-admin] Publish callbacks [] for router_controller (c9b09d49-8555-4883-a21d-624b77c63759), precommit_delete_associations {{(pid=104640) _notify_loop /usr/local/lib/python3.8/dist-packages/neutron_lib/callbacks/manager.py:176}}
Jun 08 13:30:49.169628 dv-neutron-844461-2-hyperv neutron-server[104639]: DEBUG neutron.scheduler.base_scheduler [None req-2bf9b4af-a331-48f8-9722-dbced50b4d27 tempest-ExtraDHCPOptionsIpV6TestJSON-1932277783 tempest-ExtraDHCPOptionsIpV6TestJSON-1932277783-project] Resources bound (agent type, host, resource id): {{(pid=104639) schedule /opt/stack/neutron/neutron/scheduler/base_scheduler.py:57}}
Jun 08 13:30:49.175818 dv-neutron-844461-2-hyperv neutron-server[104639]: INFO neutron.services.segments.plugin [-] Segment 057aba2f-1e13-402e-8afe-0da57e437dde resource provider aggregate not found
Jun 08 13:30:49.216376 dv-neutron-844461-2-hyperv neutron-server[104641]: DEBUG neutron_lib.callbacks.manager [None req-8f403701-1f09-4fa1-ab96-0d2bf08f3eb3 None None] Publish callbacks ['neutron.services.segments.db._update_segment_host_mapping_for_agent-8781008677367', 'neutron.plugins.ml2.plugin.Ml2Plugin._retry_binding_revived_agents-1434892'] for agent (693fe5fe-145b-411f-934c-b326443c31b8), after_update {{(pid=104641) _notify_loop /usr/local/lib/python3.8/dist-packages/neutron_lib/callbacks/manager.py:176}}
Jun 08 13:30:49.241704 dv-neutron-844461-2-hyperv neutron-server[104640]: DEBUG neutron_lib.callbacks.manager [None req-61c8a546-2c1c-43ce-93af-71d6c0f92c95 tempest-RoutersIpV6AdminTest-355912427 tempest-RoutersIpV6AdminTest-355912427-project-admin] Publish callbacks ['neutron.services.l3_router.l3_router_plugin.L3_HA_NAT_db_mixin._cleanup_ha_network_handler-3810530'] for router (c9b09d49-8555-4883-a21d-624b77c63759), after_delete {{(pid=104640) _notify_loop /usr/local/lib/python3.8/dist-packages/neutron_lib/callbacks/manager.py:176}}
Jun 08 13:30:49.242493 dv-neutron-844461-2-hyperv neutron-server[104640]: DEBUG neutron.api.rpc.agentnotifiers.l3_rpc_agent_api [None req-61c8a546-2c1c-43ce-93af-71d6c0f92c95 tempest-RoutersIpV6AdminTest-355912427 tempest-RoutersIpV6AdminTest-355912427-project-admin] Fanout notify agent at l3_agent the message router_deleted on router c9b09d49-8555-4883-a21d-624b77c63759 {{(pid=104640) _notification_fanout /opt/stack/neutron/neutron/api/rpc/agentnotifiers/l3_rpc_agent_api.py:114}}
Jun 08 13:30:49.251183 dv-neutron-844461-2-hyperv neutron-server[104639]: DEBUG neutron.db.l3_dvrscheduler_db [None req-2bf9b4af-a331-48f8-9722-dbced50b4d27 tempest-ExtraDHCPOptionsIpV6TestJSON-1932277783 tempest-ExtraDHCPOptionsIpV6TestJSON-1932277783-project] Received port after_create {{(pid=104639) _notify_l3_agent_new_port /opt/stack/neutron/neutron/db/l3_dvrscheduler_db.py:542}}
Jun 08 13:30:49.259166 dv-neutron-844461-2-hyperv neutron-server[104640]: DEBUG neutron_lib.callbacks.manager [None req-61c8a546-2c1c-43ce-93af-71d6c0f92c95 tempest-RoutersIpV6AdminTest-355912427 tempest-RoutersIpV6AdminTest-355912427-project-admin] Publish callbacks [] for router (None), before_response {{(pid=104640) _notify_loop /usr/local/lib/python3.8/dist-packages/neutron_lib/callbacks/manager.py:176}}
Jun 08 13:30:49.260601 dv-neutron-844461-2-hyperv neutron-server[104639]: DEBUG neutron.pecan_wsgi.hooks.policy_enforcement [None req-2bf9b4af-a331-48f8-9722-dbced50b4d27 tempest-ExtraDHCPOptionsIpV6TestJSON-1932277783 tempest-ExtraDHCPOptionsIpV6TestJSON-1932277783-project] Attributes excluded by policy engine: ['standard_attr_id', 'binding:profile', 'binding:host_id', 'binding:vif_type', 'binding:vif_details', 'network'] {{(pid=104639) _exclude_attributes_by_policy /opt/stack/neutron/neutron/pecan_wsgi/hooks/policy_enforcement.py:259}}
Jun 08 13:30:49.261819 dv-neutron-844461-2-hyperv neutron-server[104639]: DEBUG neutron_lib.callbacks.manager [None req-2bf9b4af-a331-48f8-9722-dbced50b4d27 tempest-ExtraDHCPOptionsIpV6TestJSON-1932277783 tempest-ExtraDHCPOptionsIpV6TestJSON-1932277783-project] Publish callbacks ['neutron.notifiers.nova.Notifier._send_nova_notification-229112'] for port (None), before_response {{(pid=104639) _notify_loop /usr/local/lib/python3.8/dist-packages/neutron_lib/callbacks/manager.py:176}}
Jun 08 13:30:49.262621 dv-neutron-844461-2-hyperv neutron-server[104640]: INFO neutron.wsgi [None req-61c8a546-2c1c-43ce-93af-71d6c0f92c95 tempest-RoutersIpV6AdminTest-355912427 tempest-RoutersIpV6AdminTest-355912427-project-admin] 10.222.0.41 "DELETE /v2.0/routers/c9b09d49-8555-4883-a21d-624b77c63759 HTTP/1.1" status: 204 len: 168 time: 3.3907578
Jun 08 13:30:49.276770 dv-neutron-844461-2-hyperv neutron-server[104639]: INFO neutron.services.segments.plugin [-] Segment 057aba2f-1e13-402e-8afe-0da57e437dde resource provider not found; error: Placement Client Error (4xx): {"errors": [{"status": 404, "title": "Not Found", "detail": "The resource could not be found.\n\n No resource provider with uuid 057aba2f-1e13-402e-8afe-0da57e437dde found for delete ", "request_id": "req-739a372c-8056-4d7b-b11c-3fc4ffc26497"}]}
Jun 08 13:30:49.277245 dv-neutron-844461-2-hyperv neutron-server[104639]: DEBUG neutron.wsgi [-] (104639) accepted ('10.222.0.41', 50360) {{(pid=104639) server /usr/local/lib/python3.8/dist-packages/eventlet/wsgi.py:1004}}
Jun 08 13:30:49.304580 dv-neutron-844461-2-hyperv neutron-server[104641]: DEBUG neutron_lib.callbacks.manager [None req-50b10be8-90f9-4b41-a19c-6ef20c374491 None None] Publish callbacks [] for port (161ff3ce-5a2f-4112-ba54-7bef00d9abbd), precommit_create {{(pid=104641) _notify_loop /usr/local/lib/python3.8/dist-packages/neutron_lib/callbacks/manager.py:176}}
Jun 08 13:30:49.309562 dv-neutron-844461-2-hyperv neutron-server[104640]: DEBUG neutron_lib.callbacks.manager [None req-3c32603e-248c-46c6-b193-ee5390433fd0 tempest-NetworksTestDHCPv6-282056894 tempest-NetworksTestDHCPv6-282056894-project] Publish callbacks ['neutron.plugins.ml2.plugin.SecurityGroupServerNotifierRpcMixin._notify_sg_on_port_change-1544680', 'neutron.plugins.ml2.ovo_rpc._ObjectChangeHandler.handle_event-208300', 'neutron.api.rpc.agentnotifiers.dhcp_rpc_agent_api.DhcpAgentNotifyAPI._native_event_send_dhcp_notification-3697328', 'neutron.db.l3_db.L3RpcNotifierMixin._notify_routers_callback-8781008557276', 'neutron.db.l3_dvrscheduler_db._notify_port_delete-8781008173846', 'neutron.services.segments.plugin.NovaSegmentNotifier._notify_port_created_or_deleted-9860267'] for port (19c8aadd-65bb-48d9-8645-88c14ca74fb1), after_delete {{(pid=104640) _notify_loop /usr/local/lib/python3.8/dist-packages/neutron_lib/callbacks/manager.py:176}}
Jun 08 13:30:49.318446 dv-neutron-844461-2-hyperv neutron-server[104641]: DEBUG neutron_lib.callbacks.manager [None req-50b10be8-90f9-4b41-a19c-6ef20c374491 None None] Publish callbacks ['neutron.plugins.ml2.plugin.SecurityGroupServerNotifierRpcMixin._notify_sg_on_port_change-1544680', 'neutron.plugins.ml2.ovo_rpc._ObjectChangeHandler.handle_event-208300', 'neutron.api.rpc.agentnotifiers.dhcp_rpc_agent_api.DhcpAgentNotifyAPI._native_event_send_dhcp_notification-3697328', 'neutron.db.l3_dvrscheduler_db._notify_l3_agent_new_port-8781008173837'] for port (161ff3ce-5a2f-4112-ba54-7bef00d9abbd), after_create {{(pid=104641) _notify_loop /usr/local/lib/python3.8/dist-packages/neutron_lib/callbacks/manager.py:176}}
Jun 08 13:30:49.340107 dv-neutron-844461-2-hyperv neutron-server[104639]: DEBUG neutron_lib.callbacks.manager [None req-0e37a66b-2069-4e75-b082-6bfaeef76a7c tempest-ServersTestJSON-978798887 tempest-ServersTestJSON-978798887-project] Publish callbacks ['neutron.services.l3_router.l3_router_plugin.DVRResourceOperationHandler._create_dvr_floating_gw_port-3810855'] for floatingip (0fdbcf64-7052-4d44-920e-3917dda277e4), after_create {{(pid=104639) _notify_loop /usr/local/lib/python3.8/dist-packages/neutron_lib/callbacks/manager.py:176}}
Jun 08 13:30:49.354950 dv-neutron-844461-2-hyperv neutron-server[104640]: DEBUG neutron.api.rpc.handlers.resources_rpc [None req-3c32603e-248c-46c6-b193-ee5390433fd0 tempest-NetworksTestDHCPv6-282056894 tempest-NetworksTestDHCPv6-282056894-project] Pushing event deleted for resources: {'Port': ['ID=19c8aadd-65bb-48d9-8645-88c14ca74fb1,revision_number=None']} {{(pid=104640) push /opt/stack/neutron/neutron/api/rpc/handlers/resources_rpc.py:237}}
Jun 08 13:30:49.356323 dv-neutron-844461-2-hyperv neutron-server[104639]: DEBUG neutron_lib.callbacks.manager [None req-81fc4448-94c7-42ad-bad5-06a98517ff37 tempest-BulkNetworkOpsTest-2054846392 tempest-BulkNetworkOpsTest-2054846392-project] Publish callbacks ['neutron.plugins.ml2.ovo_rpc._ObjectChangeHandler.handle_event-3751295', 'neutron.api.rpc.agentnotifiers.dhcp_rpc_agent_api.DhcpAgentNotifyAPI._native_event_send_dhcp_notification-3697328'] for network (2f899aa8-8709-42ba-8b58-1a44d28e135f), after_create {{(pid=104639) _notify_loop /usr/local/lib/python3.8/dist-packages/neutron_lib/callbacks/manager.py:176}}
Jun 08 13:30:49.373782 dv-neutron-844461-2-hyperv neutron-server[104639]: DEBUG neutron.pecan_wsgi.hooks.policy_enforcement [None req-81fc4448-94c7-42ad-bad5-06a98517ff37 tempest-BulkNetworkOpsTest-2054846392 tempest-BulkNetworkOpsTest-2054846392-project] Attributes excluded by policy engine: ['standard_attr_id', 'provider:network_type', 'provider:physical_network', 'provider:segmentation_id', 'vlan_transparent'] {{(pid=104639) _exclude_attributes_by_policy /opt/stack/neutron/neutron/pecan_wsgi/hooks/policy_enforcement.py:259}}
Jun 08 13:30:49.374882 dv-neutron-844461-2-hyperv neutron-server[104639]: DEBUG neutron_lib.callbacks.manager [None req-81fc4448-94c7-42ad-bad5-06a98517ff37 tempest-BulkNetworkOpsTest-2054846392 tempest-BulkNetworkOpsTest-2054846392-project] Publish callbacks ['neutron.api.rpc.agentnotifiers.dhcp_rpc_agent_api.DhcpAgentNotifyAPI._send_dhcp_notification-3697310'] for network (None), before_response {{(pid=104639) _notify_loop /usr/local/lib/python3.8/dist-packages/neutron_lib/callbacks/manager.py:176}}
Jun 08 13:30:49.415060 dv-neutron-844461-2-hyperv neutron-server[104641]: DEBUG neutron.scheduler.dhcp_agent_scheduler [None req-50b10be8-90f9-4b41-a19c-6ef20c374491 None None] Network 11d6ab71-a5da-477e-997a-19ef00bcf283 is already hosted by enough agents. {{(pid=104641) _get_dhcp_agents_hosting_network /opt/stack/neutron/neutron/scheduler/dhcp_agent_scheduler.py:275}}
Jun 08 13:30:49.424896 dv-neutron-844461-2-hyperv neutron-server[104641]: DEBUG neutron.scheduler.base_scheduler [None req-50b10be8-90f9-4b41-a19c-6ef20c374491 None None] Resources bound (agent type, host, resource id): {{(pid=104641) schedule /opt/stack/neutron/neutron/scheduler/base_scheduler.py:57}}
Jun 08 13:30:49.429223 dv-neutron-844461-2-hyperv neutron-server[104641]: DEBUG neutron.db.l3_dvrscheduler_db [None req-50b10be8-90f9-4b41-a19c-6ef20c374491 None None] Received port after_create {{(pid=104641) _notify_l3_agent_new_port /opt/stack/neutron/neutron/db/l3_dvrscheduler_db.py:542}}
Jun 08 13:30:49.463780 dv-neutron-844461-2-hyperv neutron-server[104639]: DEBUG dbcounter [-] [104639] Writing DB stats neutron:SELECT=87,neutron:INSERT=1,neutron:UPDATE=2,neutron:DELETE=10 {{(pid=104639) stat_writer /usr/local/lib/python3.8/dist-packages/dbcounter.py:114}}
Jun 08 13:30:49.477828 dv-neutron-844461-2-hyperv neutron-server[104641]: DEBUG neutron.api.rpc.handlers.resources_rpc [None req-50b10be8-90f9-4b41-a19c-6ef20c374491 None None] Pushing event updated for resources: {'Port': ['ID=161ff3ce-5a2f-4112-ba54-7bef00d9abbd,revision_number=1']} {{(pid=104641) push /opt/stack/neutron/neutron/api/rpc/handlers/resources_rpc.py:237}}
Jun 08 13:30:49.488745 dv-neutron-844461-2-hyperv neutron-server[104639]: INFO neutron.wsgi [None req-81fc4448-94c7-42ad-bad5-06a98517ff37 tempest-BulkNetworkOpsTest-2054846392 tempest-BulkNetworkOpsTest-2054846392-project] 10.222.0.41 "POST /v2.0/networks HTTP/1.1" status: 201 len: 766 time: 1.2256978
Jun 08 13:30:49.488745 dv-neutron-844461-2-hyperv neutron-server[104639]: DEBUG neutron_lib.callbacks.manager [None req-45a00a22-71b5-44bb-b510-850e653f214d admin admin] Publish callbacks ['neutron.plugins.ml2.ovo_rpc._ObjectChangeHandler.handle_event-3751204'] for security_group (ba3ae607-732b-4199-a25e-183c0577761b), after_delete {{(pid=104639) _notify_loop /usr/local/lib/python3.8/dist-packages/neutron_lib/callbacks/manager.py:176}}
Jun 08 13:30:49.492166 dv-neutron-844461-2-hyperv neutron-server[104639]: DEBUG neutron_lib.callbacks.manager [None req-45a00a22-71b5-44bb-b510-850e653f214d admin admin] Publish callbacks [] for security_group (None), before_response {{(pid=104639) _notify_loop /usr/local/lib/python3.8/dist-packages/neutron_lib/callbacks/manager.py:176}}
Jun 08 13:30:49.493312 dv-neutron-844461-2-hyperv neutron-server[104639]: INFO neutron.wsgi [None req-45a00a22-71b5-44bb-b510-850e653f214d admin admin] 10.222.0.41 "DELETE /v2.0/security-groups/ba3ae607-732b-4199-a25e-183c0577761b HTTP/1.1" status: 204 len: 168 time: 1.2210183
Jun 08 13:30:49.536238 dv-neutron-844461-2-hyperv neutron-server[104639]: DEBUG neutron.wsgi [-] (104639) accepted ('10.222.0.41', 50374) {{(pid=104639) server /usr/local/lib/python3.8/dist-packages/eventlet/wsgi.py:1004}}
Jun 08 13:30:49.578946 dv-neutron-844461-2-hyperv neutron-server[104639]: DEBUG neutron.api.v2.base [None req-4c9c6b5d-6b32-4875-956f-6625f5500b6c tempest-BulkNetworkOpsTest-2054846392 tempest-BulkNetworkOpsTest-2054846392-project] Request body: {'network': {'name': 'tempest-BulkNetworkOpsTest-test-network-616007190'}} {{(pid=104639) prepare_request_body /opt/stack/neutron/neutron/api/v2/base.py:730}}
Jun 08 13:30:49.660991 dv-neutron-844461-2-hyperv neutron-server[104639]: DEBUG neutron.api.rpc.handlers.resources_rpc [None req-45a00a22-71b5-44bb-b510-850e653f214d admin admin] Pushing event deleted for resources: {'SecurityGroup': ['ID=ba3ae607-732b-4199-a25e-183c0577761b,revision_number=None']} {{(pid=104639) push /opt/stack/neutron/neutron/api/rpc/handlers/resources_rpc.py:237}}
Jun 08 13:30:49.699824 dv-neutron-844461-2-hyperv neutron-server[104639]: DEBUG neutron_lib.callbacks.manager [None req-0e37a66b-2069-4e75-b082-6bfaeef76a7c tempest-ServersTestJSON-978798887 tempest-ServersTestJSON-978798887-project] Publish callbacks ['neutron.notifiers.nova.Notifier._send_nova_notification-229112'] for floatingip (None), before_response {{(pid=104639) _notify_loop /usr/local/lib/python3.8/dist-packages/neutron_lib/callbacks/manager.py:176}}
Jun 08 13:30:49.704736 dv-neutron-844461-2-hyperv neutron-server[104639]: INFO neutron.wsgi [None req-0e37a66b-2069-4e75-b082-6bfaeef76a7c tempest-ServersTestJSON-978798887 tempest-ServersTestJSON-978798887-project] 10.222.0.41 "POST /v2.0/floatingips HTTP/1.1" status: 201 len: 692 time: 5.2095730
Jun 08 13:30:49.706188 dv-neutron-844461-2-hyperv neutron-server[104639]: DEBUG neutron_lib.callbacks.manager [None req-f9fde369-d9b8-4f3c-b038-f0929ca68243 tempest-ExternalNetworksTestJSON-1484915425 tempest-ExternalNetworksTestJSON-1484915425-project-admin] Publish callbacks ['neutron.plugins.ml2.plugin.Ml2Plugin._network_delete_after_delete_handler-1375172', 'neutron.plugins.ml2.ovo_rpc._ObjectChangeHandler.handle_event-3751295', 'neutron.api.rpc.agentnotifiers.dhcp_rpc_agent_api.DhcpAgentNotifyAPI._native_event_send_dhcp_notification-3697328', 'neutron.services.l3_router.l3_router_plugin.DVRResourceOperationHandler.delete_fip_namespaces_for_ext_net-3810892'] for network (0a70188a-bbd3-4df3-848b-f7a24e19ab99), after_delete {{(pid=104639) _notify_loop /usr/local/lib/python3.8/dist-packages/neutron_lib/callbacks/manager.py:176}}
Jun 08 13:30:49.724350 dv-neutron-844461-2-hyperv neutron-server[104639]: DEBUG neutron.api.rpc.agentnotifiers.l3_rpc_agent_api [None req-f9fde369-d9b8-4f3c-b038-f0929ca68243 tempest-ExternalNetworksTestJSON-1484915425 tempest-ExternalNetworksTestJSON-1484915425-project-admin] Fanout notify agent at l3_agent the message fipnamespace_delete_on_ext_net for external_network 0a70188a-bbd3-4df3-848b-f7a24e19ab99 {{(pid=104639) _notification_fanout /opt/stack/neutron/neutron/api/rpc/agentnotifiers/l3_rpc_agent_api.py:120}}
Jun 08 13:30:49.734846 dv-neutron-844461-2-hyperv neutron-server[104639]: DEBUG neutron_lib.callbacks.manager [None req-f9fde369-d9b8-4f3c-b038-f0929ca68243 tempest-ExternalNetworksTestJSON-1484915425 tempest-ExternalNetworksTestJSON-1484915425-project-admin] Publish callbacks ['neutron.api.rpc.agentnotifiers.dhcp_rpc_agent_api.DhcpAgentNotifyAPI._send_dhcp_notification-3697310'] for network (None), before_response {{(pid=104639) _notify_loop /usr/local/lib/python3.8/dist-packages/neutron_lib/callbacks/manager.py:176}}
Jun 08 13:30:49.748306 dv-neutron-844461-2-hyperv neutron-server[104639]: INFO neutron.wsgi [None req-f9fde369-d9b8-4f3c-b038-f0929ca68243 tempest-ExternalNetworksTestJSON-1484915425 tempest-ExternalNetworksTestJSON-1484915425-project-admin] 10.222.0.41 "DELETE /v2.0/networks/0a70188a-bbd3-4df3-848b-f7a24e19ab99 HTTP/1.1" status: 204 len: 168 time: 2.0723441
Jun 08 13:30:49.754191 dv-neutron-844461-2-hyperv neutron-server[104639]: INFO neutron.wsgi [None req-2bf9b4af-a331-48f8-9722-dbced50b4d27 tempest-ExtraDHCPOptionsIpV6TestJSON-1932277783 tempest-ExtraDHCPOptionsIpV6TestJSON-1932277783-project] 10.222.0.41 "POST /v2.0/ports HTTP/1.1" status: 201 len: 942 time: 3.2658093
Jun 08 13:30:49.755612 dv-neutron-844461-2-hyperv neutron-server[104639]: DEBUG neutron.api.rpc.handlers.resources_rpc [None req-2bf9b4af-a331-48f8-9722-dbced50b4d27 tempest-ExtraDHCPOptionsIpV6TestJSON-1932277783 tempest-ExtraDHCPOptionsIpV6TestJSON-1932277783-project] Pushing event updated for resources: {'Port': ['ID=2bd1ec07-5c81-40e9-a71a-7dfc3d4a2ee8,revision_number=1']} {{(pid=104639) push /opt/stack/neutron/neutron/api/rpc/handlers/resources_rpc.py:237}}
Jun 08 13:30:49.770368 dv-neutron-844461-2-hyperv neutron-server[104640]: DEBUG neutron.wsgi [-] (104640) accepted ('10.222.0.41', 50388) {{(pid=104640) server /usr/local/lib/python3.8/dist-packages/eventlet/wsgi.py:1004}}
Jun 08 13:30:49.770962 dv-neutron-844461-2-hyperv neutron-server[104640]: DEBUG neutron.wsgi [-] (104640) accepted ('10.222.0.41', 50390) {{(pid=104640) server /usr/local/lib/python3.8/dist-packages/eventlet/wsgi.py:1004}}
Jun 08 13:30:49.784095 dv-neutron-844461-2-hyperv neutron-server[104640]: DEBUG neutron.api.v2.base [None req-a6cc335c-e3cc-49a8-a8bd-b3c141e695ae tempest-ExternalNetworksTestJSON-1484915425 tempest-ExternalNetworksTestJSON-1484915425-project-admin] Request body: {'network': {'name': 'tempest-network--1029436989', 'router:external': True}} {{(pid=104640) prepare_request_body /opt/stack/neutron/neutron/api/v2/base.py:730}}
Jun 08 13:30:49.875244 dv-neutron-844461-2-hyperv neutron-server[104639]: DEBUG neutron.api.rpc.handlers.resources_rpc [None req-81fc4448-94c7-42ad-bad5-06a98517ff37 tempest-BulkNetworkOpsTest-2054846392 tempest-BulkNetworkOpsTest-2054846392-project] Pushing event updated for resources: {'Network': ['ID=2f899aa8-8709-42ba-8b58-1a44d28e135f,revision_number=1']} {{(pid=104639) push /opt/stack/neutron/neutron/api/rpc/handlers/resources_rpc.py:237}}
Jun 08 13:30:49.893974 dv-neutron-844461-2-hyperv neutron-server[104639]: DEBUG neutron.db.db_base_plugin_v2 [None req-dfd7314c-ea05-4e0d-9677-523c93eb1daa tempest-RoutersIpV6AdminTest-355912427 tempest-RoutersIpV6AdminTest-355912427-project-admin] Deleting subnet 21fab143-e48f-47fc-9bea-5b58de96c9fa {{(pid=104639) delete_subnet /opt/stack/neutron/neutron/db/db_base_plugin_v2.py:1067}}
Jun 08 13:30:49.901194 dv-neutron-844461-2-hyperv neutron-server[104639]: DEBUG neutron_lib.callbacks.manager [None req-dfd7314c-ea05-4e0d-9677-523c93eb1daa tempest-RoutersIpV6AdminTest-355912427 tempest-RoutersIpV6AdminTest-355912427-project-admin] Publish callbacks [] for subnet (21fab143-e48f-47fc-9bea-5b58de96c9fa), before_delete {{(pid=104639) _notify_loop /usr/local/lib/python3.8/dist-packages/neutron_lib/callbacks/manager.py:176}}
Jun 08 13:30:49.910104 dv-neutron-844461-2-hyperv neutron-server[104640]: DEBUG neutron.api.v2.base [None req-6127211d-a9fb-4a61-a84d-c20fd27df8bf tempest-ExtraDHCPOptionsIpV6TestJSON-1932277783 tempest-ExtraDHCPOptionsIpV6TestJSON-1932277783-project] Request body: {'port': {'network_id': '11d6ab71-a5da-477e-997a-19ef00bcf283', 'name': 'tempest-ExtraDHCPOptionsIpV6TestJSON-404177976', 'extra_dhcp_opts': [{'opt_value': 'pxelinux.0', 'opt_name': 'bootfile-name'}, {'opt_value': '2015::dead', 'opt_name': 'tftp-server'}, {'opt_value': '2015::badd', 'opt_name': 'server-ip-address'}]}} {{(pid=104640) prepare_request_body /opt/stack/neutron/neutron/api/v2/base.py:730}}
Jun 08 13:30:49.911041 dv-neutron-844461-2-hyperv neutron-server[104640]: DEBUG neutron_lib.api.validators [None req-6127211d-a9fb-4a61-a84d-c20fd27df8bf tempest-ExtraDHCPOptionsIpV6TestJSON-1932277783 tempest-ExtraDHCPOptionsIpV6TestJSON-1932277783-project] bootfile-name is not in valid_values {{(pid=104640) validate_values /usr/local/lib/python3.8/dist-packages/neutron_lib/api/validators/__init__.py:165}}
Jun 08 13:30:49.911588 dv-neutron-844461-2-hyperv neutron-server[104640]: DEBUG neutron_lib.api.validators [None req-6127211d-a9fb-4a61-a84d-c20fd27df8bf tempest-ExtraDHCPOptionsIpV6TestJSON-1932277783 tempest-ExtraDHCPOptionsIpV6TestJSON-1932277783-project] tftp-server is not in valid_values {{(pid=104640) validate_values /usr/local/lib/python3.8/dist-packages/neutron_lib/api/validators/__init__.py:165}}
Jun 08 13:30:49.912147 dv-neutron-844461-2-hyperv neutron-server[104640]: DEBUG neutron_lib.api.validators [None req-6127211d-a9fb-4a61-a84d-c20fd27df8bf tempest-ExtraDHCPOptionsIpV6TestJSON-1932277783 tempest-ExtraDHCPOptionsIpV6TestJSON-1932277783-project] server-ip-address is not in valid_values {{(pid=104640) validate_values /usr/local/lib/python3.8/dist-packages/neutron_lib/api/validators/__init__.py:165}}
Jun 08 13:30:49.974418 dv-neutron-844461-2-hyperv neutron-server[104639]: DEBUG neutron.pecan_wsgi.hooks.quota_enforcement [None req-4c9c6b5d-6b32-4875-956f-6625f5500b6c tempest-BulkNetworkOpsTest-2054846392 tempest-BulkNetworkOpsTest-2054846392-project] Made reservation on behalf of f79b666993494dfd94a426c30d414050 for: {'network': 1} {{(pid=104639) before /opt/stack/neutron/neutron/pecan_wsgi/hooks/quota_enforcement.py:53}}
Jun 08 13:30:49.986973 dv-neutron-844461-2-hyperv neutron-server[104639]: DEBUG neutron_lib.callbacks.manager [None req-4c9c6b5d-6b32-4875-956f-6625f5500b6c tempest-BulkNetworkOpsTest-2054846392 tempest-BulkNetworkOpsTest-2054846392-project] Publish callbacks ['neutron.plugins.ml2.plugin.SecurityGroupDbMixin._ensure_default_security_group_handler-1544489'] for network (None), before_create {{(pid=104639) _notify_loop /usr/local/lib/python3.8/dist-packages/neutron_lib/callbacks/manager.py:176}}
Jun 08 13:30:49.996840 dv-neutron-844461-2-hyperv neutron-server[104639]: DEBUG neutron.api.rpc.handlers.resources_rpc [None req-f9fde369-d9b8-4f3c-b038-f0929ca68243 tempest-ExternalNetworksTestJSON-1484915425 tempest-ExternalNetworksTestJSON-1484915425-project-admin] Pushing event deleted for resources: {'Network': ['ID=0a70188a-bbd3-4df3-848b-f7a24e19ab99,revision_number=None']} {{(pid=104639) push /opt/stack/neutron/neutron/api/rpc/handlers/resources_rpc.py:237}}
