Jun 08 13:30:43.772241 dv-neutron-844461-2-hyperv neutron-server[104640]: DEBUG neutron.api.rpc.handlers.resources_rpc [None req-089144cb-fd87-4a5e-b90f-839ee0b872a0 tempest-BulkNetworkOpsTest-2054846392 tempest-BulkNetworkOpsTest-2054846392-project] Pushing event updated for resources: {'Network': ['ID=e59a6eb8-b813-47a9-97cd-983d7df63212,revision_number=1']} {{(pid=104640) push /opt/stack/neutron/neutron/api/rpc/handlers/resources_rpc.py:237}}
Jun 08 13:30:43.774288 dv-neutron-844461-2-hyperv neutron-server[104640]: DEBUG dbcounter [-] [104640] Writing DB stats neutron:SELECT=89,neutron:INSERT=5,neutron:UPDATE=2,neutron:DELETE=4 {{(pid=104640) stat_writer /usr/local/lib/python3.8/dist-packages/dbcounter.py:114}}
Jun 08 13:30:43.809112 dv-neutron-844461-2-hyperv neutron-server[104641]: DEBUG neutron.plugins.ml2.plugin [None req-bdba529c-d431-49c7-8652-35f9bb636778 None None] Current status of the port 473cdbc0-d3b0-4950-9a7b-ef95f5e7f5ba is: ACTIVE; New status is: ACTIVE {{(pid=104641) _update_individual_port_db_status /opt/stack/neutron/neutron/plugins/ml2/plugin.py:2298}}
Jun 08 13:30:43.813237 dv-neutron-844461-2-hyperv neutron-server[104641]: DEBUG neutron.api.rpc.handlers.l3_rpc [None req-f6b39c72-dd4f-433f-9b2a-1d613d214a56 None None] The sync data for ids ['ba148520-1913-449a-b92b-f423f044ba12'] in dv-neutron-844461-2-hyperv is: [{'id': 'ba148520-1913-449a-b92b-f423f044ba12', 'name': 'tempest-ServersTestJSON-1042496825-router', 'tenant_id': '855292846cf943329e8a0505b8b7857d', 'admin_state_up': True, 'status': 'ACTIVE', 'external_gateway_info': {'network_id': 'd0fb3c9d-2f8e-4427-a675-dc20252972da', 'external_fixed_ips': [{'subnet_id': '2f30d000-c91c-446f-82f5-fcc0d28bd07a', 'ip_address': '172.26.1.163'}], 'enable_snat': True}, 'gw_port_id': '734d9f2a-7c6a-4339-b3c1-b264a922145c', 'description': '', 'availability_zones': ['nova'], 'distributed': False, 'ha': False, 'ha_vr_id': 0, 'availability_zone_hints': [], 'routes': [], 'flavor_id': None, 'tags': [], 'created_at': '2022-06-08T13:30:20Z', 'updated_at': '2022-06-08T13:30:35Z', 'revision_number': 4, 'project_id': '855292846cf943329e8a0505b8b7857d', 'gw_port': {'id': '734d9f2a-7c6a-4339-b3c1-b264a922145c', 'name': '', 'network_id': 'd0fb3c9d-2f8e-4427-a675-dc20252972da', 'tenant_id': '', 'mac_address': 'fa:16:3e:55:e4:c5', 'admin_state_up': True, 'status': 'ACTIVE', 'device_id': 'ba148520-1913-449a-b92b-f423f044ba12', 'device_owner': 'network:router_gateway', 'standard_attr_id': 59, 'fixed_ips': [{'subnet_id': '2f30d000-c91c-446f-82f5-fcc0d28bd07a', 'ip_address': '172.26.1.163', 'prefixlen': 24}], 'allowed_address_pairs': [], 'extra_dhcp_opts': [], 'security_groups': [], 'description': '', 'binding:vnic_type': 'normal', 'binding:profile': {}, 'binding:host_id': 'dv-neutron-844461-2-hyperv', 'binding:vif_type': 'ovs', 'binding:vif_details': {'connectivity': 'l2', 'port_filter': True, 'ovs_hybrid_plug': False, 'datapath_type': 'system', 'bridge_name': 'br-int', 'bound_drivers': {'0': 'openvswitch'}}, 'port_security_enabled': False, 'tags': [], 'created_at': '2022-06-08T13:30:22Z', 'updated_at': '2022-06-08T13:30:35Z', 'revision_number': 4, 'project_id': '', 'subnets': [{'id': '2f30d000-c91c-446f-82f5-fcc0d28bd07a', 'cidr': '172.26.1.0/24', 'gateway_ip': '172.26.1.1', 'dns_nameservers': [], 'ipv6_ra_mode': None, 'subnetpool_id': None}], 'extra_subnets': [], 'address_scopes': {4: None, 6: None}, 'mtu': 1500}, 'enable_snat': True, 'gw_port_host': 'dv-neutron-844461-2-hyperv', '_interfaces': [{'id': '473cdbc0-d3b0-4950-9a7b-ef95f5e7f5ba', 'name': '', 'network_id': 'd9e104f1-87c2-43e2-b992-3cce5ca30073', 'tenant_id': '855292846cf943329e8a0505b8b7857d', 'mac_address': 'fa:16:3e:3d:88:f6', 'admin_state_up': True, 'status': 'DOWN', 'device_id': 'ba148520-1913-449a-b92b-f423f044ba12', 'device_owner': 'network:router_interface', 'standard_attr_id': 104, 'fixed_ips': [{'subnet_id': '28b92e44-21ea-414d-bb70-143d2ebbc5cf', 'ip_address': '172.20.0.1', 'prefixlen': 28}], 'allowed_address_pairs': [], 'extra_dhcp_opts': [], 'security_groups': [], 'description': '', 'binding:vnic_type': 'normal', 'binding:profile': {}, 'binding:host_id': 'dv-neutron-844461-2-hyperv', 'binding:vif_type': 'ovs', 'binding:vif_details': {'connectivity': 'l2', 'port_filter': True, 'ovs_hybrid_plug': False, 'datapath_type': 'system', 'bridge_name': 'br-int', 'bound_drivers': {'0': 'openvswitch'}}, 'port_security_enabled': False, 'tags': [], 'created_at': '2022-06-08T13:30:32Z', 'updated_at': '2022-06-08T13:30:42Z', 'revision_number': 4, 'project_id': '855292846cf943329e8a0505b8b7857d', 'subnets': [{'id': '28b92e44-21ea-414d-bb70-143d2ebbc5cf', 'cidr': '172.20.0.0/28', 'gateway_ip': '172.20.0.1', 'dns_nameservers': [], 'ipv6_ra_mode': None, 'subnetpool_id': None}], 'extra_subnets': [], 'address_scopes': {4: None, 6: None}, 'mtu': 1500}]}] {{(pid=104641) sync_routers /opt/stack/neutron/neutron/api/rpc/handlers/l3_rpc.py:137}}
Jun 08 13:30:43.835696 dv-neutron-844461-2-hyperv neutron-server[104639]: DEBUG neutron_lib.callbacks.manager [None req-d509e6da-7501-4ebf-a8c3-46dd0ff369f4 tempest-ServersTestJSON-978798887 tempest-ServersTestJSON-978798887-project] Publish callbacks [] for security_group_rule (52863b2d-adf6-4a67-abd8-c09eabedb5ec), precommit_create {{(pid=104639) _notify_loop /usr/local/lib/python3.8/dist-packages/neutron_lib/callbacks/manager.py:176}}
Jun 08 13:30:43.836820 dv-neutron-844461-2-hyperv neutron-server[104640]: DEBUG neutron.services.segments.db [None req-9f54b2e0-db36-483f-a5da-39a71a5564b0 tempest-ExternalNetworksTestJSON-1484915425 tempest-ExternalNetworksTestJSON-1484915425-project-admin] neutron.services.segments.plugin.Plugin method delete_segment called with arguments (, 'c208c19a-fbbc-43d8-be97-8802bc7d1790') {'for_net_delete': True} {{(pid=104640) wrapper /usr/local/lib/python3.8/dist-packages/oslo_log/helpers.py:65}}
Jun 08 13:30:43.837341 dv-neutron-844461-2-hyperv neutron-server[104640]: DEBUG neutron.services.segments.db [None req-9f54b2e0-db36-483f-a5da-39a71a5564b0 tempest-ExternalNetworksTestJSON-1484915425 tempest-ExternalNetworksTestJSON-1484915425-project-admin] neutron.services.segments.plugin.Plugin method get_segment called with arguments (, 'c208c19a-fbbc-43d8-be97-8802bc7d1790') {} {{(pid=104640) wrapper /usr/local/lib/python3.8/dist-packages/oslo_log/helpers.py:65}}
Jun 08 13:30:43.849528 dv-neutron-844461-2-hyperv neutron-server[104640]: DEBUG neutron.api.rpc.handlers.resources_rpc [None req-ffecdbe0-c3df-4ea9-90a1-a2e18819d589 tempest-ServersTestManualDisk-526714041 tempest-ServersTestManualDisk-526714041-project] Pushing event updated for resources: {'SecurityGroupRule': ['ID=837d62cb-9984-4f7b-af3d-42bfb171a144,revision_number=0']} {{(pid=104640) push /opt/stack/neutron/neutron/api/rpc/handlers/resources_rpc.py:237}}
Jun 08 13:30:43.851520 dv-neutron-844461-2-hyperv neutron-server[104639]: DEBUG neutron.api.v2.base [None req-556ed820-f403-4fe3-9333-f32631bdb13a tempest-ExtraDHCPOptionsIpV6TestJSON-1932277783 tempest-ExtraDHCPOptionsIpV6TestJSON-1932277783-project] Request body: {'network': {'name': 'tempest-ExtraDHCPOptionsIpV6TestJSON-test-network-1864694835'}} {{(pid=104639) prepare_request_body /opt/stack/neutron/neutron/api/v2/base.py:730}}
Jun 08 13:30:43.864116 dv-neutron-844461-2-hyperv neutron-server[104639]: DEBUG neutron_lib.callbacks.manager [None req-d509e6da-7501-4ebf-a8c3-46dd0ff369f4 tempest-ServersTestJSON-978798887 tempest-ServersTestJSON-978798887-project] Publish callbacks ['neutron.plugins.ml2.ovo_rpc._ObjectChangeHandler.handle_event-3749020'] for security_group_rule (52863b2d-adf6-4a67-abd8-c09eabedb5ec), after_create {{(pid=104639) _notify_loop /usr/local/lib/python3.8/dist-packages/neutron_lib/callbacks/manager.py:176}}
Jun 08 13:30:43.913085 dv-neutron-844461-2-hyperv neutron-server[104641]: DEBUG neutron.plugins.ml2.rpc [None req-ac0c873f-f3ed-467d-861a-76a5f2032e72 None None] Network e59a6eb8-b813-47a9-97cd-983d7df63212 details requested by agent ovs-agent-dv-neutron-844461-2-hyperv with host dv-neutron-844461-2-hyperv {{(pid=104641) get_network_details /opt/stack/neutron/neutron/plugins/ml2/rpc.py:248}}
Jun 08 13:30:43.945636 dv-neutron-844461-2-hyperv neutron-server[104639]: DEBUG neutron.api.rpc.handlers.resources_rpc [None req-d509e6da-7501-4ebf-a8c3-46dd0ff369f4 tempest-ServersTestJSON-978798887 tempest-ServersTestJSON-978798887-project] Pushing event updated for resources: {'SecurityGroupRule': ['ID=52863b2d-adf6-4a67-abd8-c09eabedb5ec,revision_number=0']} {{(pid=104639) push /opt/stack/neutron/neutron/api/rpc/handlers/resources_rpc.py:237}}
Jun 08 13:30:43.967892 dv-neutron-844461-2-hyperv neutron-server[104639]: DEBUG neutron_lib.callbacks.manager [None req-d509e6da-7501-4ebf-a8c3-46dd0ff369f4 tempest-ServersTestJSON-978798887 tempest-ServersTestJSON-978798887-project] Publish callbacks [] for security_group_rule (None), before_response {{(pid=104639) _notify_loop /usr/local/lib/python3.8/dist-packages/neutron_lib/callbacks/manager.py:176}}
Jun 08 13:30:43.967892 dv-neutron-844461-2-hyperv neutron-server[104639]: INFO neutron.wsgi [None req-d509e6da-7501-4ebf-a8c3-46dd0ff369f4 tempest-ServersTestJSON-978798887 tempest-ServersTestJSON-978798887-project] 10.222.0.41 "POST /v2.0/security-group-rules HTTP/1.1" status: 201 len: 764 time: 0.4928105
Jun 08 13:30:43.969546 dv-neutron-844461-2-hyperv neutron-server[104639]: DEBUG neutron.pecan_wsgi.hooks.quota_enforcement [None req-556ed820-f403-4fe3-9333-f32631bdb13a tempest-ExtraDHCPOptionsIpV6TestJSON-1932277783 tempest-ExtraDHCPOptionsIpV6TestJSON-1932277783-project] Made reservation on behalf of 32a92e6c3483467691d7d8f31c156c6e for: {'network': 1} {{(pid=104639) before /opt/stack/neutron/neutron/pecan_wsgi/hooks/quota_enforcement.py:53}}
Jun 08 13:30:43.977734 dv-neutron-844461-2-hyperv neutron-server[104639]: DEBUG neutron_lib.callbacks.manager [None req-556ed820-f403-4fe3-9333-f32631bdb13a tempest-ExtraDHCPOptionsIpV6TestJSON-1932277783 tempest-ExtraDHCPOptionsIpV6TestJSON-1932277783-project] Publish callbacks ['neutron.plugins.ml2.plugin.SecurityGroupDbMixin._ensure_default_security_group_handler-1544489'] for network (None), before_create {{(pid=104639) _notify_loop /usr/local/lib/python3.8/dist-packages/neutron_lib/callbacks/manager.py:176}}
Jun 08 13:30:43.997051 dv-neutron-844461-2-hyperv neutron-server[104639]: DEBUG neutron.wsgi [-] (104639) accepted ('10.222.0.41', 50274) {{(pid=104639) server /usr/local/lib/python3.8/dist-packages/eventlet/wsgi.py:1004}}
Jun 08 13:30:43.997286 dv-neutron-844461-2-hyperv neutron-server[104639]: DEBUG dbcounter [-] [104639] Writing DB stats neutron:SELECT=81,neutron:UPDATE=2,neutron:DELETE=14,neutron:INSERT=3 {{(pid=104639) stat_writer /usr/local/lib/python3.8/dist-packages/dbcounter.py:114}}
Jun 08 13:30:44.004049 dv-neutron-844461-2-hyperv neutron-server[104639]: DEBUG neutron.api.v2.base [None req-9acc3b34-41c8-4778-b1d6-77582a3081fc tempest-ServersTestJSON-978798887 tempest-ServersTestJSON-978798887-project] Request body: {'security_group_rule': {'security_group_id': 'e16c323d-5d76-44e4-b067-f6f1916a5f07', 'protocol': 'icmp', 'ethertype': 'IPv4', 'direction': 'ingress'}} {{(pid=104639) prepare_request_body /opt/stack/neutron/neutron/api/v2/base.py:730}}
Jun 08 13:30:44.034022 dv-neutron-844461-2-hyperv neutron-server[104639]: DEBUG neutron_lib.callbacks.manager [None req-556ed820-f403-4fe3-9333-f32631bdb13a tempest-ExtraDHCPOptionsIpV6TestJSON-1932277783 tempest-ExtraDHCPOptionsIpV6TestJSON-1932277783-project] Publish callbacks [] for security_group (None), before_create {{(pid=104639) _notify_loop /usr/local/lib/python3.8/dist-packages/neutron_lib/callbacks/manager.py:176}}
Jun 08 13:30:44.059995 dv-neutron-844461-2-hyperv neutron-server[104639]: DEBUG neutron_lib.callbacks.manager [None req-9acc3b34-41c8-4778-b1d6-77582a3081fc tempest-ServersTestJSON-978798887 tempest-ServersTestJSON-978798887-project] Publish callbacks [] for security_group_rule (6569a379-6112-4569-8ad2-a66c7341bd6e), before_create {{(pid=104639) _notify_loop /usr/local/lib/python3.8/dist-packages/neutron_lib/callbacks/manager.py:176}}
Jun 08 13:30:44.064937 dv-neutron-844461-2-hyperv neutron-server[104641]: DEBUG dbcounter [-] [104641] Writing DB stats neutron:SELECT=93,neutron:UPDATE=3,neutron:INSERT=4 {{(pid=104641) stat_writer /usr/local/lib/python3.8/dist-packages/dbcounter.py:114}}
Jun 08 13:30:44.140180 dv-neutron-844461-2-hyperv neutron-server[104640]: DEBUG neutron_lib.callbacks.manager [None req-ffecdbe0-c3df-4ea9-90a1-a2e18819d589 tempest-ServersTestManualDisk-526714041 tempest-ServersTestManualDisk-526714041-project] Publish callbacks [] for security_group_rule (None), before_response {{(pid=104640) _notify_loop /usr/local/lib/python3.8/dist-packages/neutron_lib/callbacks/manager.py:176}}
Jun 08 13:30:44.147795 dv-neutron-844461-2-hyperv neutron-server[104640]: INFO neutron.wsgi [None req-ffecdbe0-c3df-4ea9-90a1-a2e18819d589 tempest-ServersTestManualDisk-526714041 tempest-ServersTestManualDisk-526714041-project] 10.222.0.41 "POST /v2.0/security-group-rules HTTP/1.1" status: 201 len: 769 time: 1.9272733
Jun 08 13:30:44.149239 dv-neutron-844461-2-hyperv neutron-server[104640]: DEBUG neutron.pecan_wsgi.hooks.quota_enforcement [None req-796526e3-0cf8-45de-8d7d-a1b55c608f07 tempest-NetworksTestDHCPv6-282056894 tempest-NetworksTestDHCPv6-282056894-project] Made reservation on behalf of 5a9637938c4e447fbc137a6148393538 for: {'port': 1} {{(pid=104640) before /opt/stack/neutron/neutron/pecan_wsgi/hooks/quota_enforcement.py:53}}
Jun 08 13:30:44.153746 dv-neutron-844461-2-hyperv neutron-server[104640]: DEBUG neutron_lib.callbacks.manager [None req-796526e3-0cf8-45de-8d7d-a1b55c608f07 tempest-NetworksTestDHCPv6-282056894 tempest-NetworksTestDHCPv6-282056894-project] Publish callbacks ['neutron.plugins.ml2.plugin.SecurityGroupDbMixin._ensure_default_security_group_handler-1544489'] for port (None), before_create {{(pid=104640) _notify_loop /usr/local/lib/python3.8/dist-packages/neutron_lib/callbacks/manager.py:176}}
Jun 08 13:30:44.170080 dv-neutron-844461-2-hyperv neutron-server[104640]: DEBUG neutron.wsgi [-] (104640) accepted ('10.222.0.41', 50278) {{(pid=104640) server /usr/local/lib/python3.8/dist-packages/eventlet/wsgi.py:1004}}
Jun 08 13:30:44.182748 dv-neutron-844461-2-hyperv neutron-server[104639]: DEBUG neutron_lib.callbacks.manager [None req-556ed820-f403-4fe3-9333-f32631bdb13a tempest-ExtraDHCPOptionsIpV6TestJSON-1932277783 tempest-ExtraDHCPOptionsIpV6TestJSON-1932277783-project] Publish callbacks [] for security_group (746364c2-7684-4c94-a749-26cbf8f53053), precommit_create {{(pid=104639) _notify_loop /usr/local/lib/python3.8/dist-packages/neutron_lib/callbacks/manager.py:176}}
Jun 08 13:30:44.190634 dv-neutron-844461-2-hyperv neutron-server[104640]: DEBUG neutron_lib.callbacks.manager [None req-9f54b2e0-db36-483f-a5da-39a71a5564b0 tempest-ExternalNetworksTestJSON-1484915425 tempest-ExternalNetworksTestJSON-1484915425-project-admin] Publish callbacks ['neutron.plugins.ml2.db._prevent_segment_delete_with_port_bound-8781008677268', 'neutron.services.segments.plugin.Plugin._prevent_segment_delete_with_subnet_associated-9846135'] for segment (c208c19a-fbbc-43d8-be97-8802bc7d1790), before_delete {{(pid=104640) _notify_loop /usr/local/lib/python3.8/dist-packages/neutron_lib/callbacks/manager.py:176}}
Jun 08 13:30:44.198171 dv-neutron-844461-2-hyperv neutron-server[104640]: DEBUG neutron.api.v2.base [None req-c0f192e1-d6e7-4787-b71f-f1a46e4c3093 tempest-ServersTestManualDisk-526714041 tempest-ServersTestManualDisk-526714041-project] Request body: {'floatingip': {'floating_network_id': 'd0fb3c9d-2f8e-4427-a675-dc20252972da'}} {{(pid=104640) prepare_request_body /opt/stack/neutron/neutron/api/v2/base.py:730}}
Jun 08 13:30:44.205672 dv-neutron-844461-2-hyperv neutron-server[104639]: DEBUG neutron_lib.callbacks.manager [None req-556ed820-f403-4fe3-9333-f32631bdb13a tempest-ExtraDHCPOptionsIpV6TestJSON-1932277783 tempest-ExtraDHCPOptionsIpV6TestJSON-1932277783-project] Publish callbacks ['neutron.plugins.ml2.ovo_rpc._ObjectChangeHandler.handle_event-3751204'] for security_group (746364c2-7684-4c94-a749-26cbf8f53053), after_create {{(pid=104639) _notify_loop /usr/local/lib/python3.8/dist-packages/neutron_lib/callbacks/manager.py:176}}
Jun 08 13:30:44.223919 dv-neutron-844461-2-hyperv neutron-server[104640]: DEBUG dbcounter [-] [104640] Writing DB stats neutron:SELECT=90,neutron:INSERT=4,neutron:UPDATE=1,neutron:DELETE=5 {{(pid=104640) stat_writer /usr/local/lib/python3.8/dist-packages/dbcounter.py:114}}
Jun 08 13:30:44.255836 dv-neutron-844461-2-hyperv neutron-server[104640]: DEBUG neutron.pecan_wsgi.hooks.policy_enforcement [None req-8b07ea95-1354-4386-b87d-7012590d59b0 tempest-BulkNetworkOpsTest-2054846392 tempest-BulkNetworkOpsTest-2054846392-project] Attributes excluded by policy engine: ['standard_attr_id', 'vlan_transparent', 'provider:network_type', 'provider:physical_network', 'provider:segmentation_id'] {{(pid=104640) _exclude_attributes_by_policy /opt/stack/neutron/neutron/pecan_wsgi/hooks/policy_enforcement.py:259}}
Jun 08 13:30:44.261989 dv-neutron-844461-2-hyperv neutron-server[104640]: DEBUG neutron.pecan_wsgi.hooks.policy_enforcement [None req-8b07ea95-1354-4386-b87d-7012590d59b0 tempest-BulkNetworkOpsTest-2054846392 tempest-BulkNetworkOpsTest-2054846392-project] Attributes excluded by policy engine: ['standard_attr_id', 'vlan_transparent', 'provider:network_type', 'provider:physical_network', 'provider:segmentation_id'] {{(pid=104640) _exclude_attributes_by_policy /opt/stack/neutron/neutron/pecan_wsgi/hooks/policy_enforcement.py:259}}
Jun 08 13:30:44.272455 dv-neutron-844461-2-hyperv neutron-server[104640]: DEBUG neutron.pecan_wsgi.hooks.policy_enforcement [None req-8b07ea95-1354-4386-b87d-7012590d59b0 tempest-BulkNetworkOpsTest-2054846392 tempest-BulkNetworkOpsTest-2054846392-project] Attributes excluded by policy engine: ['standard_attr_id', 'vlan_transparent', 'provider:network_type', 'provider:physical_network', 'provider:segmentation_id'] {{(pid=104640) _exclude_attributes_by_policy /opt/stack/neutron/neutron/pecan_wsgi/hooks/policy_enforcement.py:259}}
Jun 08 13:30:44.278875 dv-neutron-844461-2-hyperv neutron-server[104640]: DEBUG neutron.pecan_wsgi.hooks.policy_enforcement [None req-8b07ea95-1354-4386-b87d-7012590d59b0 tempest-BulkNetworkOpsTest-2054846392 tempest-BulkNetworkOpsTest-2054846392-project] Attributes excluded by policy engine: ['standard_attr_id', 'vlan_transparent', 'provider:network_type', 'provider:physical_network', 'provider:segmentation_id'] {{(pid=104640) _exclude_attributes_by_policy /opt/stack/neutron/neutron/pecan_wsgi/hooks/policy_enforcement.py:259}}
Jun 08 13:30:44.283685 dv-neutron-844461-2-hyperv neutron-server[104639]: DEBUG neutron.plugins.ml2.drivers.helpers [None req-556ed820-f403-4fe3-9333-f32631bdb13a tempest-ExtraDHCPOptionsIpV6TestJSON-1932277783 tempest-ExtraDHCPOptionsIpV6TestJSON-1932277783-project] vlan segment allocate from pool success with {'physical_network': 'physnet1', 'vlan_id': 169} {{(pid=104639) allocate_partially_specified_segment /opt/stack/neutron/neutron/plugins/ml2/drivers/helpers.py:153}}
Jun 08 13:30:44.288566 dv-neutron-844461-2-hyperv neutron-server[104640]: DEBUG neutron.pecan_wsgi.hooks.policy_enforcement [None req-8b07ea95-1354-4386-b87d-7012590d59b0 tempest-BulkNetworkOpsTest-2054846392 tempest-BulkNetworkOpsTest-2054846392-project] Attributes excluded by policy engine: ['standard_attr_id', 'vlan_transparent', 'provider:network_type', 'provider:physical_network', 'provider:segmentation_id'] {{(pid=104640) _exclude_attributes_by_policy /opt/stack/neutron/neutron/pecan_wsgi/hooks/policy_enforcement.py:259}}
Jun 08 13:30:44.291412 dv-neutron-844461-2-hyperv neutron-server[104639]: DEBUG neutron.wsgi [-] (104639) accepted ('10.222.0.41', 50280) {{(pid=104639) server /usr/local/lib/python3.8/dist-packages/eventlet/wsgi.py:1004}}
Jun 08 13:30:44.294307 dv-neutron-844461-2-hyperv neutron-server[104640]: DEBUG neutron.pecan_wsgi.hooks.policy_enforcement [None req-8b07ea95-1354-4386-b87d-7012590d59b0 tempest-BulkNetworkOpsTest-2054846392 tempest-BulkNetworkOpsTest-2054846392-project] Attributes excluded by policy engine: ['standard_attr_id', 'vlan_transparent', 'provider:network_type', 'provider:physical_network', 'provider:segmentation_id'] {{(pid=104640) _exclude_attributes_by_policy /opt/stack/neutron/neutron/pecan_wsgi/hooks/policy_enforcement.py:259}}
Jun 08 13:30:44.295854 dv-neutron-844461-2-hyperv neutron-server[104640]: INFO neutron.wsgi [None req-8b07ea95-1354-4386-b87d-7012590d59b0 tempest-BulkNetworkOpsTest-2054846392 tempest-BulkNetworkOpsTest-2054846392-project] 10.222.0.41 "GET /v2.0/networks HTTP/1.1" status: 200 len: 3545 time: 0.8558283
Jun 08 13:30:44.303613 dv-neutron-844461-2-hyperv neutron-server[104640]: DEBUG neutron_lib.callbacks.manager [None req-c0f192e1-d6e7-4787-b71f-f1a46e4c3093 tempest-ServersTestManualDisk-526714041 tempest-ServersTestManualDisk-526714041-project] Publish callbacks [] for floatingip (None), before_create {{(pid=104640) _notify_loop /usr/local/lib/python3.8/dist-packages/neutron_lib/callbacks/manager.py:176}}
Jun 08 13:30:44.309000 dv-neutron-844461-2-hyperv neutron-server[104639]: DEBUG neutron.wsgi [-] (104639) accepted ('10.222.0.41', 50282) {{(pid=104639) server /usr/local/lib/python3.8/dist-packages/eventlet/wsgi.py:1004}}
Jun 08 13:30:44.320642 dv-neutron-844461-2-hyperv neutron-server[104639]: DEBUG neutron_lib.callbacks.manager [None req-9acc3b34-41c8-4778-b1d6-77582a3081fc tempest-ServersTestJSON-978798887 tempest-ServersTestJSON-978798887-project] Publish callbacks [] for security_group_rule (6569a379-6112-4569-8ad2-a66c7341bd6e), precommit_create {{(pid=104639) _notify_loop /usr/local/lib/python3.8/dist-packages/neutron_lib/callbacks/manager.py:176}}
Jun 08 13:30:44.335125 dv-neutron-844461-2-hyperv neutron-server[104641]: DEBUG neutron_lib.callbacks.manager [None req-a022d48a-b8a7-4944-987a-20c94ad815fa None None] Publish callbacks [] for port (626bca8b-5835-4fd8-8376-7f71b8441aef), precommit_create {{(pid=104641) _notify_loop /usr/local/lib/python3.8/dist-packages/neutron_lib/callbacks/manager.py:176}}
Jun 08 13:30:44.335560 dv-neutron-844461-2-hyperv neutron-server[104639]: DEBUG neutron.api.rpc.handlers.resources_rpc [None req-556ed820-f403-4fe3-9333-f32631bdb13a tempest-ExtraDHCPOptionsIpV6TestJSON-1932277783 tempest-ExtraDHCPOptionsIpV6TestJSON-1932277783-project] Pushing event updated for resources: {'SecurityGroup': ['ID=746364c2-7684-4c94-a749-26cbf8f53053,revision_number=1']} {{(pid=104639) push /opt/stack/neutron/neutron/api/rpc/handlers/resources_rpc.py:237}}
Jun 08 13:30:44.351616 dv-neutron-844461-2-hyperv neutron-server[104639]: DEBUG neutron_lib.callbacks.manager [None req-9acc3b34-41c8-4778-b1d6-77582a3081fc tempest-ServersTestJSON-978798887 tempest-ServersTestJSON-978798887-project] Publish callbacks ['neutron.plugins.ml2.ovo_rpc._ObjectChangeHandler.handle_event-3749020'] for security_group_rule (6569a379-6112-4569-8ad2-a66c7341bd6e), after_create {{(pid=104639) _notify_loop /usr/local/lib/python3.8/dist-packages/neutron_lib/callbacks/manager.py:176}}
Jun 08 13:30:44.356397 dv-neutron-844461-2-hyperv neutron-server[104641]: DEBUG neutron_lib.callbacks.manager [None req-a022d48a-b8a7-4944-987a-20c94ad815fa None None] Publish callbacks ['neutron.plugins.ml2.plugin.SecurityGroupServerNotifierRpcMixin._notify_sg_on_port_change-1544680', 'neutron.plugins.ml2.ovo_rpc._ObjectChangeHandler.handle_event-208300', 'neutron.api.rpc.agentnotifiers.dhcp_rpc_agent_api.DhcpAgentNotifyAPI._native_event_send_dhcp_notification-3697328', 'neutron.db.l3_dvrscheduler_db._notify_l3_agent_new_port-8781008173837'] for port (626bca8b-5835-4fd8-8376-7f71b8441aef), after_create {{(pid=104641) _notify_loop /usr/local/lib/python3.8/dist-packages/neutron_lib/callbacks/manager.py:176}}
Jun 08 13:30:44.404159 dv-neutron-844461-2-hyperv neutron-server[104639]: DEBUG neutron_lib.callbacks.manager [None req-556ed820-f403-4fe3-9333-f32631bdb13a tempest-ExtraDHCPOptionsIpV6TestJSON-1932277783 tempest-ExtraDHCPOptionsIpV6TestJSON-1932277783-project] Publish callbacks ['neutron.plugins.ml2.plugin.Ml2Plugin._handle_segment_change-1424248'] for segment (1610acfc-4e24-44ee-b364-f6e22d2f49ee), precommit_create {{(pid=104639) _notify_loop /usr/local/lib/python3.8/dist-packages/neutron_lib/callbacks/manager.py:176}}
Jun 08 13:30:44.404497 dv-neutron-844461-2-hyperv neutron-server[104639]: INFO neutron.db.segments_db [None req-556ed820-f403-4fe3-9333-f32631bdb13a tempest-ExtraDHCPOptionsIpV6TestJSON-1932277783 tempest-ExtraDHCPOptionsIpV6TestJSON-1932277783-project] Added segment 1610acfc-4e24-44ee-b364-f6e22d2f49ee of type vlan for network 11d6ab71-a5da-477e-997a-19ef00bcf283
Jun 08 13:30:44.416043 dv-neutron-844461-2-hyperv neutron-server[104640]: DEBUG neutron_lib.callbacks.manager [None req-c0f192e1-d6e7-4787-b71f-f1a46e4c3093 tempest-ServersTestManualDisk-526714041 tempest-ServersTestManualDisk-526714041-project] Publish callbacks ['neutron.plugins.ml2.plugin.SecurityGroupDbMixin._ensure_default_security_group_handler-1544489'] for port (None), before_create {{(pid=104640) _notify_loop /usr/local/lib/python3.8/dist-packages/neutron_lib/callbacks/manager.py:176}}
Jun 08 13:30:44.440551 dv-neutron-844461-2-hyperv neutron-server[104639]: DEBUG neutron.api.rpc.handlers.resources_rpc [None req-9acc3b34-41c8-4778-b1d6-77582a3081fc tempest-ServersTestJSON-978798887 tempest-ServersTestJSON-978798887-project] Pushing event updated for resources: {'SecurityGroupRule': ['ID=6569a379-6112-4569-8ad2-a66c7341bd6e,revision_number=0']} {{(pid=104639) push /opt/stack/neutron/neutron/api/rpc/handlers/resources_rpc.py:237}}
Jun 08 13:30:44.444336 dv-neutron-844461-2-hyperv neutron-server[104641]: DEBUG neutron.api.rpc.handlers.resources_rpc [None req-a022d48a-b8a7-4944-987a-20c94ad815fa None None] Pushing event updated for resources: {'Port': ['ID=626bca8b-5835-4fd8-8376-7f71b8441aef,revision_number=1']} {{(pid=104641) push /opt/stack/neutron/neutron/api/rpc/handlers/resources_rpc.py:237}}
Jun 08 13:30:44.470568 dv-neutron-844461-2-hyperv neutron-server[104641]: DEBUG neutron.scheduler.dhcp_agent_scheduler [None req-a022d48a-b8a7-4944-987a-20c94ad815fa None None] Network 9a30c7eb-fb5c-4f06-8e89-af0f5fa4065e is already hosted by enough agents. {{(pid=104641) _get_dhcp_agents_hosting_network /opt/stack/neutron/neutron/scheduler/dhcp_agent_scheduler.py:275}}
Jun 08 13:30:44.472218 dv-neutron-844461-2-hyperv neutron-server[104641]: DEBUG neutron.scheduler.base_scheduler [None req-a022d48a-b8a7-4944-987a-20c94ad815fa None None] Resources bound (agent type, host, resource id): {{(pid=104641) schedule /opt/stack/neutron/neutron/scheduler/base_scheduler.py:57}}
Jun 08 13:30:44.472458 dv-neutron-844461-2-hyperv neutron-server[104639]: DEBUG neutron_lib.callbacks.manager [None req-9acc3b34-41c8-4778-b1d6-77582a3081fc tempest-ServersTestJSON-978798887 tempest-ServersTestJSON-978798887-project] Publish callbacks [] for security_group_rule (None), before_response {{(pid=104639) _notify_loop /usr/local/lib/python3.8/dist-packages/neutron_lib/callbacks/manager.py:176}}
Jun 08 13:30:44.474656 dv-neutron-844461-2-hyperv neutron-server[104641]: DEBUG neutron.db.l3_dvrscheduler_db [None req-a022d48a-b8a7-4944-987a-20c94ad815fa None None] Received port after_create {{(pid=104641) _notify_l3_agent_new_port /opt/stack/neutron/neutron/db/l3_dvrscheduler_db.py:542}}
Jun 08 13:30:44.478267 dv-neutron-844461-2-hyperv neutron-server[104639]: INFO neutron.wsgi [None req-9acc3b34-41c8-4778-b1d6-77582a3081fc tempest-ServersTestJSON-978798887 tempest-ServersTestJSON-978798887-project] 10.222.0.41 "POST /v2.0/security-group-rules HTTP/1.1" status: 201 len: 769 time: 0.4791386
Jun 08 13:30:44.490850 dv-neutron-844461-2-hyperv neutron-server[104639]: DEBUG neutron.wsgi [-] (104639) accepted ('10.222.0.41', 50286) {{(pid=104639) server /usr/local/lib/python3.8/dist-packages/eventlet/wsgi.py:1004}}
Jun 08 13:30:44.500029 dv-neutron-844461-2-hyperv neutron-server[104639]: DEBUG neutron.api.v2.base [None req-0e37a66b-2069-4e75-b082-6bfaeef76a7c tempest-ServersTestJSON-978798887 tempest-ServersTestJSON-978798887-project] Request body: {'floatingip': {'floating_network_id': 'd0fb3c9d-2f8e-4427-a675-dc20252972da'}} {{(pid=104639) prepare_request_body /opt/stack/neutron/neutron/api/v2/base.py:730}}
Jun 08 13:30:44.558984 dv-neutron-844461-2-hyperv neutron-server[104639]: DEBUG neutron_lib.callbacks.manager [None req-556ed820-f403-4fe3-9333-f32631bdb13a tempest-ExtraDHCPOptionsIpV6TestJSON-1932277783 tempest-ExtraDHCPOptionsIpV6TestJSON-1932277783-project] Publish callbacks ['neutron.services.auto_allocate.db._ensure_external_network_default_value_callback-8781008147523'] for network (11d6ab71-a5da-477e-997a-19ef00bcf283), precommit_create {{(pid=104639) _notify_loop /usr/local/lib/python3.8/dist-packages/neutron_lib/callbacks/manager.py:176}}
Jun 08 13:30:44.574341 dv-neutron-844461-2-hyperv neutron-server[104639]: DEBUG neutron_lib.callbacks.manager [None req-1260ea62-c508-4ad9-a267-bd2bbab86dbb tempest-BulkNetworkOpsTest-2054846392 tempest-BulkNetworkOpsTest-2054846392-project] Publish callbacks ['neutron.plugins.ml2.plugin.External_net_db_mixin._before_network_delete_handler-1506778'] for network (e59a6eb8-b813-47a9-97cd-983d7df63212), before_delete {{(pid=104639) _notify_loop /usr/local/lib/python3.8/dist-packages/neutron_lib/callbacks/manager.py:176}}
Jun 08 13:30:44.581567 dv-neutron-844461-2-hyperv neutron-server[104641]: DEBUG neutron.plugins.ml2.managers [None req-a022d48a-b8a7-4944-987a-20c94ad815fa None None] Attempting to bind port 626bca8b-5835-4fd8-8376-7f71b8441aef on host dv-neutron-844461-2-hyperv for vnic_type normal with profile {{(pid=104641) bind_port /opt/stack/neutron/neutron/plugins/ml2/managers.py:811}}
Jun 08 13:30:44.582108 dv-neutron-844461-2-hyperv neutron-server[104641]: DEBUG neutron.plugins.ml2.managers [None req-a022d48a-b8a7-4944-987a-20c94ad815fa None None] Attempting to bind port 626bca8b-5835-4fd8-8376-7f71b8441aef by drivers openvswitch,hyperv on host dv-neutron-844461-2-hyperv at level 0 using segments [{'id': '9921f4ff-de2f-4103-b6c0-95867a3bba1e', 'network_type': 'vlan', 'physical_network': 'physnet1', 'segmentation_id': 196, 'network_id': '9a30c7eb-fb5c-4f06-8e89-af0f5fa4065e'}] {{(pid=104641) _bind_port_level /opt/stack/neutron/neutron/plugins/ml2/managers.py:836}}
Jun 08 13:30:44.582437 dv-neutron-844461-2-hyperv neutron-server[104641]: DEBUG neutron.plugins.ml2.drivers.mech_agent [None req-a022d48a-b8a7-4944-987a-20c94ad815fa None None] Attempting to bind port 626bca8b-5835-4fd8-8376-7f71b8441aef on network 9a30c7eb-fb5c-4f06-8e89-af0f5fa4065e {{(pid=104641) bind_port /opt/stack/neutron/neutron/plugins/ml2/drivers/mech_agent.py:91}}
Jun 08 13:30:44.595624 dv-neutron-844461-2-hyperv neutron-server[104641]: DEBUG neutron.plugins.ml2.drivers.mech_agent [None req-a022d48a-b8a7-4944-987a-20c94ad815fa None None] Checking agent: {'id': '5712de38-1763-4119-b13a-48c5269bbd80', 'agent_type': 'Open vSwitch agent', 'binary': 'neutron-openvswitch-agent', 'topic': 'N/A', 'host': 'dv-neutron-844461-2-hyperv', 'admin_state_up': True, 'created_at': datetime.datetime(2022, 6, 8, 13, 22, 25), 'started_at': datetime.datetime(2022, 6, 8, 13, 22, 55), 'heartbeat_timestamp': datetime.datetime(2022, 6, 8, 13, 30, 25), 'description': None, 'resources_synced': None, 'availability_zone': None, 'alive': True, 'configurations': {'arp_responder_enabled': False, 'baremetal_smartnic': False, 'bridge_mappings': {'physnet1': 'br-data'}, 'datapath_type': 'system', 'devices': 0, 'enable_distributed_routing': False, 'extensions': [], 'in_distributed_mode': False, 'integration_bridge': 'br-int', 'l2_population': False, 'log_agent_heartbeats': False, 'ovs_capabilities': {'datapath_types': ['netdev', 'system'], 'iface_types': ['erspan', 'geneve', 'gre', 'internal', 'ip6erspan', 'ip6gre', 'lisp', 'patch', 'stt', 'system', 'tap', 'vxlan']}, 'ovs_hybrid_plug': False, 'resource_provider_bandwidths': {}, 'resource_provider_hypervisors': {'br-data': 'dv-neutron-844461-2-hyperv'}, 'resource_provider_inventory_defaults': {'allocation_ratio': 1.0, 'min_unit': 1, 'step_size': 1, 'reserved': 0}, 'resource_provider_packet_processing_inventory_defaults': {'allocation_ratio': 1.0, 'min_unit': 1, 'step_size': 1, 'reserved': 0}, 'resource_provider_packet_processing_with_direction': {}, 'resource_provider_packet_processing_without_direction': {}, 'tunnel_types': [], 'tunneling_ip': None, 'vhostuser_socket_dir': '/var/run/openvswitch'}, 'resource_versions': {'AddressGroup': '1.2', 'Agent': '1.1', 'ConntrackHelper': '1.0', 'LocalIPAssociation': '1.0', 'Log': '1.0', 'NDPProxy': '1.0', 'Network': '1.1', 'Port': '1.7', 'PortForwarding': '1.3', 'QosPolicy': '1.10', 'SecurityGroup': '1.5', 'SecurityGroupRule': '1.2', 'SubPort': '1.0', 'Subnet': '1.1', 'Trunk': '1.1'}} {{(pid=104641) bind_port /opt/stack/neutron/neutron/plugins/ml2/drivers/mech_agent.py:110}}
Jun 08 13:30:44.597442 dv-neutron-844461-2-hyperv neutron-server[104641]: DEBUG neutron.plugins.ml2.drivers.mech_agent [None req-a022d48a-b8a7-4944-987a-20c94ad815fa None None] Checking segment: {'id': '9921f4ff-de2f-4103-b6c0-95867a3bba1e', 'network_type': 'vlan', 'physical_network': 'physnet1', 'segmentation_id': 196, 'network_id': '9a30c7eb-fb5c-4f06-8e89-af0f5fa4065e'} for mappings: {'physnet1': 'br-data'} with network types: ['local', 'flat', 'vlan'] {{(pid=104641) check_segment_for_agent /opt/stack/neutron/neutron/plugins/ml2/drivers/mech_agent.py:373}}
Jun 08 13:30:44.597883 dv-neutron-844461-2-hyperv neutron-server[104641]: DEBUG neutron_lib.callbacks.manager [None req-a022d48a-b8a7-4944-987a-20c94ad815fa None None] Publish callbacks [] for ovs_bridge_name (None), before_read {{(pid=104641) _notify_loop /usr/local/lib/python3.8/dist-packages/neutron_lib/callbacks/manager.py:176}}
Jun 08 13:30:44.598331 dv-neutron-844461-2-hyperv neutron-server[104641]: DEBUG neutron.plugins.ml2.drivers.mech_agent [None req-a022d48a-b8a7-4944-987a-20c94ad815fa None None] Bound using segment: {'id': '9921f4ff-de2f-4103-b6c0-95867a3bba1e', 'network_type': 'vlan', 'physical_network': 'physnet1', 'segmentation_id': 196, 'network_id': '9a30c7eb-fb5c-4f06-8e89-af0f5fa4065e'} {{(pid=104641) bind_port /opt/stack/neutron/neutron/plugins/ml2/drivers/mech_agent.py:120}}
Jun 08 13:30:44.598831 dv-neutron-844461-2-hyperv neutron-server[104641]: DEBUG neutron.plugins.ml2.managers [None req-a022d48a-b8a7-4944-987a-20c94ad815fa None None] Bound port: 626bca8b-5835-4fd8-8376-7f71b8441aef, host: dv-neutron-844461-2-hyperv, vif_type: ovs, vif_details: {"connectivity": "l2", "port_filter": true, "ovs_hybrid_plug": false, "datapath_type": "system", "bridge_name": "br-int"}, binding_levels: [{'bound_driver': 'openvswitch', 'bound_segment': {'id': '9921f4ff-de2f-4103-b6c0-95867a3bba1e', 'network_type': 'vlan', 'physical_network': 'physnet1', 'segmentation_id': 196, 'network_id': '9a30c7eb-fb5c-4f06-8e89-af0f5fa4065e'}}] {{(pid=104641) _bind_port_level /opt/stack/neutron/neutron/plugins/ml2/managers.py:948}}
Jun 08 13:30:44.599255 dv-neutron-844461-2-hyperv neutron-server[104641]: DEBUG neutron_lib.callbacks.manager [None req-a022d48a-b8a7-4944-987a-20c94ad815fa None None] Publish callbacks ['neutron.plugins.ml2.plugin.SecurityGroupDbMixin._ensure_default_security_group_handler-1544489'] for port (626bca8b-5835-4fd8-8376-7f71b8441aef), before_update {{(pid=104641) _notify_loop /usr/local/lib/python3.8/dist-packages/neutron_lib/callbacks/manager.py:176}}
Jun 08 13:30:44.608185 dv-neutron-844461-2-hyperv neutron-server[104639]: DEBUG dbcounter [-] [104639] Writing DB stats neutron:SELECT=75,neutron:INSERT=20,neutron:UPDATE=3,neutron:DELETE=2 {{(pid=104639) stat_writer /usr/local/lib/python3.8/dist-packages/dbcounter.py:114}}
Jun 08 13:30:44.609911 dv-neutron-844461-2-hyperv neutron-server[104640]: DEBUG neutron.db.db_base_plugin_common [None req-c0f192e1-d6e7-4787-b71f-f1a46e4c3093 tempest-ServersTestManualDisk-526714041 tempest-ServersTestManualDisk-526714041-project] Allocated IP 172.26.1.97 (d0fb3c9d-2f8e-4427-a675-dc20252972da/2f30d000-c91c-446f-82f5-fcc0d28bd07a/4ef0fb56-c49a-4978-9a15-bd6a7327abe6) {{(pid=104640) _store_ip_allocation /opt/stack/neutron/neutron/db/db_base_plugin_common.py:131}}
Jun 08 13:30:44.619293 dv-neutron-844461-2-hyperv neutron-server[104640]: DEBUG neutron.api.rpc.handlers.resources_rpc [None req-089144cb-fd87-4a5e-b90f-839ee0b872a0 tempest-BulkNetworkOpsTest-2054846392 tempest-BulkNetworkOpsTest-2054846392-project] Pushing event updated for resources: {'Network': ['ID=04403d3d-4c6e-4a3d-888a-3d8f206de189,revision_number=1']} {{(pid=104640) push /opt/stack/neutron/neutron/api/rpc/handlers/resources_rpc.py:237}}
Jun 08 13:30:44.622992 dv-neutron-844461-2-hyperv neutron-server[104641]: DEBUG neutron.plugins.ml2.rpc [None req-ac0c873f-f3ed-467d-861a-76a5f2032e72 None None] Device 473cdbc0-d3b0-4950-9a7b-ef95f5e7f5ba up at agent ovs-agent-dv-neutron-844461-2-hyperv {{(pid=104641) update_device_up /opt/stack/neutron/neutron/plugins/ml2/rpc.py:296}}
Jun 08 13:30:44.623185 dv-neutron-844461-2-hyperv neutron-server[104640]: DEBUG neutron.scheduler.l3_agent_scheduler [None req-ab559ad6-9c57-4283-b833-02006794313e tempest-RoutersIpV6AdminTest-355912427 tempest-RoutersIpV6AdminTest-355912427-project-admin] Router c9b09d49-8555-4883-a21d-624b77c63759 is scheduled to L3 agent bf211261-61d0-4c1b-92d8-1a662927af52 with binding_index 1 {{(pid=104640) bind_router /opt/stack/neutron/neutron/scheduler/l3_agent_scheduler.py:209}}
Jun 08 13:30:44.639397 dv-neutron-844461-2-hyperv neutron-server[104640]: DEBUG neutron_lib.callbacks.manager [None req-9f54b2e0-db36-483f-a5da-39a71a5564b0 tempest-ExternalNetworksTestJSON-1484915425 tempest-ExternalNetworksTestJSON-1484915425-project-admin] Publish callbacks ['neutron.plugins.ml2.plugin.Ml2Plugin._handle_segment_change-1424248'] for segment (c208c19a-fbbc-43d8-be97-8802bc7d1790), precommit_delete {{(pid=104640) _notify_loop /usr/local/lib/python3.8/dist-packages/neutron_lib/callbacks/manager.py:176}}
Jun 08 13:30:44.643212 dv-neutron-844461-2-hyperv neutron-server[104640]: DEBUG neutron.notifiers.nova [None req-796526e3-0cf8-45de-8d7d-a1b55c608f07 tempest-NetworksTestDHCPv6-282056894 tempest-NetworksTestDHCPv6-282056894-project] device_id is not set on port 19c8aadd-65bb-48d9-8645-88c14ca74fb1 yet. {{(pid=104640) _can_notify /opt/stack/neutron/neutron/notifiers/nova.py:199}}
Jun 08 13:30:44.648224 dv-neutron-844461-2-hyperv neutron-server[104639]: DEBUG neutron_lib.callbacks.manager [None req-0e37a66b-2069-4e75-b082-6bfaeef76a7c tempest-ServersTestJSON-978798887 tempest-ServersTestJSON-978798887-project] Publish callbacks [] for floatingip (None), before_create {{(pid=104639) _notify_loop /usr/local/lib/python3.8/dist-packages/neutron_lib/callbacks/manager.py:176}}
Jun 08 13:30:44.655880 dv-neutron-844461-2-hyperv neutron-server[104641]: DEBUG neutron.plugins.ml2.rpc [None req-ac0c873f-f3ed-467d-861a-76a5f2032e72 None None] Network 04403d3d-4c6e-4a3d-888a-3d8f206de189 details requested by agent ovs-agent-dv-neutron-844461-2-hyperv with host dv-neutron-844461-2-hyperv {{(pid=104641) get_network_details /opt/stack/neutron/neutron/plugins/ml2/rpc.py:248}}
Jun 08 13:30:44.674744 dv-neutron-844461-2-hyperv neutron-server[104641]: DEBUG dbcounter [-] [104641] Writing DB stats neutron:SELECT=93,neutron:UPDATE=5,neutron:INSERT=2 {{(pid=104641) stat_writer /usr/local/lib/python3.8/dist-packages/dbcounter.py:114}}
Jun 08 13:30:44.691674 dv-neutron-844461-2-hyperv neutron-server[104640]: DEBUG neutron.plugins.ml2.drivers.type_vlan [None req-9f54b2e0-db36-483f-a5da-39a71a5564b0 tempest-ExternalNetworksTestJSON-1484915425 tempest-ExternalNetworksTestJSON-1484915425-project-admin] Releasing vlan 156 on physical network physnet1 to pool {{(pid=104640) release_segment /opt/stack/neutron/neutron/plugins/ml2/drivers/type_vlan.py:304}}
Jun 08 13:30:44.692109 dv-neutron-844461-2-hyperv neutron-server[104640]: DEBUG neutron_lib.callbacks.manager [None req-9f54b2e0-db36-483f-a5da-39a71a5564b0 tempest-ExternalNetworksTestJSON-1484915425 tempest-ExternalNetworksTestJSON-1484915425-project-admin] Publish callbacks ['neutron.plugins.ml2.plugin.Ml2Plugin._handle_segment_change-1424248', 'neutron.services.segments.plugin.NovaSegmentNotifier._notify_segment_deleted-9860292'] for segment (c208c19a-fbbc-43d8-be97-8802bc7d1790), after_delete {{(pid=104640) _notify_loop /usr/local/lib/python3.8/dist-packages/neutron_lib/callbacks/manager.py:176}}
Jun 08 13:30:44.759753 dv-neutron-844461-2-hyperv neutron-server[104639]: DEBUG neutron_lib.callbacks.manager [None req-556ed820-f403-4fe3-9333-f32631bdb13a tempest-ExtraDHCPOptionsIpV6TestJSON-1932277783 tempest-ExtraDHCPOptionsIpV6TestJSON-1932277783-project] Publish callbacks ['neutron.plugins.ml2.ovo_rpc._ObjectChangeHandler.handle_event-3751295', 'neutron.api.rpc.agentnotifiers.dhcp_rpc_agent_api.DhcpAgentNotifyAPI._native_event_send_dhcp_notification-3697328'] for network (11d6ab71-a5da-477e-997a-19ef00bcf283), after_create {{(pid=104639) _notify_loop /usr/local/lib/python3.8/dist-packages/neutron_lib/callbacks/manager.py:176}}
Jun 08 13:30:44.765507 dv-neutron-844461-2-hyperv neutron-server[104639]: DEBUG neutron.pecan_wsgi.hooks.policy_enforcement [None req-556ed820-f403-4fe3-9333-f32631bdb13a tempest-ExtraDHCPOptionsIpV6TestJSON-1932277783 tempest-ExtraDHCPOptionsIpV6TestJSON-1932277783-project] Attributes excluded by policy engine: ['standard_attr_id', 'provider:network_type', 'provider:physical_network', 'provider:segmentation_id', 'vlan_transparent'] {{(pid=104639) _exclude_attributes_by_policy /opt/stack/neutron/neutron/pecan_wsgi/hooks/policy_enforcement.py:259}}
Jun 08 13:30:44.765761 dv-neutron-844461-2-hyperv neutron-server[104639]: DEBUG neutron_lib.callbacks.manager [None req-556ed820-f403-4fe3-9333-f32631bdb13a tempest-ExtraDHCPOptionsIpV6TestJSON-1932277783 tempest-ExtraDHCPOptionsIpV6TestJSON-1932277783-project] Publish callbacks ['neutron.api.rpc.agentnotifiers.dhcp_rpc_agent_api.DhcpAgentNotifyAPI._send_dhcp_notification-3697310'] for network (None), before_response {{(pid=104639) _notify_loop /usr/local/lib/python3.8/dist-packages/neutron_lib/callbacks/manager.py:176}}
Jun 08 13:30:44.811586 dv-neutron-844461-2-hyperv neutron-server[104641]: DEBUG neutron.db.provisioning_blocks [None req-ac0c873f-f3ed-467d-861a-76a5f2032e72 None None] Provisioning complete for port 473cdbc0-d3b0-4950-9a7b-ef95f5e7f5ba triggered by entity L2. {{(pid=104641) provisioning_complete /opt/stack/neutron/neutron/db/provisioning_blocks.py:145}}
Jun 08 13:30:44.811955 dv-neutron-844461-2-hyperv neutron-server[104641]: DEBUG neutron_lib.callbacks.manager [None req-ac0c873f-f3ed-467d-861a-76a5f2032e72 None None] Publish callbacks ['neutron.plugins.ml2.plugin.Ml2Plugin._port_provisioned-1434986'] for port (473cdbc0-d3b0-4950-9a7b-ef95f5e7f5ba), provisioning_complete {{(pid=104641) _notify_loop /usr/local/lib/python3.8/dist-packages/neutron_lib/callbacks/manager.py:176}}
Jun 08 13:30:44.814425 dv-neutron-844461-2-hyperv neutron-server[104641]: DEBUG neutron.plugins.ml2.db [None req-a022d48a-b8a7-4944-987a-20c94ad815fa None None] For port 626bca8b-5835-4fd8-8376-7f71b8441aef, host dv-neutron-844461-2-hyperv, cleared binding levels {{(pid=104641) clear_binding_levels /opt/stack/neutron/neutron/plugins/ml2/db.py:87}}
Jun 08 13:30:44.818683 dv-neutron-844461-2-hyperv neutron-server[104641]: DEBUG neutron.plugins.ml2.db [None req-a022d48a-b8a7-4944-987a-20c94ad815fa None None] For port 626bca8b-5835-4fd8-8376-7f71b8441aef, host dv-neutron-844461-2-hyperv, set binding levels [PortBindingLevel(driver='openvswitch',host='dv-neutron-844461-2-hyperv',level=0,port_id=626bca8b-5835-4fd8-8376-7f71b8441aef,segment=NetworkSegment(9921f4ff-de2f-4103-b6c0-95867a3bba1e),segment_id=9921f4ff-de2f-4103-b6c0-95867a3bba1e)] {{(pid=104641) set_binding_levels /opt/stack/neutron/neutron/plugins/ml2/db.py:59}}
Jun 08 13:30:44.847601 dv-neutron-844461-2-hyperv neutron-server[104639]: DEBUG neutron_lib.callbacks.manager [None req-1260ea62-c508-4ad9-a267-bd2bbab86dbb tempest-BulkNetworkOpsTest-2054846392 tempest-BulkNetworkOpsTest-2054846392-project] Publish callbacks ['neutron.plugins.ml2.plugin.Ml2Plugin._network_delete_precommit_handler-1375187', 'neutron.services.segments.db._delete_segments_for_network-8781008678157'] for network (e59a6eb8-b813-47a9-97cd-983d7df63212), precommit_delete {{(pid=104639) _notify_loop /usr/local/lib/python3.8/dist-packages/neutron_lib/callbacks/manager.py:176}}
Jun 08 13:30:44.849045 dv-neutron-844461-2-hyperv neutron-server[104641]: DEBUG neutron_lib.callbacks.manager [None req-a022d48a-b8a7-4944-987a-20c94ad815fa None None] Publish callbacks ['neutron.plugins.ml2.plugin.SecurityGroupServerNotifierRpcMixin._notify_sg_on_port_change-1544680', 'neutron.plugins.ml2.ovo_rpc._ObjectChangeHandler.handle_event-208300', 'neutron.api.rpc.agentnotifiers.dhcp_rpc_agent_api.DhcpAgentNotifyAPI._native_event_send_dhcp_notification-3697328', 'neutron.db.l3_db.L3RpcNotifierMixin._notify_gateway_port_ip_changed-8781008557186', 'neutron.db.l3_dvrscheduler_db._notify_l3_agent_port_update-8781008173855', 'neutron.db.l3_hascheduler_db._notify_l3_agent_ha_port_update-8781008173873'] for port (626bca8b-5835-4fd8-8376-7f71b8441aef), after_update {{(pid=104641) _notify_loop /usr/local/lib/python3.8/dist-packages/neutron_lib/callbacks/manager.py:176}}
Jun 08 13:30:44.871486 dv-neutron-844461-2-hyperv neutron-server[104639]: DEBUG neutron.services.segments.db [None req-1260ea62-c508-4ad9-a267-bd2bbab86dbb tempest-BulkNetworkOpsTest-2054846392 tempest-BulkNetworkOpsTest-2054846392-project] neutron.services.segments.plugin.Plugin method get_segments called with arguments (,) {'filters': {'network_id': ['e59a6eb8-b813-47a9-97cd-983d7df63212']}} {{(pid=104639) wrapper /usr/local/lib/python3.8/dist-packages/oslo_log/helpers.py:65}}
Jun 08 13:30:44.882592 dv-neutron-844461-2-hyperv neutron-server[104639]: DEBUG neutron.services.segments.db [None req-1260ea62-c508-4ad9-a267-bd2bbab86dbb tempest-BulkNetworkOpsTest-2054846392 tempest-BulkNetworkOpsTest-2054846392-project] neutron.services.segments.plugin.Plugin method delete_segment called with arguments (, 'bf7ec63b-c259-4820-91d2-d430f49ad6c3') {'for_net_delete': True} {{(pid=104639) wrapper /usr/local/lib/python3.8/dist-packages/oslo_log/helpers.py:65}}
Jun 08 13:30:44.882951 dv-neutron-844461-2-hyperv neutron-server[104639]: DEBUG neutron.services.segments.db [None req-1260ea62-c508-4ad9-a267-bd2bbab86dbb tempest-BulkNetworkOpsTest-2054846392 tempest-BulkNetworkOpsTest-2054846392-project] neutron.services.segments.plugin.Plugin method get_segment called with arguments (, 'bf7ec63b-c259-4820-91d2-d430f49ad6c3') {} {{(pid=104639) wrapper /usr/local/lib/python3.8/dist-packages/oslo_log/helpers.py:65}}
Jun 08 13:30:44.895519 dv-neutron-844461-2-hyperv neutron-server[104639]: DEBUG neutron_lib.callbacks.manager [None req-1260ea62-c508-4ad9-a267-bd2bbab86dbb tempest-BulkNetworkOpsTest-2054846392 tempest-BulkNetworkOpsTest-2054846392-project] Publish callbacks ['neutron.plugins.ml2.db._prevent_segment_delete_with_port_bound-8781008677268', 'neutron.services.segments.plugin.Plugin._prevent_segment_delete_with_subnet_associated-9695716'] for segment (bf7ec63b-c259-4820-91d2-d430f49ad6c3), before_delete {{(pid=104639) _notify_loop /usr/local/lib/python3.8/dist-packages/neutron_lib/callbacks/manager.py:176}}
Jun 08 13:30:44.913085 dv-neutron-844461-2-hyperv neutron-server[104639]: DEBUG neutron_lib.callbacks.manager [None req-1260ea62-c508-4ad9-a267-bd2bbab86dbb tempest-BulkNetworkOpsTest-2054846392 tempest-BulkNetworkOpsTest-2054846392-project] Publish callbacks ['neutron.plugins.ml2.plugin.Ml2Plugin._handle_segment_change-1424248'] for segment (bf7ec63b-c259-4820-91d2-d430f49ad6c3), precommit_delete {{(pid=104639) _notify_loop /usr/local/lib/python3.8/dist-packages/neutron_lib/callbacks/manager.py:176}}
Jun 08 13:30:44.922285 dv-neutron-844461-2-hyperv neutron-server[104639]: DEBUG neutron.plugins.ml2.drivers.type_vlan [None req-1260ea62-c508-4ad9-a267-bd2bbab86dbb tempest-BulkNetworkOpsTest-2054846392 tempest-BulkNetworkOpsTest-2054846392-project] Releasing vlan 183 on physical network physnet1 to pool {{(pid=104639) release_segment /opt/stack/neutron/neutron/plugins/ml2/drivers/type_vlan.py:304}}
Jun 08 13:30:44.923097 dv-neutron-844461-2-hyperv neutron-server[104639]: DEBUG neutron_lib.callbacks.manager [None req-1260ea62-c508-4ad9-a267-bd2bbab86dbb tempest-BulkNetworkOpsTest-2054846392 tempest-BulkNetworkOpsTest-2054846392-project] Publish callbacks ['neutron.plugins.ml2.plugin.Ml2Plugin._handle_segment_change-1424248', 'neutron.services.segments.plugin.NovaSegmentNotifier._notify_segment_deleted-9887707'] for segment (bf7ec63b-c259-4820-91d2-d430f49ad6c3), after_delete {{(pid=104639) _notify_loop /usr/local/lib/python3.8/dist-packages/neutron_lib/callbacks/manager.py:176}}
Jun 08 13:30:44.948859 dv-neutron-844461-2-hyperv neutron-server[104641]: DEBUG neutron.api.rpc.handlers.resources_rpc [None req-a022d48a-b8a7-4944-987a-20c94ad815fa None None] Pushing event updated for resources: {'Port': ['ID=626bca8b-5835-4fd8-8376-7f71b8441aef,revision_number=2']} {{(pid=104641) push /opt/stack/neutron/neutron/api/rpc/handlers/resources_rpc.py:237}}
Jun 08 13:30:45.012915 dv-neutron-844461-2-hyperv neutron-server[104641]: DEBUG neutron.plugins.ml2.plugin [None req-ac0c873f-f3ed-467d-861a-76a5f2032e72 None None] Current status of the port 473cdbc0-d3b0-4950-9a7b-ef95f5e7f5ba is: ACTIVE; New status is: ACTIVE {{(pid=104641) _update_individual_port_db_status /opt/stack/neutron/neutron/plugins/ml2/plugin.py:2298}}
