Jun 02 14:47:06.248343 dv-neutron-844461-1-hyperv neutron-server[116363]: DEBUG neutron.db.l3_hamode_db [None req-c6bf9b90-8c29-4309-b402-4228bb6d2fc1 None None] neutron.services.l3_router.l3_router_plugin.L3RouterPlugin method _process_sync_ha_data called with arguments (, [{'id': 'ff0a7947-c468-4ab3-bcdb-883b2d5fb2b6', 'name': 'tempest-ServerActionsTestJSON-96033776-router', 'tenant_id': '0dbe5e0b893f45c58ba971a6dc317401', 'admin_state_up': True, 'status': 'ACTIVE', 'external_gateway_info': {'network_id': '424fc3e8-2ad6-4645-a88f-35b55bfa3cea', 'external_fixed_ips': [{'subnet_id': 'c608d2ec-4c9f-45d7-8f4f-24936cafa60e', 'ip_address': '172.26.8.64'}], 'enable_snat': True}, 'gw_port_id': '3fd81977-e0b4-48cd-befd-628b2734176c', 'description': '', 'availability_zones': ['nova'], 'distributed': False, 'ha': False, 'ha_vr_id': 0, 'availability_zone_hints': [], 'routes': [], 'flavor_id': None, 'tags': [], 'created_at': '2022-06-02T14:46:57Z', 'updated_at': '2022-06-02T14:47:02Z', 'revision_number': 4, 'project_id': '0dbe5e0b893f45c58ba971a6dc317401', 'gw_port': {'id': '3fd81977-e0b4-48cd-befd-628b2734176c', 'name': '', 'network_id': '424fc3e8-2ad6-4645-a88f-35b55bfa3cea', 'tenant_id': '', 'mac_address': 'fa:16:3e:dd:c3:b5', 'admin_state_up': True, 'status': 'DOWN', 'device_id': 'ff0a7947-c468-4ab3-bcdb-883b2d5fb2b6', 'device_owner': 'network:router_gateway', 'standard_attr_id': 41, 'fixed_ips': [{'subnet_id': 'c608d2ec-4c9f-45d7-8f4f-24936cafa60e', 'ip_address': '172.26.8.64', 'prefixlen': 24}], 'allowed_address_pairs': [], 'extra_dhcp_opts': [], 'security_groups': [], 'description': '', 'binding:vnic_type': 'normal', 'binding:profile': {}, 'binding:host_id': 'dv-neutron-844461-1-hyperv', 'binding:vif_type': 'ovs', 'binding:vif_details': {'connectivity': 'l2', 'port_filter': True, 'ovs_hybrid_plug': False, 'datapath_type': 'system', 'bridge_name': 'br-int', 'bound_drivers': {'0': 'openvswitch'}}, 'port_security_enabled': False, 'tags': [], 'created_at': '2022-06-02T14:46:57Z', 'updated_at': '2022-06-02T14:47:01Z', 'revision_number': 3, 'project_id': '', 'subnets': [{'id': 'c608d2ec-4c9f-45d7-8f4f-24936cafa60e', 'cidr': '172.26.8.0/24', 'gateway_ip': '172.26.8.1', 'dns_nameservers': [], 'ipv6_ra_mode': None, 'subnetpool_id': None}], 'extra_subnets': [], 'address_scopes': {4: None, 6: None}, 'mtu': 1500}, 'enable_snat': True, 'gw_port_host': 'dv-neutron-844461-1-hyperv', '_interfaces': [{'id': '700d9cf0-b0fb-4469-bb04-3e14d23eef13', 'name': '', 'network_id': '2265977b-edad-43fb-94a2-72b1d154068b', 'tenant_id': '0dbe5e0b893f45c58ba971a6dc317401', 'mac_address': 'fa:16:3e:78:d2:75', 'admin_state_up': True, 'status': 'DOWN', 'device_id': 'ff0a7947-c468-4ab3-bcdb-883b2d5fb2b6', 'device_owner': 'network:router_interface', 'standard_attr_id': 53, 'fixed_ips': [{'subnet_id': '1da8a321-6e10-426a-a9ed-b431ba0276ca', 'ip_address': '172.20.0.1', 'prefixlen': 28}], 'allowed_address_pairs': [], 'extra_dhcp_opts': [], 'security_groups': [], 'description': '', 'binding:vnic_type': 'normal', 'binding:profile': {}, 'binding:host_id': '', 'binding:vif_type': 'unbound', 'binding:vif_details': {}, 'port_security_enabled': False, 'tags': [], 'created_at': '2022-06-02T14:47:00Z', 'updated_at': '2022-06-02T14:47:02Z', 'revision_number': 2, 'project_id': '0dbe5e0b893f45c58ba971a6dc317401', 'subnets': [{'id': '1da8a321-6e10-426a-a9ed-b431ba0276ca', 'cidr': '172.20.0.0/28', 'gateway_ip': '172.20.0.1', 'dns_nameservers': [], 'ipv6_ra_mode': None, 'subnetpool_id': None}], 'extra_subnets': [], 'address_scopes': {4: None, 6: None}, 'mtu': 1500}]}], 'dv-neutron-844461-1-hyperv', False) {} {{(pid=116363) wrapper /usr/local/lib/python3.8/dist-packages/oslo_log/helpers.py:65}}
Jun 02 14:47:06.259349 dv-neutron-844461-1-hyperv neutron-server[116360]: INFO neutron.wsgi [None req-d8f934db-311e-4a10-9249-7ff9828ff9f9 tempest-MeteringTestJSON-905602423 tempest-MeteringTestJSON-905602423-project-admin] 10.222.0.47 "GET /v2.0/metering/metering-labels?id=9d14f682-f3fd-4285-8cd0-54375751ff3b HTTP/1.1" status: 200 len: 216 time: 0.0632029
Jun 02 14:47:06.272613 dv-neutron-844461-1-hyperv neutron-server[116362]: DEBUG neutron.plugins.ml2.rpc [None req-e53aff61-9915-48d6-ad3c-76fd20b5c62b None None] Device 2f0154b3-b8b8-43a2-b96a-64c92dcaf5d6 up at agent ovs-agent-dv-neutron-844461-1-hyperv {{(pid=116362) update_device_up /opt/stack/neutron/neutron/plugins/ml2/rpc.py:296}}
Jun 02 14:47:06.294612 dv-neutron-844461-1-hyperv neutron-server[116363]: DEBUG neutron.api.rpc.handlers.l3_rpc [None req-c6bf9b90-8c29-4309-b402-4228bb6d2fc1 None None] Checking router: ff0a7947-c468-4ab3-bcdb-883b2d5fb2b6 for host: dv-neutron-844461-1-hyperv {{(pid=116363) _ensure_host_set_on_ports /opt/stack/neutron/neutron/api/rpc/handlers/l3_rpc.py:155}}
Jun 02 14:47:06.294963 dv-neutron-844461-1-hyperv neutron-server[116363]: DEBUG neutron.api.rpc.handlers.l3_rpc [None req-c6bf9b90-8c29-4309-b402-4228bb6d2fc1 None None] Updating router ff0a7947-c468-4ab3-bcdb-883b2d5fb2b6 port 700d9cf0-b0fb-4469-bb04-3e14d23eef13 binding host dv-neutron-844461-1-hyperv {{(pid=116363) _ensure_host_set_on_port /opt/stack/neutron/neutron/api/rpc/handlers/l3_rpc.py:205}}
Jun 02 14:47:06.298874 dv-neutron-844461-1-hyperv neutron-server[116360]: DEBUG neutron.wsgi [-] (116360) accepted ('10.222.0.47', 42618) {{(pid=116360) server /usr/local/lib/python3.8/dist-packages/eventlet/wsgi.py:1004}}
Jun 02 14:47:06.334475 dv-neutron-844461-1-hyperv neutron-server[116360]: INFO neutron.wsgi [None req-2689795b-99e2-4c3d-a573-53b241d29e81 tempest-MeteringTestJSON-905602423 tempest-MeteringTestJSON-905602423-project-admin] 10.222.0.47 "GET /v2.0/metering/metering-label-rules?id=33 HTTP/1.1" status: 200 len: 221 time: 0.0325606
Jun 02 14:47:06.346971 dv-neutron-844461-1-hyperv neutron-server[116360]: DEBUG neutron.wsgi [-] (116360) accepted ('10.222.0.47', 42622) {{(pid=116360) server /usr/local/lib/python3.8/dist-packages/eventlet/wsgi.py:1004}}
Jun 02 14:47:06.347150 dv-neutron-844461-1-hyperv neutron-server[116363]: DEBUG neutron_lib.callbacks.manager [None req-c6bf9b90-8c29-4309-b402-4228bb6d2fc1 None None] Publish callbacks ['neutron.plugins.ml2.plugin.SecurityGroupDbMixin._ensure_default_security_group_handler-884473'] for port (700d9cf0-b0fb-4469-bb04-3e14d23eef13), before_update {{(pid=116363) _notify_loop /usr/local/lib/python3.8/dist-packages/neutron_lib/callbacks/manager.py:176}}
Jun 02 14:47:06.370161 dv-neutron-844461-1-hyperv neutron-server[116362]: DEBUG neutron.plugins.ml2.managers [None req-edfa6bd6-365d-4b64-b37a-41951e300dea None None] Attempting to bind port 4df81dcf-8ed3-4e47-9b7b-7f15c2c61142 on host dv-neutron-844461-1-hyperv for vnic_type normal with profile {{(pid=116362) bind_port /opt/stack/neutron/neutron/plugins/ml2/managers.py:811}}
Jun 02 14:47:06.370566 dv-neutron-844461-1-hyperv neutron-server[116362]: DEBUG neutron.plugins.ml2.managers [None req-edfa6bd6-365d-4b64-b37a-41951e300dea None None] Attempting to bind port 4df81dcf-8ed3-4e47-9b7b-7f15c2c61142 by drivers openvswitch,hyperv on host dv-neutron-844461-1-hyperv at level 0 using segments [{'id': '0ba660f8-3d38-4d3e-980a-b0aaeac1b323', 'network_type': 'vlan', 'physical_network': 'physnet1', 'segmentation_id': 196, 'network_id': 'accabfaa-14d9-49cc-9428-98497d55d6c3'}] {{(pid=116362) _bind_port_level /opt/stack/neutron/neutron/plugins/ml2/managers.py:836}}
Jun 02 14:47:06.370839 dv-neutron-844461-1-hyperv neutron-server[116362]: DEBUG neutron.plugins.ml2.drivers.mech_agent [None req-edfa6bd6-365d-4b64-b37a-41951e300dea None None] Attempting to bind port 4df81dcf-8ed3-4e47-9b7b-7f15c2c61142 on network accabfaa-14d9-49cc-9428-98497d55d6c3 {{(pid=116362) bind_port /opt/stack/neutron/neutron/plugins/ml2/drivers/mech_agent.py:91}}
Jun 02 14:47:06.375432 dv-neutron-844461-1-hyperv neutron-server[116361]: DEBUG neutron.api.v2.base [None req-1f96cfb1-9270-4523-b760-24a4ab2e9352 tempest-ExternalNetworksTestJSON-859860208 tempest-ExternalNetworksTestJSON-859860208-project-admin] Request body: {'network': {'name': 'tempest-network--1517727339', 'router:external': True}} {{(pid=116361) prepare_request_body /opt/stack/neutron/neutron/api/v2/base.py:730}}
Jun 02 14:47:06.387274 dv-neutron-844461-1-hyperv neutron-server[116360]: INFO neutron.wsgi [None req-90729096-0f86-4769-bc95-f68279f713e9 tempest-MeteringTestJSON-905602423 tempest-MeteringTestJSON-905602423-project-admin] 10.222.0.47 "GET /v2.0/metering/metering-labels?id=33 HTTP/1.1" status: 200 len: 216 time: 0.0389287
Jun 02 14:47:06.398047 dv-neutron-844461-1-hyperv neutron-server[116360]: DEBUG neutron.wsgi [-] (116360) accepted ('10.222.0.47', 42624) {{(pid=116360) server /usr/local/lib/python3.8/dist-packages/eventlet/wsgi.py:1004}}
Jun 02 14:47:06.405211 dv-neutron-844461-1-hyperv neutron-server[116362]: DEBUG neutron.plugins.ml2.drivers.mech_agent [None req-edfa6bd6-365d-4b64-b37a-41951e300dea None None] Checking agent: {'id': 'f4bb3e23-9469-46d0-ad24-23dfdfefb7ab', 'agent_type': 'Open vSwitch agent', 'binary': 'neutron-openvswitch-agent', 'topic': 'N/A', 'host': 'dv-neutron-844461-1-hyperv', 'admin_state_up': True, 'created_at': datetime.datetime(2022, 6, 2, 14, 39, 25), 'started_at': datetime.datetime(2022, 6, 2, 14, 39, 55), 'heartbeat_timestamp': datetime.datetime(2022, 6, 2, 14, 46, 55), 'description': None, 'resources_synced': None, 'availability_zone': None, 'alive': True, 'configurations': {'arp_responder_enabled': False, 'baremetal_smartnic': False, 'bridge_mappings': {'physnet1': 'br-data'}, 'datapath_type': 'system', 'devices': 0, 'enable_distributed_routing': False, 'extensions': [], 'in_distributed_mode': False, 'integration_bridge': 'br-int', 'l2_population': False, 'log_agent_heartbeats': False, 'ovs_capabilities': {'datapath_types': ['netdev', 'system'], 'iface_types': ['erspan', 'geneve', 'gre', 'internal', 'ip6erspan', 'ip6gre', 'lisp', 'patch', 'stt', 'system', 'tap', 'vxlan']}, 'ovs_hybrid_plug': False, 'resource_provider_bandwidths': {}, 'resource_provider_hypervisors': {'br-data': 'dv-neutron-844461-1-hyperv'}, 'resource_provider_inventory_defaults': {'allocation_ratio': 1.0, 'min_unit': 1, 'step_size': 1, 'reserved': 0}, 'resource_provider_packet_processing_inventory_defaults': {'allocation_ratio': 1.0, 'min_unit': 1, 'step_size': 1, 'reserved': 0}, 'resource_provider_packet_processing_with_direction': {}, 'resource_provider_packet_processing_without_direction': {}, 'tunnel_types': [], 'tunneling_ip': None, 'vhostuser_socket_dir': '/var/run/openvswitch'}, 'resource_versions': {'AddressGroup': '1.2', 'Agent': '1.1', 'ConntrackHelper': '1.0', 'LocalIPAssociation': '1.0', 'Log': '1.0', 'NDPProxy': '1.0', 'Network': '1.1', 'Port': '1.7', 'PortForwarding': '1.3', 'QosPolicy': '1.10', 'SecurityGroup': '1.5', 'SecurityGroupRule': '1.2', 'SubPort': '1.0', 'Subnet': '1.1', 'Trunk': '1.1'}} {{(pid=116362) bind_port /opt/stack/neutron/neutron/plugins/ml2/drivers/mech_agent.py:110}}
Jun 02 14:47:06.405840 dv-neutron-844461-1-hyperv neutron-server[116362]: DEBUG neutron.plugins.ml2.drivers.mech_agent [None req-edfa6bd6-365d-4b64-b37a-41951e300dea None None] Checking segment: {'id': '0ba660f8-3d38-4d3e-980a-b0aaeac1b323', 'network_type': 'vlan', 'physical_network': 'physnet1', 'segmentation_id': 196, 'network_id': 'accabfaa-14d9-49cc-9428-98497d55d6c3'} for mappings: {'physnet1': 'br-data'} with network types: ['local', 'flat', 'vlan'] {{(pid=116362) check_segment_for_agent /opt/stack/neutron/neutron/plugins/ml2/drivers/mech_agent.py:373}}
Jun 02 14:47:06.406255 dv-neutron-844461-1-hyperv neutron-server[116362]: DEBUG neutron_lib.callbacks.manager [None req-edfa6bd6-365d-4b64-b37a-41951e300dea None None] Publish callbacks [] for ovs_bridge_name (None), before_read {{(pid=116362) _notify_loop /usr/local/lib/python3.8/dist-packages/neutron_lib/callbacks/manager.py:176}}
Jun 02 14:47:06.406643 dv-neutron-844461-1-hyperv neutron-server[116362]: DEBUG neutron.plugins.ml2.drivers.mech_agent [None req-edfa6bd6-365d-4b64-b37a-41951e300dea None None] Bound using segment: {'id': '0ba660f8-3d38-4d3e-980a-b0aaeac1b323', 'network_type': 'vlan', 'physical_network': 'physnet1', 'segmentation_id': 196, 'network_id': 'accabfaa-14d9-49cc-9428-98497d55d6c3'} {{(pid=116362) bind_port /opt/stack/neutron/neutron/plugins/ml2/drivers/mech_agent.py:120}}
Jun 02 14:47:06.407159 dv-neutron-844461-1-hyperv neutron-server[116362]: DEBUG neutron.plugins.ml2.managers [None req-edfa6bd6-365d-4b64-b37a-41951e300dea None None] Bound port: 4df81dcf-8ed3-4e47-9b7b-7f15c2c61142, host: dv-neutron-844461-1-hyperv, vif_type: ovs, vif_details: {"connectivity": "l2", "port_filter": true, "ovs_hybrid_plug": false, "datapath_type": "system", "bridge_name": "br-int"}, binding_levels: [{'bound_driver': 'openvswitch', 'bound_segment': {'id': '0ba660f8-3d38-4d3e-980a-b0aaeac1b323', 'network_type': 'vlan', 'physical_network': 'physnet1', 'segmentation_id': 196, 'network_id': 'accabfaa-14d9-49cc-9428-98497d55d6c3'}}] {{(pid=116362) _bind_port_level /opt/stack/neutron/neutron/plugins/ml2/managers.py:948}}
Jun 02 14:47:06.407542 dv-neutron-844461-1-hyperv neutron-server[116362]: DEBUG neutron_lib.callbacks.manager [None req-edfa6bd6-365d-4b64-b37a-41951e300dea None None] Publish callbacks ['neutron.plugins.ml2.plugin.SecurityGroupDbMixin._ensure_default_security_group_handler-884473'] for port (4df81dcf-8ed3-4e47-9b7b-7f15c2c61142), before_update {{(pid=116362) _notify_loop /usr/local/lib/python3.8/dist-packages/neutron_lib/callbacks/manager.py:176}}
Jun 02 14:47:06.424707 dv-neutron-844461-1-hyperv neutron-server[116361]: DEBUG neutron.wsgi [-] (116361) accepted ('10.222.0.47', 42626) {{(pid=116361) server /usr/local/lib/python3.8/dist-packages/eventlet/wsgi.py:1004}}
Jun 02 14:47:06.438039 dv-neutron-844461-1-hyperv neutron-server[116360]: DEBUG neutron_lib.callbacks.manager [None req-714a5da7-7a44-421a-af88-41114661aa9b tempest-ServerActionsTestJSON-1384311819 tempest-ServerActionsTestJSON-1384311819-project] Publish callbacks [] for security_group_rule (354eede8-0848-4ef6-a4c1-311b112c636d), before_create {{(pid=116360) _notify_loop /usr/local/lib/python3.8/dist-packages/neutron_lib/callbacks/manager.py:176}}
Jun 02 14:47:06.449650 dv-neutron-844461-1-hyperv neutron-server[116361]: DEBUG neutron.api.v2.base [None req-7293c9b2-40d0-4419-a04c-1c2ed022e05f tempest-PortsAdminExtendedAttrsIpV6TestJSON-315949723 tempest-PortsAdminExtendedAttrsIpV6TestJSON-315949723-project-admin] Request body: {'port': {'network_id': 'e4f04225-80f4-418f-8fff-8ef4a46a2060', 'binding:host_id': 'hv-neutron-8444', 'name': 'tempest-PortsAdminExtendedAttrsIpV6TestJSON-2108070565'}} {{(pid=116361) prepare_request_body /opt/stack/neutron/neutron/api/v2/base.py:730}}
Jun 02 14:47:06.467561 dv-neutron-844461-1-hyperv neutron-server[116361]: DEBUG neutron_lib.callbacks.manager [None req-1d774937-5f10-4d48-8e31-9909b94f68f2 admin admin] Publish callbacks ['neutron.plugins.ml2.plugin.SecurityGroupDbMixin._ensure_default_security_group_handler-884473'] for port (None), before_create {{(pid=116361) _notify_loop /usr/local/lib/python3.8/dist-packages/neutron_lib/callbacks/manager.py:176}}
Jun 02 14:47:06.496722 dv-neutron-844461-1-hyperv neutron-server[116362]: DEBUG neutron.api.rpc.handlers.resources_rpc [None req-e53aff61-9915-48d6-ad3c-76fd20b5c62b None None] Pushing event updated for resources: {'Port': ['ID=3fd81977-e0b4-48cd-befd-628b2734176c,revision_number=4']} {{(pid=116362) push /opt/stack/neutron/neutron/api/rpc/handlers/resources_rpc.py:237}}
Jun 02 14:47:06.529410 dv-neutron-844461-1-hyperv neutron-server[116362]: DEBUG neutron.plugins.ml2.db [None req-bcebb49a-e6ac-42d1-be5c-b1385f508738 None None] For port 51b32f7f-f0d6-4817-8475-4f878dadfbc1, host dv-neutron-844461-1-hyperv, cleared binding levels {{(pid=116362) clear_binding_levels /opt/stack/neutron/neutron/plugins/ml2/db.py:87}}
Jun 02 14:47:06.549111 dv-neutron-844461-1-hyperv neutron-server[116362]: DEBUG neutron.plugins.ml2.db [None req-bcebb49a-e6ac-42d1-be5c-b1385f508738 None None] For port 51b32f7f-f0d6-4817-8475-4f878dadfbc1, host dv-neutron-844461-1-hyperv, set binding levels [PortBindingLevel(driver='openvswitch',host='dv-neutron-844461-1-hyperv',level=0,port_id=51b32f7f-f0d6-4817-8475-4f878dadfbc1,segment=NetworkSegment(ad21bd7c-b2a0-4c56-b363-414c4d3a443a),segment_id=ad21bd7c-b2a0-4c56-b363-414c4d3a443a)] {{(pid=116362) set_binding_levels /opt/stack/neutron/neutron/plugins/ml2/db.py:59}}
Jun 02 14:47:06.574751 dv-neutron-844461-1-hyperv neutron-server[116362]: DEBUG neutron_lib.callbacks.manager [None req-bcebb49a-e6ac-42d1-be5c-b1385f508738 None None] Publish callbacks ['neutron.plugins.ml2.plugin.SecurityGroupServerNotifierRpcMixin._notify_sg_on_port_change-884286', 'neutron.plugins.ml2.ovo_rpc._ObjectChangeHandler.handle_event-454947', 'neutron.api.rpc.agentnotifiers.dhcp_rpc_agent_api.DhcpAgentNotifyAPI._native_event_send_dhcp_notification-7970373', 'neutron.db.l3_db.L3RpcNotifierMixin._notify_gateway_port_ip_changed-8787901839836', 'neutron.db.l3_dvrscheduler_db._notify_l3_agent_port_update-8787901358668', 'neutron.db.l3_hascheduler_db._notify_l3_agent_ha_port_update-8787901358686'] for port (51b32f7f-f0d6-4817-8475-4f878dadfbc1), after_update {{(pid=116362) _notify_loop /usr/local/lib/python3.8/dist-packages/neutron_lib/callbacks/manager.py:176}}
Jun 02 14:47:06.587587 dv-neutron-844461-1-hyperv neutron-server[116360]: INFO neutron.wsgi [None req-75a8e74f-bf9b-4ac0-9e96-1a291333e100 tempest-MeteringTestJSON-905602423 tempest-MeteringTestJSON-905602423-project-admin] 10.222.0.47 "GET /v2.0/metering/metering-labels/66f05b9e-960f-474b-b7f5-aaf502f4aede HTTP/1.1" status: 200 len: 473 time: 0.1885083
Jun 02 14:47:06.607286 dv-neutron-844461-1-hyperv neutron-server[116361]: DEBUG neutron.wsgi [-] (116361) accepted ('10.222.0.47', 42628) {{(pid=116361) server /usr/local/lib/python3.8/dist-packages/eventlet/wsgi.py:1004}}
Jun 02 14:47:06.620033 dv-neutron-844461-1-hyperv neutron-server[116362]: DEBUG neutron.db.provisioning_blocks [None req-e53aff61-9915-48d6-ad3c-76fd20b5c62b None None] Provisioning complete for port 2f0154b3-b8b8-43a2-b96a-64c92dcaf5d6 triggered by entity L2. {{(pid=116362) provisioning_complete /opt/stack/neutron/neutron/db/provisioning_blocks.py:145}}
Jun 02 14:47:06.620494 dv-neutron-844461-1-hyperv neutron-server[116362]: DEBUG neutron_lib.callbacks.manager [None req-e53aff61-9915-48d6-ad3c-76fd20b5c62b None None] Publish callbacks ['neutron.plugins.ml2.plugin.Ml2Plugin._port_provisioned-750196'] for port (2f0154b3-b8b8-43a2-b96a-64c92dcaf5d6), provisioning_complete {{(pid=116362) _notify_loop /usr/local/lib/python3.8/dist-packages/neutron_lib/callbacks/manager.py:176}}
Jun 02 14:47:06.657387 dv-neutron-844461-1-hyperv neutron-server[116362]: DEBUG neutron.plugins.ml2.db [None req-edfa6bd6-365d-4b64-b37a-41951e300dea None None] For port 4df81dcf-8ed3-4e47-9b7b-7f15c2c61142, host dv-neutron-844461-1-hyperv, cleared binding levels {{(pid=116362) clear_binding_levels /opt/stack/neutron/neutron/plugins/ml2/db.py:87}}
Jun 02 14:47:06.667558 dv-neutron-844461-1-hyperv neutron-server[116363]: DEBUG dbcounter [-] [116363] Writing DB stats neutron:SELECT=100 {{(pid=116363) stat_writer /usr/local/lib/python3.8/dist-packages/dbcounter.py:114}}
Jun 02 14:47:06.672166 dv-neutron-844461-1-hyperv neutron-server[116362]: DEBUG dbcounter [-] [116362] Writing DB stats neutron:SELECT=94,neutron:UPDATE=4,neutron:INSERT=2 {{(pid=116362) stat_writer /usr/local/lib/python3.8/dist-packages/dbcounter.py:114}}
Jun 02 14:47:06.697262 dv-neutron-844461-1-hyperv neutron-server[116362]: DEBUG neutron.plugins.ml2.db [None req-edfa6bd6-365d-4b64-b37a-41951e300dea None None] For port 4df81dcf-8ed3-4e47-9b7b-7f15c2c61142, host dv-neutron-844461-1-hyperv, set binding levels [PortBindingLevel(driver='openvswitch',host='dv-neutron-844461-1-hyperv',level=0,port_id=4df81dcf-8ed3-4e47-9b7b-7f15c2c61142,segment=NetworkSegment(0ba660f8-3d38-4d3e-980a-b0aaeac1b323),segment_id=0ba660f8-3d38-4d3e-980a-b0aaeac1b323)] {{(pid=116362) set_binding_levels /opt/stack/neutron/neutron/plugins/ml2/db.py:59}}
Jun 02 14:47:06.706082 dv-neutron-844461-1-hyperv neutron-server[116361]: DEBUG neutron.db.db_base_plugin_common [None req-f0bc6679-78c4-481c-9aa6-3187c519df44 admin admin] Allocated IP 172.20.0.1 (cf6ae4ed-070a-435f-b955-5fde2fca0b78/936fb3b4-ab97-4bc6-ae8f-4c6e5d923e05/677da80b-a04b-455a-a2eb-6ef92de8da34) {{(pid=116361) _store_ip_allocation /opt/stack/neutron/neutron/db/db_base_plugin_common.py:131}}
Jun 02 14:47:06.718899 dv-neutron-844461-1-hyperv neutron-server[116361]: DEBUG neutron.api.rpc.handlers.resources_rpc [None req-a54b1540-1a11-420b-884a-d1dabe6d5b5e tempest-DHCPAgentSchedulersTestJSON-1331370887 tempest-DHCPAgentSchedulersTestJSON-1331370887-project] Pushing event updated for resources: {'Network': ['ID=8d82351c-d813-47ea-9cd9-c3cb6236e003,revision_number=1']} {{(pid=116361) push /opt/stack/neutron/neutron/api/rpc/handlers/resources_rpc.py:237}}
Jun 02 14:47:06.724206 dv-neutron-844461-1-hyperv neutron-server[116361]: INFO neutron.wsgi [None req-4df93231-8e7d-4ba6-ac6e-7b87d0dff894 tempest-MeteringTestJSON-905602423 tempest-MeteringTestJSON-905602423-project-admin] 10.222.0.47 "GET /v2.0/metering/metering-label-rules/e92c7680-3845-46ce-8abb-9fc31ffd07f7 HTTP/1.1" status: 200 len: 461 time: 0.0998797
Jun 02 14:47:06.724383 dv-neutron-844461-1-hyperv neutron-server[116362]: DEBUG neutron.db.l3_dvrscheduler_db [None req-bcebb49a-e6ac-42d1-be5c-b1385f508738 None None] Routers {'19cbcf0e-710f-4abe-9600-4cea5690a0e7'} bound to L3 agent in host dv-neutron-844461-1-hyperv {{(pid=116362) _get_router_ids_for_agent /opt/stack/neutron/neutron/db/l3_dvrscheduler_db.py:426}}
Jun 02 14:47:06.724984 dv-neutron-844461-1-hyperv neutron-server[116362]: DEBUG neutron.db.l3_hamode_db [None req-bcebb49a-e6ac-42d1-be5c-b1385f508738 None None] neutron.services.l3_router.l3_router_plugin.L3RouterPlugin method get_ha_sync_data_for_host called with arguments (, 'dv-neutron-844461-1-hyperv', Agent(admin_state_up=True,agent_type='L3 agent',availability_zone='nova',binary='neutron-l3-agent',configurations={"agent_mode": "legacy", "ex_gw_ports": 1, "extensions": [], "floating_ips": 0, "handle_internal_only_routers": true, "interface_driver": "openvswitch", "interfaces": 1, "log_agent_heartbeats": false, "routers": 1},created_at=2022-06-02T14:39:20Z,description=,heartbeat_timestamp=2022-06-02T14:46:50Z,host='dv-neutron-844461-1-hyperv',id=4bae632b-10d4-4afc-99ef-3021b466334b,load=0,resource_versions=,resources_synced=,started_at=2022-06-02T14:39:20Z,topic='l3_agent')) {'router_ids': ['19cbcf0e-710f-4abe-9600-4cea5690a0e7'], 'active': True} {{(pid=116362) wrapper /usr/local/lib/python3.8/dist-packages/oslo_log/helpers.py:65}}
Jun 02 14:47:06.730002 dv-neutron-844461-1-hyperv neutron-server[116362]: DEBUG neutron.api.rpc.handlers.resources_rpc [None req-3788d609-fbbf-47e9-86e0-1484f11f9a0e None None] Pushing event updated for resources: {'Port': ['ID=51b32f7f-f0d6-4817-8475-4f878dadfbc1,revision_number=3']} {{(pid=116362) push /opt/stack/neutron/neutron/api/rpc/handlers/resources_rpc.py:237}}
Jun 02 14:47:06.731742 dv-neutron-844461-1-hyperv neutron-server[116361]: DEBUG neutron.wsgi [-] (116361) accepted ('10.222.0.47', 42630) {{(pid=116361) server /usr/local/lib/python3.8/dist-packages/eventlet/wsgi.py:1004}}
Jun 02 14:47:06.733022 dv-neutron-844461-1-hyperv neutron-server[116361]: DEBUG neutron.pecan_wsgi.hooks.quota_enforcement [None req-1f96cfb1-9270-4523-b760-24a4ab2e9352 tempest-ExternalNetworksTestJSON-859860208 tempest-ExternalNetworksTestJSON-859860208-project-admin] Made reservation on behalf of 9043fce2afd047648fe268da03043d19 for: {'network': 1} {{(pid=116361) before /opt/stack/neutron/neutron/pecan_wsgi/hooks/quota_enforcement.py:53}}
Jun 02 14:47:06.735056 dv-neutron-844461-1-hyperv neutron-server[116362]: DEBUG neutron_lib.callbacks.manager [None req-edfa6bd6-365d-4b64-b37a-41951e300dea None None] Publish callbacks ['neutron.plugins.ml2.plugin.SecurityGroupServerNotifierRpcMixin._notify_sg_on_port_change-884286', 'neutron.plugins.ml2.ovo_rpc._ObjectChangeHandler.handle_event-454947', 'neutron.api.rpc.agentnotifiers.dhcp_rpc_agent_api.DhcpAgentNotifyAPI._native_event_send_dhcp_notification-7970373', 'neutron.db.l3_db.L3RpcNotifierMixin._notify_gateway_port_ip_changed-8787901839836', 'neutron.db.l3_dvrscheduler_db._notify_l3_agent_port_update-8787901358668', 'neutron.db.l3_hascheduler_db._notify_l3_agent_ha_port_update-8787901358686'] for port (4df81dcf-8ed3-4e47-9b7b-7f15c2c61142), after_update {{(pid=116362) _notify_loop /usr/local/lib/python3.8/dist-packages/neutron_lib/callbacks/manager.py:176}}
Jun 02 14:47:06.735960 dv-neutron-844461-1-hyperv neutron-server[116361]: DEBUG neutron_lib.callbacks.manager [None req-1f96cfb1-9270-4523-b760-24a4ab2e9352 tempest-ExternalNetworksTestJSON-859860208 tempest-ExternalNetworksTestJSON-859860208-project-admin] Publish callbacks ['neutron.plugins.ml2.plugin.SecurityGroupDbMixin._ensure_default_security_group_handler-884473'] for network (None), before_create {{(pid=116361) _notify_loop /usr/local/lib/python3.8/dist-packages/neutron_lib/callbacks/manager.py:176}}
Jun 02 14:47:06.745378 dv-neutron-844461-1-hyperv neutron-server[116362]: DEBUG neutron.plugins.ml2.rpc [None req-e53aff61-9915-48d6-ad3c-76fd20b5c62b None None] Network 8d82351c-d813-47ea-9cd9-c3cb6236e003 details requested by agent ovs-agent-dv-neutron-844461-1-hyperv with host dv-neutron-844461-1-hyperv {{(pid=116362) get_network_details /opt/stack/neutron/neutron/plugins/ml2/rpc.py:248}}
Jun 02 14:47:06.758777 dv-neutron-844461-1-hyperv neutron-server[116361]: DEBUG neutron.pecan_wsgi.hooks.quota_enforcement [None req-7293c9b2-40d0-4419-a04c-1c2ed022e05f tempest-PortsAdminExtendedAttrsIpV6TestJSON-315949723 tempest-PortsAdminExtendedAttrsIpV6TestJSON-315949723-project-admin] Made reservation on behalf of b53b56b26d1845d2894a7dea9c6989a0 for: {'port': 1} {{(pid=116361) before /opt/stack/neutron/neutron/pecan_wsgi/hooks/quota_enforcement.py:53}}
Jun 02 14:47:06.761737 dv-neutron-844461-1-hyperv neutron-server[116361]: DEBUG neutron_lib.callbacks.manager [None req-7293c9b2-40d0-4419-a04c-1c2ed022e05f tempest-PortsAdminExtendedAttrsIpV6TestJSON-315949723 tempest-PortsAdminExtendedAttrsIpV6TestJSON-315949723-project-admin] Publish callbacks ['neutron.plugins.ml2.plugin.SecurityGroupDbMixin._ensure_default_security_group_handler-884473'] for port (None), before_create {{(pid=116361) _notify_loop /usr/local/lib/python3.8/dist-packages/neutron_lib/callbacks/manager.py:176}}
Jun 02 14:47:06.795168 dv-neutron-844461-1-hyperv neutron-server[116361]: DEBUG neutron_lib.callbacks.manager [None req-7293c9b2-40d0-4419-a04c-1c2ed022e05f tempest-PortsAdminExtendedAttrsIpV6TestJSON-315949723 tempest-PortsAdminExtendedAttrsIpV6TestJSON-315949723-project-admin] Publish callbacks [] for security_group (None), before_create {{(pid=116361) _notify_loop /usr/local/lib/python3.8/dist-packages/neutron_lib/callbacks/manager.py:176}}
Jun 02 14:47:06.798737 dv-neutron-844461-1-hyperv neutron-server[116361]: DEBUG neutron_lib.callbacks.manager [None req-1f96cfb1-9270-4523-b760-24a4ab2e9352 tempest-ExternalNetworksTestJSON-859860208 tempest-ExternalNetworksTestJSON-859860208-project-admin] Publish callbacks [] for security_group (None), before_create {{(pid=116361) _notify_loop /usr/local/lib/python3.8/dist-packages/neutron_lib/callbacks/manager.py:176}}
Jun 02 14:47:06.810042 dv-neutron-844461-1-hyperv neutron-server[116360]: DEBUG neutron_lib.callbacks.manager [None req-714a5da7-7a44-421a-af88-41114661aa9b tempest-ServerActionsTestJSON-1384311819 tempest-ServerActionsTestJSON-1384311819-project] Publish callbacks [] for security_group_rule (354eede8-0848-4ef6-a4c1-311b112c636d), precommit_create {{(pid=116360) _notify_loop /usr/local/lib/python3.8/dist-packages/neutron_lib/callbacks/manager.py:176}}
Jun 02 14:47:06.843704 dv-neutron-844461-1-hyperv neutron-server[116363]: DEBUG neutron_lib.callbacks.manager [None req-c6bf9b90-8c29-4309-b402-4228bb6d2fc1 None None] Publish callbacks [] for port (700d9cf0-b0fb-4469-bb04-3e14d23eef13), precommit_update {{(pid=116363) _notify_loop /usr/local/lib/python3.8/dist-packages/neutron_lib/callbacks/manager.py:176}}
Jun 02 14:47:06.857632 dv-neutron-844461-1-hyperv neutron-server[116363]: DEBUG neutron_lib.callbacks.manager [None req-c6bf9b90-8c29-4309-b402-4228bb6d2fc1 None None] Publish callbacks ['neutron.plugins.ml2.plugin.SecurityGroupServerNotifierRpcMixin._notify_sg_on_port_change-884286', 'neutron.plugins.ml2.ovo_rpc._ObjectChangeHandler.handle_event-454947', 'neutron.api.rpc.agentnotifiers.dhcp_rpc_agent_api.DhcpAgentNotifyAPI._native_event_send_dhcp_notification-7970373', 'neutron.db.l3_db.L3RpcNotifierMixin._notify_gateway_port_ip_changed-8787901839836', 'neutron.db.l3_dvrscheduler_db._notify_l3_agent_port_update-8787901358668', 'neutron.db.l3_hascheduler_db._notify_l3_agent_ha_port_update-8787901358686'] for port (700d9cf0-b0fb-4469-bb04-3e14d23eef13), after_update {{(pid=116363) _notify_loop /usr/local/lib/python3.8/dist-packages/neutron_lib/callbacks/manager.py:176}}
Jun 02 14:47:06.947246 dv-neutron-844461-1-hyperv neutron-server[116361]: DEBUG neutron.pecan_wsgi.hooks.quota_enforcement [None req-d951016d-9d6e-4133-85d0-5cd6ee138b65 tempest-DHCPAgentSchedulersTestJSON-1331370887 tempest-DHCPAgentSchedulersTestJSON-1331370887-project] Made reservation on behalf of 475ecc6d60284a778c3a226f0e42e406 for: {'subnet': 1} {{(pid=116361) before /opt/stack/neutron/neutron/pecan_wsgi/hooks/quota_enforcement.py:53}}
Jun 02 14:47:06.951219 dv-neutron-844461-1-hyperv neutron-server[116361]: DEBUG neutron_lib.callbacks.manager [None req-d951016d-9d6e-4133-85d0-5cd6ee138b65 tempest-DHCPAgentSchedulersTestJSON-1331370887 tempest-DHCPAgentSchedulersTestJSON-1331370887-project] Publish callbacks [] for subnet (None), before_create {{(pid=116361) _notify_loop /usr/local/lib/python3.8/dist-packages/neutron_lib/callbacks/manager.py:176}}
Jun 02 14:47:06.955965 dv-neutron-844461-1-hyperv neutron-server[116360]: DEBUG neutron.objects.ports [None req-faabc5e6-6238-454d-b92f-318dcf9c9c21 tempest-RoutersIpV6AdminTest-853079693 tempest-RoutersIpV6AdminTest-853079693-project-admin] Time-cost: Fetching 0 ports in 0 security groups {{(pid=116360) get_objects /opt/stack/neutron/neutron/objects/ports.py:463}}
Jun 02 14:47:06.956635 dv-neutron-844461-1-hyperv neutron-server[116360]: DEBUG neutron_lib.callbacks.manager [None req-faabc5e6-6238-454d-b92f-318dcf9c9c21 tempest-RoutersIpV6AdminTest-853079693 tempest-RoutersIpV6AdminTest-853079693-project-admin] Publish callbacks ['neutron.plugins.ml2.ovo_rpc._ObjectChangeHandler.handle_event-7953779', 'neutron.api.rpc.agentnotifiers.dhcp_rpc_agent_api.DhcpAgentNotifyAPI._native_event_send_dhcp_notification-7970373'] for subnet (81ca4255-e620-4868-8596-6c9915a40733), after_create {{(pid=116360) _notify_loop /usr/local/lib/python3.8/dist-packages/neutron_lib/callbacks/manager.py:176}}
Jun 02 14:47:06.963527 dv-neutron-844461-1-hyperv neutron-server[116360]: DEBUG neutron_lib.callbacks.manager [None req-714a5da7-7a44-421a-af88-41114661aa9b tempest-ServerActionsTestJSON-1384311819 tempest-ServerActionsTestJSON-1384311819-project] Publish callbacks ['neutron.plugins.ml2.ovo_rpc._ObjectChangeHandler.handle_event-7976057'] for security_group_rule (354eede8-0848-4ef6-a4c1-311b112c636d), after_create {{(pid=116360) _notify_loop /usr/local/lib/python3.8/dist-packages/neutron_lib/callbacks/manager.py:176}}
Jun 02 14:47:06.975827 dv-neutron-844461-1-hyperv neutron-server[116361]: DEBUG dbcounter [-] [116361] Writing DB stats neutron:SELECT=89,neutron:DELETE=5,neutron:UPDATE=2,neutron:INSERT=4 {{(pid=116361) stat_writer /usr/local/lib/python3.8/dist-packages/dbcounter.py:114}}
Jun 02 14:47:07.046707 dv-neutron-844461-1-hyperv neutron-server[116360]: DEBUG neutron.api.rpc.handlers.resources_rpc [None req-faabc5e6-6238-454d-b92f-318dcf9c9c21 tempest-RoutersIpV6AdminTest-853079693 tempest-RoutersIpV6AdminTest-853079693-project-admin] Pushing event updated for resources: {'Subnet': ['ID=81ca4255-e620-4868-8596-6c9915a40733,revision_number=0']} {{(pid=116360) push /opt/stack/neutron/neutron/api/rpc/handlers/resources_rpc.py:237}}
Jun 02 14:47:07.124748 dv-neutron-844461-1-hyperv neutron-server[116360]: DEBUG neutron.plugins.ml2.drivers.mech_agent [None req-faabc5e6-6238-454d-b92f-318dcf9c9c21 tempest-RoutersIpV6AdminTest-853079693 tempest-RoutersIpV6AdminTest-853079693-project-admin] Checking segment: {'id': '1c62369b-a517-4c9d-89ac-22732bca2ab9', 'network_type': 'vlan', 'physical_network': 'physnet1', 'segmentation_id': 193, 'network_id': '8ff43f14-a47d-4bcb-8d39-11b767b600f4'} for mappings: {'physnet1': 'br-data'} with network types: ['local', 'flat', 'vlan'] {{(pid=116360) check_segment_for_agent /opt/stack/neutron/neutron/plugins/ml2/drivers/mech_agent.py:373}}
Jun 02 14:47:07.125642 dv-neutron-844461-1-hyperv neutron-server[116360]: DEBUG neutron.scheduler.dhcp_agent_scheduler [None req-faabc5e6-6238-454d-b92f-318dcf9c9c21 tempest-RoutersIpV6AdminTest-853079693 tempest-RoutersIpV6AdminTest-853079693-project-admin] Network hostable DHCP agents. Network: 8ff43f14-a47d-4bcb-8d39-11b767b600f4, hostable agents: ['68250934-3a70-4009-8e23-5ff10d3d3d1e'], hosted agents: [] {{(pid=116360) _get_network_hostable_dhcp_agents /opt/stack/neutron/neutron/scheduler/dhcp_agent_scheduler.py:329}}
Jun 02 14:47:07.140204 dv-neutron-844461-1-hyperv neutron-server[116360]: DEBUG neutron.api.rpc.handlers.resources_rpc [None req-714a5da7-7a44-421a-af88-41114661aa9b tempest-ServerActionsTestJSON-1384311819 tempest-ServerActionsTestJSON-1384311819-project] Pushing event updated for resources: {'SecurityGroupRule': ['ID=354eede8-0848-4ef6-a4c1-311b112c636d,revision_number=0']} {{(pid=116360) push /opt/stack/neutron/neutron/api/rpc/handlers/resources_rpc.py:237}}
Jun 02 14:47:07.156691 dv-neutron-844461-1-hyperv neutron-server[116362]: DEBUG neutron.api.rpc.handlers.resources_rpc [None req-edfa6bd6-365d-4b64-b37a-41951e300dea None None] Pushing event updated for resources: {'Port': ['ID=4df81dcf-8ed3-4e47-9b7b-7f15c2c61142,revision_number=2']} {{(pid=116362) push /opt/stack/neutron/neutron/api/rpc/handlers/resources_rpc.py:237}}
Jun 02 14:47:07.190143 dv-neutron-844461-1-hyperv neutron-server[116360]: DEBUG neutron.scheduler.dhcp_agent_scheduler [None req-faabc5e6-6238-454d-b92f-318dcf9c9c21 tempest-RoutersIpV6AdminTest-853079693 tempest-RoutersIpV6AdminTest-853079693-project-admin] Network 8ff43f14-a47d-4bcb-8d39-11b767b600f4 is scheduled to be hosted by DHCP agent 68250934-3a70-4009-8e23-5ff10d3d3d1e with binding_index 1 {{(pid=116360) bind /opt/stack/neutron/neutron/scheduler/dhcp_agent_scheduler.py:227}}
Jun 02 14:47:07.211998 dv-neutron-844461-1-hyperv neutron-server[116362]: DEBUG neutron.db.l3_dvr_db [None req-bcebb49a-e6ac-42d1-be5c-b1385f508738 None None] Set router 19cbcf0e-710f-4abe-9600-4cea5690a0e7 gateway port host: dv-neutron-844461-1-hyperv {{(pid=116362) _build_routers_list /opt/stack/neutron/neutron/db/l3_dvr_db.py:907}}
Jun 02 14:47:07.216510 dv-neutron-844461-1-hyperv neutron-server[116360]: DEBUG neutron_lib.callbacks.manager [None req-714a5da7-7a44-421a-af88-41114661aa9b tempest-ServerActionsTestJSON-1384311819 tempest-ServerActionsTestJSON-1384311819-project] Publish callbacks [] for security_group_rule (None), before_response {{(pid=116360) _notify_loop /usr/local/lib/python3.8/dist-packages/neutron_lib/callbacks/manager.py:176}}
Jun 02 14:47:07.218429 dv-neutron-844461-1-hyperv neutron-server[116360]: INFO neutron.wsgi [None req-714a5da7-7a44-421a-af88-41114661aa9b tempest-ServerActionsTestJSON-1384311819 tempest-ServerActionsTestJSON-1384311819-project] 10.222.0.47 "POST /v2.0/security-group-rules HTTP/1.1" status: 201 len: 764 time: 1.2209368
Jun 02 14:47:07.228246 dv-neutron-844461-1-hyperv neutron-server[116360]: DEBUG neutron.wsgi [-] (116360) accepted ('10.222.0.47', 42634) {{(pid=116360) server /usr/local/lib/python3.8/dist-packages/eventlet/wsgi.py:1004}}
Jun 02 14:47:07.237465 dv-neutron-844461-1-hyperv neutron-server[116360]: DEBUG neutron.api.v2.base [None req-3ce07435-b067-4490-aa41-698665733b4c tempest-ServerActionsTestJSON-1384311819 tempest-ServerActionsTestJSON-1384311819-project] Request body: {'security_group_rule': {'security_group_id': '526a66d0-cac5-468c-98ce-018039193a5c', 'protocol': 'icmp', 'ethertype': 'IPv4', 'direction': 'ingress'}} {{(pid=116360) prepare_request_body /opt/stack/neutron/neutron/api/v2/base.py:730}}
Jun 02 14:47:07.247570 dv-neutron-844461-1-hyperv neutron-server[116363]: DEBUG neutron.plugins.ml2.managers [None req-c6bf9b90-8c29-4309-b402-4228bb6d2fc1 None None] Attempting to bind port 700d9cf0-b0fb-4469-bb04-3e14d23eef13 on host dv-neutron-844461-1-hyperv for vnic_type normal with profile {{(pid=116363) bind_port /opt/stack/neutron/neutron/plugins/ml2/managers.py:811}}
Jun 02 14:47:07.247928 dv-neutron-844461-1-hyperv neutron-server[116363]: DEBUG neutron.plugins.ml2.managers [None req-c6bf9b90-8c29-4309-b402-4228bb6d2fc1 None None] Attempting to bind port 700d9cf0-b0fb-4469-bb04-3e14d23eef13 by drivers openvswitch,hyperv on host dv-neutron-844461-1-hyperv at level 0 using segments [{'id': 'a9ed21bb-ae0b-4c5a-8e10-5c7d20b3fadf', 'network_type': 'vlan', 'physical_network': 'physnet1', 'segmentation_id': 170, 'network_id': '2265977b-edad-43fb-94a2-72b1d154068b'}] {{(pid=116363) _bind_port_level /opt/stack/neutron/neutron/plugins/ml2/managers.py:836}}
Jun 02 14:47:07.249113 dv-neutron-844461-1-hyperv neutron-server[116363]: DEBUG neutron.plugins.ml2.drivers.mech_agent [None req-c6bf9b90-8c29-4309-b402-4228bb6d2fc1 None None] Attempting to bind port 700d9cf0-b0fb-4469-bb04-3e14d23eef13 on network 2265977b-edad-43fb-94a2-72b1d154068b {{(pid=116363) bind_port /opt/stack/neutron/neutron/plugins/ml2/drivers/mech_agent.py:91}}
Jun 02 14:47:07.251516 dv-neutron-844461-1-hyperv neutron-server[116363]: DEBUG neutron.api.rpc.handlers.resources_rpc [None req-c4ca80a0-01d9-4ca4-99c8-05b47b6d3a99 None None] Pushing event updated for resources: {'Port': ['ID=700d9cf0-b0fb-4469-bb04-3e14d23eef13,revision_number=3']} {{(pid=116363) push /opt/stack/neutron/neutron/api/rpc/handlers/resources_rpc.py:237}}
Jun 02 14:47:07.258843 dv-neutron-844461-1-hyperv neutron-server[116363]: DEBUG neutron.plugins.ml2.drivers.mech_agent [None req-c6bf9b90-8c29-4309-b402-4228bb6d2fc1 None None] Checking agent: {'id': 'f4bb3e23-9469-46d0-ad24-23dfdfefb7ab', 'agent_type': 'Open vSwitch agent', 'binary': 'neutron-openvswitch-agent', 'topic': 'N/A', 'host': 'dv-neutron-844461-1-hyperv', 'admin_state_up': True, 'created_at': datetime.datetime(2022, 6, 2, 14, 39, 25), 'started_at': datetime.datetime(2022, 6, 2, 14, 39, 55), 'heartbeat_timestamp': datetime.datetime(2022, 6, 2, 14, 46, 55), 'description': None, 'resources_synced': None, 'availability_zone': None, 'alive': True, 'configurations': {'arp_responder_enabled': False, 'baremetal_smartnic': False, 'bridge_mappings': {'physnet1': 'br-data'}, 'datapath_type': 'system', 'devices': 0, 'enable_distributed_routing': False, 'extensions': [], 'in_distributed_mode': False, 'integration_bridge': 'br-int', 'l2_population': False, 'log_agent_heartbeats': False, 'ovs_capabilities': {'datapath_types': ['netdev', 'system'], 'iface_types': ['erspan', 'geneve', 'gre', 'internal', 'ip6erspan', 'ip6gre', 'lisp', 'patch', 'stt', 'system', 'tap', 'vxlan']}, 'ovs_hybrid_plug': False, 'resource_provider_bandwidths': {}, 'resource_provider_hypervisors': {'br-data': 'dv-neutron-844461-1-hyperv'}, 'resource_provider_inventory_defaults': {'allocation_ratio': 1.0, 'min_unit': 1, 'step_size': 1, 'reserved': 0}, 'resource_provider_packet_processing_inventory_defaults': {'allocation_ratio': 1.0, 'min_unit': 1, 'step_size': 1, 'reserved': 0}, 'resource_provider_packet_processing_with_direction': {}, 'resource_provider_packet_processing_without_direction': {}, 'tunnel_types': [], 'tunneling_ip': None, 'vhostuser_socket_dir': '/var/run/openvswitch'}, 'resource_versions': {'AddressGroup': '1.2', 'Agent': '1.1', 'ConntrackHelper': '1.0', 'LocalIPAssociation': '1.0', 'Log': '1.0', 'NDPProxy': '1.0', 'Network': '1.1', 'Port': '1.7', 'PortForwarding': '1.3', 'QosPolicy': '1.10', 'SecurityGroup': '1.5', 'SecurityGroupRule': '1.2', 'SubPort': '1.0', 'Subnet': '1.1', 'Trunk': '1.1'}} {{(pid=116363) bind_port /opt/stack/neutron/neutron/plugins/ml2/drivers/mech_agent.py:110}}
Jun 02 14:47:07.259206 dv-neutron-844461-1-hyperv neutron-server[116363]: DEBUG neutron.plugins.ml2.drivers.mech_agent [None req-c6bf9b90-8c29-4309-b402-4228bb6d2fc1 None None] Checking segment: {'id': 'a9ed21bb-ae0b-4c5a-8e10-5c7d20b3fadf', 'network_type': 'vlan', 'physical_network': 'physnet1', 'segmentation_id': 170, 'network_id': '2265977b-edad-43fb-94a2-72b1d154068b'} for mappings: {'physnet1': 'br-data'} with network types: ['local', 'flat', 'vlan'] {{(pid=116363) check_segment_for_agent /opt/stack/neutron/neutron/plugins/ml2/drivers/mech_agent.py:373}}
Jun 02 14:47:07.259596 dv-neutron-844461-1-hyperv neutron-server[116363]: DEBUG neutron_lib.callbacks.manager [None req-c6bf9b90-8c29-4309-b402-4228bb6d2fc1 None None] Publish callbacks [] for ovs_bridge_name (None), before_read {{(pid=116363) _notify_loop /usr/local/lib/python3.8/dist-packages/neutron_lib/callbacks/manager.py:176}}
Jun 02 14:47:07.260106 dv-neutron-844461-1-hyperv neutron-server[116363]: DEBUG neutron.plugins.ml2.drivers.mech_agent [None req-c6bf9b90-8c29-4309-b402-4228bb6d2fc1 None None] Bound using segment: {'id': 'a9ed21bb-ae0b-4c5a-8e10-5c7d20b3fadf', 'network_type': 'vlan', 'physical_network': 'physnet1', 'segmentation_id': 170, 'network_id': '2265977b-edad-43fb-94a2-72b1d154068b'} {{(pid=116363) bind_port /opt/stack/neutron/neutron/plugins/ml2/drivers/mech_agent.py:120}}
Jun 02 14:47:07.260463 dv-neutron-844461-1-hyperv neutron-server[116363]: DEBUG neutron.plugins.ml2.managers [None req-c6bf9b90-8c29-4309-b402-4228bb6d2fc1 None None] Bound port: 700d9cf0-b0fb-4469-bb04-3e14d23eef13, host: dv-neutron-844461-1-hyperv, vif_type: ovs, vif_details: {"connectivity": "l2", "port_filter": true, "ovs_hybrid_plug": false, "datapath_type": "system", "bridge_name": "br-int"}, binding_levels: [{'bound_driver': 'openvswitch', 'bound_segment': {'id': 'a9ed21bb-ae0b-4c5a-8e10-5c7d20b3fadf', 'network_type': 'vlan', 'physical_network': 'physnet1', 'segmentation_id': 170, 'network_id': '2265977b-edad-43fb-94a2-72b1d154068b'}}] {{(pid=116363) _bind_port_level /opt/stack/neutron/neutron/plugins/ml2/managers.py:948}}
Jun 02 14:47:07.262840 dv-neutron-844461-1-hyperv neutron-server[116363]: DEBUG neutron_lib.callbacks.manager [None req-c6bf9b90-8c29-4309-b402-4228bb6d2fc1 None None] Publish callbacks ['neutron.plugins.ml2.plugin.SecurityGroupDbMixin._ensure_default_security_group_handler-884473'] for port (700d9cf0-b0fb-4469-bb04-3e14d23eef13), before_update {{(pid=116363) _notify_loop /usr/local/lib/python3.8/dist-packages/neutron_lib/callbacks/manager.py:176}}
Jun 02 14:47:07.282807 dv-neutron-844461-1-hyperv neutron-server[116362]: DEBUG dbcounter [-] [116362] Writing DB stats neutron:SELECT=98,neutron:UPDATE=2 {{(pid=116362) stat_writer /usr/local/lib/python3.8/dist-packages/dbcounter.py:114}}
Jun 02 14:47:07.293198 dv-neutron-844461-1-hyperv neutron-server[116360]: DEBUG neutron_lib.callbacks.manager [None req-3ce07435-b067-4490-aa41-698665733b4c tempest-ServerActionsTestJSON-1384311819 tempest-ServerActionsTestJSON-1384311819-project] Publish callbacks [] for security_group_rule (0d438d00-cd3b-4b8f-9eb6-37c8696e9b67), before_create {{(pid=116360) _notify_loop /usr/local/lib/python3.8/dist-packages/neutron_lib/callbacks/manager.py:176}}
Jun 02 14:47:07.335032 dv-neutron-844461-1-hyperv neutron-server[116360]: DEBUG neutron.scheduler.base_scheduler [None req-faabc5e6-6238-454d-b92f-318dcf9c9c21 tempest-RoutersIpV6AdminTest-853079693 tempest-RoutersIpV6AdminTest-853079693-project-admin] Resources bound (agent type, host, resource id): (DHCP agent, dv-neutron-844461-1-hyperv, 8ff43f14-a47d-4bcb-8d39-11b767b600f4) {{(pid=116360) schedule /opt/stack/neutron/neutron/scheduler/base_scheduler.py:57}}
Jun 02 14:47:07.351804 dv-neutron-844461-1-hyperv neutron-server[116363]: DEBUG neutron.plugins.ml2.db [None req-c6bf9b90-8c29-4309-b402-4228bb6d2fc1 None None] For port 700d9cf0-b0fb-4469-bb04-3e14d23eef13, host dv-neutron-844461-1-hyperv, cleared binding levels {{(pid=116363) clear_binding_levels /opt/stack/neutron/neutron/plugins/ml2/db.py:87}}
Jun 02 14:47:07.354445 dv-neutron-844461-1-hyperv neutron-server[116360]: DEBUG neutron.pecan_wsgi.hooks.policy_enforcement [None req-faabc5e6-6238-454d-b92f-318dcf9c9c21 tempest-RoutersIpV6AdminTest-853079693 tempest-RoutersIpV6AdminTest-853079693-project-admin] Attributes excluded by policy engine: ['standard_attr_id', 'shared', 'network'] {{(pid=116360) _exclude_attributes_by_policy /opt/stack/neutron/neutron/pecan_wsgi/hooks/policy_enforcement.py:259}}
Jun 02 14:47:07.355237 dv-neutron-844461-1-hyperv neutron-server[116360]: DEBUG neutron_lib.callbacks.manager [None req-faabc5e6-6238-454d-b92f-318dcf9c9c21 tempest-RoutersIpV6AdminTest-853079693 tempest-RoutersIpV6AdminTest-853079693-project-admin] Publish callbacks ['neutron.api.rpc.agentnotifiers.dhcp_rpc_agent_api.DhcpAgentNotifyAPI._send_dhcp_notification-7970423'] for subnet (None), before_response {{(pid=116360) _notify_loop /usr/local/lib/python3.8/dist-packages/neutron_lib/callbacks/manager.py:176}}
Jun 02 14:47:07.355596 dv-neutron-844461-1-hyperv neutron-server[116363]: DEBUG neutron.plugins.ml2.db [None req-c6bf9b90-8c29-4309-b402-4228bb6d2fc1 None None] For port 700d9cf0-b0fb-4469-bb04-3e14d23eef13, host dv-neutron-844461-1-hyperv, set binding levels [PortBindingLevel(driver='openvswitch',host='dv-neutron-844461-1-hyperv',level=0,port_id=700d9cf0-b0fb-4469-bb04-3e14d23eef13,segment=NetworkSegment(a9ed21bb-ae0b-4c5a-8e10-5c7d20b3fadf),segment_id=a9ed21bb-ae0b-4c5a-8e10-5c7d20b3fadf)] {{(pid=116363) set_binding_levels /opt/stack/neutron/neutron/plugins/ml2/db.py:59}}
Jun 02 14:47:07.366818 dv-neutron-844461-1-hyperv neutron-server[116363]: DEBUG neutron_lib.callbacks.manager [None req-c6bf9b90-8c29-4309-b402-4228bb6d2fc1 None None] Publish callbacks ['neutron.plugins.ml2.plugin.SecurityGroupServerNotifierRpcMixin._notify_sg_on_port_change-884286', 'neutron.plugins.ml2.ovo_rpc._ObjectChangeHandler.handle_event-454947', 'neutron.api.rpc.agentnotifiers.dhcp_rpc_agent_api.DhcpAgentNotifyAPI._native_event_send_dhcp_notification-7970373', 'neutron.db.l3_db.L3RpcNotifierMixin._notify_gateway_port_ip_changed-8787901839836', 'neutron.db.l3_dvrscheduler_db._notify_l3_agent_port_update-8787901358668', 'neutron.db.l3_hascheduler_db._notify_l3_agent_ha_port_update-8787901358686'] for port (700d9cf0-b0fb-4469-bb04-3e14d23eef13), after_update {{(pid=116363) _notify_loop /usr/local/lib/python3.8/dist-packages/neutron_lib/callbacks/manager.py:176}}
Jun 02 14:47:07.387250 dv-neutron-844461-1-hyperv neutron-server[116360]: INFO neutron.wsgi [None req-faabc5e6-6238-454d-b92f-318dcf9c9c21 tempest-RoutersIpV6AdminTest-853079693 tempest-RoutersIpV6AdminTest-853079693-project-admin] 10.222.0.47 "POST /v2.0/subnets HTTP/1.1" status: 201 len: 822 time: 1.7960482
Jun 02 14:47:07.390839 dv-neutron-844461-1-hyperv neutron-server[116360]: DEBUG neutron.wsgi [-] (116360) accepted ('10.222.0.47', 42636) {{(pid=116360) server /usr/local/lib/python3.8/dist-packages/eventlet/wsgi.py:1004}}
Jun 02 14:47:07.399268 dv-neutron-844461-1-hyperv neutron-server[116360]: DEBUG neutron.api.v2.base [None req-431ee137-3cd3-43b3-82aa-d56d991da76a tempest-RoutersIpV6AdminTest-853079693 tempest-RoutersIpV6AdminTest-853079693-project-admin] Request body: {'port': {'name': 'tempest-RoutersIpV6AdminTest-751202098', 'network_id': '8ff43f14-a47d-4bcb-8d39-11b767b600f4'}} {{(pid=116360) prepare_request_body /opt/stack/neutron/neutron/api/v2/base.py:730}}
Jun 02 14:47:07.407935 dv-neutron-844461-1-hyperv neutron-server[116362]: DEBUG neutron.api.rpc.handlers.dhcp_rpc [None req-23eba27f-06e6-4a5c-9976-2e395e5768c9 None None] Network 8ff43f14-a47d-4bcb-8d39-11b767b600f4 requested from dv-neutron-844461-1-hyperv {{(pid=116362) get_network_info /opt/stack/neutron/neutron/api/rpc/handlers/dhcp_rpc.py:191}}
Jun 02 14:47:07.490849 dv-neutron-844461-1-hyperv neutron-server[116362]: DEBUG neutron.db.provisioning_blocks [None req-029b8074-7553-4af9-beca-0503ffff82d5 None None] Provisioning complete for port 700d9cf0-b0fb-4469-bb04-3e14d23eef13 triggered by entity DHCP. {{(pid=116362) provisioning_complete /opt/stack/neutron/neutron/db/provisioning_blocks.py:145}}
Jun 02 14:47:07.491230 dv-neutron-844461-1-hyperv neutron-server[116362]: DEBUG neutron_lib.callbacks.manager [None req-029b8074-7553-4af9-beca-0503ffff82d5 None None] Publish callbacks ['neutron.plugins.ml2.plugin.Ml2Plugin._port_provisioned-750196'] for port (700d9cf0-b0fb-4469-bb04-3e14d23eef13), provisioning_complete {{(pid=116362) _notify_loop /usr/local/lib/python3.8/dist-packages/neutron_lib/callbacks/manager.py:176}}
Jun 02 14:47:07.497173 dv-neutron-844461-1-hyperv neutron-server[116361]: DEBUG dbcounter [-] [116361] Writing DB stats neutron:SELECT=83,neutron:INSERT=14,neutron:UPDATE=3 {{(pid=116361) stat_writer /usr/local/lib/python3.8/dist-packages/dbcounter.py:114}}
Jun 02 14:47:07.508473 dv-neutron-844461-1-hyperv neutron-server[116361]: DEBUG neutron_lib.callbacks.manager [None req-7daccfca-fb13-4de3-b9b2-e455697d413e tempest-MeteringTestJSON-905602423 tempest-MeteringTestJSON-905602423-project-admin] Publish callbacks [] for metering_label_rule (None), before_response {{(pid=116361) _notify_loop /usr/local/lib/python3.8/dist-packages/neutron_lib/callbacks/manager.py:176}}
