Jun 02 14:47:30.366601 dv-neutron-844461-1-hyperv neutron-server[116360]: DEBUG neutron.scheduler.dhcp_agent_scheduler [None req-012657ad-2b2f-4956-bd1c-c25c2a22a7ed tempest-ExtraDHCPOptionsIpV6TestJSON-1634270100 tempest-ExtraDHCPOptionsIpV6TestJSON-1634270100-project] Network hostable DHCP agents. Network: e9539195-de49-4a7d-8cc2-3eecbf489772, hostable agents: ['68250934-3a70-4009-8e23-5ff10d3d3d1e'], hosted agents: [] {{(pid=116360) _get_network_hostable_dhcp_agents /opt/stack/neutron/neutron/scheduler/dhcp_agent_scheduler.py:329}}
Jun 02 14:47:30.494395 dv-neutron-844461-1-hyperv neutron-server[116363]: DEBUG neutron.db.l3_hamode_db [None req-56768531-9ae3-4332-bcf3-c42c30b37c6c None None] neutron.services.l3_router.l3_router_plugin.L3RouterPlugin method _process_sync_ha_data called with arguments (, [{'id': '52175077-4da0-45ef-ad72-b20a34ada4b4', 'name': 'tempest-ServersTestJSON-220232237-router', 'tenant_id': '1fac2000f30849f69c086a31db4fdd69', 'admin_state_up': True, 'status': 'ACTIVE', 'external_gateway_info': {'network_id': '424fc3e8-2ad6-4645-a88f-35b55bfa3cea', 'external_fixed_ips': [{'subnet_id': 'c608d2ec-4c9f-45d7-8f4f-24936cafa60e', 'ip_address': '172.26.8.153'}], 'enable_snat': True}, 'gw_port_id': 'be2d78e6-5ab2-4b12-ace6-5c05c4874450', 'description': '', 'availability_zones': ['nova'], 'distributed': False, 'ha': False, 'ha_vr_id': 0, 'availability_zone_hints': [], 'routes': [], 'flavor_id': None, 'tags': [], 'created_at': '2022-06-02T14:47:04Z', 'updated_at': '2022-06-02T14:47:23Z', 'revision_number': 4, 'project_id': '1fac2000f30849f69c086a31db4fdd69', 'gw_port': {'id': 'be2d78e6-5ab2-4b12-ace6-5c05c4874450', 'name': '', 'network_id': '424fc3e8-2ad6-4645-a88f-35b55bfa3cea', 'tenant_id': '', 'mac_address': 'fa:16:3e:62:74:28', 'admin_state_up': True, 'status': 'ACTIVE', 'device_id': '52175077-4da0-45ef-ad72-b20a34ada4b4', 'device_owner': 'network:router_gateway', 'standard_attr_id': 97, 'fixed_ips': [{'subnet_id': 'c608d2ec-4c9f-45d7-8f4f-24936cafa60e', 'ip_address': '172.26.8.153', 'prefixlen': 24}], 'allowed_address_pairs': [], 'extra_dhcp_opts': [], 'security_groups': [], 'description': '', 'binding:vnic_type': 'normal', 'binding:profile': {}, 'binding:host_id': 'dv-neutron-844461-1-hyperv', 'binding:vif_type': 'ovs', 'binding:vif_details': {'connectivity': 'l2', 'port_filter': True, 'ovs_hybrid_plug': False, 'datapath_type': 'system', 'bridge_name': 'br-int', 'bound_drivers': {'0': 'openvswitch'}}, 'port_security_enabled': False, 'tags': [], 'created_at': '2022-06-02T14:47:06Z', 'updated_at': '2022-06-02T14:47:19Z', 'revision_number': 4, 'project_id': '', 'subnets': [{'id': 'c608d2ec-4c9f-45d7-8f4f-24936cafa60e', 'cidr': '172.26.8.0/24', 'gateway_ip': '172.26.8.1', 'dns_nameservers': [], 'ipv6_ra_mode': None, 'subnetpool_id': None}], 'extra_subnets': [], 'address_scopes': {4: None, 6: None}, 'mtu': 1500}, 'enable_snat': True, 'gw_port_host': 'dv-neutron-844461-1-hyperv', '_interfaces': [{'id': '3b3aa6af-d7ef-40fb-bd11-466a9627ee6f', 'name': '', 'network_id': 'accabfaa-14d9-49cc-9428-98497d55d6c3', 'tenant_id': '1fac2000f30849f69c086a31db4fdd69', 'mac_address': 'fa:16:3e:04:d0:01', 'admin_state_up': True, 'status': 'DOWN', 'device_id': '52175077-4da0-45ef-ad72-b20a34ada4b4', 'device_owner': 'network:router_interface', 'standard_attr_id': 140, 'fixed_ips': [{'subnet_id': '1b2b5b1a-f04f-40f3-991b-5017bc5b6818', 'ip_address': '172.20.0.1', 'prefixlen': 28}], 'allowed_address_pairs': [], 'extra_dhcp_opts': [], 'security_groups': [], 'description': '', 'binding:vnic_type': 'normal', 'binding:profile': {}, 'binding:host_id': '', 'binding:vif_type': 'unbound', 'binding:vif_details': {}, 'port_security_enabled': False, 'tags': [], 'created_at': '2022-06-02T14:47:18Z', 'updated_at': '2022-06-02T14:47:24Z', 'revision_number': 2, 'project_id': '1fac2000f30849f69c086a31db4fdd69', 'subnets': [{'id': '1b2b5b1a-f04f-40f3-991b-5017bc5b6818', 'cidr': '172.20.0.0/28', 'gateway_ip': '172.20.0.1', 'dns_nameservers': [], 'ipv6_ra_mode': None, 'subnetpool_id': None}], 'extra_subnets': [], 'address_scopes': {4: None, 6: None}, 'mtu': 1500}]}], 'dv-neutron-844461-1-hyperv', False) {} {{(pid=116363) wrapper /usr/local/lib/python3.8/dist-packages/oslo_log/helpers.py:65}}
Jun 02 14:47:30.507585 dv-neutron-844461-1-hyperv neutron-server[116361]: DEBUG neutron.plugins.ml2.db [req-ea9bb534-bf85-456e-80af-0f67af6178e4 req-bf6ec5f9-4912-4c42-88ff-5be09376cf9e service neutron] For port 0dd6cbdf-d828-4261-9bfd-76c30ca1f68b, host hv-neutron-8444, cleared binding levels {{(pid=116361) clear_binding_levels /opt/stack/neutron/neutron/plugins/ml2/db.py:87}}
Jun 02 14:47:30.520394 dv-neutron-844461-1-hyperv neutron-server[116361]: DEBUG neutron.plugins.ml2.db [req-ea9bb534-bf85-456e-80af-0f67af6178e4 req-bf6ec5f9-4912-4c42-88ff-5be09376cf9e service neutron] For port 0dd6cbdf-d828-4261-9bfd-76c30ca1f68b, host hv-neutron-8444, set binding levels [PortBindingLevel(driver='hyperv',host='hv-neutron-8444',level=0,port_id=0dd6cbdf-d828-4261-9bfd-76c30ca1f68b,segment=NetworkSegment(a9ed21bb-ae0b-4c5a-8e10-5c7d20b3fadf),segment_id=a9ed21bb-ae0b-4c5a-8e10-5c7d20b3fadf)] {{(pid=116361) set_binding_levels /opt/stack/neutron/neutron/plugins/ml2/db.py:59}}
Jun 02 14:47:30.535733 dv-neutron-844461-1-hyperv neutron-server[116361]: DEBUG dbcounter [-] [116361] Writing DB stats neutron:SELECT=97,neutron:DELETE=1,neutron:UPDATE=2 {{(pid=116361) stat_writer /usr/local/lib/python3.8/dist-packages/dbcounter.py:114}}
Jun 02 14:47:30.555144 dv-neutron-844461-1-hyperv neutron-server[116361]: DEBUG neutron_lib.callbacks.manager [req-ea9bb534-bf85-456e-80af-0f67af6178e4 req-bf6ec5f9-4912-4c42-88ff-5be09376cf9e service neutron] Publish callbacks ['neutron.plugins.ml2.plugin.SecurityGroupServerNotifierRpcMixin._notify_sg_on_port_change-884286', 'neutron.plugins.ml2.ovo_rpc._ObjectChangeHandler.handle_event-454947', 'neutron.api.rpc.agentnotifiers.dhcp_rpc_agent_api.DhcpAgentNotifyAPI._native_event_send_dhcp_notification-7970373', 'neutron.db.l3_db.L3RpcNotifierMixin._notify_gateway_port_ip_changed-8787901839836', 'neutron.db.l3_dvrscheduler_db._notify_l3_agent_port_update-8787901358668', 'neutron.db.l3_hascheduler_db._notify_l3_agent_ha_port_update-8787901358686', 'neutron.services.segments.plugin.NovaSegmentNotifier._notify_port_updated-5399190'] for port (0dd6cbdf-d828-4261-9bfd-76c30ca1f68b), after_update {{(pid=116361) _notify_loop /usr/local/lib/python3.8/dist-packages/neutron_lib/callbacks/manager.py:176}}
Jun 02 14:47:30.572870 dv-neutron-844461-1-hyperv neutron-server[116363]: DEBUG neutron.api.rpc.handlers.l3_rpc [None req-56768531-9ae3-4332-bcf3-c42c30b37c6c None None] Checking router: 52175077-4da0-45ef-ad72-b20a34ada4b4 for host: dv-neutron-844461-1-hyperv {{(pid=116363) _ensure_host_set_on_ports /opt/stack/neutron/neutron/api/rpc/handlers/l3_rpc.py:155}}
Jun 02 14:47:30.576211 dv-neutron-844461-1-hyperv neutron-server[116363]: DEBUG neutron.api.rpc.handlers.l3_rpc [None req-56768531-9ae3-4332-bcf3-c42c30b37c6c None None] Updating router 52175077-4da0-45ef-ad72-b20a34ada4b4 port 3b3aa6af-d7ef-40fb-bd11-466a9627ee6f binding host dv-neutron-844461-1-hyperv {{(pid=116363) _ensure_host_set_on_port /opt/stack/neutron/neutron/api/rpc/handlers/l3_rpc.py:205}}
Jun 02 14:47:30.601893 dv-neutron-844461-1-hyperv neutron-server[116361]: DEBUG neutron.db.db_base_plugin_v2 [None req-2b59f66a-ceae-4493-8253-f01a9d7e363d tempest-DHCPAgentSchedulersTestJSON-1331370887 tempest-DHCPAgentSchedulersTestJSON-1331370887-project] Deleting subnet 65102f66-29f0-4da5-a5e0-34d00361c0f4 {{(pid=116361) delete_subnet /opt/stack/neutron/neutron/db/db_base_plugin_v2.py:1067}}
Jun 02 14:47:30.616002 dv-neutron-844461-1-hyperv neutron-server[116360]: DEBUG neutron.pecan_wsgi.hooks.policy_enforcement [None req-73c185d7-a447-4dd1-91bd-79b27f296710 tempest-ExternalNetworksTestJSON-754715001 tempest-ExternalNetworksTestJSON-754715001-project] Attributes excluded by policy engine: ['standard_attr_id', 'vlan_transparent', 'provider:network_type', 'provider:physical_network', 'provider:segmentation_id'] {{(pid=116360) _exclude_attributes_by_policy /opt/stack/neutron/neutron/pecan_wsgi/hooks/policy_enforcement.py:259}}
Jun 02 14:47:30.631082 dv-neutron-844461-1-hyperv neutron-server[116360]: INFO neutron.wsgi [None req-73c185d7-a447-4dd1-91bd-79b27f296710 tempest-ExternalNetworksTestJSON-754715001 tempest-ExternalNetworksTestJSON-754715001-project] 10.222.0.47 "GET /v2.0/networks/4ab951a0-2bf2-4eae-b08d-cf383f452e13 HTTP/1.1" status: 200 len: 767 time: 0.2610965
Jun 02 14:47:30.648760 dv-neutron-844461-1-hyperv neutron-server[116361]: DEBUG neutron.wsgi [-] (116361) accepted ('10.222.0.47', 43182) {{(pid=116361) server /usr/local/lib/python3.8/dist-packages/eventlet/wsgi.py:1004}}
Jun 02 14:47:30.707898 dv-neutron-844461-1-hyperv neutron-server[116361]: DEBUG neutron_lib.callbacks.manager [None req-2b59f66a-ceae-4493-8253-f01a9d7e363d tempest-DHCPAgentSchedulersTestJSON-1331370887 tempest-DHCPAgentSchedulersTestJSON-1331370887-project] Publish callbacks [] for subnet (65102f66-29f0-4da5-a5e0-34d00361c0f4), before_delete {{(pid=116361) _notify_loop /usr/local/lib/python3.8/dist-packages/neutron_lib/callbacks/manager.py:176}}
Jun 02 14:47:30.723885 dv-neutron-844461-1-hyperv neutron-server[116363]: DEBUG neutron_lib.callbacks.manager [None req-56768531-9ae3-4332-bcf3-c42c30b37c6c None None] Publish callbacks ['neutron.plugins.ml2.plugin.SecurityGroupDbMixin._ensure_default_security_group_handler-884473'] for port (3b3aa6af-d7ef-40fb-bd11-466a9627ee6f), before_update {{(pid=116363) _notify_loop /usr/local/lib/python3.8/dist-packages/neutron_lib/callbacks/manager.py:176}}
Jun 02 14:47:30.794300 dv-neutron-844461-1-hyperv neutron-server[116363]: DEBUG dbcounter [-] [116363] Writing DB stats neutron:UPDATE=4,neutron:SELECT=95,neutron:INSERT=1 {{(pid=116363) stat_writer /usr/local/lib/python3.8/dist-packages/dbcounter.py:114}}
Jun 02 14:47:30.816631 dv-neutron-844461-1-hyperv neutron-server[116360]: DEBUG dbcounter [-] [116360] Writing DB stats neutron:SELECT=93,neutron:INSERT=3,neutron:UPDATE=3,neutron:DELETE=1 {{(pid=116360) stat_writer /usr/local/lib/python3.8/dist-packages/dbcounter.py:114}}
Jun 02 14:47:30.932591 dv-neutron-844461-1-hyperv neutron-server[116360]: DEBUG neutron.scheduler.dhcp_agent_scheduler [None req-012657ad-2b2f-4956-bd1c-c25c2a22a7ed tempest-ExtraDHCPOptionsIpV6TestJSON-1634270100 tempest-ExtraDHCPOptionsIpV6TestJSON-1634270100-project] Network e9539195-de49-4a7d-8cc2-3eecbf489772 is scheduled to be hosted by DHCP agent 68250934-3a70-4009-8e23-5ff10d3d3d1e with binding_index 1 {{(pid=116360) bind /opt/stack/neutron/neutron/scheduler/dhcp_agent_scheduler.py:227}}
Jun 02 14:47:30.987203 dv-neutron-844461-1-hyperv neutron-server[116361]: DEBUG neutron_lib.callbacks.manager [None req-2b59f66a-ceae-4493-8253-f01a9d7e363d tempest-DHCPAgentSchedulersTestJSON-1331370887 tempest-DHCPAgentSchedulersTestJSON-1331370887-project] Publish callbacks ['neutron.services.segments.plugin.Plugin._validate_auto_address_subnet_delete-5179531'] for subnet (65102f66-29f0-4da5-a5e0-34d00361c0f4), precommit_delete_associations {{(pid=116361) _notify_loop /usr/local/lib/python3.8/dist-packages/neutron_lib/callbacks/manager.py:176}}
Jun 02 14:47:31.038953 dv-neutron-844461-1-hyperv neutron-server[116360]: INFO neutron.wsgi [req-b53f9482-9385-46b7-89a5-1643e0fc2b5a req-14086732-7943-44f6-b9f9-bb00a3368b15 service neutron] 10.222.0.47 "GET /v2.0/networks/cf6ae4ed-070a-435f-b955-5fde2fca0b78?fields=segments HTTP/1.1" status: 200 len: 212 time: 1.4457414
Jun 02 14:47:31.056428 dv-neutron-844461-1-hyperv neutron-server[116360]: DEBUG neutron.wsgi [-] (116360) accepted ('10.222.0.47', 43190) {{(pid=116360) server /usr/local/lib/python3.8/dist-packages/eventlet/wsgi.py:1004}}
Jun 02 14:47:31.087049 dv-neutron-844461-1-hyperv neutron-server[116360]: DEBUG neutron.api.v2.base [None req-398853de-17e2-4447-94cc-66285569c00b tempest-ServersTestJSON-252728185 tempest-ServersTestJSON-252728185-project] Request body: {'security_group': {'name': 'tempest-securitygroup--882568603', 'description': 'tempest-description--1241796234'}} {{(pid=116360) prepare_request_body /opt/stack/neutron/neutron/api/v2/base.py:730}}
Jun 02 14:47:31.111255 dv-neutron-844461-1-hyperv neutron-server[116360]: DEBUG neutron.scheduler.base_scheduler [None req-012657ad-2b2f-4956-bd1c-c25c2a22a7ed tempest-ExtraDHCPOptionsIpV6TestJSON-1634270100 tempest-ExtraDHCPOptionsIpV6TestJSON-1634270100-project] Resources bound (agent type, host, resource id): (DHCP agent, dv-neutron-844461-1-hyperv, e9539195-de49-4a7d-8cc2-3eecbf489772) {{(pid=116360) schedule /opt/stack/neutron/neutron/scheduler/base_scheduler.py:57}}
Jun 02 14:47:31.136660 dv-neutron-844461-1-hyperv neutron-server[116362]: DEBUG neutron.api.rpc.handlers.dhcp_rpc [None req-d668b151-eba5-4137-9e84-657e99f8ce6c None None] Network e9539195-de49-4a7d-8cc2-3eecbf489772 requested from dv-neutron-844461-1-hyperv {{(pid=116362) get_network_info /opt/stack/neutron/neutron/api/rpc/handlers/dhcp_rpc.py:191}}
Jun 02 14:47:31.159314 dv-neutron-844461-1-hyperv neutron-server[116361]: DEBUG neutron.plugins.ml2.plugin [None req-a349d8fc-5b2a-4e7e-9834-a3e2c7d35350 tempest-PortsAdminExtendedAttrsIpV6TestJSON-315949723 tempest-PortsAdminExtendedAttrsIpV6TestJSON-315949723-project-admin] Deleting port ff190a66-7767-4f7d-a395-00a31cf0e84d {{(pid=116361) _pre_delete_port /opt/stack/neutron/neutron/plugins/ml2/plugin.py:2043}}
Jun 02 14:47:31.159505 dv-neutron-844461-1-hyperv neutron-server[116361]: DEBUG neutron_lib.callbacks.manager [None req-a349d8fc-5b2a-4e7e-9834-a3e2c7d35350 tempest-PortsAdminExtendedAttrsIpV6TestJSON-315949723 tempest-PortsAdminExtendedAttrsIpV6TestJSON-315949723-project-admin] Publish callbacks ['neutron.db.l3_db.L3_NAT_dbonly_mixin._prevent_l3_port_delete_callback-8787901751947'] for port (ff190a66-7767-4f7d-a395-00a31cf0e84d), before_delete {{(pid=116361) _notify_loop /usr/local/lib/python3.8/dist-packages/neutron_lib/callbacks/manager.py:176}}
Jun 02 14:47:31.162697 dv-neutron-844461-1-hyperv neutron-server[116361]: DEBUG neutron.api.rpc.handlers.resources_rpc [None req-bf6ec5f9-4912-4c42-88ff-5be09376cf9e service neutron] Pushing event updated for resources: {'Port': ['ID=0dd6cbdf-d828-4261-9bfd-76c30ca1f68b,revision_number=3']} {{(pid=116361) push /opt/stack/neutron/neutron/api/rpc/handlers/resources_rpc.py:237}}
Jun 02 14:47:31.229629 dv-neutron-844461-1-hyperv neutron-server[116361]: DEBUG neutron.pecan_wsgi.hooks.policy_enforcement [req-ea9bb534-bf85-456e-80af-0f67af6178e4 req-bf6ec5f9-4912-4c42-88ff-5be09376cf9e service neutron] Attributes excluded by policy engine: ['standard_attr_id'] {{(pid=116361) _exclude_attributes_by_policy /opt/stack/neutron/neutron/pecan_wsgi/hooks/policy_enforcement.py:259}}
Jun 02 14:47:31.238168 dv-neutron-844461-1-hyperv neutron-server[116361]: DEBUG neutron_lib.callbacks.manager [req-ea9bb534-bf85-456e-80af-0f67af6178e4 req-bf6ec5f9-4912-4c42-88ff-5be09376cf9e service neutron] Publish callbacks ['neutron.notifiers.nova.Notifier._send_nova_notification-467769'] for port (None), before_response {{(pid=116361) _notify_loop /usr/local/lib/python3.8/dist-packages/neutron_lib/callbacks/manager.py:176}}
Jun 02 14:47:31.238168 dv-neutron-844461-1-hyperv neutron-server[116361]: INFO neutron.wsgi [req-ea9bb534-bf85-456e-80af-0f67af6178e4 req-bf6ec5f9-4912-4c42-88ff-5be09376cf9e service neutron] 10.222.0.44 "PUT /v2.0/ports/0dd6cbdf-d828-4261-9bfd-76c30ca1f68b HTTP/1.1" status: 200 len: 1093 time: 5.5291109
Jun 02 14:47:31.263381 dv-neutron-844461-1-hyperv neutron-server[116360]: DEBUG neutron.pecan_wsgi.hooks.policy_enforcement [None req-012657ad-2b2f-4956-bd1c-c25c2a22a7ed tempest-ExtraDHCPOptionsIpV6TestJSON-1634270100 tempest-ExtraDHCPOptionsIpV6TestJSON-1634270100-project] Attributes excluded by policy engine: ['standard_attr_id', 'shared', 'segment_id', 'network'] {{(pid=116360) _exclude_attributes_by_policy /opt/stack/neutron/neutron/pecan_wsgi/hooks/policy_enforcement.py:259}}
Jun 02 14:47:31.267568 dv-neutron-844461-1-hyperv neutron-server[116361]: DEBUG neutron.notifiers.nova [-] Sending events: [{'name': 'network-changed', 'server_uuid': '3937db39-6ffb-426c-9a5b-8d6bb16901f5', 'tag': '0dd6cbdf-d828-4261-9bfd-76c30ca1f68b'}] {{(pid=116361) send_events /opt/stack/neutron/neutron/notifiers/nova.py:271}}
Jun 02 14:47:31.267705 dv-neutron-844461-1-hyperv neutron-server[116360]: DEBUG neutron_lib.callbacks.manager [None req-012657ad-2b2f-4956-bd1c-c25c2a22a7ed tempest-ExtraDHCPOptionsIpV6TestJSON-1634270100 tempest-ExtraDHCPOptionsIpV6TestJSON-1634270100-project] Publish callbacks ['neutron.api.rpc.agentnotifiers.dhcp_rpc_agent_api.DhcpAgentNotifyAPI._send_dhcp_notification-7970423'] for subnet (None), before_response {{(pid=116360) _notify_loop /usr/local/lib/python3.8/dist-packages/neutron_lib/callbacks/manager.py:176}}
Jun 02 14:47:31.270783 dv-neutron-844461-1-hyperv neutron-server[116361]: DEBUG neutron_lib.callbacks.manager [None req-2b59f66a-ceae-4493-8253-f01a9d7e363d tempest-DHCPAgentSchedulersTestJSON-1331370887 tempest-DHCPAgentSchedulersTestJSON-1331370887-project] Publish callbacks ['neutron.plugins.ml2.plugin.Ml2Plugin._subnet_delete_precommit_handler-755536'] for subnet (65102f66-29f0-4da5-a5e0-34d00361c0f4), precommit_delete {{(pid=116361) _notify_loop /usr/local/lib/python3.8/dist-packages/neutron_lib/callbacks/manager.py:176}}
Jun 02 14:47:31.297436 dv-neutron-844461-1-hyperv neutron-server[116360]: DEBUG neutron_lib.callbacks.manager [None req-bec1e082-de31-436e-9a47-439cdd37382a tempest-RoutersIpV6AdminTest-2066436661 tempest-RoutersIpV6AdminTest-2066436661-project] Publish callbacks [] for port (179317e0-8c1c-4a21-a7cf-084a664be5a0), precommit_create {{(pid=116360) _notify_loop /usr/local/lib/python3.8/dist-packages/neutron_lib/callbacks/manager.py:176}}
Jun 02 14:47:31.458009 dv-neutron-844461-1-hyperv neutron-server[116360]: DEBUG neutron_lib.callbacks.manager [None req-398853de-17e2-4447-94cc-66285569c00b tempest-ServersTestJSON-252728185 tempest-ServersTestJSON-252728185-project] Publish callbacks [] for security_group (None), before_create {{(pid=116360) _notify_loop /usr/local/lib/python3.8/dist-packages/neutron_lib/callbacks/manager.py:176}}
Jun 02 14:47:31.473004 dv-neutron-844461-1-hyperv neutron-server[116363]: DEBUG neutron_lib.callbacks.manager [None req-56768531-9ae3-4332-bcf3-c42c30b37c6c None None] Publish callbacks [] for port (3b3aa6af-d7ef-40fb-bd11-466a9627ee6f), precommit_update {{(pid=116363) _notify_loop /usr/local/lib/python3.8/dist-packages/neutron_lib/callbacks/manager.py:176}}
Jun 02 14:47:31.473585 dv-neutron-844461-1-hyperv neutron-server[116360]: INFO neutron.wsgi [None req-012657ad-2b2f-4956-bd1c-c25c2a22a7ed tempest-ExtraDHCPOptionsIpV6TestJSON-1634270100 tempest-ExtraDHCPOptionsIpV6TestJSON-1634270100-project] 10.222.0.47 "POST /v2.0/subnets HTTP/1.1" status: 201 len: 821 time: 4.4619594
Jun 02 14:47:31.484080 dv-neutron-844461-1-hyperv neutron-server[116360]: DEBUG neutron.wsgi [-] (116360) accepted ('10.222.0.47', 43198) {{(pid=116360) server /usr/local/lib/python3.8/dist-packages/eventlet/wsgi.py:1004}}
Jun 02 14:47:31.486725 dv-neutron-844461-1-hyperv neutron-server[116363]: DEBUG neutron_lib.callbacks.manager [None req-56768531-9ae3-4332-bcf3-c42c30b37c6c None None] Publish callbacks ['neutron.plugins.ml2.plugin.SecurityGroupServerNotifierRpcMixin._notify_sg_on_port_change-884286', 'neutron.plugins.ml2.ovo_rpc._ObjectChangeHandler.handle_event-454947', 'neutron.api.rpc.agentnotifiers.dhcp_rpc_agent_api.DhcpAgentNotifyAPI._native_event_send_dhcp_notification-7970373', 'neutron.db.l3_db.L3RpcNotifierMixin._notify_gateway_port_ip_changed-8787901839836', 'neutron.db.l3_dvrscheduler_db._notify_l3_agent_port_update-8787901358668', 'neutron.db.l3_hascheduler_db._notify_l3_agent_ha_port_update-8787901358686'] for port (3b3aa6af-d7ef-40fb-bd11-466a9627ee6f), after_update {{(pid=116363) _notify_loop /usr/local/lib/python3.8/dist-packages/neutron_lib/callbacks/manager.py:176}}
Jun 02 14:47:31.510694 dv-neutron-844461-1-hyperv neutron-server[116362]: DEBUG neutron.api.rpc.handlers.dhcp_rpc [None req-2e648f41-9b34-400e-bd24-252b48053f02 None None] Create dhcp port {'port': {'name': '', 'admin_state_up': True, 'device_id': 'dhcpb9f78d30-dc6c-5c34-8750-8cf2dfdbab06-e9539195-de49-4a7d-8cc2-3eecbf489772', 'network_id': 'e9539195-de49-4a7d-8cc2-3eecbf489772', 'project_id': 'cf834b6b9945441191b3fcac21a3d511', 'fixed_ips': [{'subnet_id': '3cbe8911-ab70-4e89-a8ea-7d47a1e3464b'}]}} from dv-neutron-844461-1-hyperv. {{(pid=116362) create_dhcp_port /opt/stack/neutron/neutron/api/rpc/handlers/dhcp_rpc.py:268}}
Jun 02 14:47:31.511841 dv-neutron-844461-1-hyperv neutron-server[116362]: DEBUG neutron_lib.callbacks.manager [None req-2e648f41-9b34-400e-bd24-252b48053f02 None None] Publish callbacks ['neutron.plugins.ml2.plugin.SecurityGroupDbMixin._ensure_default_security_group_handler-884473'] for port (None), before_create {{(pid=116362) _notify_loop /usr/local/lib/python3.8/dist-packages/neutron_lib/callbacks/manager.py:176}}
Jun 02 14:47:31.548545 dv-neutron-844461-1-hyperv neutron-server[116360]: DEBUG neutron.api.v2.base [None req-9eb40be8-0f07-42fb-9d59-f7c01983e692 tempest-ExtraDHCPOptionsIpV6TestJSON-1634270100 tempest-ExtraDHCPOptionsIpV6TestJSON-1634270100-project] Request body: {'port': {'network_id': 'e9539195-de49-4a7d-8cc2-3eecbf489772', 'name': 'tempest-ExtraDHCPOptionsIpV6TestJSON-1644018930'}} {{(pid=116360) prepare_request_body /opt/stack/neutron/neutron/api/v2/base.py:730}}
Jun 02 14:47:31.552683 dv-neutron-844461-1-hyperv neutron-server[116360]: DEBUG neutron_lib.callbacks.manager [None req-bec1e082-de31-436e-9a47-439cdd37382a tempest-RoutersIpV6AdminTest-2066436661 tempest-RoutersIpV6AdminTest-2066436661-project] Publish callbacks ['neutron.plugins.ml2.plugin.SecurityGroupServerNotifierRpcMixin._notify_sg_on_port_change-884286', 'neutron.plugins.ml2.ovo_rpc._ObjectChangeHandler.handle_event-454947', 'neutron.api.rpc.agentnotifiers.dhcp_rpc_agent_api.DhcpAgentNotifyAPI._native_event_send_dhcp_notification-7970373', 'neutron.db.l3_dvrscheduler_db._notify_l3_agent_new_port-8787901358650', 'neutron.services.segments.plugin.NovaSegmentNotifier._notify_port_created_or_deleted-6151580'] for port (179317e0-8c1c-4a21-a7cf-084a664be5a0), after_create {{(pid=116360) _notify_loop /usr/local/lib/python3.8/dist-packages/neutron_lib/callbacks/manager.py:176}}
Jun 02 14:47:31.662802 dv-neutron-844461-1-hyperv neutron-server[116363]: DEBUG neutron.api.rpc.handlers.resources_rpc [None req-ba069b3e-9568-45d5-949f-e1190473be67 None None] Pushing event updated for resources: {'Port': ['ID=3b3aa6af-d7ef-40fb-bd11-466a9627ee6f,revision_number=3']} {{(pid=116363) push /opt/stack/neutron/neutron/api/rpc/handlers/resources_rpc.py:237}}
Jun 02 14:47:31.674059 dv-neutron-844461-1-hyperv neutron-server[116361]: DEBUG neutron_lib.callbacks.manager [None req-a349d8fc-5b2a-4e7e-9834-a3e2c7d35350 tempest-PortsAdminExtendedAttrsIpV6TestJSON-315949723 tempest-PortsAdminExtendedAttrsIpV6TestJSON-315949723-project-admin] Publish callbacks ['neutron.services.l3_router.l3_router_plugin.L3_NAT_dbonly_mixin._precommit_delete_port_callback-8306247'] for port (ff190a66-7767-4f7d-a395-00a31cf0e84d), precommit_delete {{(pid=116361) _notify_loop /usr/local/lib/python3.8/dist-packages/neutron_lib/callbacks/manager.py:176}}
Jun 02 14:47:31.708945 dv-neutron-844461-1-hyperv neutron-server[116361]: DEBUG neutron.plugins.ml2.plugin [None req-a349d8fc-5b2a-4e7e-9834-a3e2c7d35350 tempest-PortsAdminExtendedAttrsIpV6TestJSON-315949723 tempest-PortsAdminExtendedAttrsIpV6TestJSON-315949723-project-admin] Calling delete_port for ff190a66-7767-4f7d-a395-00a31cf0e84d owned by {{(pid=116361) delete_port /opt/stack/neutron/neutron/plugins/ml2/plugin.py:2122}}
Jun 02 14:47:31.744328 dv-neutron-844461-1-hyperv neutron-server[116362]: DEBUG dbcounter [-] [116362] Writing DB stats neutron:SELECT=98,neutron:UPDATE=1,neutron:INSERT=1 {{(pid=116362) stat_writer /usr/local/lib/python3.8/dist-packages/dbcounter.py:114}}
Jun 02 14:47:31.783809 dv-neutron-844461-1-hyperv neutron-server[116360]: DEBUG neutron.scheduler.dhcp_agent_scheduler [None req-bec1e082-de31-436e-9a47-439cdd37382a tempest-RoutersIpV6AdminTest-2066436661 tempest-RoutersIpV6AdminTest-2066436661-project] Network 424fc3e8-2ad6-4645-a88f-35b55bfa3cea is already hosted by enough agents. {{(pid=116360) _get_dhcp_agents_hosting_network /opt/stack/neutron/neutron/scheduler/dhcp_agent_scheduler.py:275}}
Jun 02 14:47:31.802280 dv-neutron-844461-1-hyperv neutron-server[116363]: DEBUG neutron.plugins.ml2.managers [None req-56768531-9ae3-4332-bcf3-c42c30b37c6c None None] Attempting to bind port 3b3aa6af-d7ef-40fb-bd11-466a9627ee6f on host dv-neutron-844461-1-hyperv for vnic_type normal with profile {{(pid=116363) bind_port /opt/stack/neutron/neutron/plugins/ml2/managers.py:811}}
Jun 02 14:47:31.802734 dv-neutron-844461-1-hyperv neutron-server[116363]: DEBUG neutron.plugins.ml2.managers [None req-56768531-9ae3-4332-bcf3-c42c30b37c6c None None] Attempting to bind port 3b3aa6af-d7ef-40fb-bd11-466a9627ee6f by drivers openvswitch,hyperv on host dv-neutron-844461-1-hyperv at level 0 using segments [{'id': '0ba660f8-3d38-4d3e-980a-b0aaeac1b323', 'network_type': 'vlan', 'physical_network': 'physnet1', 'segmentation_id': 196, 'network_id': 'accabfaa-14d9-49cc-9428-98497d55d6c3'}] {{(pid=116363) _bind_port_level /opt/stack/neutron/neutron/plugins/ml2/managers.py:836}}
Jun 02 14:47:31.803163 dv-neutron-844461-1-hyperv neutron-server[116363]: DEBUG neutron.plugins.ml2.drivers.mech_agent [None req-56768531-9ae3-4332-bcf3-c42c30b37c6c None None] Attempting to bind port 3b3aa6af-d7ef-40fb-bd11-466a9627ee6f on network accabfaa-14d9-49cc-9428-98497d55d6c3 {{(pid=116363) bind_port /opt/stack/neutron/neutron/plugins/ml2/drivers/mech_agent.py:91}}
Jun 02 14:47:31.809211 dv-neutron-844461-1-hyperv neutron-server[116363]: DEBUG dbcounter [-] [116363] Writing DB stats neutron:SELECT=99,neutron:UPDATE=1 {{(pid=116363) stat_writer /usr/local/lib/python3.8/dist-packages/dbcounter.py:114}}
Jun 02 14:47:31.818406 dv-neutron-844461-1-hyperv neutron-server[116363]: DEBUG neutron.plugins.ml2.drivers.mech_agent [None req-56768531-9ae3-4332-bcf3-c42c30b37c6c None None] Checking agent: {'id': 'f4bb3e23-9469-46d0-ad24-23dfdfefb7ab', 'agent_type': 'Open vSwitch agent', 'binary': 'neutron-openvswitch-agent', 'topic': 'N/A', 'host': 'dv-neutron-844461-1-hyperv', 'admin_state_up': True, 'created_at': datetime.datetime(2022, 6, 2, 14, 39, 25), 'started_at': datetime.datetime(2022, 6, 2, 14, 39, 55), 'heartbeat_timestamp': datetime.datetime(2022, 6, 2, 14, 47, 25), 'description': None, 'resources_synced': None, 'availability_zone': None, 'alive': True, 'configurations': {'arp_responder_enabled': False, 'baremetal_smartnic': False, 'bridge_mappings': {'physnet1': 'br-data'}, 'datapath_type': 'system', 'devices': 0, 'enable_distributed_routing': False, 'extensions': [], 'in_distributed_mode': False, 'integration_bridge': 'br-int', 'l2_population': False, 'log_agent_heartbeats': False, 'ovs_capabilities': {'datapath_types': ['netdev', 'system'], 'iface_types': ['erspan', 'geneve', 'gre', 'internal', 'ip6erspan', 'ip6gre', 'lisp', 'patch', 'stt', 'system', 'tap', 'vxlan']}, 'ovs_hybrid_plug': False, 'resource_provider_bandwidths': {}, 'resource_provider_hypervisors': {'br-data': 'dv-neutron-844461-1-hyperv'}, 'resource_provider_inventory_defaults': {'allocation_ratio': 1.0, 'min_unit': 1, 'step_size': 1, 'reserved': 0}, 'resource_provider_packet_processing_inventory_defaults': {'allocation_ratio': 1.0, 'min_unit': 1, 'step_size': 1, 'reserved': 0}, 'resource_provider_packet_processing_with_direction': {}, 'resource_provider_packet_processing_without_direction': {}, 'tunnel_types': [], 'tunneling_ip': None, 'vhostuser_socket_dir': '/var/run/openvswitch'}, 'resource_versions': {'AddressGroup': '1.2', 'Agent': '1.1', 'ConntrackHelper': '1.0', 'LocalIPAssociation': '1.0', 'Log': '1.0', 'NDPProxy': '1.0', 'Network': '1.1', 'Port': '1.7', 'PortForwarding': '1.3', 'QosPolicy': '1.10', 'SecurityGroup': '1.5', 'SecurityGroupRule': '1.2', 'SubPort': '1.0', 'Subnet': '1.1', 'Trunk': '1.1'}} {{(pid=116363) bind_port /opt/stack/neutron/neutron/plugins/ml2/drivers/mech_agent.py:110}}
Jun 02 14:47:31.818781 dv-neutron-844461-1-hyperv neutron-server[116363]: DEBUG neutron.plugins.ml2.drivers.mech_agent [None req-56768531-9ae3-4332-bcf3-c42c30b37c6c None None] Checking segment: {'id': '0ba660f8-3d38-4d3e-980a-b0aaeac1b323', 'network_type': 'vlan', 'physical_network': 'physnet1', 'segmentation_id': 196, 'network_id': 'accabfaa-14d9-49cc-9428-98497d55d6c3'} for mappings: {'physnet1': 'br-data'} with network types: ['local', 'flat', 'vlan'] {{(pid=116363) check_segment_for_agent /opt/stack/neutron/neutron/plugins/ml2/drivers/mech_agent.py:373}}
Jun 02 14:47:31.825314 dv-neutron-844461-1-hyperv neutron-server[116363]: DEBUG neutron_lib.callbacks.manager [None req-56768531-9ae3-4332-bcf3-c42c30b37c6c None None] Publish callbacks [] for ovs_bridge_name (None), before_read {{(pid=116363) _notify_loop /usr/local/lib/python3.8/dist-packages/neutron_lib/callbacks/manager.py:176}}
Jun 02 14:47:31.825819 dv-neutron-844461-1-hyperv neutron-server[116363]: DEBUG neutron.plugins.ml2.drivers.mech_agent [None req-56768531-9ae3-4332-bcf3-c42c30b37c6c None None] Bound using segment: {'id': '0ba660f8-3d38-4d3e-980a-b0aaeac1b323', 'network_type': 'vlan', 'physical_network': 'physnet1', 'segmentation_id': 196, 'network_id': 'accabfaa-14d9-49cc-9428-98497d55d6c3'} {{(pid=116363) bind_port /opt/stack/neutron/neutron/plugins/ml2/drivers/mech_agent.py:120}}
Jun 02 14:47:31.826395 dv-neutron-844461-1-hyperv neutron-server[116363]: DEBUG neutron.plugins.ml2.managers [None req-56768531-9ae3-4332-bcf3-c42c30b37c6c None None] Bound port: 3b3aa6af-d7ef-40fb-bd11-466a9627ee6f, host: dv-neutron-844461-1-hyperv, vif_type: ovs, vif_details: {"connectivity": "l2", "port_filter": true, "ovs_hybrid_plug": false, "datapath_type": "system", "bridge_name": "br-int"}, binding_levels: [{'bound_driver': 'openvswitch', 'bound_segment': {'id': '0ba660f8-3d38-4d3e-980a-b0aaeac1b323', 'network_type': 'vlan', 'physical_network': 'physnet1', 'segmentation_id': 196, 'network_id': 'accabfaa-14d9-49cc-9428-98497d55d6c3'}}] {{(pid=116363) _bind_port_level /opt/stack/neutron/neutron/plugins/ml2/managers.py:948}}
Jun 02 14:47:31.826847 dv-neutron-844461-1-hyperv neutron-server[116363]: DEBUG neutron_lib.callbacks.manager [None req-56768531-9ae3-4332-bcf3-c42c30b37c6c None None] Publish callbacks ['neutron.plugins.ml2.plugin.SecurityGroupDbMixin._ensure_default_security_group_handler-884473'] for port (3b3aa6af-d7ef-40fb-bd11-466a9627ee6f), before_update {{(pid=116363) _notify_loop /usr/local/lib/python3.8/dist-packages/neutron_lib/callbacks/manager.py:176}}
Jun 02 14:47:31.829440 dv-neutron-844461-1-hyperv neutron-server[116360]: DEBUG neutron.api.rpc.handlers.resources_rpc [None req-bec1e082-de31-436e-9a47-439cdd37382a tempest-RoutersIpV6AdminTest-2066436661 tempest-RoutersIpV6AdminTest-2066436661-project] Pushing event updated for resources: {'Port': ['ID=179317e0-8c1c-4a21-a7cf-084a664be5a0,revision_number=1']} {{(pid=116360) push /opt/stack/neutron/neutron/api/rpc/handlers/resources_rpc.py:237}}
Jun 02 14:47:31.844710 dv-neutron-844461-1-hyperv neutron-server[116360]: DEBUG neutron.scheduler.base_scheduler [None req-bec1e082-de31-436e-9a47-439cdd37382a tempest-RoutersIpV6AdminTest-2066436661 tempest-RoutersIpV6AdminTest-2066436661-project] Resources bound (agent type, host, resource id): {{(pid=116360) schedule /opt/stack/neutron/neutron/scheduler/base_scheduler.py:57}}
Jun 02 14:47:31.855135 dv-neutron-844461-1-hyperv neutron-server[116360]: DEBUG neutron.db.l3_dvrscheduler_db [None req-bec1e082-de31-436e-9a47-439cdd37382a tempest-RoutersIpV6AdminTest-2066436661 tempest-RoutersIpV6AdminTest-2066436661-project] Received port after_create {{(pid=116360) _notify_l3_agent_new_port /opt/stack/neutron/neutron/db/l3_dvrscheduler_db.py:542}}
Jun 02 14:47:31.919082 dv-neutron-844461-1-hyperv neutron-server[116361]: DEBUG dbcounter [-] [116361] Writing DB stats neutron:SELECT=96,neutron:INSERT=1,neutron:UPDATE=2,neutron:DELETE=1 {{(pid=116361) stat_writer /usr/local/lib/python3.8/dist-packages/dbcounter.py:114}}
Jun 02 14:47:31.928735 dv-neutron-844461-1-hyperv neutron-server[116361]: DEBUG neutron.pecan_wsgi.hooks.policy_enforcement [req-ea9bb534-bf85-456e-80af-0f67af6178e4 req-c4d362f2-989d-4f73-8485-4cbba6ede5b5 service neutron] Attributes excluded by policy engine: ['standard_attr_id'] {{(pid=116361) _exclude_attributes_by_policy /opt/stack/neutron/neutron/pecan_wsgi/hooks/policy_enforcement.py:259}}
Jun 02 14:47:31.932562 dv-neutron-844461-1-hyperv neutron-server[116361]: INFO neutron.wsgi [req-ea9bb534-bf85-456e-80af-0f67af6178e4 req-c4d362f2-989d-4f73-8485-4cbba6ede5b5 service neutron] 10.222.0.44 "GET /v2.0/ports?tenant_id=0dbe5e0b893f45c58ba971a6dc317401&device_id=3937db39-6ffb-426c-9a5b-8d6bb16901f5 HTTP/1.1" status: 200 len: 1127 time: 0.5143886
Jun 02 14:47:31.975969 dv-neutron-844461-1-hyperv neutron-server[116363]: DEBUG neutron.plugins.ml2.db [None req-56768531-9ae3-4332-bcf3-c42c30b37c6c None None] For port 3b3aa6af-d7ef-40fb-bd11-466a9627ee6f, host dv-neutron-844461-1-hyperv, cleared binding levels {{(pid=116363) clear_binding_levels /opt/stack/neutron/neutron/plugins/ml2/db.py:87}}
Jun 02 14:47:31.988804 dv-neutron-844461-1-hyperv neutron-server[116363]: DEBUG neutron.plugins.ml2.db [None req-56768531-9ae3-4332-bcf3-c42c30b37c6c None None] For port 3b3aa6af-d7ef-40fb-bd11-466a9627ee6f, host dv-neutron-844461-1-hyperv, set binding levels [PortBindingLevel(driver='openvswitch',host='dv-neutron-844461-1-hyperv',level=0,port_id=3b3aa6af-d7ef-40fb-bd11-466a9627ee6f,segment=NetworkSegment(0ba660f8-3d38-4d3e-980a-b0aaeac1b323),segment_id=0ba660f8-3d38-4d3e-980a-b0aaeac1b323)] {{(pid=116363) set_binding_levels /opt/stack/neutron/neutron/plugins/ml2/db.py:59}}
Jun 02 14:47:31.990287 dv-neutron-844461-1-hyperv neutron-server[116361]: DEBUG neutron_lib.callbacks.manager [None req-af186964-c5be-4e65-900c-cbe5b836b694 tempest-ExternalNetworksTestJSON-859860208 tempest-ExternalNetworksTestJSON-859860208-project-admin] Publish callbacks ['neutron.plugins.ml2.plugin.External_net_db_mixin._before_network_delete_handler-730192'] for network (d9617ccb-593a-4007-bebb-82e8c97d603d), before_delete {{(pid=116361) _notify_loop /usr/local/lib/python3.8/dist-packages/neutron_lib/callbacks/manager.py:176}}
Jun 02 14:47:31.999996 dv-neutron-844461-1-hyperv neutron-server[116362]: DEBUG neutron.db.db_base_plugin_common [None req-2e648f41-9b34-400e-bd24-252b48053f02 None None] Allocated IP 2001:db8::2 (e9539195-de49-4a7d-8cc2-3eecbf489772/3cbe8911-ab70-4e89-a8ea-7d47a1e3464b/cf293e1a-4f3f-4e39-a310-00b2f80342da) {{(pid=116362) _store_ip_allocation /opt/stack/neutron/neutron/db/db_base_plugin_common.py:131}}
Jun 02 14:47:32.002132 dv-neutron-844461-1-hyperv neutron-server[116362]: DEBUG neutron.db.provisioning_blocks [None req-a404a42f-b148-4042-aff1-e0155679d537 None None] Provisioning complete for port 3b3aa6af-d7ef-40fb-bd11-466a9627ee6f triggered by entity DHCP. {{(pid=116362) provisioning_complete /opt/stack/neutron/neutron/db/provisioning_blocks.py:145}}
Jun 02 14:47:32.002394 dv-neutron-844461-1-hyperv neutron-server[116362]: DEBUG neutron_lib.callbacks.manager [None req-a404a42f-b148-4042-aff1-e0155679d537 None None] Publish callbacks ['neutron.plugins.ml2.plugin.Ml2Plugin._port_provisioned-750196'] for port (3b3aa6af-d7ef-40fb-bd11-466a9627ee6f), provisioning_complete {{(pid=116362) _notify_loop /usr/local/lib/python3.8/dist-packages/neutron_lib/callbacks/manager.py:176}}
Jun 02 14:47:32.007806 dv-neutron-844461-1-hyperv neutron-server[116363]: DEBUG neutron_lib.callbacks.manager [None req-56768531-9ae3-4332-bcf3-c42c30b37c6c None None] Publish callbacks ['neutron.plugins.ml2.plugin.SecurityGroupServerNotifierRpcMixin._notify_sg_on_port_change-884286', 'neutron.plugins.ml2.ovo_rpc._ObjectChangeHandler.handle_event-454947', 'neutron.api.rpc.agentnotifiers.dhcp_rpc_agent_api.DhcpAgentNotifyAPI._native_event_send_dhcp_notification-7970373', 'neutron.db.l3_db.L3RpcNotifierMixin._notify_gateway_port_ip_changed-8787901839836', 'neutron.db.l3_dvrscheduler_db._notify_l3_agent_port_update-8787901358668', 'neutron.db.l3_hascheduler_db._notify_l3_agent_ha_port_update-8787901358686'] for port (3b3aa6af-d7ef-40fb-bd11-466a9627ee6f), after_update {{(pid=116363) _notify_loop /usr/local/lib/python3.8/dist-packages/neutron_lib/callbacks/manager.py:176}}
Jun 02 14:47:32.019276 dv-neutron-844461-1-hyperv neutron-server[116361]: DEBUG neutron_lib.callbacks.manager [None req-a349d8fc-5b2a-4e7e-9834-a3e2c7d35350 tempest-PortsAdminExtendedAttrsIpV6TestJSON-315949723 tempest-PortsAdminExtendedAttrsIpV6TestJSON-315949723-project-admin] Publish callbacks ['neutron.plugins.ml2.plugin.SecurityGroupServerNotifierRpcMixin._notify_sg_on_port_change-884286', 'neutron.plugins.ml2.ovo_rpc._ObjectChangeHandler.handle_event-454947', 'neutron.api.rpc.agentnotifiers.dhcp_rpc_agent_api.DhcpAgentNotifyAPI._native_event_send_dhcp_notification-7970373', 'neutron.db.l3_db.L3RpcNotifierMixin._notify_routers_callback-8787901839818', 'neutron.db.l3_dvrscheduler_db._notify_port_delete-8787901358659', 'neutron.services.segments.plugin.NovaSegmentNotifier._notify_port_created_or_deleted-5399215'] for port (ff190a66-7767-4f7d-a395-00a31cf0e84d), after_delete {{(pid=116361) _notify_loop /usr/local/lib/python3.8/dist-packages/neutron_lib/callbacks/manager.py:176}}
Jun 02 14:47:32.096108 dv-neutron-844461-1-hyperv neutron-server[116363]: DEBUG neutron.db.l3_dvrscheduler_db [None req-56768531-9ae3-4332-bcf3-c42c30b37c6c None None] Routers {'52175077-4da0-45ef-ad72-b20a34ada4b4'} bound to L3 agent in host dv-neutron-844461-1-hyperv {{(pid=116363) _get_router_ids_for_agent /opt/stack/neutron/neutron/db/l3_dvrscheduler_db.py:426}}
Jun 02 14:47:32.097231 dv-neutron-844461-1-hyperv neutron-server[116363]: DEBUG neutron.db.l3_hamode_db [None req-56768531-9ae3-4332-bcf3-c42c30b37c6c None None] neutron.services.l3_router.l3_router_plugin.L3RouterPlugin method get_ha_sync_data_for_host called with arguments (, 'dv-neutron-844461-1-hyperv', Agent(admin_state_up=True,agent_type='L3 agent',availability_zone='nova',binary='neutron-l3-agent',configurations={"agent_mode": "legacy", "ex_gw_ports": 4, "extensions": [], "floating_ips": 0, "handle_internal_only_routers": true, "interface_driver": "openvswitch", "interfaces": 3, "log_agent_heartbeats": false, "routers": 5},created_at=2022-06-02T14:39:20Z,description=,heartbeat_timestamp=2022-06-02T14:47:21Z,host='dv-neutron-844461-1-hyperv',id=4bae632b-10d4-4afc-99ef-3021b466334b,load=0,resource_versions=,resources_synced=,started_at=2022-06-02T14:39:20Z,topic='l3_agent')) {'router_ids': ['52175077-4da0-45ef-ad72-b20a34ada4b4'], 'active': True} {{(pid=116363) wrapper /usr/local/lib/python3.8/dist-packages/oslo_log/helpers.py:65}}
Jun 02 14:47:32.141110 dv-neutron-844461-1-hyperv neutron-server[116360]: INFO neutron.wsgi [req-b53f9482-9385-46b7-89a5-1643e0fc2b5a req-b45c4996-5ffd-43b0-a505-ae69d0b12b13 service neutron] 10.222.0.47 "GET /v2.0/networks/cf6ae4ed-070a-435f-b955-5fde2fca0b78?fields=provider%3Aphysical_network&fields=provider%3Anetwork_type HTTP/1.1" status: 200 len: 281 time: 1.0706658
Jun 02 14:47:32.185269 dv-neutron-844461-1-hyperv neutron-server[116361]: DEBUG novaclient.v2.client [-] REQ: curl -g -i --cacert "/opt/stack/data/ca-bundle.pem" -X POST http://10.222.0.47/compute/v2.1/os-server-external-events -H "Accept: application/json" -H "Content-Type: application/json" -H "User-Agent: python-novaclient" -H "X-Auth-Token: {SHA256}cf0531f57f04b6e8f29b46506da59da08f9b8c378a4788b38974b2df7a20fada" -H "X-OpenStack-Nova-API-Version: 2.1" -H "X-OpenStack-Request-ID: req-ee2449ce-ccfa-43a0-9426-9d720ec58af6" -d '{"events": [{"name": "network-changed", "server_uuid": "3937db39-6ffb-426c-9a5b-8d6bb16901f5", "tag": "0dd6cbdf-d828-4261-9bfd-76c30ca1f68b"}]}' {{(pid=116361) _http_log_request /usr/local/lib/python3.8/dist-packages/keystoneauth1/session.py:519}}
Jun 02 14:47:32.195918 dv-neutron-844461-1-hyperv neutron-server[116361]: INFO neutron.wsgi [req-ea9bb534-bf85-456e-80af-0f67af6178e4 req-fb362222-90f1-4679-b350-9175e74272a3 service neutron] 10.222.0.44 "GET /v2.0/floatingips?fixed_ip_address=172.20.0.6&port_id=0dd6cbdf-d828-4261-9bfd-76c30ca1f68b HTTP/1.1" status: 200 len: 217 time: 0.1935222
Jun 02 14:47:32.197125 dv-neutron-844461-1-hyperv neutron-server[116363]: DEBUG neutron.api.rpc.handlers.resources_rpc [None req-ba069b3e-9568-45d5-949f-e1190473be67 None None] Pushing event updated for resources: {'Port': ['ID=3b3aa6af-d7ef-40fb-bd11-466a9627ee6f,revision_number=4']} {{(pid=116363) push /opt/stack/neutron/neutron/api/rpc/handlers/resources_rpc.py:237}}
Jun 02 14:47:32.279982 dv-neutron-844461-1-hyperv neutron-server[116363]: DEBUG neutron.db.l3_dvr_db [None req-56768531-9ae3-4332-bcf3-c42c30b37c6c None None] Set router 52175077-4da0-45ef-ad72-b20a34ada4b4 gateway port host: dv-neutron-844461-1-hyperv {{(pid=116363) _build_routers_list /opt/stack/neutron/neutron/db/l3_dvr_db.py:907}}
Jun 02 14:47:32.311173 dv-neutron-844461-1-hyperv neutron-server[116361]: DEBUG neutron.api.rpc.handlers.resources_rpc [None req-a349d8fc-5b2a-4e7e-9834-a3e2c7d35350 tempest-PortsAdminExtendedAttrsIpV6TestJSON-315949723 tempest-PortsAdminExtendedAttrsIpV6TestJSON-315949723-project-admin] Pushing event deleted for resources: {'Port': ['ID=ff190a66-7767-4f7d-a395-00a31cf0e84d,revision_number=None']} {{(pid=116361) push /opt/stack/neutron/neutron/api/rpc/handlers/resources_rpc.py:237}}
Jun 02 14:47:32.398167 dv-neutron-844461-1-hyperv neutron-server[116360]: DEBUG neutron_lib.callbacks.manager [None req-398853de-17e2-4447-94cc-66285569c00b tempest-ServersTestJSON-252728185 tempest-ServersTestJSON-252728185-project] Publish callbacks [] for security_group (86b15d93-c7b8-4ed4-b70e-6f86a797104e), precommit_create {{(pid=116360) _notify_loop /usr/local/lib/python3.8/dist-packages/neutron_lib/callbacks/manager.py:176}}
Jun 02 14:47:32.487288 dv-neutron-844461-1-hyperv neutron-server[116360]: DEBUG neutron_lib.callbacks.manager [None req-398853de-17e2-4447-94cc-66285569c00b tempest-ServersTestJSON-252728185 tempest-ServersTestJSON-252728185-project] Publish callbacks ['neutron.plugins.ml2.ovo_rpc._ObjectChangeHandler.handle_event-7976104'] for security_group (86b15d93-c7b8-4ed4-b70e-6f86a797104e), after_create {{(pid=116360) _notify_loop /usr/local/lib/python3.8/dist-packages/neutron_lib/callbacks/manager.py:176}}
Jun 02 14:47:32.506760 dv-neutron-844461-1-hyperv neutron-server[116362]: DEBUG neutron.plugins.ml2.plugin [None req-a404a42f-b148-4042-aff1-e0155679d537 None None] Current status of the port 3b3aa6af-d7ef-40fb-bd11-466a9627ee6f is: DOWN; New status is: ACTIVE {{(pid=116362) _update_individual_port_db_status /opt/stack/neutron/neutron/plugins/ml2/plugin.py:2298}}
Jun 02 14:47:32.509857 dv-neutron-844461-1-hyperv neutron-server[116362]: DEBUG neutron_lib.callbacks.manager [None req-a404a42f-b148-4042-aff1-e0155679d537 None None] Publish callbacks ['neutron.plugins.ml2.plugin.SecurityGroupDbMixin._ensure_default_security_group_handler-884473'] for port (3b3aa6af-d7ef-40fb-bd11-466a9627ee6f), before_update {{(pid=116362) _notify_loop /usr/local/lib/python3.8/dist-packages/neutron_lib/callbacks/manager.py:176}}
Jun 02 14:47:32.537024 dv-neutron-844461-1-hyperv neutron-server[116361]: DEBUG neutron.pecan_wsgi.hooks.policy_enforcement [req-34574f73-45c8-42a1-9d1e-2f3024f45b08 req-b12f6914-45b4-4822-99e3-9b1a87a24a58 tempest-ServerActionsTestJSON-1384311819 tempest-ServerActionsTestJSON-1384311819-project] Attributes excluded by policy engine: ['standard_attr_id', 'binding:profile', 'binding:host_id', 'binding:vif_type', 'binding:vif_details'] {{(pid=116361) _exclude_attributes_by_policy /opt/stack/neutron/neutron/pecan_wsgi/hooks/policy_enforcement.py:259}}
Jun 02 14:47:32.544241 dv-neutron-844461-1-hyperv neutron-server[116360]: DEBUG neutron.pecan_wsgi.hooks.quota_enforcement [None req-9eb40be8-0f07-42fb-9d59-f7c01983e692 tempest-ExtraDHCPOptionsIpV6TestJSON-1634270100 tempest-ExtraDHCPOptionsIpV6TestJSON-1634270100-project] Made reservation on behalf of cf834b6b9945441191b3fcac21a3d511 for: {'port': 1} {{(pid=116360) before /opt/stack/neutron/neutron/pecan_wsgi/hooks/quota_enforcement.py:53}}
Jun 02 14:47:32.550463 dv-neutron-844461-1-hyperv neutron-server[116361]: INFO neutron.wsgi [req-34574f73-45c8-42a1-9d1e-2f3024f45b08 req-b12f6914-45b4-4822-99e3-9b1a87a24a58 tempest-ServerActionsTestJSON-1384311819 tempest-ServerActionsTestJSON-1384311819-project] 10.222.0.47 "GET /v2.0/ports?device_id=3937db39-6ffb-426c-9a5b-8d6bb16901f5 HTTP/1.1" status: 200 len: 943 time: 0.5890911
Jun 02 14:47:32.550937 dv-neutron-844461-1-hyperv neutron-server[116360]: DEBUG neutron_lib.callbacks.manager [None req-9eb40be8-0f07-42fb-9d59-f7c01983e692 tempest-ExtraDHCPOptionsIpV6TestJSON-1634270100 tempest-ExtraDHCPOptionsIpV6TestJSON-1634270100-project] Publish callbacks ['neutron.plugins.ml2.plugin.SecurityGroupDbMixin._ensure_default_security_group_handler-884473'] for port (None), before_create {{(pid=116360) _notify_loop /usr/local/lib/python3.8/dist-packages/neutron_lib/callbacks/manager.py:176}}
Jun 02 14:47:32.639191 dv-neutron-844461-1-hyperv neutron-server[116361]: DEBUG neutron_lib.callbacks.manager [None req-a349d8fc-5b2a-4e7e-9834-a3e2c7d35350 tempest-PortsAdminExtendedAttrsIpV6TestJSON-315949723 tempest-PortsAdminExtendedAttrsIpV6TestJSON-315949723-project-admin] Publish callbacks ['neutron.notifiers.nova.Notifier._send_nova_notification-467769'] for port (None), before_response {{(pid=116361) _notify_loop /usr/local/lib/python3.8/dist-packages/neutron_lib/callbacks/manager.py:176}}
Jun 02 14:47:32.639484 dv-neutron-844461-1-hyperv neutron-server[116362]: DEBUG neutron.plugins.ml2.db [None req-a404a42f-b148-4042-aff1-e0155679d537 None None] For port 3b3aa6af-d7ef-40fb-bd11-466a9627ee6f, host dv-neutron-844461-1-hyperv, got binding levels [PortBindingLevel(driver='openvswitch',host='dv-neutron-844461-1-hyperv',level=0,port_id=3b3aa6af-d7ef-40fb-bd11-466a9627ee6f,segment=NetworkSegment(0ba660f8-3d38-4d3e-980a-b0aaeac1b323),segment_id=0ba660f8-3d38-4d3e-980a-b0aaeac1b323)] {{(pid=116362) get_binding_level_objs /opt/stack/neutron/neutron/plugins/ml2/db.py:74}}
Jun 02 14:47:32.648364 dv-neutron-844461-1-hyperv neutron-server[116362]: DEBUG neutron_lib.callbacks.manager [None req-a404a42f-b148-4042-aff1-e0155679d537 None None] Publish callbacks ['neutron.plugins.ml2.plugin.SecurityGroupServerNotifierRpcMixin._notify_sg_on_port_change-884286', 'neutron.plugins.ml2.ovo_rpc._ObjectChangeHandler.handle_event-454947', 'neutron.api.rpc.agentnotifiers.dhcp_rpc_agent_api.DhcpAgentNotifyAPI._native_event_send_dhcp_notification-7970373', 'neutron.db.l3_db.L3RpcNotifierMixin._notify_gateway_port_ip_changed-8787901839836', 'neutron.db.l3_dvrscheduler_db._notify_l3_agent_port_update-8787901358668', 'neutron.db.l3_hascheduler_db._notify_l3_agent_ha_port_update-8787901358686'] for port (3b3aa6af-d7ef-40fb-bd11-466a9627ee6f), after_update {{(pid=116362) _notify_loop /usr/local/lib/python3.8/dist-packages/neutron_lib/callbacks/manager.py:176}}
Jun 02 14:47:32.652566 dv-neutron-844461-1-hyperv neutron-server[116361]: INFO neutron.wsgi [None req-a349d8fc-5b2a-4e7e-9834-a3e2c7d35350 tempest-PortsAdminExtendedAttrsIpV6TestJSON-315949723 tempest-PortsAdminExtendedAttrsIpV6TestJSON-315949723-project-admin] 10.222.0.47 "DELETE /v2.0/ports/ff190a66-7767-4f7d-a395-00a31cf0e84d HTTP/1.1" status: 204 len: 168 time: 2.8618853
Jun 02 14:47:32.661294 dv-neutron-844461-1-hyperv neutron-server[116360]: DEBUG neutron_lib.callbacks.manager [None req-398853de-17e2-4447-94cc-66285569c00b tempest-ServersTestJSON-252728185 tempest-ServersTestJSON-252728185-project] Publish callbacks [] for security_group (None), before_response {{(pid=116360) _notify_loop /usr/local/lib/python3.8/dist-packages/neutron_lib/callbacks/manager.py:176}}
Jun 02 14:47:32.668622 dv-neutron-844461-1-hyperv neutron-server[116362]: DEBUG neutron_lib.callbacks.manager [None req-2e648f41-9b34-400e-bd24-252b48053f02 None None] Publish callbacks [] for port (cf293e1a-4f3f-4e39-a310-00b2f80342da), precommit_create {{(pid=116362) _notify_loop /usr/local/lib/python3.8/dist-packages/neutron_lib/callbacks/manager.py:176}}
Jun 02 14:47:32.672338 dv-neutron-844461-1-hyperv neutron-server[116360]: INFO neutron.wsgi [None req-398853de-17e2-4447-94cc-66285569c00b tempest-ServersTestJSON-252728185 tempest-ServersTestJSON-252728185-project] 10.222.0.47 "POST /v2.0/security-groups HTTP/1.1" status: 201 len: 1796 time: 1.6113036
Jun 02 14:47:32.675734 dv-neutron-844461-1-hyperv neutron-server[116360]: DEBUG neutron.wsgi [-] (116360) accepted ('10.222.0.47', 43210) {{(pid=116360) server /usr/local/lib/python3.8/dist-packages/eventlet/wsgi.py:1004}}
Jun 02 14:47:32.676059 dv-neutron-844461-1-hyperv neutron-server[116360]: DEBUG neutron.wsgi [-] (116360) accepted ('10.222.0.47', 43214) {{(pid=116360) server /usr/local/lib/python3.8/dist-packages/eventlet/wsgi.py:1004}}
Jun 02 14:47:32.701865 dv-neutron-844461-1-hyperv neutron-server[116360]: DEBUG neutron.api.v2.base [None req-f2afefcd-695b-429d-9213-8f2dcf943bf3 tempest-ServersTestJSON-252728185 tempest-ServersTestJSON-252728185-project] Request body: {'security_group_rule': {'security_group_id': '86b15d93-c7b8-4ed4-b70e-6f86a797104e', 'protocol': 'tcp', 'ethertype': 'IPv4', 'port_range_min': 22, 'port_range_max': 22, 'direction': 'ingress'}} {{(pid=116360) prepare_request_body /opt/stack/neutron/neutron/api/v2/base.py:730}}
