Jun 02 10:33:19.401120 dv-neutron-844409-2-hyperv neutron-server[104702]: DEBUG neutron.plugins.ml2.managers [None req-e9bee3b1-9f9b-4713-b3a2-aabcbeaa93a1 tempest-PortsAdminExtendedAttrsTestJSON-1146581234 tempest-PortsAdminExtendedAttrsTestJSON-1146581234-project-admin] Attempting to bind port 671d3f72-3e26-4d41-a722-b4e27808269f by drivers openvswitch,hyperv on host hv-neutron-8444 at level 0 using segments [{'id': 'aa4f4611-62d9-4e53-9ae5-cd09b6ff9dc1', 'network_type': 'vlan', 'physical_network': 'physnet1', 'segmentation_id': 342, 'network_id': 'a477b1ca-b3a5-47c6-80a5-187d8183ed8c'}] {{(pid=104702) _bind_port_level /opt/stack/neutron/neutron/plugins/ml2/managers.py:836}}
Jun 02 10:33:19.401451 dv-neutron-844409-2-hyperv neutron-server[104702]: DEBUG neutron.plugins.ml2.drivers.mech_agent [None req-e9bee3b1-9f9b-4713-b3a2-aabcbeaa93a1 tempest-PortsAdminExtendedAttrsTestJSON-1146581234 tempest-PortsAdminExtendedAttrsTestJSON-1146581234-project-admin] Attempting to bind port 671d3f72-3e26-4d41-a722-b4e27808269f on network a477b1ca-b3a5-47c6-80a5-187d8183ed8c {{(pid=104702) bind_port /opt/stack/neutron/neutron/plugins/ml2/drivers/mech_agent.py:91}}
Jun 02 10:33:19.402614 dv-neutron-844409-2-hyperv neutron-server[104701]: DEBUG neutron_lib.callbacks.manager [None req-661a7f63-7f13-4ab6-b2aa-fe02891169d4 tempest-ServersTestJSON-782963852 tempest-ServersTestJSON-782963852-project] Publish callbacks [] for security_group_rule (c6ee353b-6d18-4269-ae6e-789f8451befa), precommit_create {{(pid=104701) _notify_loop /usr/local/lib/python3.8/dist-packages/neutron_lib/callbacks/manager.py:176}}
Jun 02 10:33:19.414369 dv-neutron-844409-2-hyperv neutron-server[104702]: DEBUG neutron.api.v2.base [None req-096cefaa-871e-4697-8731-5b8df53750f8 tempest-RoutersAdminTest-1705249500 tempest-RoutersAdminTest-1705249500-project-admin] Request body: {'port': {'name': 'tempest-RoutersAdminTest-1643612618', 'network_id': '228823b9-2c59-48af-b31e-a74fee315a43'}} {{(pid=104702) prepare_request_body /opt/stack/neutron/neutron/api/v2/base.py:730}}
Jun 02 10:33:19.420123 dv-neutron-844409-2-hyperv neutron-server[104702]: DEBUG neutron.plugins.ml2.drivers.mech_agent [None req-e9bee3b1-9f9b-4713-b3a2-aabcbeaa93a1 tempest-PortsAdminExtendedAttrsTestJSON-1146581234 tempest-PortsAdminExtendedAttrsTestJSON-1146581234-project-admin] Port 671d3f72-3e26-4d41-a722-b4e27808269f on network a477b1ca-b3a5-47c6-80a5-187d8183ed8c not bound, no agent of type Open vSwitch agent registered on host hv-neutron-8444 {{(pid=104702) bind_port /opt/stack/neutron/neutron/plugins/ml2/drivers/mech_agent.py:103}}
Jun 02 10:33:19.420540 dv-neutron-844409-2-hyperv neutron-server[104702]: ERROR neutron.plugins.ml2.managers [None req-e9bee3b1-9f9b-4713-b3a2-aabcbeaa93a1 tempest-PortsAdminExtendedAttrsTestJSON-1146581234 tempest-PortsAdminExtendedAttrsTestJSON-1146581234-project-admin] Failed to bind port 671d3f72-3e26-4d41-a722-b4e27808269f on host hv-neutron-8444 for vnic_type normal using segments [{'id': 'aa4f4611-62d9-4e53-9ae5-cd09b6ff9dc1', 'network_type': 'vlan', 'physical_network': 'physnet1', 'segmentation_id': 342, 'network_id': 'a477b1ca-b3a5-47c6-80a5-187d8183ed8c'}]
Jun 02 10:33:19.430773 dv-neutron-844409-2-hyperv neutron-server[104703]: DEBUG neutron.plugins.ml2.rpc [None req-f11b0c5f-9ace-4c9a-9e21-8b9e29f02aae None None] Network 1c0f1774-6dba-4ead-b37b-f6b9ea4a3c1a details requested by agent ovs-agent-dv-neutron-844409-2-hyperv with host dv-neutron-844409-2-hyperv {{(pid=104703) get_network_details /opt/stack/neutron/neutron/plugins/ml2/rpc.py:248}}
Jun 02 10:33:19.432817 dv-neutron-844409-2-hyperv neutron-server[104703]: DEBUG neutron.api.rpc.handlers.dhcp_rpc [None req-e88dc3de-ee1a-439e-b13f-f35f4039ae8f None None] Network 228823b9-2c59-48af-b31e-a74fee315a43 requested from dv-neutron-844409-2-hyperv {{(pid=104703) get_network_info /opt/stack/neutron/neutron/api/rpc/handlers/dhcp_rpc.py:191}}
Jun 02 10:33:19.436430 dv-neutron-844409-2-hyperv neutron-server[104702]: INFO neutron.plugins.ml2.plugin [None req-e9bee3b1-9f9b-4713-b3a2-aabcbeaa93a1 tempest-PortsAdminExtendedAttrsTestJSON-1146581234 tempest-PortsAdminExtendedAttrsTestJSON-1146581234-project-admin] Attempt 9 to bind port 671d3f72-3e26-4d41-a722-b4e27808269f
Jun 02 10:33:19.442306 dv-neutron-844409-2-hyperv neutron-server[104702]: DEBUG neutron.scheduler.base_scheduler [None req-3b8fb9e9-1f74-43c8-baa7-dd945ff68798 admin admin] Resources bound (agent type, host, resource id): {{(pid=104702) schedule /opt/stack/neutron/neutron/scheduler/base_scheduler.py:57}}
Jun 02 10:33:19.460873 dv-neutron-844409-2-hyperv neutron-server[104703]: DEBUG neutron.api.rpc.handlers.l3_rpc [None req-692c3fc5-f6f3-4927-a3b2-6225fd91cbc4 None None] The sync data for ids ['9fde3f29-d16e-412a-890a-7ff76ea3add0'] in dv-neutron-844409-2-hyperv is: [{'id': '9fde3f29-d16e-412a-890a-7ff76ea3add0', 'name': 'tempest-ServersTestJSON-1818069189-router', 'tenant_id': '17e8d796905946b684213ef0a199306e', 'admin_state_up': True, 'status': 'ACTIVE', 'external_gateway_info': {'network_id': '0a61df2f-a643-4c82-a407-da5854bb2951', 'external_fixed_ips': [{'subnet_id': '59803bf5-3bcc-4309-9ed1-ed934d439006', 'ip_address': '172.26.8.200'}], 'enable_snat': True}, 'gw_port_id': '7cef6dd9-107d-4bed-9c87-a3c1b0125af3', 'description': '', 'availability_zones': ['nova'], 'distributed': False, 'ha': False, 'ha_vr_id': 0, 'availability_zone_hints': [], 'routes': [], 'flavor_id': None, 'tags': [], 'created_at': '2022-06-02T10:33:01Z', 'updated_at': '2022-06-02T10:33:11Z', 'revision_number': 4, 'project_id': '17e8d796905946b684213ef0a199306e', 'gw_port': {'id': '7cef6dd9-107d-4bed-9c87-a3c1b0125af3', 'name': '', 'network_id': '0a61df2f-a643-4c82-a407-da5854bb2951', 'tenant_id': '', 'mac_address': 'fa:16:3e:39:b0:1f', 'admin_state_up': True, 'status': 'ACTIVE', 'device_id': '9fde3f29-d16e-412a-890a-7ff76ea3add0', 'device_owner': 'network:router_gateway', 'standard_attr_id': 69, 'fixed_ips': [{'subnet_id': '59803bf5-3bcc-4309-9ed1-ed934d439006', 'ip_address': '172.26.8.200', 'prefixlen': 24}], 'allowed_address_pairs': [], 'extra_dhcp_opts': [], 'security_groups': [], 'description': '', 'binding:vnic_type': 'normal', 'binding:profile': {}, 'binding:host_id': 'dv-neutron-844409-2-hyperv', 'binding:vif_type': 'ovs', 'binding:vif_details': {'connectivity': 'l2', 'port_filter': True, 'ovs_hybrid_plug': False, 'datapath_type': 'system', 'bridge_name': 'br-int', 'bound_drivers': {'0': 'openvswitch'}}, 'port_security_enabled': False, 'tags': [], 'created_at': '2022-06-02T10:33:03Z', 'updated_at': '2022-06-02T10:33:11Z', 'revision_number': 4, 'project_id': '', 'subnets': [{'id': '59803bf5-3bcc-4309-9ed1-ed934d439006', 'cidr': '172.26.8.0/24', 'gateway_ip': '172.26.8.1', 'dns_nameservers': [], 'ipv6_ra_mode': None, 'subnetpool_id': None}], 'extra_subnets': [], 'address_scopes': {4: None, 6: None}, 'mtu': 1500}, 'enable_snat': True, 'gw_port_host': 'dv-neutron-844409-2-hyperv', '_interfaces': [{'id': '518bbb3c-9186-46a0-8b49-f32de8485114', 'name': '', 'network_id': 'f5ad0655-70d0-4a6b-96fa-428ec38ce217', 'tenant_id': '17e8d796905946b684213ef0a199306e', 'mac_address': 'fa:16:3e:74:af:2b', 'admin_state_up': True, 'status': 'DOWN', 'device_id': '9fde3f29-d16e-412a-890a-7ff76ea3add0', 'device_owner': 'network:router_interface', 'standard_attr_id': 101, 'fixed_ips': [{'subnet_id': 'f5f7263e-3aa6-4c7e-b952-f6fc19d8375b', 'ip_address': '172.20.0.1', 'prefixlen': 28}], 'allowed_address_pairs': [], 'extra_dhcp_opts': [], 'security_groups': [], 'description': '', 'binding:vnic_type': 'normal', 'binding:profile': {}, 'binding:host_id': 'dv-neutron-844409-2-hyperv', 'binding:vif_type': 'ovs', 'binding:vif_details': {'connectivity': 'l2', 'port_filter': True, 'ovs_hybrid_plug': False, 'datapath_type': 'system', 'bridge_name': 'br-int', 'bound_drivers': {'0': 'openvswitch'}}, 'port_security_enabled': False, 'tags': [], 'created_at': '2022-06-02T10:33:09Z', 'updated_at': '2022-06-02T10:33:18Z', 'revision_number': 4, 'project_id': '17e8d796905946b684213ef0a199306e', 'subnets': [{'id': 'f5f7263e-3aa6-4c7e-b952-f6fc19d8375b', 'cidr': '172.20.0.0/28', 'gateway_ip': '172.20.0.1', 'dns_nameservers': [], 'ipv6_ra_mode': None, 'subnetpool_id': None}], 'extra_subnets': [], 'address_scopes': {4: None, 6: None}, 'mtu': 1500}]}] {{(pid=104703) sync_routers /opt/stack/neutron/neutron/api/rpc/handlers/l3_rpc.py:137}}
Jun 02 10:33:19.472987 dv-neutron-844409-2-hyperv neutron-server[104701]: DEBUG neutron_lib.callbacks.manager [None req-661a7f63-7f13-4ab6-b2aa-fe02891169d4 tempest-ServersTestJSON-782963852 tempest-ServersTestJSON-782963852-project] Publish callbacks ['neutron.plugins.ml2.ovo_rpc._ObjectChangeHandler.handle_event-7893069'] for security_group_rule (c6ee353b-6d18-4269-ae6e-789f8451befa), after_create {{(pid=104701) _notify_loop /usr/local/lib/python3.8/dist-packages/neutron_lib/callbacks/manager.py:176}}
Jun 02 10:33:19.515295 dv-neutron-844409-2-hyperv neutron-server[104702]: DEBUG dbcounter [-] [104702] Writing DB stats neutron:SELECT=97,neutron:DELETE=1,neutron:UPDATE=1,neutron:INSERT=1 {{(pid=104702) stat_writer /usr/local/lib/python3.8/dist-packages/dbcounter.py:114}}
Jun 02 10:33:19.529108 dv-neutron-844409-2-hyperv neutron-server[104702]: DEBUG neutron.plugins.ml2.managers [None req-e9bee3b1-9f9b-4713-b3a2-aabcbeaa93a1 tempest-PortsAdminExtendedAttrsTestJSON-1146581234 tempest-PortsAdminExtendedAttrsTestJSON-1146581234-project-admin] Attempting to bind port 671d3f72-3e26-4d41-a722-b4e27808269f on host hv-neutron-8444 for vnic_type normal with profile {{(pid=104702) bind_port /opt/stack/neutron/neutron/plugins/ml2/managers.py:811}}
Jun 02 10:33:19.529446 dv-neutron-844409-2-hyperv neutron-server[104702]: DEBUG neutron.plugins.ml2.managers [None req-e9bee3b1-9f9b-4713-b3a2-aabcbeaa93a1 tempest-PortsAdminExtendedAttrsTestJSON-1146581234 tempest-PortsAdminExtendedAttrsTestJSON-1146581234-project-admin] Attempting to bind port 671d3f72-3e26-4d41-a722-b4e27808269f by drivers openvswitch,hyperv on host hv-neutron-8444 at level 0 using segments [{'id': 'aa4f4611-62d9-4e53-9ae5-cd09b6ff9dc1', 'network_type': 'vlan', 'physical_network': 'physnet1', 'segmentation_id': 342, 'network_id': 'a477b1ca-b3a5-47c6-80a5-187d8183ed8c'}] {{(pid=104702) _bind_port_level /opt/stack/neutron/neutron/plugins/ml2/managers.py:836}}
Jun 02 10:33:19.529929 dv-neutron-844409-2-hyperv neutron-server[104702]: DEBUG neutron.plugins.ml2.drivers.mech_agent [None req-e9bee3b1-9f9b-4713-b3a2-aabcbeaa93a1 tempest-PortsAdminExtendedAttrsTestJSON-1146581234 tempest-PortsAdminExtendedAttrsTestJSON-1146581234-project-admin] Attempting to bind port 671d3f72-3e26-4d41-a722-b4e27808269f on network a477b1ca-b3a5-47c6-80a5-187d8183ed8c {{(pid=104702) bind_port /opt/stack/neutron/neutron/plugins/ml2/drivers/mech_agent.py:91}}
Jun 02 10:33:19.571039 dv-neutron-844409-2-hyperv neutron-server[104702]: DEBUG neutron.scheduler.l3_agent_scheduler [None req-50148326-e35a-449b-8b85-4f5d21fd2800 admin admin] Router 39948ba6-593c-4e32-bf3d-37fee85a6307 has already been hosted by L3 agent b4d9c9bb-da2a-4254-9f21-7c75242b0eb4 {{(pid=104702) _get_candidates /opt/stack/neutron/neutron/scheduler/l3_agent_scheduler.py:126}}
Jun 02 10:33:19.572453 dv-neutron-844409-2-hyperv neutron-server[104702]: DEBUG neutron.plugins.ml2.drivers.mech_agent [None req-e9bee3b1-9f9b-4713-b3a2-aabcbeaa93a1 tempest-PortsAdminExtendedAttrsTestJSON-1146581234 tempest-PortsAdminExtendedAttrsTestJSON-1146581234-project-admin] Port 671d3f72-3e26-4d41-a722-b4e27808269f on network a477b1ca-b3a5-47c6-80a5-187d8183ed8c not bound, no agent of type Open vSwitch agent registered on host hv-neutron-8444 {{(pid=104702) bind_port /opt/stack/neutron/neutron/plugins/ml2/drivers/mech_agent.py:103}}
Jun 02 10:33:19.573091 dv-neutron-844409-2-hyperv neutron-server[104702]: ERROR neutron.plugins.ml2.managers [None req-e9bee3b1-9f9b-4713-b3a2-aabcbeaa93a1 tempest-PortsAdminExtendedAttrsTestJSON-1146581234 tempest-PortsAdminExtendedAttrsTestJSON-1146581234-project-admin] Failed to bind port 671d3f72-3e26-4d41-a722-b4e27808269f on host hv-neutron-8444 for vnic_type normal using segments [{'id': 'aa4f4611-62d9-4e53-9ae5-cd09b6ff9dc1', 'network_type': 'vlan', 'physical_network': 'physnet1', 'segmentation_id': 342, 'network_id': 'a477b1ca-b3a5-47c6-80a5-187d8183ed8c'}]
Jun 02 10:33:19.583658 dv-neutron-844409-2-hyperv neutron-server[104702]: INFO neutron.plugins.ml2.plugin [None req-e9bee3b1-9f9b-4713-b3a2-aabcbeaa93a1 tempest-PortsAdminExtendedAttrsTestJSON-1146581234 tempest-PortsAdminExtendedAttrsTestJSON-1146581234-project-admin] Attempt 10 to bind port 671d3f72-3e26-4d41-a722-b4e27808269f
Jun 02 10:33:19.598642 dv-neutron-844409-2-hyperv neutron-server[104701]: INFO neutron.wsgi [None req-58eb07fe-3129-4f55-bae0-d9fc6bd22330 tempest-DHCPAgentSchedulersTestJSON-572643397 tempest-DHCPAgentSchedulersTestJSON-572643397-project-admin] 10.222.0.33 "DELETE /v2.0/agents/f163622f-9159-42e0-968b-afd87e68f79e/dhcp-networks/7a7873c9-479a-49f2-87f6-28ca800a8957 HTTP/1.1" status: 204 len: 168 time: 0.3003983
Jun 02 10:33:19.598642 dv-neutron-844409-2-hyperv neutron-server[104701]: DEBUG neutron.api.rpc.handlers.resources_rpc [None req-661a7f63-7f13-4ab6-b2aa-fe02891169d4 tempest-ServersTestJSON-782963852 tempest-ServersTestJSON-782963852-project] Pushing event updated for resources: {'SecurityGroupRule': ['ID=c6ee353b-6d18-4269-ae6e-789f8451befa,revision_number=0']} {{(pid=104701) push /opt/stack/neutron/neutron/api/rpc/handlers/resources_rpc.py:237}}
Jun 02 10:33:19.598992 dv-neutron-844409-2-hyperv neutron-server[104701]: DEBUG neutron.wsgi [-] (104701) accepted ('10.222.0.33', 58788) {{(pid=104701) server /usr/local/lib/python3.8/dist-packages/eventlet/wsgi.py:1004}}
Jun 02 10:33:19.604763 dv-neutron-844409-2-hyperv neutron-server[104701]: DEBUG neutron.plugins.ml2.db [None req-469a6c7f-6f87-42f8-9656-55c376b923b8 tempest-PortsAdminExtendedAttrsIpV6TestJSON-1446587457 tempest-PortsAdminExtendedAttrsIpV6TestJSON-1446587457-project-admin] For port e647bc6b-83ef-446e-9d0f-1ad536bbce2a, host hv-neutron-8444, got binding levels [] {{(pid=104701) get_binding_level_objs /opt/stack/neutron/neutron/plugins/ml2/db.py:74}}
Jun 02 10:33:19.605126 dv-neutron-844409-2-hyperv neutron-server[104701]: DEBUG neutron_lib.callbacks.manager [None req-469a6c7f-6f87-42f8-9656-55c376b923b8 tempest-PortsAdminExtendedAttrsIpV6TestJSON-1446587457 tempest-PortsAdminExtendedAttrsIpV6TestJSON-1446587457-project-admin] Publish callbacks ['neutron.services.l3_router.l3_router_plugin.L3_NAT_dbonly_mixin._precommit_delete_port_callback-8029019'] for port (e647bc6b-83ef-446e-9d0f-1ad536bbce2a), precommit_delete {{(pid=104701) _notify_loop /usr/local/lib/python3.8/dist-packages/neutron_lib/callbacks/manager.py:176}}
Jun 02 10:33:19.653873 dv-neutron-844409-2-hyperv neutron-server[104701]: DEBUG neutron_lib.callbacks.manager [None req-661a7f63-7f13-4ab6-b2aa-fe02891169d4 tempest-ServersTestJSON-782963852 tempest-ServersTestJSON-782963852-project] Publish callbacks [] for security_group_rule (None), before_response {{(pid=104701) _notify_loop /usr/local/lib/python3.8/dist-packages/neutron_lib/callbacks/manager.py:176}}
Jun 02 10:33:19.655931 dv-neutron-844409-2-hyperv neutron-server[104701]: INFO neutron.wsgi [None req-661a7f63-7f13-4ab6-b2aa-fe02891169d4 tempest-ServersTestJSON-782963852 tempest-ServersTestJSON-782963852-project] 10.222.0.33 "POST /v2.0/security-group-rules HTTP/1.1" status: 201 len: 769 time: 0.6240494
Jun 02 10:33:19.664020 dv-neutron-844409-2-hyperv neutron-server[104701]: DEBUG neutron.wsgi [-] (104701) accepted ('10.222.0.33', 58790) {{(pid=104701) server /usr/local/lib/python3.8/dist-packages/eventlet/wsgi.py:1004}}
Jun 02 10:33:19.673414 dv-neutron-844409-2-hyperv neutron-server[104701]: DEBUG neutron.api.v2.base [None req-d4940532-188f-4b71-920d-0ef250f46d95 tempest-ServersTestJSON-782963852 tempest-ServersTestJSON-782963852-project] Request body: {'floatingip': {'floating_network_id': '0a61df2f-a643-4c82-a407-da5854bb2951'}} {{(pid=104701) prepare_request_body /opt/stack/neutron/neutron/api/v2/base.py:730}}
Jun 02 10:33:19.679864 dv-neutron-844409-2-hyperv neutron-server[104701]: DEBUG neutron.plugins.ml2.plugin [None req-469a6c7f-6f87-42f8-9656-55c376b923b8 tempest-PortsAdminExtendedAttrsIpV6TestJSON-1446587457 tempest-PortsAdminExtendedAttrsIpV6TestJSON-1446587457-project-admin] Calling delete_port for e647bc6b-83ef-446e-9d0f-1ad536bbce2a owned by {{(pid=104701) delete_port /opt/stack/neutron/neutron/plugins/ml2/plugin.py:2122}}
Jun 02 10:33:19.733600 dv-neutron-844409-2-hyperv neutron-server[104703]: DEBUG neutron_lib.callbacks.manager [None req-6925847e-36a9-48e3-ba92-8eee50e7fe29 None None] Publish callbacks ['neutron.services.segments.db._update_segment_host_mapping_for_agent-8749750583700', 'neutron.plugins.ml2.plugin.Ml2Plugin._retry_binding_revived_agents-1527713'] for agent (f163622f-9159-42e0-968b-afd87e68f79e), after_update {{(pid=104703) _notify_loop /usr/local/lib/python3.8/dist-packages/neutron_lib/callbacks/manager.py:176}}
Jun 02 10:33:19.762588 dv-neutron-844409-2-hyperv neutron-server[104703]: DEBUG neutron.db.provisioning_blocks [None req-5f3ab3a7-dd7d-458e-a7f0-f5b0b7a1d6b2 None None] Provisioning complete for port a5fd81a8-6491-4dcd-a163-87b287997c82 triggered by entity DHCP. {{(pid=104703) provisioning_complete /opt/stack/neutron/neutron/db/provisioning_blocks.py:145}}
Jun 02 10:33:19.762961 dv-neutron-844409-2-hyperv neutron-server[104703]: DEBUG neutron_lib.callbacks.manager [None req-5f3ab3a7-dd7d-458e-a7f0-f5b0b7a1d6b2 None None] Publish callbacks ['neutron.plugins.ml2.plugin.Ml2Plugin._port_provisioned-1487231'] for port (a5fd81a8-6491-4dcd-a163-87b287997c82), provisioning_complete {{(pid=104703) _notify_loop /usr/local/lib/python3.8/dist-packages/neutron_lib/callbacks/manager.py:176}}
Jun 02 10:33:19.794083 dv-neutron-844409-2-hyperv neutron-server[104701]: DEBUG neutron_lib.callbacks.manager [None req-d4940532-188f-4b71-920d-0ef250f46d95 tempest-ServersTestJSON-782963852 tempest-ServersTestJSON-782963852-project] Publish callbacks [] for floatingip (None), before_create {{(pid=104701) _notify_loop /usr/local/lib/python3.8/dist-packages/neutron_lib/callbacks/manager.py:176}}
Jun 02 10:33:19.817184 dv-neutron-844409-2-hyperv neutron-server[104703]: DEBUG neutron.api.rpc.handlers.dhcp_rpc [None req-4f083bb7-d80b-4154-b76d-8b726b03f7cd None None] Network 228823b9-2c59-48af-b31e-a74fee315a43 requested from dv-neutron-844409-2-hyperv {{(pid=104703) get_network_info /opt/stack/neutron/neutron/api/rpc/handlers/dhcp_rpc.py:191}}
Jun 02 10:33:19.819982 dv-neutron-844409-2-hyperv neutron-server[104703]: DEBUG neutron.plugins.ml2.plugin [None req-5f3ab3a7-dd7d-458e-a7f0-f5b0b7a1d6b2 None None] Port a5fd81a8-6491-4dcd-a163-87b287997c82 cannot update to ACTIVE because it is not bound. {{(pid=104703) _port_provisioned /opt/stack/neutron/neutron/plugins/ml2/plugin.py:354}}
Jun 02 10:33:19.932773 dv-neutron-844409-2-hyperv neutron-server[104702]: DEBUG neutron.pecan_wsgi.hooks.quota_enforcement [None req-096cefaa-871e-4697-8731-5b8df53750f8 tempest-RoutersAdminTest-1705249500 tempest-RoutersAdminTest-1705249500-project-admin] Made reservation on behalf of e703ed9a7e74443da35ce6a738b65335 for: {'port': 1} {{(pid=104702) before /opt/stack/neutron/neutron/pecan_wsgi/hooks/quota_enforcement.py:53}}
Jun 02 10:33:19.935803 dv-neutron-844409-2-hyperv neutron-server[104702]: DEBUG neutron_lib.callbacks.manager [None req-096cefaa-871e-4697-8731-5b8df53750f8 tempest-RoutersAdminTest-1705249500 tempest-RoutersAdminTest-1705249500-project-admin] Publish callbacks ['neutron.plugins.ml2.plugin.SecurityGroupDbMixin._ensure_default_security_group_handler-1433842'] for port (None), before_create {{(pid=104702) _notify_loop /usr/local/lib/python3.8/dist-packages/neutron_lib/callbacks/manager.py:176}}
Jun 02 10:33:19.947905 dv-neutron-844409-2-hyperv neutron-server[104703]: DEBUG neutron.db.provisioning_blocks [None req-a0261e61-7a74-4b9a-b934-18d0a7e070b9 None None] Provisioning complete for port eddf1106-ad9c-4059-a9b0-287181dc740c triggered by entity DHCP. {{(pid=104703) provisioning_complete /opt/stack/neutron/neutron/db/provisioning_blocks.py:145}}
Jun 02 10:33:19.948520 dv-neutron-844409-2-hyperv neutron-server[104703]: DEBUG neutron_lib.callbacks.manager [None req-a0261e61-7a74-4b9a-b934-18d0a7e070b9 None None] Publish callbacks ['neutron.plugins.ml2.plugin.Ml2Plugin._port_provisioned-1487231'] for port (eddf1106-ad9c-4059-a9b0-287181dc740c), provisioning_complete {{(pid=104703) _notify_loop /usr/local/lib/python3.8/dist-packages/neutron_lib/callbacks/manager.py:176}}
Jun 02 10:33:19.991205 dv-neutron-844409-2-hyperv neutron-server[104703]: DEBUG neutron.plugins.ml2.plugin [None req-a0261e61-7a74-4b9a-b934-18d0a7e070b9 None None] Port eddf1106-ad9c-4059-a9b0-287181dc740c cannot update to ACTIVE because it is not bound. {{(pid=104703) _port_provisioned /opt/stack/neutron/neutron/plugins/ml2/plugin.py:354}}
Jun 02 10:33:19.993502 dv-neutron-844409-2-hyperv neutron-server[104702]: DEBUG neutron.notifiers.nova [None req-096cefaa-871e-4697-8731-5b8df53750f8 tempest-RoutersAdminTest-1705249500 tempest-RoutersAdminTest-1705249500-project-admin] device_id is not set on port da7d4833-7d76-447c-afcc-e53db49e2476 yet. {{(pid=104702) _can_notify /opt/stack/neutron/neutron/notifiers/nova.py:199}}
Jun 02 10:33:20.040788 dv-neutron-844409-2-hyperv neutron-server[104701]: INFO neutron.wsgi [None req-7d761726-3b0b-437a-9f0e-4c7a564eec03 tempest-DHCPAgentSchedulersTestJSON-572643397 tempest-DHCPAgentSchedulersTestJSON-572643397-project-admin] 10.222.0.33 "GET /v2.0/agents/f163622f-9159-42e0-968b-afd87e68f79e/dhcp-networks HTTP/1.1" status: 200 len: 8029 time: 0.4373274
Jun 02 10:33:20.047093 dv-neutron-844409-2-hyperv neutron-server[104701]: DEBUG neutron.wsgi [-] (104701) accepted ('10.222.0.33', 58792) {{(pid=104701) server /usr/local/lib/python3.8/dist-packages/eventlet/wsgi.py:1004}}
Jun 02 10:33:20.048173 dv-neutron-844409-2-hyperv neutron-server[104701]: DEBUG neutron_lib.callbacks.manager [None req-d4940532-188f-4b71-920d-0ef250f46d95 tempest-ServersTestJSON-782963852 tempest-ServersTestJSON-782963852-project] Publish callbacks ['neutron.plugins.ml2.plugin.SecurityGroupDbMixin._ensure_default_security_group_handler-1433842'] for port (None), before_create {{(pid=104701) _notify_loop /usr/local/lib/python3.8/dist-packages/neutron_lib/callbacks/manager.py:176}}
Jun 02 10:33:20.088312 dv-neutron-844409-2-hyperv neutron-server[104702]: DEBUG dbcounter [-] [104702] Writing DB stats neutron:SELECT=87,neutron:INSERT=10,neutron:DELETE=2,neutron:UPDATE=1 {{(pid=104702) stat_writer /usr/local/lib/python3.8/dist-packages/dbcounter.py:114}}
Jun 02 10:33:20.128416 dv-neutron-844409-2-hyperv neutron-server[104701]: INFO neutron.wsgi [None req-2a31dacf-3e82-45f3-a3e5-8fcd58895b5f tempest-DHCPAgentSchedulersTestJSON-572643397 tempest-DHCPAgentSchedulersTestJSON-572643397-project-admin] 10.222.0.33 "GET /v2.0/networks/25ef917a-23d4-44aa-b279-7026ce1973c0/dhcp-agents HTTP/1.1" status: 200 len: 809 time: 0.0775423
Jun 02 10:33:20.132130 dv-neutron-844409-2-hyperv neutron-server[104701]: DEBUG neutron.wsgi [-] (104701) accepted ('10.222.0.33', 58794) {{(pid=104701) server /usr/local/lib/python3.8/dist-packages/eventlet/wsgi.py:1004}}
Jun 02 10:33:20.148971 dv-neutron-844409-2-hyperv neutron-server[104702]: DEBUG neutron.plugins.ml2.managers [None req-e9bee3b1-9f9b-4713-b3a2-aabcbeaa93a1 tempest-PortsAdminExtendedAttrsTestJSON-1146581234 tempest-PortsAdminExtendedAttrsTestJSON-1146581234-project-admin] Attempting to bind port 671d3f72-3e26-4d41-a722-b4e27808269f on host hv-neutron-8444 for vnic_type normal with profile {{(pid=104702) bind_port /opt/stack/neutron/neutron/plugins/ml2/managers.py:811}}
Jun 02 10:33:20.149309 dv-neutron-844409-2-hyperv neutron-server[104702]: DEBUG neutron.plugins.ml2.managers [None req-e9bee3b1-9f9b-4713-b3a2-aabcbeaa93a1 tempest-PortsAdminExtendedAttrsTestJSON-1146581234 tempest-PortsAdminExtendedAttrsTestJSON-1146581234-project-admin] Attempting to bind port 671d3f72-3e26-4d41-a722-b4e27808269f by drivers openvswitch,hyperv on host hv-neutron-8444 at level 0 using segments [{'id': 'aa4f4611-62d9-4e53-9ae5-cd09b6ff9dc1', 'network_type': 'vlan', 'physical_network': 'physnet1', 'segmentation_id': 342, 'network_id': 'a477b1ca-b3a5-47c6-80a5-187d8183ed8c'}] {{(pid=104702) _bind_port_level /opt/stack/neutron/neutron/plugins/ml2/managers.py:836}}
Jun 02 10:33:20.149643 dv-neutron-844409-2-hyperv neutron-server[104702]: DEBUG neutron.plugins.ml2.drivers.mech_agent [None req-e9bee3b1-9f9b-4713-b3a2-aabcbeaa93a1 tempest-PortsAdminExtendedAttrsTestJSON-1146581234 tempest-PortsAdminExtendedAttrsTestJSON-1146581234-project-admin] Attempting to bind port 671d3f72-3e26-4d41-a722-b4e27808269f on network a477b1ca-b3a5-47c6-80a5-187d8183ed8c {{(pid=104702) bind_port /opt/stack/neutron/neutron/plugins/ml2/drivers/mech_agent.py:91}}
Jun 02 10:33:20.155241 dv-neutron-844409-2-hyperv neutron-server[104701]: DEBUG neutron_lib.callbacks.manager [None req-469a6c7f-6f87-42f8-9656-55c376b923b8 tempest-PortsAdminExtendedAttrsIpV6TestJSON-1446587457 tempest-PortsAdminExtendedAttrsIpV6TestJSON-1446587457-project-admin] Publish callbacks ['neutron.plugins.ml2.plugin.SecurityGroupServerNotifierRpcMixin._notify_sg_on_port_change-1433653', 'neutron.plugins.ml2.ovo_rpc._ObjectChangeHandler.handle_event-211974', 'neutron.api.rpc.agentnotifiers.dhcp_rpc_agent_api.DhcpAgentNotifyAPI._native_event_send_dhcp_notification-7858761', 'neutron.db.l3_db.L3RpcNotifierMixin._notify_routers_callback-8749750598090', 'neutron.db.l3_dvrscheduler_db._notify_port_delete-8749750112049'] for port (e647bc6b-83ef-446e-9d0f-1ad536bbce2a), after_delete {{(pid=104701) _notify_loop /usr/local/lib/python3.8/dist-packages/neutron_lib/callbacks/manager.py:176}}
Jun 02 10:33:20.166627 dv-neutron-844409-2-hyperv neutron-server[104703]: DEBUG neutron.plugins.ml2.rpc [None req-f11b0c5f-9ace-4c9a-9e21-8b9e29f02aae None None] Device 518bbb3c-9186-46a0-8b49-f32de8485114 up at agent ovs-agent-dv-neutron-844409-2-hyperv {{(pid=104703) update_device_up /opt/stack/neutron/neutron/plugins/ml2/rpc.py:296}}
Jun 02 10:33:20.202100 dv-neutron-844409-2-hyperv neutron-server[104701]: DEBUG neutron.api.rpc.handlers.resources_rpc [None req-469a6c7f-6f87-42f8-9656-55c376b923b8 tempest-PortsAdminExtendedAttrsIpV6TestJSON-1446587457 tempest-PortsAdminExtendedAttrsIpV6TestJSON-1446587457-project-admin] Pushing event deleted for resources: {'Port': ['ID=e647bc6b-83ef-446e-9d0f-1ad536bbce2a,revision_number=None']} {{(pid=104701) push /opt/stack/neutron/neutron/api/rpc/handlers/resources_rpc.py:237}}
Jun 02 10:33:20.205902 dv-neutron-844409-2-hyperv neutron-server[104701]: INFO neutron.wsgi [None req-6d0c47ac-b695-4a92-9d12-384d273fc365 tempest-DHCPAgentSchedulersTestJSON-572643397 tempest-DHCPAgentSchedulersTestJSON-572643397-project-admin] 10.222.0.33 "GET /v2.0/networks/25ef917a-23d4-44aa-b279-7026ce1973c0/dhcp-agents HTTP/1.1" status: 200 len: 809 time: 0.0725830
Jun 02 10:33:20.208330 dv-neutron-844409-2-hyperv neutron-server[104702]: DEBUG neutron.plugins.ml2.drivers.mech_agent [None req-e9bee3b1-9f9b-4713-b3a2-aabcbeaa93a1 tempest-PortsAdminExtendedAttrsTestJSON-1146581234 tempest-PortsAdminExtendedAttrsTestJSON-1146581234-project-admin] Port 671d3f72-3e26-4d41-a722-b4e27808269f on network a477b1ca-b3a5-47c6-80a5-187d8183ed8c not bound, no agent of type Open vSwitch agent registered on host hv-neutron-8444 {{(pid=104702) bind_port /opt/stack/neutron/neutron/plugins/ml2/drivers/mech_agent.py:103}}
Jun 02 10:33:20.208597 dv-neutron-844409-2-hyperv neutron-server[104702]: ERROR neutron.plugins.ml2.managers [None req-e9bee3b1-9f9b-4713-b3a2-aabcbeaa93a1 tempest-PortsAdminExtendedAttrsTestJSON-1146581234 tempest-PortsAdminExtendedAttrsTestJSON-1146581234-project-admin] Failed to bind port 671d3f72-3e26-4d41-a722-b4e27808269f on host hv-neutron-8444 for vnic_type normal using segments [{'id': 'aa4f4611-62d9-4e53-9ae5-cd09b6ff9dc1', 'network_type': 'vlan', 'physical_network': 'physnet1', 'segmentation_id': 342, 'network_id': 'a477b1ca-b3a5-47c6-80a5-187d8183ed8c'}]
Jun 02 10:33:20.208963 dv-neutron-844409-2-hyperv neutron-server[104702]: DEBUG neutron_lib.callbacks.manager [None req-e9bee3b1-9f9b-4713-b3a2-aabcbeaa93a1 tempest-PortsAdminExtendedAttrsTestJSON-1146581234 tempest-PortsAdminExtendedAttrsTestJSON-1146581234-project-admin] Publish callbacks ['neutron.plugins.ml2.plugin.SecurityGroupDbMixin._ensure_default_security_group_handler-1433842'] for port (671d3f72-3e26-4d41-a722-b4e27808269f), before_update {{(pid=104702) _notify_loop /usr/local/lib/python3.8/dist-packages/neutron_lib/callbacks/manager.py:176}}
Jun 02 10:33:20.225354 dv-neutron-844409-2-hyperv neutron-server[104702]: DEBUG neutron.wsgi [-] (104702) accepted ('10.222.0.33', 58796) {{(pid=104702) server /usr/local/lib/python3.8/dist-packages/eventlet/wsgi.py:1004}}
Jun 02 10:33:20.231291 dv-neutron-844409-2-hyperv neutron-server[104701]: DEBUG neutron_lib.callbacks.manager [None req-469a6c7f-6f87-42f8-9656-55c376b923b8 tempest-PortsAdminExtendedAttrsIpV6TestJSON-1446587457 tempest-PortsAdminExtendedAttrsIpV6TestJSON-1446587457-project-admin] Publish callbacks ['neutron.notifiers.nova.Notifier._send_nova_notification-190222'] for port (None), before_response {{(pid=104701) _notify_loop /usr/local/lib/python3.8/dist-packages/neutron_lib/callbacks/manager.py:176}}
Jun 02 10:33:20.234569 dv-neutron-844409-2-hyperv neutron-server[104703]: DEBUG neutron.db.provisioning_blocks [None req-f11b0c5f-9ace-4c9a-9e21-8b9e29f02aae None None] Provisioning complete for port 518bbb3c-9186-46a0-8b49-f32de8485114 triggered by entity L2. {{(pid=104703) provisioning_complete /opt/stack/neutron/neutron/db/provisioning_blocks.py:145}}
Jun 02 10:33:20.234688 dv-neutron-844409-2-hyperv neutron-server[104701]: INFO neutron.wsgi [None req-469a6c7f-6f87-42f8-9656-55c376b923b8 tempest-PortsAdminExtendedAttrsIpV6TestJSON-1446587457 tempest-PortsAdminExtendedAttrsIpV6TestJSON-1446587457-project-admin] 10.222.0.33 "DELETE /v2.0/ports/e647bc6b-83ef-446e-9d0f-1ad536bbce2a HTTP/1.1" status: 204 len: 168 time: 1.1069033
Jun 02 10:33:20.235575 dv-neutron-844409-2-hyperv neutron-server[104703]: DEBUG neutron_lib.callbacks.manager [None req-f11b0c5f-9ace-4c9a-9e21-8b9e29f02aae None None] Publish callbacks ['neutron.plugins.ml2.plugin.Ml2Plugin._port_provisioned-1487231'] for port (518bbb3c-9186-46a0-8b49-f32de8485114), provisioning_complete {{(pid=104703) _notify_loop /usr/local/lib/python3.8/dist-packages/neutron_lib/callbacks/manager.py:176}}
Jun 02 10:33:20.239343 dv-neutron-844409-2-hyperv neutron-server[104701]: DEBUG neutron.wsgi [-] (104701) accepted ('10.222.0.33', 58798) {{(pid=104701) server /usr/local/lib/python3.8/dist-packages/eventlet/wsgi.py:1004}}
Jun 02 10:33:20.268273 dv-neutron-844409-2-hyperv neutron-server[104701]: INFO neutron.pecan_wsgi.hooks.translation [None req-9cc918ac-a7d3-43f2-9666-dbf186e19eca tempest-PortsAdminExtendedAttrsIpV6TestJSON-1446587457 tempest-PortsAdminExtendedAttrsIpV6TestJSON-1446587457-project-admin] GET failed (client error): The resource could not be found.
Jun 02 10:33:20.269779 dv-neutron-844409-2-hyperv neutron-server[104701]: INFO neutron.wsgi [None req-9cc918ac-a7d3-43f2-9666-dbf186e19eca tempest-PortsAdminExtendedAttrsIpV6TestJSON-1446587457 tempest-PortsAdminExtendedAttrsIpV6TestJSON-1446587457-project-admin] 10.222.0.33 "GET /v2.0/ports/e647bc6b-83ef-446e-9d0f-1ad536bbce2a HTTP/1.1" status: 404 len: 333 time: 0.0294580
Jun 02 10:33:20.275584 dv-neutron-844409-2-hyperv neutron-server[104701]: DEBUG neutron.wsgi [-] (104701) accepted ('10.222.0.33', 58800) {{(pid=104701) server /usr/local/lib/python3.8/dist-packages/eventlet/wsgi.py:1004}}
Jun 02 10:33:20.280162 dv-neutron-844409-2-hyperv neutron-server[104701]: DEBUG neutron.api.v2.base [None req-8a30940f-17cc-4299-86cd-39e684c5cf46 tempest-PortsAdminExtendedAttrsIpV6TestJSON-1446587457 tempest-PortsAdminExtendedAttrsIpV6TestJSON-1446587457-project-admin] Request body: {'port': {'name': 'tempest-PortsAdminExtendedAttrsIpV6TestJSON-1325777338', 'network_id': 'a83e3b21-eb31-4adc-a8ae-f132cb65d8e7'}} {{(pid=104701) prepare_request_body /opt/stack/neutron/neutron/api/v2/base.py:730}}
Jun 02 10:33:20.295499 dv-neutron-844409-2-hyperv neutron-server[104701]: DEBUG neutron.db.db_base_plugin_common [None req-d4940532-188f-4b71-920d-0ef250f46d95 tempest-ServersTestJSON-782963852 tempest-ServersTestJSON-782963852-project] Allocated IP 172.26.8.92 (0a61df2f-a643-4c82-a407-da5854bb2951/59803bf5-3bcc-4309-9ed1-ed934d439006/e4ce6ca3-20ce-4585-af78-504a6e51381d) {{(pid=104701) _store_ip_allocation /opt/stack/neutron/neutron/db/db_base_plugin_common.py:131}}
Jun 02 10:33:20.325324 dv-neutron-844409-2-hyperv neutron-server[104703]: DEBUG neutron.plugins.ml2.plugin [None req-f11b0c5f-9ace-4c9a-9e21-8b9e29f02aae None None] Current status of the port 518bbb3c-9186-46a0-8b49-f32de8485114 is: ACTIVE; New status is: ACTIVE {{(pid=104703) _update_individual_port_db_status /opt/stack/neutron/neutron/plugins/ml2/plugin.py:2298}}
Jun 02 10:33:20.326272 dv-neutron-844409-2-hyperv neutron-server[104703]: DEBUG neutron.plugins.ml2.rpc [None req-f11b0c5f-9ace-4c9a-9e21-8b9e29f02aae None None] Device a5498de9-4649-40d5-9f2f-036bfe4cc35e up at agent ovs-agent-dv-neutron-844409-2-hyperv {{(pid=104703) update_device_up /opt/stack/neutron/neutron/plugins/ml2/rpc.py:296}}
Jun 02 10:33:20.357891 dv-neutron-844409-2-hyperv neutron-server[104701]: DEBUG neutron.pecan_wsgi.hooks.quota_enforcement [None req-8a30940f-17cc-4299-86cd-39e684c5cf46 tempest-PortsAdminExtendedAttrsIpV6TestJSON-1446587457 tempest-PortsAdminExtendedAttrsIpV6TestJSON-1446587457-project-admin] Made reservation on behalf of 97d19a9bfffb4b608f66c3a824df5739 for: {'port': 1} {{(pid=104701) before /opt/stack/neutron/neutron/pecan_wsgi/hooks/quota_enforcement.py:53}}
Jun 02 10:33:20.360861 dv-neutron-844409-2-hyperv neutron-server[104701]: DEBUG neutron_lib.callbacks.manager [None req-8a30940f-17cc-4299-86cd-39e684c5cf46 tempest-PortsAdminExtendedAttrsIpV6TestJSON-1446587457 tempest-PortsAdminExtendedAttrsIpV6TestJSON-1446587457-project-admin] Publish callbacks ['neutron.plugins.ml2.plugin.SecurityGroupDbMixin._ensure_default_security_group_handler-1433842'] for port (None), before_create {{(pid=104701) _notify_loop /usr/local/lib/python3.8/dist-packages/neutron_lib/callbacks/manager.py:176}}
Jun 02 10:33:20.374944 dv-neutron-844409-2-hyperv neutron-server[104703]: DEBUG neutron.db.provisioning_blocks [None req-f11b0c5f-9ace-4c9a-9e21-8b9e29f02aae None None] Provisioning complete for port a5498de9-4649-40d5-9f2f-036bfe4cc35e triggered by entity L2. {{(pid=104703) provisioning_complete /opt/stack/neutron/neutron/db/provisioning_blocks.py:145}}
Jun 02 10:33:20.375874 dv-neutron-844409-2-hyperv neutron-server[104703]: DEBUG neutron_lib.callbacks.manager [None req-f11b0c5f-9ace-4c9a-9e21-8b9e29f02aae None None] Publish callbacks ['neutron.plugins.ml2.plugin.Ml2Plugin._port_provisioned-1487231'] for port (a5498de9-4649-40d5-9f2f-036bfe4cc35e), provisioning_complete {{(pid=104703) _notify_loop /usr/local/lib/python3.8/dist-packages/neutron_lib/callbacks/manager.py:176}}
Jun 02 10:33:20.386025 dv-neutron-844409-2-hyperv neutron-server[104701]: DEBUG neutron.notifiers.nova [None req-8a30940f-17cc-4299-86cd-39e684c5cf46 tempest-PortsAdminExtendedAttrsIpV6TestJSON-1446587457 tempest-PortsAdminExtendedAttrsIpV6TestJSON-1446587457-project-admin] device_id is not set on port 19b9658e-fd63-4e58-a35c-ded204792a9a yet. {{(pid=104701) _can_notify /opt/stack/neutron/neutron/notifiers/nova.py:199}}
Jun 02 10:33:20.408017 dv-neutron-844409-2-hyperv neutron-server[104703]: DEBUG dbcounter [-] [104703] Writing DB stats neutron:SELECT=98,neutron:UPDATE=2 {{(pid=104703) stat_writer /usr/local/lib/python3.8/dist-packages/dbcounter.py:114}}
Jun 02 10:33:20.439812 dv-neutron-844409-2-hyperv neutron-server[104701]: DEBUG dbcounter [-] [104701] Writing DB stats neutron:DELETE=5,neutron:SELECT=89,neutron:INSERT=3,neutron:UPDATE=3 {{(pid=104701) stat_writer /usr/local/lib/python3.8/dist-packages/dbcounter.py:114}}
Jun 02 10:33:20.455057 dv-neutron-844409-2-hyperv neutron-server[104701]: DEBUG dbcounter [-] [104701] Writing DB stats neutron:SELECT=85,neutron:DELETE=3,neutron:INSERT=9,neutron:UPDATE=3 {{(pid=104701) stat_writer /usr/local/lib/python3.8/dist-packages/dbcounter.py:114}}
Jun 02 10:33:20.457577 dv-neutron-844409-2-hyperv neutron-server[104702]: DEBUG neutron.scheduler.l3_agent_scheduler [None req-3b8fb9e9-1f74-43c8-baa7-dd945ff68798 admin admin] Router 063ada94-da78-4fa4-88de-287dae6ad62c has already been hosted by L3 agent b4d9c9bb-da2a-4254-9f21-7c75242b0eb4 {{(pid=104702) _get_candidates /opt/stack/neutron/neutron/scheduler/l3_agent_scheduler.py:126}}
Jun 02 10:33:20.459851 dv-neutron-844409-2-hyperv neutron-server[104703]: DEBUG neutron.plugins.ml2.plugin [None req-f11b0c5f-9ace-4c9a-9e21-8b9e29f02aae None None] Current status of the port a5498de9-4649-40d5-9f2f-036bfe4cc35e is: ACTIVE; New status is: ACTIVE {{(pid=104703) _update_individual_port_db_status /opt/stack/neutron/neutron/plugins/ml2/plugin.py:2298}}
Jun 02 10:33:20.501058 dv-neutron-844409-2-hyperv neutron-server[104701]: DEBUG neutron_lib.callbacks.manager [None req-d4940532-188f-4b71-920d-0ef250f46d95 tempest-ServersTestJSON-782963852 tempest-ServersTestJSON-782963852-project] Publish callbacks [] for port (e4ce6ca3-20ce-4585-af78-504a6e51381d), precommit_create {{(pid=104701) _notify_loop /usr/local/lib/python3.8/dist-packages/neutron_lib/callbacks/manager.py:176}}
Jun 02 10:33:20.536145 dv-neutron-844409-2-hyperv neutron-server[104702]: DEBUG neutron.plugins.ml2.db [None req-e9bee3b1-9f9b-4713-b3a2-aabcbeaa93a1 tempest-PortsAdminExtendedAttrsTestJSON-1146581234 tempest-PortsAdminExtendedAttrsTestJSON-1146581234-project-admin] For port 671d3f72-3e26-4d41-a722-b4e27808269f, host hv-neutron-8444, cleared binding levels {{(pid=104702) clear_binding_levels /opt/stack/neutron/neutron/plugins/ml2/db.py:87}}
Jun 02 10:33:20.536509 dv-neutron-844409-2-hyperv neutron-server[104702]: DEBUG neutron.plugins.ml2.db [None req-e9bee3b1-9f9b-4713-b3a2-aabcbeaa93a1 tempest-PortsAdminExtendedAttrsTestJSON-1146581234 tempest-PortsAdminExtendedAttrsTestJSON-1146581234-project-admin] Attempted to set empty binding levels {{(pid=104702) set_binding_levels /opt/stack/neutron/neutron/plugins/ml2/db.py:65}}
Jun 02 10:33:20.547182 dv-neutron-844409-2-hyperv neutron-server[104702]: DEBUG neutron.api.rpc.agentnotifiers.l3_rpc_agent_api [None req-50148326-e35a-449b-8b85-4f5d21fd2800 admin admin] Notify agent at l3_agent.dv-neutron-844409-2-hyperv the message routers_updated {{(pid=104702) _agent_notification /opt/stack/neutron/neutron/api/rpc/agentnotifiers/l3_rpc_agent_api.py:65}}
Jun 02 10:33:20.552479 dv-neutron-844409-2-hyperv neutron-server[104702]: INFO neutron.wsgi [None req-50148326-e35a-449b-8b85-4f5d21fd2800 admin admin] 10.222.0.33 "PUT /v2.0/routers/39948ba6-593c-4e32-bf3d-37fee85a6307/add_router_interface HTTP/1.1" status: 200 len: 503 time: 10.1104059
Jun 02 10:33:20.553481 dv-neutron-844409-2-hyperv neutron-server[104702]: DEBUG neutron_lib.callbacks.manager [None req-7456c613-6a42-47bf-9855-2e7bf2681d64 tempest-ExtraDHCPOptionsIpV6TestJSON-1917696697 tempest-ExtraDHCPOptionsIpV6TestJSON-1917696697-project] Publish callbacks ['neutron.plugins.ml2.ovo_rpc._ObjectChangeHandler.handle_event-7871047', 'neutron.api.rpc.agentnotifiers.dhcp_rpc_agent_api.DhcpAgentNotifyAPI._native_event_send_dhcp_notification-7858761'] for subnet (db9a549d-dcdf-47f2-8256-0645fca3424e), after_create {{(pid=104702) _notify_loop /usr/local/lib/python3.8/dist-packages/neutron_lib/callbacks/manager.py:176}}
Jun 02 10:33:20.559774 dv-neutron-844409-2-hyperv neutron-server[104704]: DEBUG neutron.api.rpc.handlers.l3_rpc [None req-fef2dacb-5d5b-4f49-8b54-d1f2951136d1 None None] Sync routers for ids ['39948ba6-593c-4e32-bf3d-37fee85a6307'] in dv-neutron-844409-2-hyperv {{(pid=104704) sync_routers /opt/stack/neutron/neutron/api/rpc/handlers/l3_rpc.py:125}}
Jun 02 10:33:20.573251 dv-neutron-844409-2-hyperv neutron-server[104704]: DEBUG neutron.db.l3_dvrscheduler_db [None req-fef2dacb-5d5b-4f49-8b54-d1f2951136d1 None None] Routers {'39948ba6-593c-4e32-bf3d-37fee85a6307'} bound to L3 agent in host dv-neutron-844409-2-hyperv {{(pid=104704) _get_router_ids_for_agent /opt/stack/neutron/neutron/db/l3_dvrscheduler_db.py:426}}
Jun 02 10:33:20.573939 dv-neutron-844409-2-hyperv neutron-server[104704]: DEBUG neutron.db.l3_hamode_db [None req-fef2dacb-5d5b-4f49-8b54-d1f2951136d1 None None] neutron.services.l3_router.l3_router_plugin.L3RouterPlugin method get_ha_sync_data_for_host called with arguments (, 'dv-neutron-844409-2-hyperv', Agent(admin_state_up=True,agent_type='L3 agent',availability_zone='nova',binary='neutron-l3-agent',configurations={"agent_mode": "legacy", "ex_gw_ports": 1, "extensions": [], "floating_ips": 0, "handle_internal_only_routers": true, "interface_driver": "openvswitch", "interfaces": 1, "log_agent_heartbeats": false, "routers": 1},created_at=2022-06-02T10:25:22Z,description=,heartbeat_timestamp=2022-06-02T10:32:52Z,host='dv-neutron-844409-2-hyperv',id=b4d9c9bb-da2a-4254-9f21-7c75242b0eb4,load=0,resource_versions=,resources_synced=,started_at=2022-06-02T10:25:22Z,topic='l3_agent')) {'router_ids': ['39948ba6-593c-4e32-bf3d-37fee85a6307'], 'active': True} {{(pid=104704) wrapper /usr/local/lib/python3.8/dist-packages/oslo_log/helpers.py:65}}
Jun 02 10:33:20.605558 dv-neutron-844409-2-hyperv neutron-server[104702]: DEBUG neutron_lib.callbacks.manager [None req-e9bee3b1-9f9b-4713-b3a2-aabcbeaa93a1 tempest-PortsAdminExtendedAttrsTestJSON-1146581234 tempest-PortsAdminExtendedAttrsTestJSON-1146581234-project-admin] Publish callbacks ['neutron.plugins.ml2.plugin.SecurityGroupServerNotifierRpcMixin._notify_sg_on_port_change-1433653', 'neutron.plugins.ml2.ovo_rpc._ObjectChangeHandler.handle_event-211974', 'neutron.api.rpc.agentnotifiers.dhcp_rpc_agent_api.DhcpAgentNotifyAPI._native_event_send_dhcp_notification-7858761', 'neutron.db.l3_db.L3RpcNotifierMixin._notify_gateway_port_ip_changed-8749750598108', 'neutron.db.l3_dvrscheduler_db._notify_l3_agent_port_update-8749750112058', 'neutron.db.l3_hascheduler_db._notify_l3_agent_ha_port_update-8749750112076'] for port (671d3f72-3e26-4d41-a722-b4e27808269f), after_update {{(pid=104702) _notify_loop /usr/local/lib/python3.8/dist-packages/neutron_lib/callbacks/manager.py:176}}
Jun 02 10:33:20.633028 dv-neutron-844409-2-hyperv neutron-server[104701]: DEBUG neutron_lib.callbacks.manager [None req-8a30940f-17cc-4299-86cd-39e684c5cf46 tempest-PortsAdminExtendedAttrsIpV6TestJSON-1446587457 tempest-PortsAdminExtendedAttrsIpV6TestJSON-1446587457-project-admin] Publish callbacks [] for port (19b9658e-fd63-4e58-a35c-ded204792a9a), precommit_create {{(pid=104701) _notify_loop /usr/local/lib/python3.8/dist-packages/neutron_lib/callbacks/manager.py:176}}
Jun 02 10:33:20.634302 dv-neutron-844409-2-hyperv neutron-server[104701]: DEBUG neutron_lib.callbacks.manager [None req-d4940532-188f-4b71-920d-0ef250f46d95 tempest-ServersTestJSON-782963852 tempest-ServersTestJSON-782963852-project] Publish callbacks ['neutron.plugins.ml2.plugin.SecurityGroupServerNotifierRpcMixin._notify_sg_on_port_change-1433653', 'neutron.plugins.ml2.ovo_rpc._ObjectChangeHandler.handle_event-211974', 'neutron.api.rpc.agentnotifiers.dhcp_rpc_agent_api.DhcpAgentNotifyAPI._native_event_send_dhcp_notification-7858761', 'neutron.db.l3_dvrscheduler_db._notify_l3_agent_new_port-8749750112040'] for port (e4ce6ca3-20ce-4585-af78-504a6e51381d), after_create {{(pid=104701) _notify_loop /usr/local/lib/python3.8/dist-packages/neutron_lib/callbacks/manager.py:176}}
Jun 02 10:33:20.705192 dv-neutron-844409-2-hyperv neutron-server[104701]: DEBUG neutron.scheduler.dhcp_agent_scheduler [None req-d4940532-188f-4b71-920d-0ef250f46d95 tempest-ServersTestJSON-782963852 tempest-ServersTestJSON-782963852-project] Network 0a61df2f-a643-4c82-a407-da5854bb2951 is already hosted by enough agents. {{(pid=104701) _get_dhcp_agents_hosting_network /opt/stack/neutron/neutron/scheduler/dhcp_agent_scheduler.py:275}}
Jun 02 10:33:20.707615 dv-neutron-844409-2-hyperv neutron-server[104701]: DEBUG neutron.api.rpc.handlers.resources_rpc [None req-d4940532-188f-4b71-920d-0ef250f46d95 tempest-ServersTestJSON-782963852 tempest-ServersTestJSON-782963852-project] Pushing event updated for resources: {'Port': ['ID=e4ce6ca3-20ce-4585-af78-504a6e51381d,revision_number=1']} {{(pid=104701) push /opt/stack/neutron/neutron/api/rpc/handlers/resources_rpc.py:237}}
Jun 02 10:33:20.711576 dv-neutron-844409-2-hyperv neutron-server[104701]: DEBUG neutron.scheduler.base_scheduler [None req-d4940532-188f-4b71-920d-0ef250f46d95 tempest-ServersTestJSON-782963852 tempest-ServersTestJSON-782963852-project] Resources bound (agent type, host, resource id): {{(pid=104701) schedule /opt/stack/neutron/neutron/scheduler/base_scheduler.py:57}}
Jun 02 10:33:20.714936 dv-neutron-844409-2-hyperv neutron-server[104701]: DEBUG neutron.db.l3_dvrscheduler_db [None req-d4940532-188f-4b71-920d-0ef250f46d95 tempest-ServersTestJSON-782963852 tempest-ServersTestJSON-782963852-project] Received port after_create {{(pid=104701) _notify_l3_agent_new_port /opt/stack/neutron/neutron/db/l3_dvrscheduler_db.py:542}}
Jun 02 10:33:20.734515 dv-neutron-844409-2-hyperv neutron-server[104704]: DEBUG neutron.db.l3_dvr_db [None req-fef2dacb-5d5b-4f49-8b54-d1f2951136d1 None None] Set router 39948ba6-593c-4e32-bf3d-37fee85a6307 gateway port host: dv-neutron-844409-2-hyperv {{(pid=104704) _build_routers_list /opt/stack/neutron/neutron/db/l3_dvr_db.py:907}}
Jun 02 10:33:20.804399 dv-neutron-844409-2-hyperv neutron-server[104701]: DEBUG neutron_lib.callbacks.manager [None req-8a30940f-17cc-4299-86cd-39e684c5cf46 tempest-PortsAdminExtendedAttrsIpV6TestJSON-1446587457 tempest-PortsAdminExtendedAttrsIpV6TestJSON-1446587457-project-admin] Publish callbacks ['neutron.plugins.ml2.plugin.SecurityGroupServerNotifierRpcMixin._notify_sg_on_port_change-1433653', 'neutron.plugins.ml2.ovo_rpc._ObjectChangeHandler.handle_event-211974', 'neutron.api.rpc.agentnotifiers.dhcp_rpc_agent_api.DhcpAgentNotifyAPI._native_event_send_dhcp_notification-7858761', 'neutron.db.l3_dvrscheduler_db._notify_l3_agent_new_port-8749750112040'] for port (19b9658e-fd63-4e58-a35c-ded204792a9a), after_create {{(pid=104701) _notify_loop /usr/local/lib/python3.8/dist-packages/neutron_lib/callbacks/manager.py:176}}
Jun 02 10:33:20.831043 dv-neutron-844409-2-hyperv neutron-server[104704]: DEBUG dbcounter [-] [104704] Writing DB stats neutron:SELECT=98,neutron:UPDATE=2 {{(pid=104704) stat_writer /usr/local/lib/python3.8/dist-packages/dbcounter.py:114}}
Jun 02 10:33:20.873280 dv-neutron-844409-2-hyperv neutron-server[104702]: DEBUG neutron.db.db_base_plugin_common [None req-096cefaa-871e-4697-8731-5b8df53750f8 tempest-RoutersAdminTest-1705249500 tempest-RoutersAdminTest-1705249500-project-admin] Allocated IP 172.20.0.10 (228823b9-2c59-48af-b31e-a74fee315a43/74dfe354-9f7b-448f-9e16-4dccf61c4f8d/da7d4833-7d76-447c-afcc-e53db49e2476) {{(pid=104702) _store_ip_allocation /opt/stack/neutron/neutron/db/db_base_plugin_common.py:131}}
Jun 02 10:33:20.962569 dv-neutron-844409-2-hyperv neutron-server[104701]: DEBUG neutron.scheduler.dhcp_agent_scheduler [None req-8a30940f-17cc-4299-86cd-39e684c5cf46 tempest-PortsAdminExtendedAttrsIpV6TestJSON-1446587457 tempest-PortsAdminExtendedAttrsIpV6TestJSON-1446587457-project-admin] Network a83e3b21-eb31-4adc-a8ae-f132cb65d8e7 is already hosted by enough agents. {{(pid=104701) _get_dhcp_agents_hosting_network /opt/stack/neutron/neutron/scheduler/dhcp_agent_scheduler.py:275}}
Jun 02 10:33:20.964209 dv-neutron-844409-2-hyperv neutron-server[104701]: DEBUG neutron_lib.callbacks.manager [None req-d4940532-188f-4b71-920d-0ef250f46d95 tempest-ServersTestJSON-782963852 tempest-ServersTestJSON-782963852-project] Publish callbacks [] for floatingip (34f97ee2-7862-4575-8004-c1fa8d0097a0), precommit_create {{(pid=104701) _notify_loop /usr/local/lib/python3.8/dist-packages/neutron_lib/callbacks/manager.py:176}}
Jun 02 10:33:20.979703 dv-neutron-844409-2-hyperv neutron-server[104702]: DEBUG dbcounter [-] [104702] Writing DB stats neutron:SELECT=96,neutron:INSERT=2,neutron:UPDATE=2 {{(pid=104702) stat_writer /usr/local/lib/python3.8/dist-packages/dbcounter.py:114}}
Jun 02 10:33:20.980768 dv-neutron-844409-2-hyperv neutron-server[104702]: DEBUG neutron.api.rpc.handlers.resources_rpc [None req-7456c613-6a42-47bf-9855-2e7bf2681d64 tempest-ExtraDHCPOptionsIpV6TestJSON-1917696697 tempest-ExtraDHCPOptionsIpV6TestJSON-1917696697-project] Pushing event updated for resources: {'Subnet': ['ID=db9a549d-dcdf-47f2-8256-0645fca3424e,revision_number=0']} {{(pid=104702) push /opt/stack/neutron/neutron/api/rpc/handlers/resources_rpc.py:237}}
Jun 02 10:33:20.989059 dv-neutron-844409-2-hyperv neutron-server[104702]: INFO neutron.wsgi [None req-58c99e14-caef-43e7-a73d-5aba8ca38d34 tempest-DHCPAgentSchedulersTestJSON-572643397 tempest-DHCPAgentSchedulersTestJSON-572643397-project-admin] 10.222.0.33 "GET /v2.0/agents/f163622f-9159-42e0-968b-afd87e68f79e/dhcp-networks HTTP/1.1" status: 200 len: 8029 time: 0.7328787
Jun 02 10:33:20.989173 dv-neutron-844409-2-hyperv neutron-server[104701]: DEBUG neutron.scheduler.base_scheduler [None req-8a30940f-17cc-4299-86cd-39e684c5cf46 tempest-PortsAdminExtendedAttrsIpV6TestJSON-1446587457 tempest-PortsAdminExtendedAttrsIpV6TestJSON-1446587457-project-admin] Resources bound (agent type, host, resource id): {{(pid=104701) schedule /opt/stack/neutron/neutron/scheduler/base_scheduler.py:57}}
