Jun 01 22:28:11.526466 dv-neutron-844341-1-hyperv neutron-server[105305]: DEBUG neutron.db.l3_hamode_db [None req-1c9f5e3d-29d7-4e6a-8dba-e6737dde71e3 None None] neutron.services.l3_router.l3_router_plugin.L3RouterPlugin method get_ha_sync_data_for_host called with arguments (, 'dv-neutron-844341-1-hyperv', Agent(admin_state_up=True,agent_type='L3 agent',availability_zone='nova',binary='neutron-l3-agent',configurations={"agent_mode": "legacy", "ex_gw_ports": 1, "extensions": [], "floating_ips": 0, "handle_internal_only_routers": true, "interface_driver": "openvswitch", "interfaces": 1, "log_agent_heartbeats": false, "routers": 1},created_at=2022-06-01T22:19:17Z,description=,heartbeat_timestamp=2022-06-01T22:27:47Z,host='dv-neutron-844341-1-hyperv',id=28e76e20-1a8e-45fa-b52d-09b513f366f5,load=0,resource_versions=,resources_synced=,started_at=2022-06-01T22:19:18Z,topic='l3_agent')) {'router_ids': ['e520a4f9-1502-4fe5-bfdc-9c024270c5c4'], 'active': True} {{(pid=105305) wrapper /usr/local/lib/python3.8/dist-packages/oslo_log/helpers.py:65}}
Jun 01 22:28:11.544406 dv-neutron-844341-1-hyperv neutron-server[105303]: DEBUG neutron_lib.callbacks.manager [None req-fa232989-c2a9-4dcf-b119-5c1cc5950a2a tempest-ServerActionsTestJSON-199276843 tempest-ServerActionsTestJSON-199276843-project] Publish callbacks [] for floatingip (a687b6e0-dad1-4a41-a744-f5afd2bc60af), precommit_create {{(pid=105303) _notify_loop /usr/local/lib/python3.8/dist-packages/neutron_lib/callbacks/manager.py:176}}
Jun 01 22:28:11.548960 dv-neutron-844341-1-hyperv neutron-server[105304]: DEBUG neutron.notifiers.nova [None req-fb07aad0-b0f8-4f88-9fd6-674dab16e382 tempest-FloatingIPAdminTestJSON-1754046921 tempest-FloatingIPAdminTestJSON-1754046921-project] device_id is not set on port 56ae2064-c01f-4b19-af39-c20cdce27131 yet. {{(pid=105304) _can_notify /opt/stack/neutron/neutron/notifiers/nova.py:199}}
Jun 01 22:28:11.597326 dv-neutron-844341-1-hyperv neutron-server[105304]: DEBUG neutron.notifiers.nova [None req-ff551b54-5a9c-4395-9a74-011dd87cd078 tempest-PortsAdminExtendedAttrsTestJSON-2045979474 tempest-PortsAdminExtendedAttrsTestJSON-2045979474-project-admin] device_id is not set on port 7db54328-718e-4fcb-8170-4b1b0188fabd yet. {{(pid=105304) _can_notify /opt/stack/neutron/neutron/notifiers/nova.py:199}}
Jun 01 22:28:11.609885 dv-neutron-844341-1-hyperv neutron-server[105305]: DEBUG neutron.db.l3_hamode_db [None req-1c9f5e3d-29d7-4e6a-8dba-e6737dde71e3 None None] neutron.services.l3_router.l3_router_plugin.L3RouterPlugin method _process_sync_ha_data called with arguments (, [], 'dv-neutron-844341-1-hyperv', False) {} {{(pid=105305) wrapper /usr/local/lib/python3.8/dist-packages/oslo_log/helpers.py:65}}
Jun 01 22:28:11.610874 dv-neutron-844341-1-hyperv neutron-server[105305]: DEBUG neutron.api.rpc.handlers.l3_rpc [None req-1c9f5e3d-29d7-4e6a-8dba-e6737dde71e3 None None] The sync data for ids ['e520a4f9-1502-4fe5-bfdc-9c024270c5c4'] in dv-neutron-844341-1-hyperv is: [] {{(pid=105305) sync_routers /opt/stack/neutron/neutron/api/rpc/handlers/l3_rpc.py:137}}
Jun 01 22:28:11.631099 dv-neutron-844341-1-hyperv neutron-server[105303]: DEBUG neutron.notifiers.nova [None req-904670b5-1527-4f1b-8771-7d8faebabe25 tempest-ExtraDHCPOptionsIpV6TestJSON-1356261449 tempest-ExtraDHCPOptionsIpV6TestJSON-1356261449-project] device_id is not set on port 6099b6bb-df9b-453d-a7f5-cc554f98949e yet. {{(pid=105303) _can_notify /opt/stack/neutron/neutron/notifiers/nova.py:199}}
Jun 01 22:28:11.734292 dv-neutron-844341-1-hyperv neutron-server[105305]: DEBUG neutron.plugins.ml2.db [None req-82a2bf90-5d83-451b-b73a-11e0afd70d6b None None] For port 4fac4633-810e-47fe-b1a4-5013bbc838b6, host dv-neutron-844341-1-hyperv, got binding levels [PortBindingLevel(driver='openvswitch',host='dv-neutron-844341-1-hyperv',level=0,port_id=4fac4633-810e-47fe-b1a4-5013bbc838b6,segment=NetworkSegment(ce757c2b-e348-459a-8f6c-bcb6ef84088a),segment_id=ce757c2b-e348-459a-8f6c-bcb6ef84088a)] {{(pid=105305) get_binding_level_objs /opt/stack/neutron/neutron/plugins/ml2/db.py:74}}
Jun 01 22:28:11.742281 dv-neutron-844341-1-hyperv neutron-server[105304]: DEBUG dbcounter [-] [105304] Writing DB stats neutron:SELECT=91,neutron:INSERT=6,neutron:UPDATE=3 {{(pid=105304) stat_writer /usr/local/lib/python3.8/dist-packages/dbcounter.py:114}}
Jun 01 22:28:11.745752 dv-neutron-844341-1-hyperv neutron-server[105305]: DEBUG neutron.db.provisioning_blocks [None req-2e96bd91-0ee3-4be4-a899-1b9eaf09e814 None None] Provisioning complete for port bbf15e84-b63b-4731-bf95-f616a37d1c58 triggered by entity L2. {{(pid=105305) provisioning_complete /opt/stack/neutron/neutron/db/provisioning_blocks.py:145}}
Jun 01 22:28:11.747146 dv-neutron-844341-1-hyperv neutron-server[105305]: DEBUG neutron_lib.callbacks.manager [None req-2e96bd91-0ee3-4be4-a899-1b9eaf09e814 None None] Publish callbacks ['neutron.plugins.ml2.plugin.Ml2Plugin._port_provisioned-3845754'] for port (bbf15e84-b63b-4731-bf95-f616a37d1c58), provisioning_complete {{(pid=105305) _notify_loop /usr/local/lib/python3.8/dist-packages/neutron_lib/callbacks/manager.py:176}}
Jun 01 22:28:11.856492 dv-neutron-844341-1-hyperv neutron-server[105304]: INFO neutron.wsgi [req-dc5f0113-5f75-4b7a-a906-2f8479112322 req-7b9379ba-13cd-437f-bbad-0aca8ee826a5 tempest-ServersTestJSON-798596989 tempest-ServersTestJSON-798596989-project] 10.222.0.41 "GET /v2.0/security-groups?name=tempest-securitygroup--1252278909&fields=id&tenant_id=97cd6578ebcd45568fd694ae3dddb0fe HTTP/1.1" status: 200 len: 267 time: 0.0730875
Jun 01 22:28:11.910985 dv-neutron-844341-1-hyperv neutron-server[105304]: DEBUG neutron.db.db_base_plugin_common [None req-fb07aad0-b0f8-4f88-9fd6-674dab16e382 tempest-FloatingIPAdminTestJSON-1754046921 tempest-FloatingIPAdminTestJSON-1754046921-project] Allocated IP 172.20.0.5 (bb108224-c20e-45ca-b526-b4dcf5768a13/da8cb592-6db6-4ad4-90f2-8f99fd423949/56ae2064-c01f-4b19-af39-c20cdce27131) {{(pid=105304) _store_ip_allocation /opt/stack/neutron/neutron/db/db_base_plugin_common.py:131}}
Jun 01 22:28:11.937249 dv-neutron-844341-1-hyperv neutron-server[105305]: DEBUG neutron_lib.callbacks.manager [None req-82a2bf90-5d83-451b-b73a-11e0afd70d6b None None] Publish callbacks ['neutron.plugins.ml2.plugin.SecurityGroupServerNotifierRpcMixin._notify_sg_on_port_change-3866416', 'neutron.plugins.ml2.ovo_rpc._ObjectChangeHandler.handle_event-15116', 'neutron.api.rpc.agentnotifiers.dhcp_rpc_agent_api.DhcpAgentNotifyAPI._native_event_send_dhcp_notification-585036', 'neutron.db.l3_db.L3RpcNotifierMixin._notify_gateway_port_ip_changed-8746287693020', 'neutron.db.l3_dvrscheduler_db._notify_l3_agent_port_update-8746287159354', 'neutron.db.l3_hascheduler_db._notify_l3_agent_ha_port_update-8746287159372'] for port (4fac4633-810e-47fe-b1a4-5013bbc838b6), after_update {{(pid=105305) _notify_loop /usr/local/lib/python3.8/dist-packages/neutron_lib/callbacks/manager.py:176}}
Jun 01 22:28:11.942069 dv-neutron-844341-1-hyperv neutron-server[105305]: DEBUG dbcounter [-] [105305] Writing DB stats neutron:SELECT=100 {{(pid=105305) stat_writer /usr/local/lib/python3.8/dist-packages/dbcounter.py:114}}
Jun 01 22:28:11.974040 dv-neutron-844341-1-hyperv neutron-server[105305]: DEBUG neutron.plugins.ml2.plugin [None req-2e96bd91-0ee3-4be4-a899-1b9eaf09e814 None None] Current status of the port bbf15e84-b63b-4731-bf95-f616a37d1c58 is: ACTIVE; New status is: ACTIVE {{(pid=105305) _update_individual_port_db_status /opt/stack/neutron/neutron/plugins/ml2/plugin.py:2298}}
Jun 01 22:28:11.975509 dv-neutron-844341-1-hyperv neutron-server[105305]: DEBUG neutron.plugins.ml2.rpc [None req-2e96bd91-0ee3-4be4-a899-1b9eaf09e814 None None] Device 82ba4897-a5c9-4bc1-99f1-bebb2d5df3a7 up at agent ovs-agent-dv-neutron-844341-1-hyperv {{(pid=105305) update_device_up /opt/stack/neutron/neutron/plugins/ml2/rpc.py:296}}
Jun 01 22:28:11.992465 dv-neutron-844341-1-hyperv neutron-server[105304]: INFO neutron.wsgi [req-ca0a65e8-fcc5-48e6-9225-5f30d4d869ec req-aecfa242-8095-4238-bcf8-728a251c007d tempest-ServersTestManualDisk-1339256371 tempest-ServersTestManualDisk-1339256371-project] 10.222.0.41 "GET /v2.0/ports?device_id=ab316e2b-73e8-4ad2-b899-0ac78612bb63 HTTP/1.1" status: 200 len: 210 time: 0.0446303
Jun 01 22:28:11.999148 dv-neutron-844341-1-hyperv neutron-server[105303]: DEBUG neutron_lib.callbacks.manager [None req-fa232989-c2a9-4dcf-b119-5c1cc5950a2a tempest-ServerActionsTestJSON-199276843 tempest-ServerActionsTestJSON-199276843-project] Publish callbacks ['neutron.plugins.ml2.plugin.SecurityGroupDbMixin._ensure_default_security_group_handler-3866615'] for port (1ab5f646-35c1-463f-99a4-d715f5491a7e), before_update {{(pid=105303) _notify_loop /usr/local/lib/python3.8/dist-packages/neutron_lib/callbacks/manager.py:176}}
Jun 01 22:28:12.142414 dv-neutron-844341-1-hyperv neutron-server[105304]: DEBUG dbcounter [-] [105304] Writing DB stats neutron:SELECT=90,neutron:INSERT=5,neutron:UPDATE=3,neutron:DELETE=2 {{(pid=105304) stat_writer /usr/local/lib/python3.8/dist-packages/dbcounter.py:114}}
Jun 01 22:28:12.161614 dv-neutron-844341-1-hyperv neutron-server[105305]: DEBUG neutron.api.rpc.handlers.resources_rpc [None req-82a2bf90-5d83-451b-b73a-11e0afd70d6b None None] Pushing event updated for resources: {'Port': ['ID=4fac4633-810e-47fe-b1a4-5013bbc838b6,revision_number=3']} {{(pid=105305) push /opt/stack/neutron/neutron/api/rpc/handlers/resources_rpc.py:237}}
Jun 01 22:28:12.165714 dv-neutron-844341-1-hyperv neutron-server[105305]: DEBUG neutron.db.provisioning_blocks [None req-64b8e085-5881-4400-a6ca-6695ebea1728 None None] Provisioning complete for port 99890ca0-a930-4b6d-8e49-190a612f44b7 triggered by entity DHCP. {{(pid=105305) provisioning_complete /opt/stack/neutron/neutron/db/provisioning_blocks.py:145}}
Jun 01 22:28:12.166370 dv-neutron-844341-1-hyperv neutron-server[105305]: DEBUG neutron_lib.callbacks.manager [None req-64b8e085-5881-4400-a6ca-6695ebea1728 None None] Publish callbacks ['neutron.plugins.ml2.plugin.Ml2Plugin._port_provisioned-3845754'] for port (99890ca0-a930-4b6d-8e49-190a612f44b7), provisioning_complete {{(pid=105305) _notify_loop /usr/local/lib/python3.8/dist-packages/neutron_lib/callbacks/manager.py:176}}
Jun 01 22:28:12.192282 dv-neutron-844341-1-hyperv neutron-server[105304]: DEBUG neutron.pecan_wsgi.hooks.policy_enforcement [req-dc5f0113-5f75-4b7a-a906-2f8479112322 req-fda9f979-544b-4352-9ae6-26b2982fb7fc tempest-ServersTestJSON-798596989 tempest-ServersTestJSON-798596989-project] Attributes excluded by policy engine: ['standard_attr_id', 'vlan_transparent', 'provider:network_type', 'provider:physical_network', 'provider:segmentation_id'] {{(pid=105304) _exclude_attributes_by_policy /opt/stack/neutron/neutron/pecan_wsgi/hooks/policy_enforcement.py:259}}
Jun 01 22:28:12.193827 dv-neutron-844341-1-hyperv neutron-server[105304]: INFO neutron.wsgi [req-dc5f0113-5f75-4b7a-a906-2f8479112322 req-fda9f979-544b-4352-9ae6-26b2982fb7fc tempest-ServersTestJSON-798596989 tempest-ServersTestJSON-798596989-project] 10.222.0.41 "GET /v2.0/networks?id=7157df80-d5a6-470b-8427-8a1e9c4ee30a HTTP/1.1" status: 200 len: 806 time: 0.3362558
Jun 01 22:28:12.214655 dv-neutron-844341-1-hyperv neutron-server[105305]: DEBUG neutron.db.provisioning_blocks [None req-2e96bd91-0ee3-4be4-a899-1b9eaf09e814 None None] Provisioning complete for port 82ba4897-a5c9-4bc1-99f1-bebb2d5df3a7 triggered by entity L2. {{(pid=105305) provisioning_complete /opt/stack/neutron/neutron/db/provisioning_blocks.py:145}}
Jun 01 22:28:12.218805 dv-neutron-844341-1-hyperv neutron-server[105305]: DEBUG neutron_lib.callbacks.manager [None req-2e96bd91-0ee3-4be4-a899-1b9eaf09e814 None None] Publish callbacks ['neutron.plugins.ml2.plugin.Ml2Plugin._port_provisioned-3845754'] for port (82ba4897-a5c9-4bc1-99f1-bebb2d5df3a7), provisioning_complete {{(pid=105305) _notify_loop /usr/local/lib/python3.8/dist-packages/neutron_lib/callbacks/manager.py:176}}
Jun 01 22:28:12.253718 dv-neutron-844341-1-hyperv neutron-server[105304]: DEBUG neutron_lib.callbacks.manager [None req-ff551b54-5a9c-4395-9a74-011dd87cd078 tempest-PortsAdminExtendedAttrsTestJSON-2045979474 tempest-PortsAdminExtendedAttrsTestJSON-2045979474-project-admin] Publish callbacks [] for port (7db54328-718e-4fcb-8170-4b1b0188fabd), precommit_create {{(pid=105304) _notify_loop /usr/local/lib/python3.8/dist-packages/neutron_lib/callbacks/manager.py:176}}
Jun 01 22:28:12.255559 dv-neutron-844341-1-hyperv neutron-server[105305]: DEBUG neutron.plugins.ml2.plugin [None req-64b8e085-5881-4400-a6ca-6695ebea1728 None None] Port 99890ca0-a930-4b6d-8e49-190a612f44b7 cannot update to ACTIVE because it is not bound. {{(pid=105305) _port_provisioned /opt/stack/neutron/neutron/plugins/ml2/plugin.py:354}}
Jun 01 22:28:12.283274 dv-neutron-844341-1-hyperv neutron-server[105303]: DEBUG neutron_lib.callbacks.manager [None req-93248d69-6337-4311-803d-0af51d4eb06e tempest-RoutersIpV6AdminTest-1259981111 tempest-RoutersIpV6AdminTest-1259981111-project-admin] Publish callbacks [] for security_group (6bddf040-2bd7-45b9-961e-30798664f174), precommit_create {{(pid=105303) _notify_loop /usr/local/lib/python3.8/dist-packages/neutron_lib/callbacks/manager.py:176}}
Jun 01 22:28:12.287707 dv-neutron-844341-1-hyperv neutron-server[105303]: DEBUG dbcounter [-] [105303] Writing DB stats neutron:SELECT=79,neutron:DELETE=7,neutron:INSERT=11,neutron:UPDATE=3 {{(pid=105303) stat_writer /usr/local/lib/python3.8/dist-packages/dbcounter.py:114}}
Jun 01 22:28:12.300510 dv-neutron-844341-1-hyperv neutron-server[105304]: INFO neutron.wsgi [req-dc5f0113-5f75-4b7a-a906-2f8479112322 req-1219cd38-3751-4b02-a5b1-71dd9803321b tempest-ServersTestJSON-798596989 tempest-ServersTestJSON-798596989-project] 10.222.0.41 "GET /v2.0/quotas/97cd6578ebcd45568fd694ae3dddb0fe HTTP/1.1" status: 200 len: 375 time: 0.0449481
Jun 01 22:28:12.311742 dv-neutron-844341-1-hyperv neutron-server[105305]: DEBUG dbcounter [-] [105305] Writing DB stats neutron:SELECT=98,neutron:UPDATE=2 {{(pid=105305) stat_writer /usr/local/lib/python3.8/dist-packages/dbcounter.py:114}}
Jun 01 22:28:12.332365 dv-neutron-844341-1-hyperv neutron-server[105303]: DEBUG neutron.db.db_base_plugin_common [None req-904670b5-1527-4f1b-8771-7d8faebabe25 tempest-ExtraDHCPOptionsIpV6TestJSON-1356261449 tempest-ExtraDHCPOptionsIpV6TestJSON-1356261449-project] Allocated IP 2001:db8::3aa (bb02baf7-231d-43ea-91f2-8f5dc93cbed7/bde56459-9e82-4be9-be39-e9e2170402e3/6099b6bb-df9b-453d-a7f5-cc554f98949e) {{(pid=105303) _store_ip_allocation /opt/stack/neutron/neutron/db/db_base_plugin_common.py:131}}
Jun 01 22:28:12.335520 dv-neutron-844341-1-hyperv neutron-server[105305]: DEBUG neutron.db.provisioning_blocks [None req-64b8e085-5881-4400-a6ca-6695ebea1728 None None] Provisioning complete for port 4fac4633-810e-47fe-b1a4-5013bbc838b6 triggered by entity DHCP. {{(pid=105305) provisioning_complete /opt/stack/neutron/neutron/db/provisioning_blocks.py:145}}
Jun 01 22:28:12.336529 dv-neutron-844341-1-hyperv neutron-server[105305]: DEBUG neutron_lib.callbacks.manager [None req-64b8e085-5881-4400-a6ca-6695ebea1728 None None] Publish callbacks ['neutron.plugins.ml2.plugin.Ml2Plugin._port_provisioned-3845754'] for port (4fac4633-810e-47fe-b1a4-5013bbc838b6), provisioning_complete {{(pid=105305) _notify_loop /usr/local/lib/python3.8/dist-packages/neutron_lib/callbacks/manager.py:176}}
Jun 01 22:28:12.379090 dv-neutron-844341-1-hyperv neutron-server[105303]: DEBUG neutron_lib.callbacks.manager [None req-93248d69-6337-4311-803d-0af51d4eb06e tempest-RoutersIpV6AdminTest-1259981111 tempest-RoutersIpV6AdminTest-1259981111-project-admin] Publish callbacks ['neutron.plugins.ml2.ovo_rpc._ObjectChangeHandler.handle_event-780961'] for security_group (6bddf040-2bd7-45b9-961e-30798664f174), after_create {{(pid=105303) _notify_loop /usr/local/lib/python3.8/dist-packages/neutron_lib/callbacks/manager.py:176}}
Jun 01 22:28:12.420752 dv-neutron-844341-1-hyperv neutron-server[105303]: DEBUG neutron.plugins.ml2.drivers.helpers [None req-93248d69-6337-4311-803d-0af51d4eb06e tempest-RoutersIpV6AdminTest-1259981111 tempest-RoutersIpV6AdminTest-1259981111-project-admin] vlan segment allocate from pool success with {'physical_network': 'physnet1', 'vlan_id': 185} {{(pid=105303) allocate_partially_specified_segment /opt/stack/neutron/neutron/plugins/ml2/drivers/helpers.py:153}}
Jun 01 22:28:12.426525 dv-neutron-844341-1-hyperv neutron-server[105304]: DEBUG neutron_lib.callbacks.manager [None req-fb07aad0-b0f8-4f88-9fd6-674dab16e382 tempest-FloatingIPAdminTestJSON-1754046921 tempest-FloatingIPAdminTestJSON-1754046921-project] Publish callbacks [] for port (56ae2064-c01f-4b19-af39-c20cdce27131), precommit_create {{(pid=105304) _notify_loop /usr/local/lib/python3.8/dist-packages/neutron_lib/callbacks/manager.py:176}}
Jun 01 22:28:12.466974 dv-neutron-844341-1-hyperv neutron-server[105305]: DEBUG neutron.plugins.ml2.plugin [None req-64b8e085-5881-4400-a6ca-6695ebea1728 None None] Current status of the port 4fac4633-810e-47fe-b1a4-5013bbc838b6 is: ACTIVE; New status is: ACTIVE {{(pid=105305) _update_individual_port_db_status /opt/stack/neutron/neutron/plugins/ml2/plugin.py:2298}}
Jun 01 22:28:12.474532 dv-neutron-844341-1-hyperv neutron-server[105303]: DEBUG neutron_lib.callbacks.manager [None req-93248d69-6337-4311-803d-0af51d4eb06e tempest-RoutersIpV6AdminTest-1259981111 tempest-RoutersIpV6AdminTest-1259981111-project-admin] Publish callbacks ['neutron.plugins.ml2.plugin.Ml2Plugin._handle_segment_change-3820517'] for segment (db831cc4-6169-4c57-8c92-377816b5a2fe), precommit_create {{(pid=105303) _notify_loop /usr/local/lib/python3.8/dist-packages/neutron_lib/callbacks/manager.py:176}}
Jun 01 22:28:12.474883 dv-neutron-844341-1-hyperv neutron-server[105303]: INFO neutron.db.segments_db [None req-93248d69-6337-4311-803d-0af51d4eb06e tempest-RoutersIpV6AdminTest-1259981111 tempest-RoutersIpV6AdminTest-1259981111-project-admin] Added segment db831cc4-6169-4c57-8c92-377816b5a2fe of type vlan for network fa0eef79-dd38-450b-8b29-be7d8a422271
Jun 01 22:28:12.485638 dv-neutron-844341-1-hyperv neutron-server[105305]: DEBUG neutron.plugins.ml2.plugin [None req-2e96bd91-0ee3-4be4-a899-1b9eaf09e814 None None] Current status of the port 82ba4897-a5c9-4bc1-99f1-bebb2d5df3a7 is: ACTIVE; New status is: ACTIVE {{(pid=105305) _update_individual_port_db_status /opt/stack/neutron/neutron/plugins/ml2/plugin.py:2298}}
Jun 01 22:28:12.495283 dv-neutron-844341-1-hyperv neutron-server[105303]: DEBUG neutron.api.rpc.handlers.resources_rpc [None req-93248d69-6337-4311-803d-0af51d4eb06e tempest-RoutersIpV6AdminTest-1259981111 tempest-RoutersIpV6AdminTest-1259981111-project-admin] Pushing event updated for resources: {'SecurityGroup': ['ID=6bddf040-2bd7-45b9-961e-30798664f174,revision_number=1']} {{(pid=105303) push /opt/stack/neutron/neutron/api/rpc/handlers/resources_rpc.py:237}}
Jun 01 22:28:12.497546 dv-neutron-844341-1-hyperv neutron-server[105305]: DEBUG neutron.plugins.ml2.rpc [None req-2e96bd91-0ee3-4be4-a899-1b9eaf09e814 None None] Device 4fac4633-810e-47fe-b1a4-5013bbc838b6 up at agent ovs-agent-dv-neutron-844341-1-hyperv {{(pid=105305) update_device_up /opt/stack/neutron/neutron/plugins/ml2/rpc.py:296}}
Jun 01 22:28:12.497969 dv-neutron-844341-1-hyperv neutron-server[105304]: INFO neutron.wsgi [req-dc5f0113-5f75-4b7a-a906-2f8479112322 req-d105889f-b03f-4bfe-8713-828138df3800 tempest-ServersTestJSON-798596989 tempest-ServersTestJSON-798596989-project] 10.222.0.41 "GET /v2.0/ports?tenant_id=97cd6578ebcd45568fd694ae3dddb0fe&fields=id HTTP/1.1" status: 200 len: 302 time: 0.1876712
Jun 01 22:28:12.563170 dv-neutron-844341-1-hyperv neutron-server[105305]: DEBUG neutron.db.provisioning_blocks [None req-2e96bd91-0ee3-4be4-a899-1b9eaf09e814 None None] Provisioning complete for port 4fac4633-810e-47fe-b1a4-5013bbc838b6 triggered by entity L2. {{(pid=105305) provisioning_complete /opt/stack/neutron/neutron/db/provisioning_blocks.py:145}}
Jun 01 22:28:12.563784 dv-neutron-844341-1-hyperv neutron-server[105305]: DEBUG neutron_lib.callbacks.manager [None req-2e96bd91-0ee3-4be4-a899-1b9eaf09e814 None None] Publish callbacks ['neutron.plugins.ml2.plugin.Ml2Plugin._port_provisioned-3845754'] for port (4fac4633-810e-47fe-b1a4-5013bbc838b6), provisioning_complete {{(pid=105305) _notify_loop /usr/local/lib/python3.8/dist-packages/neutron_lib/callbacks/manager.py:176}}
Jun 01 22:28:12.568002 dv-neutron-844341-1-hyperv neutron-server[105304]: DEBUG neutron_lib.callbacks.manager [None req-fb07aad0-b0f8-4f88-9fd6-674dab16e382 tempest-FloatingIPAdminTestJSON-1754046921 tempest-FloatingIPAdminTestJSON-1754046921-project] Publish callbacks ['neutron.plugins.ml2.plugin.SecurityGroupServerNotifierRpcMixin._notify_sg_on_port_change-3866416', 'neutron.plugins.ml2.ovo_rpc._ObjectChangeHandler.handle_event-15116', 'neutron.api.rpc.agentnotifiers.dhcp_rpc_agent_api.DhcpAgentNotifyAPI._native_event_send_dhcp_notification-585036', 'neutron.db.l3_dvrscheduler_db._notify_l3_agent_new_port-8746287159336', 'neutron.services.segments.plugin.NovaSegmentNotifier._notify_port_created_or_deleted-28006816'] for port (56ae2064-c01f-4b19-af39-c20cdce27131), after_create {{(pid=105304) _notify_loop /usr/local/lib/python3.8/dist-packages/neutron_lib/callbacks/manager.py:176}}
Jun 01 22:28:12.570023 dv-neutron-844341-1-hyperv neutron-server[105304]: DEBUG neutron_lib.callbacks.manager [None req-ff551b54-5a9c-4395-9a74-011dd87cd078 tempest-PortsAdminExtendedAttrsTestJSON-2045979474 tempest-PortsAdminExtendedAttrsTestJSON-2045979474-project-admin] Publish callbacks ['neutron.plugins.ml2.plugin.SecurityGroupServerNotifierRpcMixin._notify_sg_on_port_change-3866416', 'neutron.plugins.ml2.ovo_rpc._ObjectChangeHandler.handle_event-15116', 'neutron.api.rpc.agentnotifiers.dhcp_rpc_agent_api.DhcpAgentNotifyAPI._native_event_send_dhcp_notification-585036', 'neutron.db.l3_dvrscheduler_db._notify_l3_agent_new_port-8746287159336', 'neutron.services.segments.plugin.NovaSegmentNotifier._notify_port_created_or_deleted-28006816'] for port (7db54328-718e-4fcb-8170-4b1b0188fabd), after_create {{(pid=105304) _notify_loop /usr/local/lib/python3.8/dist-packages/neutron_lib/callbacks/manager.py:176}}
Jun 01 22:28:12.644794 dv-neutron-844341-1-hyperv neutron-server[105303]: DEBUG neutron.wsgi [-] (105303) accepted ('10.222.0.41', 39416) {{(pid=105303) server /usr/local/lib/python3.8/dist-packages/eventlet/wsgi.py:1004}}
Jun 01 22:28:12.651510 dv-neutron-844341-1-hyperv neutron-server[105303]: DEBUG neutron_lib.callbacks.manager [None req-93248d69-6337-4311-803d-0af51d4eb06e tempest-RoutersIpV6AdminTest-1259981111 tempest-RoutersIpV6AdminTest-1259981111-project-admin] Publish callbacks ['neutron.services.auto_allocate.db._ensure_external_network_default_value_callback-8746287144039'] for network (fa0eef79-dd38-450b-8b29-be7d8a422271), precommit_create {{(pid=105303) _notify_loop /usr/local/lib/python3.8/dist-packages/neutron_lib/callbacks/manager.py:176}}
Jun 01 22:28:12.669889 dv-neutron-844341-1-hyperv neutron-server[105305]: DEBUG neutron.plugins.ml2.plugin [None req-2e96bd91-0ee3-4be4-a899-1b9eaf09e814 None None] Current status of the port 4fac4633-810e-47fe-b1a4-5013bbc838b6 is: ACTIVE; New status is: ACTIVE {{(pid=105305) _update_individual_port_db_status /opt/stack/neutron/neutron/plugins/ml2/plugin.py:2298}}
Jun 01 22:28:12.703431 dv-neutron-844341-1-hyperv neutron-server[105304]: DEBUG neutron.scheduler.dhcp_agent_scheduler [None req-fb07aad0-b0f8-4f88-9fd6-674dab16e382 tempest-FloatingIPAdminTestJSON-1754046921 tempest-FloatingIPAdminTestJSON-1754046921-project] Network bb108224-c20e-45ca-b526-b4dcf5768a13 is already hosted by enough agents. {{(pid=105304) _get_dhcp_agents_hosting_network /opt/stack/neutron/neutron/scheduler/dhcp_agent_scheduler.py:275}}
Jun 01 22:28:12.705883 dv-neutron-844341-1-hyperv neutron-server[105304]: DEBUG neutron.scheduler.dhcp_agent_scheduler [None req-ff551b54-5a9c-4395-9a74-011dd87cd078 tempest-PortsAdminExtendedAttrsTestJSON-2045979474 tempest-PortsAdminExtendedAttrsTestJSON-2045979474-project-admin] Network d4322979-7e6f-4c29-93cc-f8522f8ce4ab is already hosted by enough agents. {{(pid=105304) _get_dhcp_agents_hosting_network /opt/stack/neutron/neutron/scheduler/dhcp_agent_scheduler.py:275}}
Jun 01 22:28:12.709477 dv-neutron-844341-1-hyperv neutron-server[105304]: DEBUG neutron.scheduler.base_scheduler [None req-fb07aad0-b0f8-4f88-9fd6-674dab16e382 tempest-FloatingIPAdminTestJSON-1754046921 tempest-FloatingIPAdminTestJSON-1754046921-project] Resources bound (agent type, host, resource id): {{(pid=105304) schedule /opt/stack/neutron/neutron/scheduler/base_scheduler.py:57}}
Jun 01 22:28:12.713831 dv-neutron-844341-1-hyperv neutron-server[105304]: DEBUG neutron.scheduler.base_scheduler [None req-ff551b54-5a9c-4395-9a74-011dd87cd078 tempest-PortsAdminExtendedAttrsTestJSON-2045979474 tempest-PortsAdminExtendedAttrsTestJSON-2045979474-project-admin] Resources bound (agent type, host, resource id): {{(pid=105304) schedule /opt/stack/neutron/neutron/scheduler/base_scheduler.py:57}}
Jun 01 22:28:12.719030 dv-neutron-844341-1-hyperv neutron-server[105304]: DEBUG neutron.db.l3_dvrscheduler_db [None req-fb07aad0-b0f8-4f88-9fd6-674dab16e382 tempest-FloatingIPAdminTestJSON-1754046921 tempest-FloatingIPAdminTestJSON-1754046921-project] Received port after_create {{(pid=105304) _notify_l3_agent_new_port /opt/stack/neutron/neutron/db/l3_dvrscheduler_db.py:542}}
Jun 01 22:28:12.719952 dv-neutron-844341-1-hyperv neutron-server[105304]: DEBUG neutron.db.l3_dvrscheduler_db [None req-ff551b54-5a9c-4395-9a74-011dd87cd078 tempest-PortsAdminExtendedAttrsTestJSON-2045979474 tempest-PortsAdminExtendedAttrsTestJSON-2045979474-project-admin] Received port after_create {{(pid=105304) _notify_l3_agent_new_port /opt/stack/neutron/neutron/db/l3_dvrscheduler_db.py:542}}
Jun 01 22:28:12.720869 dv-neutron-844341-1-hyperv neutron-server[105304]: DEBUG neutron.pecan_wsgi.hooks.policy_enforcement [None req-ff551b54-5a9c-4395-9a74-011dd87cd078 tempest-PortsAdminExtendedAttrsTestJSON-2045979474 tempest-PortsAdminExtendedAttrsTestJSON-2045979474-project-admin] Attributes excluded by policy engine: ['standard_attr_id', 'network'] {{(pid=105304) _exclude_attributes_by_policy /opt/stack/neutron/neutron/pecan_wsgi/hooks/policy_enforcement.py:259}}
Jun 01 22:28:12.721509 dv-neutron-844341-1-hyperv neutron-server[105304]: DEBUG neutron_lib.callbacks.manager [None req-ff551b54-5a9c-4395-9a74-011dd87cd078 tempest-PortsAdminExtendedAttrsTestJSON-2045979474 tempest-PortsAdminExtendedAttrsTestJSON-2045979474-project-admin] Publish callbacks ['neutron.notifiers.nova.Notifier._send_nova_notification-254248'] for port (None), before_response {{(pid=105304) _notify_loop /usr/local/lib/python3.8/dist-packages/neutron_lib/callbacks/manager.py:176}}
Jun 01 22:28:12.723683 dv-neutron-844341-1-hyperv neutron-server[105304]: DEBUG neutron.api.rpc.handlers.resources_rpc [None req-fb07aad0-b0f8-4f88-9fd6-674dab16e382 tempest-FloatingIPAdminTestJSON-1754046921 tempest-FloatingIPAdminTestJSON-1754046921-project] Pushing event updated for resources: {'Port': ['ID=56ae2064-c01f-4b19-af39-c20cdce27131,revision_number=1']} {{(pid=105304) push /opt/stack/neutron/neutron/api/rpc/handlers/resources_rpc.py:237}}
Jun 01 22:28:12.769259 dv-neutron-844341-1-hyperv neutron-server[105303]: DEBUG dbcounter [-] [105303] Writing DB stats neutron:SELECT=83,neutron:INSERT=12,neutron:UPDATE=3,neutron:DELETE=2 {{(pid=105303) stat_writer /usr/local/lib/python3.8/dist-packages/dbcounter.py:114}}
Jun 01 22:28:12.771615 dv-neutron-844341-1-hyperv neutron-server[105303]: DEBUG neutron_lib.callbacks.manager [None req-fa232989-c2a9-4dcf-b119-5c1cc5950a2a tempest-ServerActionsTestJSON-199276843 tempest-ServerActionsTestJSON-199276843-project] Publish callbacks [] for port (1ab5f646-35c1-463f-99a4-d715f5491a7e), precommit_update {{(pid=105303) _notify_loop /usr/local/lib/python3.8/dist-packages/neutron_lib/callbacks/manager.py:176}}
Jun 01 22:28:12.804031 dv-neutron-844341-1-hyperv neutron-server[105303]: INFO neutron.wsgi [None req-6a175754-f6d3-4d13-8268-1678899f837b admin admin] 10.222.0.41 "GET /v2.0/security-groups?tenant_id=ea1e0a09ecfc4699a5d9e7ede80ff11c&name=default HTTP/1.1" status: 200 len: 2992 time: 0.1473048
Jun 01 22:28:12.877290 dv-neutron-844341-1-hyperv neutron-server[105303]: DEBUG neutron.wsgi [-] (105303) accepted ('10.222.0.41', 39420) {{(pid=105303) server /usr/local/lib/python3.8/dist-packages/eventlet/wsgi.py:1004}}
Jun 01 22:28:12.878276 dv-neutron-844341-1-hyperv neutron-server[105304]: DEBUG neutron.api.rpc.handlers.resources_rpc [None req-ff551b54-5a9c-4395-9a74-011dd87cd078 tempest-PortsAdminExtendedAttrsTestJSON-2045979474 tempest-PortsAdminExtendedAttrsTestJSON-2045979474-project-admin] Pushing event updated for resources: {'Port': ['ID=7db54328-718e-4fcb-8170-4b1b0188fabd,revision_number=1']} {{(pid=105304) push /opt/stack/neutron/neutron/api/rpc/handlers/resources_rpc.py:237}}
Jun 01 22:28:12.878276 dv-neutron-844341-1-hyperv neutron-server[105304]: DEBUG neutron.wsgi [req-dc5f0113-5f75-4b7a-a906-2f8479112322 req-e9006b22-dbb3-49eb-a574-357868641243 service neutron] http://10.222.0.41:9696/v2.0/extensions returned with HTTP 200 {{(pid=105304) __call__ /opt/stack/neutron/neutron/wsgi.py:730}}
Jun 01 22:28:12.878276 dv-neutron-844341-1-hyperv neutron-server[105304]: INFO neutron.wsgi [req-dc5f0113-5f75-4b7a-a906-2f8479112322 req-e9006b22-dbb3-49eb-a574-357868641243 service neutron] 10.222.0.41 "GET /v2.0/extensions HTTP/1.1" status: 200 len: 14320 time: 0.1645362
Jun 01 22:28:12.878615 dv-neutron-844341-1-hyperv neutron-server[105303]: DEBUG neutron_lib.callbacks.manager [None req-904670b5-1527-4f1b-8771-7d8faebabe25 tempest-ExtraDHCPOptionsIpV6TestJSON-1356261449 tempest-ExtraDHCPOptionsIpV6TestJSON-1356261449-project] Publish callbacks [] for port (6099b6bb-df9b-453d-a7f5-cc554f98949e), precommit_create {{(pid=105303) _notify_loop /usr/local/lib/python3.8/dist-packages/neutron_lib/callbacks/manager.py:176}}
Jun 01 22:28:12.878704 dv-neutron-844341-1-hyperv neutron-server[105304]: DEBUG neutron.pecan_wsgi.hooks.policy_enforcement [None req-fb07aad0-b0f8-4f88-9fd6-674dab16e382 tempest-FloatingIPAdminTestJSON-1754046921 tempest-FloatingIPAdminTestJSON-1754046921-project] Attributes excluded by policy engine: ['standard_attr_id', 'binding:profile', 'binding:host_id', 'binding:vif_type', 'binding:vif_details', 'network'] {{(pid=105304) _exclude_attributes_by_policy /opt/stack/neutron/neutron/pecan_wsgi/hooks/policy_enforcement.py:259}}
Jun 01 22:28:12.878704 dv-neutron-844341-1-hyperv neutron-server[105304]: DEBUG neutron_lib.callbacks.manager [None req-fb07aad0-b0f8-4f88-9fd6-674dab16e382 tempest-FloatingIPAdminTestJSON-1754046921 tempest-FloatingIPAdminTestJSON-1754046921-project] Publish callbacks ['neutron.notifiers.nova.Notifier._send_nova_notification-254248'] for port (None), before_response {{(pid=105304) _notify_loop /usr/local/lib/python3.8/dist-packages/neutron_lib/callbacks/manager.py:176}}
Jun 01 22:28:12.909514 dv-neutron-844341-1-hyperv neutron-server[105303]: DEBUG neutron_lib.callbacks.manager [None req-462aa7c3-e8cd-4049-a740-4522cf16b0e0 admin admin] Publish callbacks [] for security_group (0578fdf9-b015-4651-a6e9-112cfc567337), before_delete {{(pid=105303) _notify_loop /usr/local/lib/python3.8/dist-packages/neutron_lib/callbacks/manager.py:176}}
Jun 01 22:28:13.092558 dv-neutron-844341-1-hyperv neutron-server[105303]: DEBUG neutron_lib.callbacks.manager [None req-462aa7c3-e8cd-4049-a740-4522cf16b0e0 admin admin] Publish callbacks [] for security_group (0578fdf9-b015-4651-a6e9-112cfc567337), precommit_delete {{(pid=105303) _notify_loop /usr/local/lib/python3.8/dist-packages/neutron_lib/callbacks/manager.py:176}}
Jun 01 22:28:13.093174 dv-neutron-844341-1-hyperv neutron-server[105305]: DEBUG neutron.db.provisioning_blocks [None req-d563ef3b-b6c4-45d1-a2d7-c12eed4cfa28 None None] Provisioning complete for port 56ae2064-c01f-4b19-af39-c20cdce27131 triggered by entity DHCP. {{(pid=105305) provisioning_complete /opt/stack/neutron/neutron/db/provisioning_blocks.py:145}}
Jun 01 22:28:13.093174 dv-neutron-844341-1-hyperv neutron-server[105305]: DEBUG neutron_lib.callbacks.manager [None req-d563ef3b-b6c4-45d1-a2d7-c12eed4cfa28 None None] Publish callbacks ['neutron.plugins.ml2.plugin.Ml2Plugin._port_provisioned-3845754'] for port (56ae2064-c01f-4b19-af39-c20cdce27131), provisioning_complete {{(pid=105305) _notify_loop /usr/local/lib/python3.8/dist-packages/neutron_lib/callbacks/manager.py:176}}
Jun 01 22:28:13.093174 dv-neutron-844341-1-hyperv neutron-server[105305]: DEBUG neutron.plugins.ml2.plugin [None req-d563ef3b-b6c4-45d1-a2d7-c12eed4cfa28 None None] Port 56ae2064-c01f-4b19-af39-c20cdce27131 cannot update to ACTIVE because it is not bound. {{(pid=105305) _port_provisioned /opt/stack/neutron/neutron/plugins/ml2/plugin.py:354}}
Jun 01 22:28:13.093174 dv-neutron-844341-1-hyperv neutron-server[105305]: DEBUG neutron.plugins.ml2.rpc [None req-2e96bd91-0ee3-4be4-a899-1b9eaf09e814 None None] Device 4fac4633-810e-47fe-b1a4-5013bbc838b6 up at agent ovs-agent-dv-neutron-844341-1-hyperv {{(pid=105305) update_device_up /opt/stack/neutron/neutron/plugins/ml2/rpc.py:296}}
Jun 01 22:28:13.100430 dv-neutron-844341-1-hyperv neutron-server[105305]: DEBUG dbcounter [-] [105305] Writing DB stats neutron:SELECT=100 {{(pid=105305) stat_writer /usr/local/lib/python3.8/dist-packages/dbcounter.py:114}}
Jun 01 22:28:13.102400 dv-neutron-844341-1-hyperv neutron-server[105305]: DEBUG neutron.db.provisioning_blocks [None req-2e96bd91-0ee3-4be4-a899-1b9eaf09e814 None None] Provisioning complete for port 4fac4633-810e-47fe-b1a4-5013bbc838b6 triggered by entity L2. {{(pid=105305) provisioning_complete /opt/stack/neutron/neutron/db/provisioning_blocks.py:145}}
Jun 01 22:28:13.102770 dv-neutron-844341-1-hyperv neutron-server[105305]: DEBUG neutron_lib.callbacks.manager [None req-2e96bd91-0ee3-4be4-a899-1b9eaf09e814 None None] Publish callbacks ['neutron.plugins.ml2.plugin.Ml2Plugin._port_provisioned-3845754'] for port (4fac4633-810e-47fe-b1a4-5013bbc838b6), provisioning_complete {{(pid=105305) _notify_loop /usr/local/lib/python3.8/dist-packages/neutron_lib/callbacks/manager.py:176}}
Jun 01 22:28:13.178752 dv-neutron-844341-1-hyperv neutron-server[105303]: DEBUG neutron_lib.callbacks.manager [None req-fa232989-c2a9-4dcf-b119-5c1cc5950a2a tempest-ServerActionsTestJSON-199276843 tempest-ServerActionsTestJSON-199276843-project] Publish callbacks ['neutron.plugins.ml2.plugin.SecurityGroupServerNotifierRpcMixin._notify_sg_on_port_change-3866416', 'neutron.plugins.ml2.ovo_rpc._ObjectChangeHandler.handle_event-15116', 'neutron.api.rpc.agentnotifiers.dhcp_rpc_agent_api.DhcpAgentNotifyAPI._native_event_send_dhcp_notification-585036', 'neutron.db.l3_db.L3RpcNotifierMixin._notify_gateway_port_ip_changed-8746287693020', 'neutron.db.l3_dvrscheduler_db._notify_l3_agent_port_update-8746287159354', 'neutron.db.l3_hascheduler_db._notify_l3_agent_ha_port_update-8746287159372', 'neutron.services.segments.plugin.NovaSegmentNotifier._notify_port_updated-28848567'] for port (1ab5f646-35c1-463f-99a4-d715f5491a7e), after_update {{(pid=105303) _notify_loop /usr/local/lib/python3.8/dist-packages/neutron_lib/callbacks/manager.py:176}}
Jun 01 22:28:13.186911 dv-neutron-844341-1-hyperv neutron-server[105305]: DEBUG neutron.plugins.ml2.plugin [None req-2e96bd91-0ee3-4be4-a899-1b9eaf09e814 None None] Current status of the port 4fac4633-810e-47fe-b1a4-5013bbc838b6 is: ACTIVE; New status is: ACTIVE {{(pid=105305) _update_individual_port_db_status /opt/stack/neutron/neutron/plugins/ml2/plugin.py:2298}}
Jun 01 22:28:13.241395 dv-neutron-844341-1-hyperv neutron-server[105304]: INFO neutron.wsgi [req-bbb4dd3a-d31e-414b-8eca-cb48be8ae9b3 req-b8015bd1-b4e8-4f84-8543-a0cd7af78e0a tempest-ServersTestManualDisk-1339256371 tempest-ServersTestManualDisk-1339256371-project] 10.222.0.41 "GET /v2.0/ports?device_id=ab316e2b-73e8-4ad2-b899-0ac78612bb63 HTTP/1.1" status: 200 len: 210 time: 0.0383830
Jun 01 22:28:13.241395 dv-neutron-844341-1-hyperv neutron-server[105304]: INFO neutron.wsgi [req-dc5f0113-5f75-4b7a-a906-2f8479112322 req-2c5b053c-340a-44b0-a57b-8fd67f53ab59 service neutron] 10.222.0.41 "GET /v2.0/networks/7157df80-d5a6-470b-8427-8a1e9c4ee30a?fields=segments HTTP/1.1" status: 200 len: 212 time: 0.3801472
Jun 01 22:28:13.255230 dv-neutron-844341-1-hyperv neutron-server[105303]: DEBUG neutron.api.rpc.handlers.resources_rpc [None req-fa232989-c2a9-4dcf-b119-5c1cc5950a2a tempest-ServerActionsTestJSON-199276843 tempest-ServerActionsTestJSON-199276843-project] Pushing event updated for resources: {'Port': ['ID=1ab5f646-35c1-463f-99a4-d715f5491a7e,revision_number=2']} {{(pid=105303) push /opt/stack/neutron/neutron/api/rpc/handlers/resources_rpc.py:237}}
Jun 01 22:28:13.264420 dv-neutron-844341-1-hyperv neutron-server[105303]: DEBUG neutron_lib.callbacks.manager [None req-93248d69-6337-4311-803d-0af51d4eb06e tempest-RoutersIpV6AdminTest-1259981111 tempest-RoutersIpV6AdminTest-1259981111-project-admin] Publish callbacks ['neutron.plugins.ml2.ovo_rpc._ObjectChangeHandler.handle_event-758547', 'neutron.api.rpc.agentnotifiers.dhcp_rpc_agent_api.DhcpAgentNotifyAPI._native_event_send_dhcp_notification-585036'] for network (fa0eef79-dd38-450b-8b29-be7d8a422271), after_create {{(pid=105303) _notify_loop /usr/local/lib/python3.8/dist-packages/neutron_lib/callbacks/manager.py:176}}
Jun 01 22:28:13.266743 dv-neutron-844341-1-hyperv neutron-server[105303]: DEBUG neutron.pecan_wsgi.hooks.policy_enforcement [None req-93248d69-6337-4311-803d-0af51d4eb06e tempest-RoutersIpV6AdminTest-1259981111 tempest-RoutersIpV6AdminTest-1259981111-project-admin] Attributes excluded by policy engine: ['standard_attr_id', 'vlan_transparent'] {{(pid=105303) _exclude_attributes_by_policy /opt/stack/neutron/neutron/pecan_wsgi/hooks/policy_enforcement.py:259}}
Jun 01 22:28:13.266743 dv-neutron-844341-1-hyperv neutron-server[105303]: DEBUG neutron_lib.callbacks.manager [None req-93248d69-6337-4311-803d-0af51d4eb06e tempest-RoutersIpV6AdminTest-1259981111 tempest-RoutersIpV6AdminTest-1259981111-project-admin] Publish callbacks [] for network (None), before_response {{(pid=105303) _notify_loop /usr/local/lib/python3.8/dist-packages/neutron_lib/callbacks/manager.py:176}}
Jun 01 22:28:13.271641 dv-neutron-844341-1-hyperv neutron-server[105304]: INFO neutron.wsgi [None req-ff551b54-5a9c-4395-9a74-011dd87cd078 tempest-PortsAdminExtendedAttrsTestJSON-2045979474 tempest-PortsAdminExtendedAttrsTestJSON-2045979474-project-admin] 10.222.0.41 "POST /v2.0/ports HTTP/1.1" status: 201 len: 960 time: 1.9531832
Jun 01 22:28:13.297717 dv-neutron-844341-1-hyperv neutron-server[105304]: DEBUG neutron.wsgi [-] (105304) accepted ('10.222.0.41', 39426) {{(pid=105304) server /usr/local/lib/python3.8/dist-packages/eventlet/wsgi.py:1004}}
Jun 01 22:28:13.302982 dv-neutron-844341-1-hyperv neutron-server[105304]: DEBUG neutron.api.v2.base [None req-739bf0c3-74c4-4711-8413-af7d90a3be5c tempest-PortsAdminExtendedAttrsTestJSON-2045979474 tempest-PortsAdminExtendedAttrsTestJSON-2045979474-project-admin] Request body: {'port': {'binding:host_id': 'hv-neutron-8443'}} {{(pid=105304) prepare_request_body /opt/stack/neutron/neutron/api/v2/base.py:730}}
Jun 01 22:28:13.309541 dv-neutron-844341-1-hyperv neutron-server[105303]: DEBUG neutron_lib.callbacks.manager [None req-904670b5-1527-4f1b-8771-7d8faebabe25 tempest-ExtraDHCPOptionsIpV6TestJSON-1356261449 tempest-ExtraDHCPOptionsIpV6TestJSON-1356261449-project] Publish callbacks ['neutron.plugins.ml2.plugin.SecurityGroupServerNotifierRpcMixin._notify_sg_on_port_change-3866416', 'neutron.plugins.ml2.ovo_rpc._ObjectChangeHandler.handle_event-15116', 'neutron.api.rpc.agentnotifiers.dhcp_rpc_agent_api.DhcpAgentNotifyAPI._native_event_send_dhcp_notification-585036', 'neutron.db.l3_dvrscheduler_db._notify_l3_agent_new_port-8746287159336', 'neutron.services.segments.plugin.NovaSegmentNotifier._notify_port_created_or_deleted-28848526'] for port (6099b6bb-df9b-453d-a7f5-cc554f98949e), after_create {{(pid=105303) _notify_loop /usr/local/lib/python3.8/dist-packages/neutron_lib/callbacks/manager.py:176}}
Jun 01 22:28:13.313356 dv-neutron-844341-1-hyperv neutron-server[105303]: DEBUG neutron_lib.callbacks.manager [None req-462aa7c3-e8cd-4049-a740-4522cf16b0e0 admin admin] Publish callbacks ['neutron.plugins.ml2.ovo_rpc._ObjectChangeHandler.handle_event-780961'] for security_group (0578fdf9-b015-4651-a6e9-112cfc567337), after_delete {{(pid=105303) _notify_loop /usr/local/lib/python3.8/dist-packages/neutron_lib/callbacks/manager.py:176}}
Jun 01 22:28:13.316011 dv-neutron-844341-1-hyperv neutron-server[105303]: DEBUG neutron_lib.callbacks.manager [None req-462aa7c3-e8cd-4049-a740-4522cf16b0e0 admin admin] Publish callbacks [] for security_group (None), before_response {{(pid=105303) _notify_loop /usr/local/lib/python3.8/dist-packages/neutron_lib/callbacks/manager.py:176}}
Jun 01 22:28:13.317147 dv-neutron-844341-1-hyperv neutron-server[105303]: INFO neutron.wsgi [None req-462aa7c3-e8cd-4049-a740-4522cf16b0e0 admin admin] 10.222.0.41 "DELETE /v2.0/security-groups/0578fdf9-b015-4651-a6e9-112cfc567337 HTTP/1.1" status: 204 len: 168 time: 0.5045137
Jun 01 22:28:13.358711 dv-neutron-844341-1-hyperv neutron-server[105304]: INFO neutron.wsgi [None req-fb07aad0-b0f8-4f88-9fd6-674dab16e382 tempest-FloatingIPAdminTestJSON-1754046921 tempest-FloatingIPAdminTestJSON-1754046921-project] 10.222.0.41 "POST /v2.0/ports HTTP/1.1" status: 201 len: 934 time: 2.3324082
Jun 01 22:28:13.360546 dv-neutron-844341-1-hyperv neutron-server[105304]: DEBUG neutron.wsgi [-] (105304) accepted ('10.222.0.41', 39430) {{(pid=105304) server /usr/local/lib/python3.8/dist-packages/eventlet/wsgi.py:1004}}
Jun 01 22:28:13.391295 dv-neutron-844341-1-hyperv neutron-server[105303]: DEBUG neutron_lib.callbacks.manager [None req-fa232989-c2a9-4dcf-b119-5c1cc5950a2a tempest-ServerActionsTestJSON-199276843 tempest-ServerActionsTestJSON-199276843-project] Publish callbacks ['neutron.services.l3_router.l3_router_plugin.DVRResourceOperationHandler._create_dvr_floating_gw_port-548116'] for floatingip (a687b6e0-dad1-4a41-a744-f5afd2bc60af), after_create {{(pid=105303) _notify_loop /usr/local/lib/python3.8/dist-packages/neutron_lib/callbacks/manager.py:176}}
Jun 01 22:28:13.413736 dv-neutron-844341-1-hyperv neutron-server[105304]: DEBUG neutron_lib.callbacks.manager [None req-739bf0c3-74c4-4711-8413-af7d90a3be5c tempest-PortsAdminExtendedAttrsTestJSON-2045979474 tempest-PortsAdminExtendedAttrsTestJSON-2045979474-project-admin] Publish callbacks ['neutron.plugins.ml2.plugin.SecurityGroupDbMixin._ensure_default_security_group_handler-3866615'] for port (7db54328-718e-4fcb-8170-4b1b0188fabd), before_update {{(pid=105304) _notify_loop /usr/local/lib/python3.8/dist-packages/neutron_lib/callbacks/manager.py:176}}
Jun 01 22:28:13.417912 dv-neutron-844341-1-hyperv neutron-server[105303]: DEBUG neutron.api.rpc.handlers.resources_rpc [None req-462aa7c3-e8cd-4049-a740-4522cf16b0e0 admin admin] Pushing event deleted for resources: {'SecurityGroup': ['ID=0578fdf9-b015-4651-a6e9-112cfc567337,revision_number=None']} {{(pid=105303) push /opt/stack/neutron/neutron/api/rpc/handlers/resources_rpc.py:237}}
Jun 01 22:28:13.436115 dv-neutron-844341-1-hyperv neutron-server[105304]: DEBUG neutron.wsgi [-] (105304) accepted ('10.222.0.67', 56516) {{(pid=105304) server /usr/local/lib/python3.8/dist-packages/eventlet/wsgi.py:1004}}
Jun 01 22:28:13.461625 dv-neutron-844341-1-hyperv neutron-server[105303]: DEBUG neutron.scheduler.dhcp_agent_scheduler [None req-904670b5-1527-4f1b-8771-7d8faebabe25 tempest-ExtraDHCPOptionsIpV6TestJSON-1356261449 tempest-ExtraDHCPOptionsIpV6TestJSON-1356261449-project] Network bb02baf7-231d-43ea-91f2-8f5dc93cbed7 is already hosted by enough agents. {{(pid=105303) _get_dhcp_agents_hosting_network /opt/stack/neutron/neutron/scheduler/dhcp_agent_scheduler.py:275}}
Jun 01 22:28:13.461625 dv-neutron-844341-1-hyperv neutron-server[105303]: DEBUG neutron.api.rpc.handlers.resources_rpc [None req-93248d69-6337-4311-803d-0af51d4eb06e tempest-RoutersIpV6AdminTest-1259981111 tempest-RoutersIpV6AdminTest-1259981111-project-admin] Pushing event updated for resources: {'Network': ['ID=fa0eef79-dd38-450b-8b29-be7d8a422271,revision_number=1']} {{(pid=105303) push /opt/stack/neutron/neutron/api/rpc/handlers/resources_rpc.py:237}}
Jun 01 22:28:13.472265 dv-neutron-844341-1-hyperv neutron-server[105303]: INFO neutron.wsgi [None req-93248d69-6337-4311-803d-0af51d4eb06e tempest-RoutersIpV6AdminTest-1259981111 tempest-RoutersIpV6AdminTest-1259981111-project-admin] 10.222.0.41 "POST /v2.0/networks HTTP/1.1" status: 201 len: 875 time: 3.0484025
Jun 01 22:28:13.477169 dv-neutron-844341-1-hyperv neutron-server[105303]: DEBUG neutron.scheduler.base_scheduler [None req-904670b5-1527-4f1b-8771-7d8faebabe25 tempest-ExtraDHCPOptionsIpV6TestJSON-1356261449 tempest-ExtraDHCPOptionsIpV6TestJSON-1356261449-project] Resources bound (agent type, host, resource id): {{(pid=105303) schedule /opt/stack/neutron/neutron/scheduler/base_scheduler.py:57}}
Jun 01 22:28:13.477838 dv-neutron-844341-1-hyperv neutron-server[105305]: DEBUG neutron.plugins.ml2.rpc [None req-2e96bd91-0ee3-4be4-a899-1b9eaf09e814 None None] Network fa0eef79-dd38-450b-8b29-be7d8a422271 details requested by agent ovs-agent-dv-neutron-844341-1-hyperv with host dv-neutron-844341-1-hyperv {{(pid=105305) get_network_details /opt/stack/neutron/neutron/plugins/ml2/rpc.py:248}}
Jun 01 22:28:13.479916 dv-neutron-844341-1-hyperv neutron-server[105303]: DEBUG neutron.db.l3_dvrscheduler_db [None req-904670b5-1527-4f1b-8771-7d8faebabe25 tempest-ExtraDHCPOptionsIpV6TestJSON-1356261449 tempest-ExtraDHCPOptionsIpV6TestJSON-1356261449-project] Received port after_create {{(pid=105303) _notify_l3_agent_new_port /opt/stack/neutron/neutron/db/l3_dvrscheduler_db.py:542}}
Jun 01 22:28:13.482439 dv-neutron-844341-1-hyperv neutron-server[105304]: DEBUG neutron.wsgi [-] (105304) accepted ('10.222.0.41', 39434) {{(pid=105304) server /usr/local/lib/python3.8/dist-packages/eventlet/wsgi.py:1004}}
Jun 01 22:28:13.487049 dv-neutron-844341-1-hyperv neutron-server[105303]: DEBUG neutron.pecan_wsgi.hooks.policy_enforcement [None req-904670b5-1527-4f1b-8771-7d8faebabe25 tempest-ExtraDHCPOptionsIpV6TestJSON-1356261449 tempest-ExtraDHCPOptionsIpV6TestJSON-1356261449-project] Attributes excluded by policy engine: ['standard_attr_id', 'binding:profile', 'binding:host_id', 'binding:vif_type', 'binding:vif_details', 'network'] {{(pid=105303) _exclude_attributes_by_policy /opt/stack/neutron/neutron/pecan_wsgi/hooks/policy_enforcement.py:259}}
Jun 01 22:28:13.487729 dv-neutron-844341-1-hyperv neutron-server[105303]: DEBUG neutron_lib.callbacks.manager [None req-904670b5-1527-4f1b-8771-7d8faebabe25 tempest-ExtraDHCPOptionsIpV6TestJSON-1356261449 tempest-ExtraDHCPOptionsIpV6TestJSON-1356261449-project] Publish callbacks ['neutron.notifiers.nova.Notifier._send_nova_notification-254248'] for port (None), before_response {{(pid=105303) _notify_loop /usr/local/lib/python3.8/dist-packages/neutron_lib/callbacks/manager.py:176}}
Jun 01 22:28:13.499397 dv-neutron-844341-1-hyperv neutron-server[105303]: DEBUG neutron.api.rpc.handlers.resources_rpc [None req-904670b5-1527-4f1b-8771-7d8faebabe25 tempest-ExtraDHCPOptionsIpV6TestJSON-1356261449 tempest-ExtraDHCPOptionsIpV6TestJSON-1356261449-project] Pushing event updated for resources: {'Port': ['ID=6099b6bb-df9b-453d-a7f5-cc554f98949e,revision_number=1']} {{(pid=105303) push /opt/stack/neutron/neutron/api/rpc/handlers/resources_rpc.py:237}}
Jun 01 22:28:13.506023 dv-neutron-844341-1-hyperv neutron-server[105304]: DEBUG neutron.api.v2.base [None req-2a49eabd-f362-4a19-8acd-ae97bea65612 tempest-RoutersIpV6AdminTest-1259981111 tempest-RoutersIpV6AdminTest-1259981111-project-admin] Request body: {'subnet': {'network_id': 'fa0eef79-dd38-450b-8b29-be7d8a422271', 'cidr': '2001:db8::/64', 'ip_version': 6, 'gateway_ip': '2001:db8::1', 'enable_dhcp': False}} {{(pid=105304) prepare_request_body /opt/stack/neutron/neutron/api/v2/base.py:730}}
Jun 01 22:28:13.561932 dv-neutron-844341-1-hyperv neutron-server[105304]: INFO neutron.wsgi [req-dc5f0113-5f75-4b7a-a906-2f8479112322 req-0f2fcbc3-b502-49a1-8400-b0387c6b60a0 service neutron] 10.222.0.41 "GET /v2.0/networks/7157df80-d5a6-470b-8427-8a1e9c4ee30a?fields=provider%3Aphysical_network&fields=provider%3Anetwork_type HTTP/1.1" status: 200 len: 281 time: 0.3134470
Jun 01 22:28:13.569491 dv-neutron-844341-1-hyperv neutron-server[105303]: DEBUG neutron_lib.callbacks.manager [None req-fa232989-c2a9-4dcf-b119-5c1cc5950a2a tempest-ServerActionsTestJSON-199276843 tempest-ServerActionsTestJSON-199276843-project] Publish callbacks ['neutron.notifiers.nova.Notifier._send_nova_notification-254248'] for floatingip (None), before_response {{(pid=105303) _notify_loop /usr/local/lib/python3.8/dist-packages/neutron_lib/callbacks/manager.py:176}}
Jun 01 22:28:13.571007 dv-neutron-844341-1-hyperv neutron-server[105303]: INFO neutron.wsgi [None req-fa232989-c2a9-4dcf-b119-5c1cc5950a2a tempest-ServerActionsTestJSON-199276843 tempest-ServerActionsTestJSON-199276843-project] 10.222.0.41 "POST /v2.0/floatingips HTTP/1.1" status: 201 len: 692 time: 5.3023591
Jun 01 22:28:13.614091 dv-neutron-844341-1-hyperv neutron-server[105303]: INFO neutron.wsgi [None req-904670b5-1527-4f1b-8771-7d8faebabe25 tempest-ExtraDHCPOptionsIpV6TestJSON-1356261449 tempest-ExtraDHCPOptionsIpV6TestJSON-1356261449-project] 10.222.0.41 "POST /v2.0/ports HTTP/1.1" status: 201 len: 1150 time: 2.7128806
Jun 01 22:28:13.614637 dv-neutron-844341-1-hyperv neutron-server[105303]: DEBUG neutron.wsgi [-] (105303) accepted ('10.222.0.41', 39438) {{(pid=105303) server /usr/local/lib/python3.8/dist-packages/eventlet/wsgi.py:1004}}
