Jun 01 22:28:18.453095 dv-neutron-844341-1-hyperv neutron-server[105304]: INFO neutron.wsgi [req-84b9fe82-3d50-4caf-ad24-0791948fcb4c req-f7642c27-1e43-4027-9964-72092acda5a8 tempest-ServersTestManualDisk-1339256371 tempest-ServersTestManualDisk-1339256371-project] 10.222.0.67 "GET /v2.0/extensions HTTP/1.1" status: 200 len: 14320 time: 0.0414655
Jun 01 22:28:18.505149 dv-neutron-844341-1-hyperv neutron-server[105303]: DEBUG neutron_lib.callbacks.manager [None req-e35bef2e-529f-4eb8-81b3-047c26a2fc54 tempest-PortsAdminExtendedAttrsIpV6TestJSON-1894142645 tempest-PortsAdminExtendedAttrsIpV6TestJSON-1894142645-project] Publish callbacks ['neutron.plugins.ml2.ovo_rpc._ObjectChangeHandler.handle_event-758547', 'neutron.api.rpc.agentnotifiers.dhcp_rpc_agent_api.DhcpAgentNotifyAPI._native_event_send_dhcp_notification-585036'] for network (f757a874-2a8a-4c7e-b50b-0981e99face3), after_create {{(pid=105303) _notify_loop /usr/local/lib/python3.8/dist-packages/neutron_lib/callbacks/manager.py:176}}
Jun 01 22:28:18.520524 dv-neutron-844341-1-hyperv neutron-server[105303]: DEBUG neutron.pecan_wsgi.hooks.policy_enforcement [None req-e35bef2e-529f-4eb8-81b3-047c26a2fc54 tempest-PortsAdminExtendedAttrsIpV6TestJSON-1894142645 tempest-PortsAdminExtendedAttrsIpV6TestJSON-1894142645-project] Attributes excluded by policy engine: ['standard_attr_id', 'provider:network_type', 'provider:physical_network', 'provider:segmentation_id', 'vlan_transparent'] {{(pid=105303) _exclude_attributes_by_policy /opt/stack/neutron/neutron/pecan_wsgi/hooks/policy_enforcement.py:259}}
Jun 01 22:28:18.521180 dv-neutron-844341-1-hyperv neutron-server[105303]: DEBUG neutron_lib.callbacks.manager [None req-e35bef2e-529f-4eb8-81b3-047c26a2fc54 tempest-PortsAdminExtendedAttrsIpV6TestJSON-1894142645 tempest-PortsAdminExtendedAttrsIpV6TestJSON-1894142645-project] Publish callbacks [] for network (None), before_response {{(pid=105303) _notify_loop /usr/local/lib/python3.8/dist-packages/neutron_lib/callbacks/manager.py:176}}
Jun 01 22:28:18.654995 dv-neutron-844341-1-hyperv neutron-server[105304]: DEBUG neutron_lib.callbacks.manager [None req-4867aa7f-98a7-4dd6-83a8-c59ed8bee69e tempest-ExtraDHCPOptionsIpV6TestJSON-1356261449 tempest-ExtraDHCPOptionsIpV6TestJSON-1356261449-project] Publish callbacks ['neutron.plugins.ml2.plugin.External_net_db_mixin._before_network_delete_handler-3832414'] for network (bb02baf7-231d-43ea-91f2-8f5dc93cbed7), before_delete {{(pid=105304) _notify_loop /usr/local/lib/python3.8/dist-packages/neutron_lib/callbacks/manager.py:176}}
Jun 01 22:28:18.680270 dv-neutron-844341-1-hyperv neutron-server[105305]: DEBUG neutron.api.rpc.handlers.dhcp_rpc [None req-4c99ed20-77af-40c2-84ff-2701583582f4 None None] DHCP port deletion for bb02baf7-231d-43ea-91f2-8f5dc93cbed7 request from dv-neutron-844341-1-hyperv {{(pid=105305) release_dhcp_port /opt/stack/neutron/neutron/api/rpc/handlers/dhcp_rpc.py:249}}
Jun 01 22:28:18.680508 dv-neutron-844341-1-hyperv neutron-server[105303]: DEBUG neutron.api.rpc.handlers.resources_rpc [None req-e35bef2e-529f-4eb8-81b3-047c26a2fc54 tempest-PortsAdminExtendedAttrsIpV6TestJSON-1894142645 tempest-PortsAdminExtendedAttrsIpV6TestJSON-1894142645-project] Pushing event updated for resources: {'Network': ['ID=f757a874-2a8a-4c7e-b50b-0981e99face3,revision_number=1']} {{(pid=105303) push /opt/stack/neutron/neutron/api/rpc/handlers/resources_rpc.py:237}}
Jun 01 22:28:18.687089 dv-neutron-844341-1-hyperv neutron-server[105305]: DEBUG dbcounter [-] [105305] Writing DB stats neutron:SELECT=97,neutron:UPDATE=3 {{(pid=105305) stat_writer /usr/local/lib/python3.8/dist-packages/dbcounter.py:114}}
Jun 01 22:28:18.717255 dv-neutron-844341-1-hyperv neutron-server[105305]: DEBUG neutron.plugins.ml2.rpc [None req-2e96bd91-0ee3-4be4-a899-1b9eaf09e814 None None] Network f757a874-2a8a-4c7e-b50b-0981e99face3 details requested by agent ovs-agent-dv-neutron-844341-1-hyperv with host dv-neutron-844341-1-hyperv {{(pid=105305) get_network_details /opt/stack/neutron/neutron/plugins/ml2/rpc.py:248}}
Jun 01 22:28:18.727063 dv-neutron-844341-1-hyperv neutron-server[105303]: INFO neutron.wsgi [None req-e35bef2e-529f-4eb8-81b3-047c26a2fc54 tempest-PortsAdminExtendedAttrsIpV6TestJSON-1894142645 tempest-PortsAdminExtendedAttrsIpV6TestJSON-1894142645-project] 10.222.0.41 "POST /v2.0/networks HTTP/1.1" status: 201 len: 784 time: 1.9007907
Jun 01 22:28:18.782035 dv-neutron-844341-1-hyperv neutron-server[105303]: DEBUG neutron.wsgi [-] (105303) accepted ('10.222.0.67', 56523) {{(pid=105303) server /usr/local/lib/python3.8/dist-packages/eventlet/wsgi.py:1004}}
Jun 01 22:28:18.787867 dv-neutron-844341-1-hyperv neutron-server[105304]: DEBUG neutron.plugins.ml2.db [None req-739bf0c3-74c4-4711-8413-af7d90a3be5c tempest-PortsAdminExtendedAttrsTestJSON-2045979474 tempest-PortsAdminExtendedAttrsTestJSON-2045979474-project-admin] For port 7db54328-718e-4fcb-8170-4b1b0188fabd, host hv-neutron-8443, cleared binding levels {{(pid=105304) clear_binding_levels /opt/stack/neutron/neutron/plugins/ml2/db.py:87}}
Jun 01 22:28:18.787867 dv-neutron-844341-1-hyperv neutron-server[105304]: DEBUG neutron.plugins.ml2.db [None req-739bf0c3-74c4-4711-8413-af7d90a3be5c tempest-PortsAdminExtendedAttrsTestJSON-2045979474 tempest-PortsAdminExtendedAttrsTestJSON-2045979474-project-admin] Attempted to set empty binding levels {{(pid=105304) set_binding_levels /opt/stack/neutron/neutron/plugins/ml2/db.py:65}}
Jun 01 22:28:18.841957 dv-neutron-844341-1-hyperv neutron-server[105305]: DEBUG neutron.plugins.ml2.plugin [None req-4c99ed20-77af-40c2-84ff-2701583582f4 None None] Deleting port 4fac4633-810e-47fe-b1a4-5013bbc838b6 {{(pid=105305) _pre_delete_port /opt/stack/neutron/neutron/plugins/ml2/plugin.py:2043}}
Jun 01 22:28:18.842662 dv-neutron-844341-1-hyperv neutron-server[105305]: DEBUG neutron_lib.callbacks.manager [None req-4c99ed20-77af-40c2-84ff-2701583582f4 None None] Publish callbacks ['neutron.db.l3_db.L3_NAT_dbonly_mixin._prevent_l3_port_delete_callback-8746287719307'] for port (4fac4633-810e-47fe-b1a4-5013bbc838b6), before_delete {{(pid=105305) _notify_loop /usr/local/lib/python3.8/dist-packages/neutron_lib/callbacks/manager.py:176}}
Jun 01 22:28:19.010582 dv-neutron-844341-1-hyperv neutron-server[105305]: DEBUG neutron.plugins.ml2.db [None req-4c99ed20-77af-40c2-84ff-2701583582f4 None None] For port 4fac4633-810e-47fe-b1a4-5013bbc838b6, host dv-neutron-844341-1-hyperv, got binding levels [PortBindingLevel(driver='openvswitch',host='dv-neutron-844341-1-hyperv',level=0,port_id=4fac4633-810e-47fe-b1a4-5013bbc838b6,segment=NetworkSegment(ce757c2b-e348-459a-8f6c-bcb6ef84088a),segment_id=ce757c2b-e348-459a-8f6c-bcb6ef84088a)] {{(pid=105305) get_binding_level_objs /opt/stack/neutron/neutron/plugins/ml2/db.py:74}}
Jun 01 22:28:19.010891 dv-neutron-844341-1-hyperv neutron-server[105305]: DEBUG neutron_lib.callbacks.manager [None req-4c99ed20-77af-40c2-84ff-2701583582f4 None None] Publish callbacks ['neutron.services.l3_router.l3_router_plugin.L3_NAT_dbonly_mixin._precommit_delete_port_callback-538753'] for port (4fac4633-810e-47fe-b1a4-5013bbc838b6), precommit_delete {{(pid=105305) _notify_loop /usr/local/lib/python3.8/dist-packages/neutron_lib/callbacks/manager.py:176}}
Jun 01 22:28:19.072717 dv-neutron-844341-1-hyperv neutron-server[105305]: DEBUG neutron.plugins.ml2.plugin [None req-4c99ed20-77af-40c2-84ff-2701583582f4 None None] Calling delete_port for 4fac4633-810e-47fe-b1a4-5013bbc838b6 owned by network:dhcp {{(pid=105305) delete_port /opt/stack/neutron/neutron/plugins/ml2/plugin.py:2122}}
Jun 01 22:28:19.133702 dv-neutron-844341-1-hyperv neutron-server[105303]: DEBUG neutron.wsgi [-] (105303) accepted ('10.222.0.41', 39590) {{(pid=105303) server /usr/local/lib/python3.8/dist-packages/eventlet/wsgi.py:1004}}
Jun 01 22:28:19.141989 dv-neutron-844341-1-hyperv neutron-server[105305]: DEBUG neutron.plugins.ml2.rpc [None req-2e96bd91-0ee3-4be4-a899-1b9eaf09e814 None None] Device 4fac4633-810e-47fe-b1a4-5013bbc838b6 no longer exists at agent ovs-agent-dv-neutron-844341-1-hyperv {{(pid=105305) update_device_down /opt/stack/neutron/neutron/plugins/ml2/rpc.py:259}}
Jun 01 22:28:19.147515 dv-neutron-844341-1-hyperv neutron-server[105303]: DEBUG neutron.api.v2.base [None req-e2ac793d-200d-4886-a40f-481a604a6075 tempest-PortsAdminExtendedAttrsIpV6TestJSON-439176084 tempest-PortsAdminExtendedAttrsIpV6TestJSON-439176084-project-admin] Request body: {'port': {'network_id': 'f757a874-2a8a-4c7e-b50b-0981e99face3', 'binding:host_id': 'hv-neutron-8443', 'name': 'tempest-PortsAdminExtendedAttrsIpV6TestJSON-925085899'}} {{(pid=105303) prepare_request_body /opt/stack/neutron/neutron/api/v2/base.py:730}}
Jun 01 22:28:19.161724 dv-neutron-844341-1-hyperv neutron-server[105303]: DEBUG neutron.pecan_wsgi.hooks.policy_enforcement [req-dc5f0113-5f75-4b7a-a906-2f8479112322 req-7b8cb4f0-bdb2-4acd-982f-44be8f4d0850 tempest-ServersTestJSON-798596989 tempest-ServersTestJSON-798596989-project] Attributes excluded by policy engine: ['standard_attr_id', 'vlan_transparent', 'provider:network_type', 'provider:physical_network', 'provider:segmentation_id'] {{(pid=105303) _exclude_attributes_by_policy /opt/stack/neutron/neutron/pecan_wsgi/hooks/policy_enforcement.py:259}}
Jun 01 22:28:19.164931 dv-neutron-844341-1-hyperv neutron-server[105303]: INFO neutron.wsgi [req-dc5f0113-5f75-4b7a-a906-2f8479112322 req-7b8cb4f0-bdb2-4acd-982f-44be8f4d0850 tempest-ServersTestJSON-798596989 tempest-ServersTestJSON-798596989-project] 10.222.0.67 "GET /v2.0/networks?id=7157df80-d5a6-470b-8427-8a1e9c4ee30a HTTP/1.1" status: 200 len: 806 time: 0.3490272
Jun 01 22:28:19.164931 dv-neutron-844341-1-hyperv neutron-server[105303]: DEBUG dbcounter [-] [105303] Writing DB stats neutron:SELECT=92,neutron:UPDATE=5,neutron:INSERT=3 {{(pid=105303) stat_writer /usr/local/lib/python3.8/dist-packages/dbcounter.py:114}}
Jun 01 22:28:19.168913 dv-neutron-844341-1-hyperv neutron-server[105304]: INFO neutron.wsgi [req-5753d3e0-2171-43c6-9bcb-8d252df74974 req-dd226cdc-2a68-4cb3-9a08-315a95f1a0e4 tempest-ServersTestJSON-798596989 tempest-ServersTestJSON-798596989-project] 10.222.0.41 "GET /v2.0/ports?device_id=0ea60565-ee7c-4b82-922b-a40878ccb5bc HTTP/1.1" status: 200 len: 210 time: 0.5097384
Jun 01 22:28:19.223524 dv-neutron-844341-1-hyperv neutron-server[105304]: DEBUG neutron_lib.callbacks.manager [None req-0e34d256-11c0-4067-87ac-33cdc19a333f tempest-FloatingIPAdminTestJSON-168095315 tempest-FloatingIPAdminTestJSON-168095315-project-admin] Publish callbacks [] for floatingip (b2e08c8a-7a47-457b-b0ec-1ada2f24df38), precommit_create {{(pid=105304) _notify_loop /usr/local/lib/python3.8/dist-packages/neutron_lib/callbacks/manager.py:176}}
Jun 01 22:28:19.275888 dv-neutron-844341-1-hyperv neutron-server[105304]: DEBUG neutron_lib.callbacks.manager [None req-739bf0c3-74c4-4711-8413-af7d90a3be5c tempest-PortsAdminExtendedAttrsTestJSON-2045979474 tempest-PortsAdminExtendedAttrsTestJSON-2045979474-project-admin] Publish callbacks ['neutron.plugins.ml2.plugin.SecurityGroupServerNotifierRpcMixin._notify_sg_on_port_change-3866416', 'neutron.plugins.ml2.ovo_rpc._ObjectChangeHandler.handle_event-15116', 'neutron.api.rpc.agentnotifiers.dhcp_rpc_agent_api.DhcpAgentNotifyAPI._native_event_send_dhcp_notification-585036', 'neutron.db.l3_db.L3RpcNotifierMixin._notify_gateway_port_ip_changed-8746287693020', 'neutron.db.l3_dvrscheduler_db._notify_l3_agent_port_update-8746287159354', 'neutron.db.l3_hascheduler_db._notify_l3_agent_ha_port_update-8746287159372', 'neutron.services.segments.plugin.NovaSegmentNotifier._notify_port_updated-28006809'] for port (7db54328-718e-4fcb-8170-4b1b0188fabd), after_update {{(pid=105304) _notify_loop /usr/local/lib/python3.8/dist-packages/neutron_lib/callbacks/manager.py:176}}
Jun 01 22:28:19.307490 dv-neutron-844341-1-hyperv neutron-server[105303]: DEBUG neutron.pecan_wsgi.hooks.quota_enforcement [None req-e2ac793d-200d-4886-a40f-481a604a6075 tempest-PortsAdminExtendedAttrsIpV6TestJSON-439176084 tempest-PortsAdminExtendedAttrsIpV6TestJSON-439176084-project-admin] Made reservation on behalf of 7a41f0293b1d43708bdaf2ae72e24cc1 for: {'port': 1} {{(pid=105303) before /opt/stack/neutron/neutron/pecan_wsgi/hooks/quota_enforcement.py:53}}
Jun 01 22:28:19.316878 dv-neutron-844341-1-hyperv neutron-server[105304]: DEBUG neutron.api.v2.base [req-84b9fe82-3d50-4caf-ad24-0791948fcb4c req-50b14117-8d04-45ed-bed4-1ff8c3b09465 service neutron] Request body: {'port': {'device_id': 'ab316e2b-73e8-4ad2-b899-0ac78612bb63', 'device_owner': 'compute:nova', 'binding:host_id': 'hv-neutron-8443'}} {{(pid=105304) prepare_request_body /opt/stack/neutron/neutron/api/v2/base.py:730}}
Jun 01 22:28:19.318071 dv-neutron-844341-1-hyperv neutron-server[105303]: DEBUG neutron_lib.callbacks.manager [None req-e2ac793d-200d-4886-a40f-481a604a6075 tempest-PortsAdminExtendedAttrsIpV6TestJSON-439176084 tempest-PortsAdminExtendedAttrsIpV6TestJSON-439176084-project-admin] Publish callbacks ['neutron.plugins.ml2.plugin.SecurityGroupDbMixin._ensure_default_security_group_handler-3866615'] for port (None), before_create {{(pid=105303) _notify_loop /usr/local/lib/python3.8/dist-packages/neutron_lib/callbacks/manager.py:176}}
Jun 01 22:28:19.379588 dv-neutron-844341-1-hyperv neutron-server[105305]: DEBUG dbcounter [-] [105305] Writing DB stats neutron:SELECT=99,neutron:UPDATE=1 {{(pid=105305) stat_writer /usr/local/lib/python3.8/dist-packages/dbcounter.py:114}}
Jun 01 22:28:19.429325 dv-neutron-844341-1-hyperv neutron-server[105303]: DEBUG neutron_lib.callbacks.manager [None req-e2ac793d-200d-4886-a40f-481a604a6075 tempest-PortsAdminExtendedAttrsIpV6TestJSON-439176084 tempest-PortsAdminExtendedAttrsIpV6TestJSON-439176084-project-admin] Publish callbacks [] for security_group (None), before_create {{(pid=105303) _notify_loop /usr/local/lib/python3.8/dist-packages/neutron_lib/callbacks/manager.py:176}}
Jun 01 22:28:19.490578 dv-neutron-844341-1-hyperv neutron-server[105305]: DEBUG neutron.plugins.ml2.plugin [None req-2e96bd91-0ee3-4be4-a899-1b9eaf09e814 None None] Current status of the port 4fac4633-810e-47fe-b1a4-5013bbc838b6 is: ACTIVE; New status is: DOWN {{(pid=105305) _update_individual_port_db_status /opt/stack/neutron/neutron/plugins/ml2/plugin.py:2298}}
Jun 01 22:28:19.491582 dv-neutron-844341-1-hyperv neutron-server[105305]: DEBUG neutron_lib.callbacks.manager [None req-2e96bd91-0ee3-4be4-a899-1b9eaf09e814 None None] Publish callbacks ['neutron.plugins.ml2.plugin.SecurityGroupDbMixin._ensure_default_security_group_handler-3866615'] for port (4fac4633-810e-47fe-b1a4-5013bbc838b6), before_update {{(pid=105305) _notify_loop /usr/local/lib/python3.8/dist-packages/neutron_lib/callbacks/manager.py:176}}
Jun 01 22:28:19.503442 dv-neutron-844341-1-hyperv neutron-server[105303]: INFO neutron.wsgi [req-dc5f0113-5f75-4b7a-a906-2f8479112322 req-1e920f23-c366-4e81-a6d6-78b9c1651bb5 tempest-ServersTestJSON-798596989 tempest-ServersTestJSON-798596989-project] 10.222.0.67 "GET /v2.0/security-groups?fields=id&fields=name&tenant_id=97cd6578ebcd45568fd694ae3dddb0fe HTTP/1.1" status: 200 len: 380 time: 0.2780063
Jun 01 22:28:19.608739 dv-neutron-844341-1-hyperv neutron-server[105303]: DEBUG neutron_lib.callbacks.manager [None req-e2ac793d-200d-4886-a40f-481a604a6075 tempest-PortsAdminExtendedAttrsIpV6TestJSON-439176084 tempest-PortsAdminExtendedAttrsIpV6TestJSON-439176084-project-admin] Publish callbacks [] for security_group (bbffff9b-5634-4ea9-9f62-32d042b56dc1), precommit_create {{(pid=105303) _notify_loop /usr/local/lib/python3.8/dist-packages/neutron_lib/callbacks/manager.py:176}}
Jun 01 22:28:19.680641 dv-neutron-844341-1-hyperv neutron-server[105304]: DEBUG dbcounter [-] [105304] Writing DB stats neutron:SELECT=98,neutron:DELETE=2 {{(pid=105304) stat_writer /usr/local/lib/python3.8/dist-packages/dbcounter.py:114}}
Jun 01 22:28:19.764487 dv-neutron-844341-1-hyperv neutron-server[105304]: DEBUG dbcounter [-] [105304] Writing DB stats neutron:SELECT=89,neutron:DELETE=4,neutron:INSERT=7 {{(pid=105304) stat_writer /usr/local/lib/python3.8/dist-packages/dbcounter.py:114}}
Jun 01 22:28:19.808912 dv-neutron-844341-1-hyperv neutron-server[105304]: DEBUG neutron.plugins.ml2.plugin [None req-4867aa7f-98a7-4dd6-83a8-c59ed8bee69e tempest-ExtraDHCPOptionsIpV6TestJSON-1356261449 tempest-ExtraDHCPOptionsIpV6TestJSON-1356261449-project] Deleting port 4fac4633-810e-47fe-b1a4-5013bbc838b6 {{(pid=105304) _pre_delete_port /opt/stack/neutron/neutron/plugins/ml2/plugin.py:2043}}
Jun 01 22:28:19.808912 dv-neutron-844341-1-hyperv neutron-server[105304]: DEBUG neutron_lib.callbacks.manager [None req-4867aa7f-98a7-4dd6-83a8-c59ed8bee69e tempest-ExtraDHCPOptionsIpV6TestJSON-1356261449 tempest-ExtraDHCPOptionsIpV6TestJSON-1356261449-project] Publish callbacks ['neutron.db.l3_db.L3_NAT_dbonly_mixin._prevent_l3_port_delete_callback-8746287719307'] for port (4fac4633-810e-47fe-b1a4-5013bbc838b6), before_delete {{(pid=105304) _notify_loop /usr/local/lib/python3.8/dist-packages/neutron_lib/callbacks/manager.py:176}}
Jun 01 22:28:19.826424 dv-neutron-844341-1-hyperv neutron-server[105304]: INFO neutron.wsgi [req-1241b1b4-d824-49bb-8637-4793b236ef2b req-de05a7c2-80b9-4f25-b520-a3dbe0bf4ffa tempest-ServerActionsTestJSON-199276843 tempest-ServerActionsTestJSON-199276843-project] 10.222.0.41 "GET /v2.0/ports?device_id=2901dd1e-5239-41bf-81f5-dacf9825df2e HTTP/1.1" status: 200 len: 210 time: 0.6566308
Jun 01 22:28:19.858992 dv-neutron-844341-1-hyperv neutron-server[105304]: DEBUG neutron.plugins.ml2.plugin [None req-739bf0c3-74c4-4711-8413-af7d90a3be5c tempest-PortsAdminExtendedAttrsTestJSON-2045979474 tempest-PortsAdminExtendedAttrsTestJSON-2045979474-project-admin] In _notify_port_updated(), no bound segment for port 7db54328-718e-4fcb-8170-4b1b0188fabd on network d4322979-7e6f-4c29-93cc-f8522f8ce4ab {{(pid=105304) _notify_port_updated /opt/stack/neutron/neutron/plugins/ml2/plugin.py:937}}
Jun 01 22:28:19.859846 dv-neutron-844341-1-hyperv neutron-server[105304]: DEBUG neutron.pecan_wsgi.hooks.policy_enforcement [None req-739bf0c3-74c4-4711-8413-af7d90a3be5c tempest-PortsAdminExtendedAttrsTestJSON-2045979474 tempest-PortsAdminExtendedAttrsTestJSON-2045979474-project-admin] Attributes excluded by policy engine: ['standard_attr_id'] {{(pid=105304) _exclude_attributes_by_policy /opt/stack/neutron/neutron/pecan_wsgi/hooks/policy_enforcement.py:259}}
Jun 01 22:28:19.860443 dv-neutron-844341-1-hyperv neutron-server[105304]: DEBUG neutron_lib.callbacks.manager [None req-739bf0c3-74c4-4711-8413-af7d90a3be5c tempest-PortsAdminExtendedAttrsTestJSON-2045979474 tempest-PortsAdminExtendedAttrsTestJSON-2045979474-project-admin] Publish callbacks ['neutron.notifiers.nova.Notifier._send_nova_notification-254248'] for port (None), before_response {{(pid=105304) _notify_loop /usr/local/lib/python3.8/dist-packages/neutron_lib/callbacks/manager.py:176}}
Jun 01 22:28:19.861892 dv-neutron-844341-1-hyperv neutron-server[105304]: INFO neutron.wsgi [None req-739bf0c3-74c4-4711-8413-af7d90a3be5c tempest-PortsAdminExtendedAttrsTestJSON-2045979474 tempest-PortsAdminExtendedAttrsTestJSON-2045979474-project-admin] 10.222.0.41 "PUT /v2.0/ports/7db54328-718e-4fcb-8170-4b1b0188fabd HTTP/1.1" status: 200 len: 977 time: 6.5631945
Jun 01 22:28:19.864790 dv-neutron-844341-1-hyperv neutron-server[105303]: DEBUG neutron.wsgi [-] (105303) accepted ('10.222.0.41', 39602) {{(pid=105303) server /usr/local/lib/python3.8/dist-packages/eventlet/wsgi.py:1004}}
Jun 01 22:28:19.872427 dv-neutron-844341-1-hyperv neutron-server[105304]: DEBUG neutron.db.db_base_plugin_common [None req-1c41a159-62b6-42b9-99d0-d7df21de1871 tempest-RoutersIpV6AdminTest-1259981111 tempest-RoutersIpV6AdminTest-1259981111-project-admin] Allocated IP 2001:db8::3ba (fa0eef79-dd38-450b-8b29-be7d8a422271/f1b45d37-a157-4a9c-a6ad-03b05729fa4e/86696976-7bc6-4b4b-83fa-a046dd9983eb) {{(pid=105304) _store_ip_allocation /opt/stack/neutron/neutron/db/db_base_plugin_common.py:131}}
Jun 01 22:28:19.951657 dv-neutron-844341-1-hyperv neutron-server[105304]: DEBUG neutron.pecan_wsgi.hooks.policy_enforcement [req-e104b7db-3448-4222-a498-28a8ada9608f req-443b5f2d-243d-458f-8cf6-d35f372ffa89 tempest-ServersTestManualDisk-1339256371 tempest-ServersTestManualDisk-1339256371-project] Attributes excluded by policy engine: ['standard_attr_id', 'binding:profile', 'binding:host_id', 'binding:vif_type', 'binding:vif_details'] {{(pid=105304) _exclude_attributes_by_policy /opt/stack/neutron/neutron/pecan_wsgi/hooks/policy_enforcement.py:259}}
Jun 01 22:28:19.953402 dv-neutron-844341-1-hyperv neutron-server[105304]: INFO neutron.wsgi [req-e104b7db-3448-4222-a498-28a8ada9608f req-443b5f2d-243d-458f-8cf6-d35f372ffa89 tempest-ServersTestManualDisk-1339256371 tempest-ServersTestManualDisk-1339256371-project] 10.222.0.41 "GET /v2.0/ports?device_id=ab316e2b-73e8-4ad2-b899-0ac78612bb63 HTTP/1.1" status: 200 len: 932 time: 0.2451627
Jun 01 22:28:19.958560 dv-neutron-844341-1-hyperv neutron-server[105304]: DEBUG neutron.api.rpc.handlers.resources_rpc [None req-739bf0c3-74c4-4711-8413-af7d90a3be5c tempest-PortsAdminExtendedAttrsTestJSON-2045979474 tempest-PortsAdminExtendedAttrsTestJSON-2045979474-project-admin] Pushing event updated for resources: {'Port': ['ID=7db54328-718e-4fcb-8170-4b1b0188fabd,revision_number=3']} {{(pid=105304) push /opt/stack/neutron/neutron/api/rpc/handlers/resources_rpc.py:237}}
Jun 01 22:28:19.970348 dv-neutron-844341-1-hyperv neutron-server[105303]: DEBUG neutron.plugins.ml2.plugin [None req-d6c320e5-964e-44fa-b692-957e455506ad tempest-PortsAdminExtendedAttrsTestJSON-2045979474 tempest-PortsAdminExtendedAttrsTestJSON-2045979474-project-admin] Deleting port 7db54328-718e-4fcb-8170-4b1b0188fabd {{(pid=105303) _pre_delete_port /opt/stack/neutron/neutron/plugins/ml2/plugin.py:2043}}
Jun 01 22:28:19.970769 dv-neutron-844341-1-hyperv neutron-server[105303]: DEBUG neutron_lib.callbacks.manager [None req-d6c320e5-964e-44fa-b692-957e455506ad tempest-PortsAdminExtendedAttrsTestJSON-2045979474 tempest-PortsAdminExtendedAttrsTestJSON-2045979474-project-admin] Publish callbacks ['neutron.db.l3_db.L3_NAT_dbonly_mixin._prevent_l3_port_delete_callback-8746287719307'] for port (7db54328-718e-4fcb-8170-4b1b0188fabd), before_delete {{(pid=105303) _notify_loop /usr/local/lib/python3.8/dist-packages/neutron_lib/callbacks/manager.py:176}}
Jun 01 22:28:19.976374 dv-neutron-844341-1-hyperv neutron-server[105305]: DEBUG neutron_lib.callbacks.manager [None req-4c99ed20-77af-40c2-84ff-2701583582f4 None None] Publish callbacks ['neutron.plugins.ml2.plugin.SecurityGroupServerNotifierRpcMixin._notify_sg_on_port_change-3866416', 'neutron.plugins.ml2.ovo_rpc._ObjectChangeHandler.handle_event-15116', 'neutron.api.rpc.agentnotifiers.dhcp_rpc_agent_api.DhcpAgentNotifyAPI._native_event_send_dhcp_notification-585036', 'neutron.db.l3_db.L3RpcNotifierMixin._notify_routers_callback-8746287693002', 'neutron.db.l3_dvrscheduler_db._notify_port_delete-8746287159345'] for port (4fac4633-810e-47fe-b1a4-5013bbc838b6), after_delete {{(pid=105305) _notify_loop /usr/local/lib/python3.8/dist-packages/neutron_lib/callbacks/manager.py:176}}
Jun 01 22:28:19.987347 dv-neutron-844341-1-hyperv neutron-server[105303]: DEBUG neutron_lib.callbacks.manager [None req-e2ac793d-200d-4886-a40f-481a604a6075 tempest-PortsAdminExtendedAttrsIpV6TestJSON-439176084 tempest-PortsAdminExtendedAttrsIpV6TestJSON-439176084-project-admin] Publish callbacks ['neutron.plugins.ml2.ovo_rpc._ObjectChangeHandler.handle_event-780961'] for security_group (bbffff9b-5634-4ea9-9f62-32d042b56dc1), after_create {{(pid=105303) _notify_loop /usr/local/lib/python3.8/dist-packages/neutron_lib/callbacks/manager.py:176}}
Jun 01 22:28:20.026747 dv-neutron-844341-1-hyperv neutron-server[105303]: DEBUG neutron.notifiers.nova [None req-e2ac793d-200d-4886-a40f-481a604a6075 tempest-PortsAdminExtendedAttrsIpV6TestJSON-439176084 tempest-PortsAdminExtendedAttrsIpV6TestJSON-439176084-project-admin] device_id is not set on port 219cc69b-b54c-44b8-b060-3ae1d1c9f510 yet. {{(pid=105303) _can_notify /opt/stack/neutron/neutron/notifiers/nova.py:199}}
Jun 01 22:28:20.044814 dv-neutron-844341-1-hyperv neutron-server[105305]: DEBUG neutron.db.l3_dvrscheduler_db [None req-4c99ed20-77af-40c2-84ff-2701583582f4 None None] No DVR routers for this DVR port 4fac4633-810e-47fe-b1a4-5013bbc838b6 on host dv-neutron-844341-1-hyperv {{(pid=105305) get_dvr_routers_to_remove /opt/stack/neutron/neutron/db/l3_dvrscheduler_db.py:215}}
Jun 01 22:28:20.046967 dv-neutron-844341-1-hyperv neutron-server[105305]: DEBUG neutron.api.rpc.handlers.resources_rpc [None req-4c99ed20-77af-40c2-84ff-2701583582f4 None None] Pushing event deleted for resources: {'Port': ['ID=4fac4633-810e-47fe-b1a4-5013bbc838b6,revision_number=None']} {{(pid=105305) push /opt/stack/neutron/neutron/api/rpc/handlers/resources_rpc.py:237}}
Jun 01 22:28:20.065316 dv-neutron-844341-1-hyperv neutron-server[105305]: DEBUG neutron_lib.callbacks.manager [None req-70d514ef-2a97-462c-9bdd-496437438f4e None None] Publish callbacks ['neutron.services.segments.db._update_segment_host_mapping_for_agent-8746287611028', 'neutron.plugins.ml2.plugin.Ml2Plugin._retry_binding_revived_agents-3821732'] for agent (6412c152-c3fb-49d0-8d35-ebc77d321351), after_update {{(pid=105305) _notify_loop /usr/local/lib/python3.8/dist-packages/neutron_lib/callbacks/manager.py:176}}
Jun 01 22:28:20.109880 dv-neutron-844341-1-hyperv neutron-server[105304]: DEBUG neutron.plugins.ml2.db [None req-4867aa7f-98a7-4dd6-83a8-c59ed8bee69e tempest-ExtraDHCPOptionsIpV6TestJSON-1356261449 tempest-ExtraDHCPOptionsIpV6TestJSON-1356261449-project] For port 4fac4633-810e-47fe-b1a4-5013bbc838b6, host dv-neutron-844341-1-hyperv, got binding levels [PortBindingLevel(driver='openvswitch',host='dv-neutron-844341-1-hyperv',level=0,port_id=4fac4633-810e-47fe-b1a4-5013bbc838b6,segment=NetworkSegment(ce757c2b-e348-459a-8f6c-bcb6ef84088a),segment_id=ce757c2b-e348-459a-8f6c-bcb6ef84088a)] {{(pid=105304) get_binding_level_objs /opt/stack/neutron/neutron/plugins/ml2/db.py:74}}
Jun 01 22:28:20.110513 dv-neutron-844341-1-hyperv neutron-server[105304]: DEBUG neutron_lib.callbacks.manager [None req-4867aa7f-98a7-4dd6-83a8-c59ed8bee69e tempest-ExtraDHCPOptionsIpV6TestJSON-1356261449 tempest-ExtraDHCPOptionsIpV6TestJSON-1356261449-project] Publish callbacks ['neutron.services.l3_router.l3_router_plugin.L3_NAT_dbonly_mixin._precommit_delete_port_callback-538753'] for port (4fac4633-810e-47fe-b1a4-5013bbc838b6), precommit_delete {{(pid=105304) _notify_loop /usr/local/lib/python3.8/dist-packages/neutron_lib/callbacks/manager.py:176}}
Jun 01 22:28:20.131608 dv-neutron-844341-1-hyperv neutron-server[105303]: DEBUG neutron.api.rpc.handlers.resources_rpc [None req-e2ac793d-200d-4886-a40f-481a604a6075 tempest-PortsAdminExtendedAttrsIpV6TestJSON-439176084 tempest-PortsAdminExtendedAttrsIpV6TestJSON-439176084-project-admin] Pushing event updated for resources: {'SecurityGroup': ['ID=bbffff9b-5634-4ea9-9f62-32d042b56dc1,revision_number=1']} {{(pid=105303) push /opt/stack/neutron/neutron/api/rpc/handlers/resources_rpc.py:237}}
Jun 01 22:28:20.138015 dv-neutron-844341-1-hyperv neutron-server[105304]: DEBUG neutron_lib.callbacks.manager [req-84b9fe82-3d50-4caf-ad24-0791948fcb4c req-50b14117-8d04-45ed-bed4-1ff8c3b09465 service neutron] Publish callbacks ['neutron.plugins.ml2.plugin.SecurityGroupDbMixin._ensure_default_security_group_handler-3866615'] for port (36e0a822-c088-4ce0-8428-1ae1473f468b), before_update {{(pid=105304) _notify_loop /usr/local/lib/python3.8/dist-packages/neutron_lib/callbacks/manager.py:176}}
Jun 01 22:28:20.165981 dv-neutron-844341-1-hyperv neutron-server[105303]: DEBUG neutron.plugins.ml2.db [None req-d6c320e5-964e-44fa-b692-957e455506ad tempest-PortsAdminExtendedAttrsTestJSON-2045979474 tempest-PortsAdminExtendedAttrsTestJSON-2045979474-project-admin] For port 7db54328-718e-4fcb-8170-4b1b0188fabd, host hv-neutron-8443, got binding levels [] {{(pid=105303) get_binding_level_objs /opt/stack/neutron/neutron/plugins/ml2/db.py:74}}
Jun 01 22:28:20.167345 dv-neutron-844341-1-hyperv neutron-server[105303]: DEBUG neutron_lib.callbacks.manager [None req-d6c320e5-964e-44fa-b692-957e455506ad tempest-PortsAdminExtendedAttrsTestJSON-2045979474 tempest-PortsAdminExtendedAttrsTestJSON-2045979474-project-admin] Publish callbacks ['neutron.services.l3_router.l3_router_plugin.L3_NAT_dbonly_mixin._precommit_delete_port_callback-538753'] for port (7db54328-718e-4fcb-8170-4b1b0188fabd), precommit_delete {{(pid=105303) _notify_loop /usr/local/lib/python3.8/dist-packages/neutron_lib/callbacks/manager.py:176}}
Jun 01 22:28:20.192995 dv-neutron-844341-1-hyperv neutron-server[105304]: DEBUG neutron.plugins.ml2.plugin [None req-4867aa7f-98a7-4dd6-83a8-c59ed8bee69e tempest-ExtraDHCPOptionsIpV6TestJSON-1356261449 tempest-ExtraDHCPOptionsIpV6TestJSON-1356261449-project] Calling delete_port for 4fac4633-810e-47fe-b1a4-5013bbc838b6 owned by network:dhcp {{(pid=105304) delete_port /opt/stack/neutron/neutron/plugins/ml2/plugin.py:2122}}
Jun 01 22:28:20.205497 dv-neutron-844341-1-hyperv neutron-server[105303]: DEBUG neutron.plugins.ml2.plugin [None req-d6c320e5-964e-44fa-b692-957e455506ad tempest-PortsAdminExtendedAttrsTestJSON-2045979474 tempest-PortsAdminExtendedAttrsTestJSON-2045979474-project-admin] Calling delete_port for 7db54328-718e-4fcb-8170-4b1b0188fabd owned by {{(pid=105303) delete_port /opt/stack/neutron/neutron/plugins/ml2/plugin.py:2122}}
Jun 01 22:28:20.278035 dv-neutron-844341-1-hyperv neutron-server[105304]: INFO neutron.wsgi [req-e104b7db-3448-4222-a498-28a8ada9608f req-b103cefd-1192-4e2c-869a-701b488162e0 tempest-ServersTestManualDisk-1339256371 tempest-ServersTestManualDisk-1339256371-project] 10.222.0.41 "GET /v2.0/security-groups?id=9a094165-f62d-4957-8250-05f8f60dfbb4&fields=id&fields=name HTTP/1.1" status: 200 len: 312 time: 0.2833006
Jun 01 22:28:20.278758 dv-neutron-844341-1-hyperv neutron-server[105304]: DEBUG neutron_lib.callbacks.manager [None req-0e34d256-11c0-4067-87ac-33cdc19a333f tempest-FloatingIPAdminTestJSON-168095315 tempest-FloatingIPAdminTestJSON-168095315-project-admin] Publish callbacks ['neutron.plugins.ml2.plugin.SecurityGroupDbMixin._ensure_default_security_group_handler-3866615'] for port (1fe930f2-3b3d-4274-be05-6eb27604931e), before_update {{(pid=105304) _notify_loop /usr/local/lib/python3.8/dist-packages/neutron_lib/callbacks/manager.py:176}}
Jun 01 22:28:20.386551 dv-neutron-844341-1-hyperv neutron-server[105303]: DEBUG neutron.api.v2.base [req-dc5f0113-5f75-4b7a-a906-2f8479112322 req-24b96e11-3f9d-406c-9372-cc578fade74f tempest-ServersTestJSON-798596989 tempest-ServersTestJSON-798596989-project] Request body: {'port': {'device_id': '0ea60565-ee7c-4b82-922b-a40878ccb5bc', 'network_id': '7157df80-d5a6-470b-8427-8a1e9c4ee30a', 'admin_state_up': True, 'tenant_id': '97cd6578ebcd45568fd694ae3dddb0fe', 'security_groups': ['e6f62285-bd4a-4ecf-8767-d2713ed9bf02']}} {{(pid=105303) prepare_request_body /opt/stack/neutron/neutron/api/v2/base.py:730}}
Jun 01 22:28:20.403154 dv-neutron-844341-1-hyperv neutron-server[105304]: INFO neutron.wsgi [req-e53bf2cc-85c1-4744-8f84-1624bc9c52e5 req-49ad39ce-2a6c-4c3f-87e0-1154023bdbbf tempest-ServersTestJSON-798596989 tempest-ServersTestJSON-798596989-project] 10.222.0.41 "GET /v2.0/ports?device_id=0ea60565-ee7c-4b82-922b-a40878ccb5bc HTTP/1.1" status: 200 len: 210 time: 0.1129372
Jun 01 22:28:20.476557 dv-neutron-844341-1-hyperv neutron-server[105303]: DEBUG dbcounter [-] [105303] Writing DB stats neutron:SELECT=98,neutron:UPDATE=1,neutron:INSERT=1 {{(pid=105303) stat_writer /usr/local/lib/python3.8/dist-packages/dbcounter.py:114}}
Jun 01 22:28:20.590963 dv-neutron-844341-1-hyperv neutron-server[105303]: DEBUG neutron.notifiers.nova [None req-e2ac793d-200d-4886-a40f-481a604a6075 tempest-PortsAdminExtendedAttrsIpV6TestJSON-439176084 tempest-PortsAdminExtendedAttrsIpV6TestJSON-439176084-project-admin] device_id is not set on port 219cc69b-b54c-44b8-b060-3ae1d1c9f510 yet. {{(pid=105303) _can_notify /opt/stack/neutron/neutron/notifiers/nova.py:199}}
Jun 01 22:28:20.611686 dv-neutron-844341-1-hyperv neutron-server[105303]: DEBUG neutron_lib.callbacks.manager [None req-e2ac793d-200d-4886-a40f-481a604a6075 tempest-PortsAdminExtendedAttrsIpV6TestJSON-439176084 tempest-PortsAdminExtendedAttrsIpV6TestJSON-439176084-project-admin] Publish callbacks [] for port (219cc69b-b54c-44b8-b060-3ae1d1c9f510), precommit_create {{(pid=105303) _notify_loop /usr/local/lib/python3.8/dist-packages/neutron_lib/callbacks/manager.py:176}}
Jun 01 22:28:20.833795 dv-neutron-844341-1-hyperv neutron-server[105304]: DEBUG neutron_lib.callbacks.manager [None req-1c41a159-62b6-42b9-99d0-d7df21de1871 tempest-RoutersIpV6AdminTest-1259981111 tempest-RoutersIpV6AdminTest-1259981111-project-admin] Publish callbacks [] for port (86696976-7bc6-4b4b-83fa-a046dd9983eb), precommit_create {{(pid=105304) _notify_loop /usr/local/lib/python3.8/dist-packages/neutron_lib/callbacks/manager.py:176}}
Jun 01 22:28:20.908221 dv-neutron-844341-1-hyperv neutron-server[105303]: DEBUG neutron_lib.callbacks.manager [None req-e2ac793d-200d-4886-a40f-481a604a6075 tempest-PortsAdminExtendedAttrsIpV6TestJSON-439176084 tempest-PortsAdminExtendedAttrsIpV6TestJSON-439176084-project-admin] Publish callbacks ['neutron.plugins.ml2.plugin.SecurityGroupServerNotifierRpcMixin._notify_sg_on_port_change-3866416', 'neutron.plugins.ml2.ovo_rpc._ObjectChangeHandler.handle_event-15116', 'neutron.api.rpc.agentnotifiers.dhcp_rpc_agent_api.DhcpAgentNotifyAPI._native_event_send_dhcp_notification-585036', 'neutron.db.l3_dvrscheduler_db._notify_l3_agent_new_port-8746287159336', 'neutron.services.segments.plugin.NovaSegmentNotifier._notify_port_created_or_deleted-28848526'] for port (219cc69b-b54c-44b8-b060-3ae1d1c9f510), after_create {{(pid=105303) _notify_loop /usr/local/lib/python3.8/dist-packages/neutron_lib/callbacks/manager.py:176}}
Jun 01 22:28:20.923715 dv-neutron-844341-1-hyperv neutron-server[105304]: DEBUG neutron_lib.callbacks.manager [None req-4867aa7f-98a7-4dd6-83a8-c59ed8bee69e tempest-ExtraDHCPOptionsIpV6TestJSON-1356261449 tempest-ExtraDHCPOptionsIpV6TestJSON-1356261449-project] Publish callbacks ['neutron.plugins.ml2.plugin.SecurityGroupServerNotifierRpcMixin._notify_sg_on_port_change-3866416', 'neutron.plugins.ml2.ovo_rpc._ObjectChangeHandler.handle_event-15116', 'neutron.api.rpc.agentnotifiers.dhcp_rpc_agent_api.DhcpAgentNotifyAPI._native_event_send_dhcp_notification-585036', 'neutron.db.l3_db.L3RpcNotifierMixin._notify_routers_callback-8746287693002', 'neutron.db.l3_dvrscheduler_db._notify_port_delete-8746287159345', 'neutron.services.segments.plugin.NovaSegmentNotifier._notify_port_created_or_deleted-28006816'] for port (4fac4633-810e-47fe-b1a4-5013bbc838b6), after_delete {{(pid=105304) _notify_loop /usr/local/lib/python3.8/dist-packages/neutron_lib/callbacks/manager.py:176}}
Jun 01 22:28:20.924256 dv-neutron-844341-1-hyperv neutron-server[105303]: DEBUG neutron_lib.callbacks.manager [None req-d6c320e5-964e-44fa-b692-957e455506ad tempest-PortsAdminExtendedAttrsTestJSON-2045979474 tempest-PortsAdminExtendedAttrsTestJSON-2045979474-project-admin] Publish callbacks ['neutron.plugins.ml2.plugin.SecurityGroupServerNotifierRpcMixin._notify_sg_on_port_change-3866416', 'neutron.plugins.ml2.ovo_rpc._ObjectChangeHandler.handle_event-15116', 'neutron.api.rpc.agentnotifiers.dhcp_rpc_agent_api.DhcpAgentNotifyAPI._native_event_send_dhcp_notification-585036', 'neutron.db.l3_db.L3RpcNotifierMixin._notify_routers_callback-8746287693002', 'neutron.db.l3_dvrscheduler_db._notify_port_delete-8746287159345', 'neutron.services.segments.plugin.NovaSegmentNotifier._notify_port_created_or_deleted-28848526'] for port (7db54328-718e-4fcb-8170-4b1b0188fabd), after_delete {{(pid=105303) _notify_loop /usr/local/lib/python3.8/dist-packages/neutron_lib/callbacks/manager.py:176}}
Jun 01 22:28:20.929802 dv-neutron-844341-1-hyperv neutron-server[105303]: DEBUG neutron.pecan_wsgi.hooks.quota_enforcement [req-dc5f0113-5f75-4b7a-a906-2f8479112322 req-24b96e11-3f9d-406c-9372-cc578fade74f tempest-ServersTestJSON-798596989 tempest-ServersTestJSON-798596989-project] Made reservation on behalf of 97cd6578ebcd45568fd694ae3dddb0fe for: {'port': 1} {{(pid=105303) before /opt/stack/neutron/neutron/pecan_wsgi/hooks/quota_enforcement.py:53}}
Jun 01 22:28:20.934085 dv-neutron-844341-1-hyperv neutron-server[105303]: DEBUG neutron_lib.callbacks.manager [req-dc5f0113-5f75-4b7a-a906-2f8479112322 req-24b96e11-3f9d-406c-9372-cc578fade74f tempest-ServersTestJSON-798596989 tempest-ServersTestJSON-798596989-project] Publish callbacks ['neutron.plugins.ml2.plugin.SecurityGroupDbMixin._ensure_default_security_group_handler-3866615'] for port (None), before_create {{(pid=105303) _notify_loop /usr/local/lib/python3.8/dist-packages/neutron_lib/callbacks/manager.py:176}}
Jun 01 22:28:20.988801 dv-neutron-844341-1-hyperv neutron-server[105304]: DEBUG neutron.db.l3_dvrscheduler_db [None req-4867aa7f-98a7-4dd6-83a8-c59ed8bee69e tempest-ExtraDHCPOptionsIpV6TestJSON-1356261449 tempest-ExtraDHCPOptionsIpV6TestJSON-1356261449-project] No DVR routers for this DVR port 4fac4633-810e-47fe-b1a4-5013bbc838b6 on host dv-neutron-844341-1-hyperv {{(pid=105304) get_dvr_routers_to_remove /opt/stack/neutron/neutron/db/l3_dvrscheduler_db.py:215}}
Jun 01 22:28:20.998429 dv-neutron-844341-1-hyperv neutron-server[105304]: DEBUG neutron.api.rpc.handlers.resources_rpc [None req-4867aa7f-98a7-4dd6-83a8-c59ed8bee69e tempest-ExtraDHCPOptionsIpV6TestJSON-1356261449 tempest-ExtraDHCPOptionsIpV6TestJSON-1356261449-project] Pushing event deleted for resources: {'Port': ['ID=4fac4633-810e-47fe-b1a4-5013bbc838b6,revision_number=None']} {{(pid=105304) push /opt/stack/neutron/neutron/api/rpc/handlers/resources_rpc.py:237}}
Jun 01 22:28:21.029790 dv-neutron-844341-1-hyperv neutron-server[105303]: DEBUG neutron_lib.callbacks.manager [None req-d6c320e5-964e-44fa-b692-957e455506ad tempest-PortsAdminExtendedAttrsTestJSON-2045979474 tempest-PortsAdminExtendedAttrsTestJSON-2045979474-project-admin] Publish callbacks ['neutron.notifiers.nova.Notifier._send_nova_notification-254248'] for port (None), before_response {{(pid=105303) _notify_loop /usr/local/lib/python3.8/dist-packages/neutron_lib/callbacks/manager.py:176}}
Jun 01 22:28:21.039190 dv-neutron-844341-1-hyperv neutron-server[105303]: INFO neutron.wsgi [None req-d6c320e5-964e-44fa-b692-957e455506ad tempest-PortsAdminExtendedAttrsTestJSON-2045979474 tempest-PortsAdminExtendedAttrsTestJSON-2045979474-project-admin] 10.222.0.41 "DELETE /v2.0/ports/7db54328-718e-4fcb-8170-4b1b0188fabd HTTP/1.1" status: 204 len: 168 time: 1.1730261
Jun 01 22:28:21.048055 dv-neutron-844341-1-hyperv neutron-server[105303]: DEBUG neutron.wsgi [-] (105303) accepted ('10.222.0.41', 39608) {{(pid=105303) server /usr/local/lib/python3.8/dist-packages/eventlet/wsgi.py:1004}}
Jun 01 22:28:21.049823 dv-neutron-844341-1-hyperv neutron-server[105304]: INFO neutron.wsgi [req-f8ca09b5-4159-4a76-86dd-d053ad987a59 req-5c476146-8dec-4c41-8a2b-b8a49f8f27de tempest-ServerActionsTestJSON-199276843 tempest-ServerActionsTestJSON-199276843-project] 10.222.0.41 "GET /v2.0/ports?device_id=2901dd1e-5239-41bf-81f5-dacf9825df2e HTTP/1.1" status: 200 len: 210 time: 0.1089344
Jun 01 22:28:21.099525 dv-neutron-844341-1-hyperv neutron-server[105303]: INFO neutron.pecan_wsgi.hooks.translation [None req-bca00110-2ab5-4847-9595-fb8fd122afde tempest-PortsAdminExtendedAttrsTestJSON-2045979474 tempest-PortsAdminExtendedAttrsTestJSON-2045979474-project-admin] GET failed (client error): The resource could not be found.
Jun 01 22:28:21.106981 dv-neutron-844341-1-hyperv neutron-server[105303]: INFO neutron.wsgi [None req-bca00110-2ab5-4847-9595-fb8fd122afde tempest-PortsAdminExtendedAttrsTestJSON-2045979474 tempest-PortsAdminExtendedAttrsTestJSON-2045979474-project-admin] 10.222.0.41 "GET /v2.0/ports/7db54328-718e-4fcb-8170-4b1b0188fabd HTTP/1.1" status: 404 len: 333 time: 0.0522020
Jun 01 22:28:21.115150 dv-neutron-844341-1-hyperv neutron-server[105303]: DEBUG neutron.wsgi [-] (105303) accepted ('10.222.0.41', 39610) {{(pid=105303) server /usr/local/lib/python3.8/dist-packages/eventlet/wsgi.py:1004}}
Jun 01 22:28:21.159410 dv-neutron-844341-1-hyperv neutron-server[105303]: DEBUG neutron.api.rpc.handlers.resources_rpc [None req-e2ac793d-200d-4886-a40f-481a604a6075 tempest-PortsAdminExtendedAttrsIpV6TestJSON-439176084 tempest-PortsAdminExtendedAttrsIpV6TestJSON-439176084-project-admin] Pushing event updated for resources: {'Port': ['ID=219cc69b-b54c-44b8-b060-3ae1d1c9f510,revision_number=1']} {{(pid=105303) push /opt/stack/neutron/neutron/api/rpc/handlers/resources_rpc.py:237}}
Jun 01 22:28:21.159675 dv-neutron-844341-1-hyperv neutron-server[105304]: DEBUG neutron_lib.callbacks.manager [None req-1c41a159-62b6-42b9-99d0-d7df21de1871 tempest-RoutersIpV6AdminTest-1259981111 tempest-RoutersIpV6AdminTest-1259981111-project-admin] Publish callbacks ['neutron.plugins.ml2.plugin.SecurityGroupServerNotifierRpcMixin._notify_sg_on_port_change-3866416', 'neutron.plugins.ml2.ovo_rpc._ObjectChangeHandler.handle_event-15116', 'neutron.api.rpc.agentnotifiers.dhcp_rpc_agent_api.DhcpAgentNotifyAPI._native_event_send_dhcp_notification-585036', 'neutron.db.l3_dvrscheduler_db._notify_l3_agent_new_port-8746287159336', 'neutron.services.segments.plugin.NovaSegmentNotifier._notify_port_created_or_deleted-28006816'] for port (86696976-7bc6-4b4b-83fa-a046dd9983eb), after_create {{(pid=105304) _notify_loop /usr/local/lib/python3.8/dist-packages/neutron_lib/callbacks/manager.py:176}}
Jun 01 22:28:21.174586 dv-neutron-844341-1-hyperv neutron-server[105304]: DEBUG neutron_lib.callbacks.manager [None req-4867aa7f-98a7-4dd6-83a8-c59ed8bee69e tempest-ExtraDHCPOptionsIpV6TestJSON-1356261449 tempest-ExtraDHCPOptionsIpV6TestJSON-1356261449-project] Publish callbacks ['neutron.plugins.ml2.plugin.Ml2Plugin._network_delete_precommit_handler-3824357', 'neutron.services.segments.db._delete_segments_for_network-8746287611046'] for network (bb02baf7-231d-43ea-91f2-8f5dc93cbed7), precommit_delete {{(pid=105304) _notify_loop /usr/local/lib/python3.8/dist-packages/neutron_lib/callbacks/manager.py:176}}
Jun 01 22:28:21.197388 dv-neutron-844341-1-hyperv neutron-server[105304]: DEBUG dbcounter [-] [105304] Writing DB stats neutron:SELECT=87,neutron:INSERT=7,neutron:UPDATE=6 {{(pid=105304) stat_writer /usr/local/lib/python3.8/dist-packages/dbcounter.py:114}}
Jun 01 22:28:21.273399 dv-neutron-844341-1-hyperv neutron-server[105304]: DEBUG neutron.services.segments.db [None req-4867aa7f-98a7-4dd6-83a8-c59ed8bee69e tempest-ExtraDHCPOptionsIpV6TestJSON-1356261449 tempest-ExtraDHCPOptionsIpV6TestJSON-1356261449-project] neutron.services.segments.plugin.Plugin method get_segments called with arguments (,) {'filters': {'network_id': ['bb02baf7-231d-43ea-91f2-8f5dc93cbed7']}} {{(pid=105304) wrapper /usr/local/lib/python3.8/dist-packages/oslo_log/helpers.py:65}}
Jun 01 22:28:21.292227 dv-neutron-844341-1-hyperv neutron-server[105304]: DEBUG neutron_lib.callbacks.manager [None req-0e34d256-11c0-4067-87ac-33cdc19a333f tempest-FloatingIPAdminTestJSON-168095315 tempest-FloatingIPAdminTestJSON-168095315-project-admin] Publish callbacks [] for port (1fe930f2-3b3d-4274-be05-6eb27604931e), precommit_update {{(pid=105304) _notify_loop /usr/local/lib/python3.8/dist-packages/neutron_lib/callbacks/manager.py:176}}
Jun 01 22:28:21.303173 dv-neutron-844341-1-hyperv neutron-server[105304]: DEBUG neutron.scheduler.dhcp_agent_scheduler [None req-1c41a159-62b6-42b9-99d0-d7df21de1871 tempest-RoutersIpV6AdminTest-1259981111 tempest-RoutersIpV6AdminTest-1259981111-project-admin] Network fa0eef79-dd38-450b-8b29-be7d8a422271 is already hosted by enough agents. {{(pid=105304) _get_dhcp_agents_hosting_network /opt/stack/neutron/neutron/scheduler/dhcp_agent_scheduler.py:275}}
Jun 01 22:28:21.307543 dv-neutron-844341-1-hyperv neutron-server[105304]: DEBUG neutron.notifiers.nova [req-84b9fe82-3d50-4caf-ad24-0791948fcb4c req-50b14117-8d04-45ed-bed4-1ff8c3b09465 service neutron] Ignoring state change previous_port_status: DOWN current_port_status: DOWN port_id 36e0a822-c088-4ce0-8428-1ae1473f468b {{(pid=105304) record_port_status_changed /opt/stack/neutron/neutron/notifiers/nova.py:233}}
Jun 01 22:28:21.313551 dv-neutron-844341-1-hyperv neutron-server[105304]: DEBUG neutron.services.segments.db [None req-4867aa7f-98a7-4dd6-83a8-c59ed8bee69e tempest-ExtraDHCPOptionsIpV6TestJSON-1356261449 tempest-ExtraDHCPOptionsIpV6TestJSON-1356261449-project] neutron.services.segments.plugin.Plugin method delete_segment called with arguments (, 'ce757c2b-e348-459a-8f6c-bcb6ef84088a') {'for_net_delete': True} {{(pid=105304) wrapper /usr/local/lib/python3.8/dist-packages/oslo_log/helpers.py:65}}
Jun 01 22:28:21.313851 dv-neutron-844341-1-hyperv neutron-server[105304]: DEBUG neutron.services.segments.db [None req-4867aa7f-98a7-4dd6-83a8-c59ed8bee69e tempest-ExtraDHCPOptionsIpV6TestJSON-1356261449 tempest-ExtraDHCPOptionsIpV6TestJSON-1356261449-project] neutron.services.segments.plugin.Plugin method get_segment called with arguments (, 'ce757c2b-e348-459a-8f6c-bcb6ef84088a') {} {{(pid=105304) wrapper /usr/local/lib/python3.8/dist-packages/oslo_log/helpers.py:65}}
Jun 01 22:28:21.315044 dv-neutron-844341-1-hyperv neutron-server[105303]: DEBUG neutron.api.rpc.handlers.resources_rpc [None req-d6c320e5-964e-44fa-b692-957e455506ad tempest-PortsAdminExtendedAttrsTestJSON-2045979474 tempest-PortsAdminExtendedAttrsTestJSON-2045979474-project-admin] Pushing event deleted for resources: {'Port': ['ID=7db54328-718e-4fcb-8170-4b1b0188fabd,revision_number=None']} {{(pid=105303) push /opt/stack/neutron/neutron/api/rpc/handlers/resources_rpc.py:237}}
Jun 01 22:28:21.329841 dv-neutron-844341-1-hyperv neutron-server[105304]: DEBUG neutron.scheduler.base_scheduler [None req-1c41a159-62b6-42b9-99d0-d7df21de1871 tempest-RoutersIpV6AdminTest-1259981111 tempest-RoutersIpV6AdminTest-1259981111-project-admin] Resources bound (agent type, host, resource id): {{(pid=105304) schedule /opt/stack/neutron/neutron/scheduler/base_scheduler.py:57}}
Jun 01 22:28:21.333145 dv-neutron-844341-1-hyperv neutron-server[105304]: DEBUG neutron_lib.callbacks.manager [req-84b9fe82-3d50-4caf-ad24-0791948fcb4c req-50b14117-8d04-45ed-bed4-1ff8c3b09465 service neutron] Publish callbacks [] for port (36e0a822-c088-4ce0-8428-1ae1473f468b), precommit_update {{(pid=105304) _notify_loop /usr/local/lib/python3.8/dist-packages/neutron_lib/callbacks/manager.py:176}}
Jun 01 22:28:21.338826 dv-neutron-844341-1-hyperv neutron-server[105304]: DEBUG neutron.db.l3_dvrscheduler_db [None req-1c41a159-62b6-42b9-99d0-d7df21de1871 tempest-RoutersIpV6AdminTest-1259981111 tempest-RoutersIpV6AdminTest-1259981111-project-admin] Received port after_create {{(pid=105304) _notify_l3_agent_new_port /opt/stack/neutron/neutron/db/l3_dvrscheduler_db.py:542}}
Jun 01 22:28:21.339896 dv-neutron-844341-1-hyperv neutron-server[105304]: DEBUG neutron.pecan_wsgi.hooks.policy_enforcement [None req-1c41a159-62b6-42b9-99d0-d7df21de1871 tempest-RoutersIpV6AdminTest-1259981111 tempest-RoutersIpV6AdminTest-1259981111-project-admin] Attributes excluded by policy engine: ['standard_attr_id', 'network'] {{(pid=105304) _exclude_attributes_by_policy /opt/stack/neutron/neutron/pecan_wsgi/hooks/policy_enforcement.py:259}}
Jun 01 22:28:21.340459 dv-neutron-844341-1-hyperv neutron-server[105304]: DEBUG neutron_lib.callbacks.manager [None req-1c41a159-62b6-42b9-99d0-d7df21de1871 tempest-RoutersIpV6AdminTest-1259981111 tempest-RoutersIpV6AdminTest-1259981111-project-admin] Publish callbacks ['neutron.notifiers.nova.Notifier._send_nova_notification-254248'] for port (None), before_response {{(pid=105304) _notify_loop /usr/local/lib/python3.8/dist-packages/neutron_lib/callbacks/manager.py:176}}
Jun 01 22:28:21.345127 dv-neutron-844341-1-hyperv neutron-server[105304]: DEBUG neutron_lib.callbacks.manager [None req-4867aa7f-98a7-4dd6-83a8-c59ed8bee69e tempest-ExtraDHCPOptionsIpV6TestJSON-1356261449 tempest-ExtraDHCPOptionsIpV6TestJSON-1356261449-project] Publish callbacks ['neutron.plugins.ml2.db._prevent_segment_delete_with_port_bound-8746287614895', 'neutron.services.segments.plugin.Plugin._prevent_segment_delete_with_subnet_associated-28526160'] for segment (ce757c2b-e348-459a-8f6c-bcb6ef84088a), before_delete {{(pid=105304) _notify_loop /usr/local/lib/python3.8/dist-packages/neutron_lib/callbacks/manager.py:176}}
Jun 01 22:28:21.347747 dv-neutron-844341-1-hyperv neutron-server[105304]: DEBUG neutron.api.rpc.handlers.resources_rpc [None req-1c41a159-62b6-42b9-99d0-d7df21de1871 tempest-RoutersIpV6AdminTest-1259981111 tempest-RoutersIpV6AdminTest-1259981111-project-admin] Pushing event updated for resources: {'Port': ['ID=86696976-7bc6-4b4b-83fa-a046dd9983eb,revision_number=1']} {{(pid=105304) push /opt/stack/neutron/neutron/api/rpc/handlers/resources_rpc.py:237}}
Jun 01 22:28:21.348275 dv-neutron-844341-1-hyperv neutron-server[105303]: DEBUG dbcounter [-] [105303] Writing DB stats neutron:SELECT=87,neutron:INSERT=6,neutron:DELETE=7 {{(pid=105303) stat_writer /usr/local/lib/python3.8/dist-packages/dbcounter.py:114}}
Jun 01 22:28:21.349681 dv-neutron-844341-1-hyperv neutron-server[105303]: DEBUG neutron.plugins.ml2.drivers.mech_agent [None req-e2ac793d-200d-4886-a40f-481a604a6075 tempest-PortsAdminExtendedAttrsIpV6TestJSON-439176084 tempest-PortsAdminExtendedAttrsIpV6TestJSON-439176084-project-admin] Checking segment: {'id': 'd6d4723e-c394-47b6-befc-5a4b639ab438', 'network_type': 'vlan', 'physical_network': 'physnet1', 'segmentation_id': 192, 'network_id': 'f757a874-2a8a-4c7e-b50b-0981e99face3'} for mappings: {'physnet1': 'br-data'} with network types: ['local', 'flat', 'vlan'] {{(pid=105303) check_segment_for_agent /opt/stack/neutron/neutron/plugins/ml2/drivers/mech_agent.py:373}}
