Jun 01 22:27:42.259078 dv-neutron-844341-1-hyperv neutron-server[105305]: DEBUG neutron.api.rpc.callbacks.version_manager [None req-662ca0fe-8a42-449e-9446-ab72e1851abf None None] Version for resource type AddressGroup changed None to 1.2 on consumer Open vSwitch agent@dv-neutron-844341-1-hyperv {{(pid=105305) _set_version /opt/stack/neutron/neutron/api/rpc/callbacks/version_manager.py:113}}
Jun 01 22:27:42.259416 dv-neutron-844341-1-hyperv neutron-server[105305]: DEBUG neutron.api.rpc.callbacks.version_manager [None req-662ca0fe-8a42-449e-9446-ab72e1851abf None None] Version for resource type Agent changed None to 1.1 on consumer Open vSwitch agent@dv-neutron-844341-1-hyperv {{(pid=105305) _set_version /opt/stack/neutron/neutron/api/rpc/callbacks/version_manager.py:113}}
Jun 01 22:27:42.259769 dv-neutron-844341-1-hyperv neutron-server[105305]: DEBUG neutron.api.rpc.callbacks.version_manager [None req-662ca0fe-8a42-449e-9446-ab72e1851abf None None] Version for resource type ConntrackHelper changed None to 1.0 on consumer Open vSwitch agent@dv-neutron-844341-1-hyperv {{(pid=105305) _set_version /opt/stack/neutron/neutron/api/rpc/callbacks/version_manager.py:113}}
Jun 01 22:27:42.260123 dv-neutron-844341-1-hyperv neutron-server[105305]: DEBUG neutron.api.rpc.callbacks.version_manager [None req-662ca0fe-8a42-449e-9446-ab72e1851abf None None] Version for resource type LocalIPAssociation changed None to 1.0 on consumer Open vSwitch agent@dv-neutron-844341-1-hyperv {{(pid=105305) _set_version /opt/stack/neutron/neutron/api/rpc/callbacks/version_manager.py:113}}
Jun 01 22:27:42.260444 dv-neutron-844341-1-hyperv neutron-server[105305]: DEBUG neutron.api.rpc.callbacks.version_manager [None req-662ca0fe-8a42-449e-9446-ab72e1851abf None None] Version for resource type Log changed None to 1.0 on consumer Open vSwitch agent@dv-neutron-844341-1-hyperv {{(pid=105305) _set_version /opt/stack/neutron/neutron/api/rpc/callbacks/version_manager.py:113}}
Jun 01 22:27:42.260936 dv-neutron-844341-1-hyperv neutron-server[105305]: DEBUG neutron.api.rpc.callbacks.version_manager [None req-662ca0fe-8a42-449e-9446-ab72e1851abf None None] Version for resource type NDPProxy changed None to 1.0 on consumer Open vSwitch agent@dv-neutron-844341-1-hyperv {{(pid=105305) _set_version /opt/stack/neutron/neutron/api/rpc/callbacks/version_manager.py:113}}
Jun 01 22:27:42.261395 dv-neutron-844341-1-hyperv neutron-server[105305]: DEBUG neutron.api.rpc.callbacks.version_manager [None req-662ca0fe-8a42-449e-9446-ab72e1851abf None None] Version for resource type Network changed None to 1.1 on consumer Open vSwitch agent@dv-neutron-844341-1-hyperv {{(pid=105305) _set_version /opt/stack/neutron/neutron/api/rpc/callbacks/version_manager.py:113}}
Jun 01 22:27:42.261851 dv-neutron-844341-1-hyperv neutron-server[105305]: DEBUG neutron.api.rpc.callbacks.version_manager [None req-662ca0fe-8a42-449e-9446-ab72e1851abf None None] Version for resource type Port changed None to 1.7 on consumer Open vSwitch agent@dv-neutron-844341-1-hyperv {{(pid=105305) _set_version /opt/stack/neutron/neutron/api/rpc/callbacks/version_manager.py:113}}
Jun 01 22:27:42.262322 dv-neutron-844341-1-hyperv neutron-server[105305]: DEBUG neutron.api.rpc.callbacks.version_manager [None req-662ca0fe-8a42-449e-9446-ab72e1851abf None None] Version for resource type PortForwarding changed None to 1.3 on consumer Open vSwitch agent@dv-neutron-844341-1-hyperv {{(pid=105305) _set_version /opt/stack/neutron/neutron/api/rpc/callbacks/version_manager.py:113}}
Jun 01 22:27:42.262787 dv-neutron-844341-1-hyperv neutron-server[105305]: DEBUG neutron.api.rpc.callbacks.version_manager [None req-662ca0fe-8a42-449e-9446-ab72e1851abf None None] Version for resource type QosPolicy changed None to 1.10 on consumer Open vSwitch agent@dv-neutron-844341-1-hyperv {{(pid=105305) _set_version /opt/stack/neutron/neutron/api/rpc/callbacks/version_manager.py:113}}
Jun 01 22:27:42.263289 dv-neutron-844341-1-hyperv neutron-server[105305]: DEBUG neutron.api.rpc.callbacks.version_manager [None req-662ca0fe-8a42-449e-9446-ab72e1851abf None None] Version for resource type SecurityGroup changed None to 1.5 on consumer Open vSwitch agent@dv-neutron-844341-1-hyperv {{(pid=105305) _set_version /opt/stack/neutron/neutron/api/rpc/callbacks/version_manager.py:113}}
Jun 01 22:27:42.263883 dv-neutron-844341-1-hyperv neutron-server[105305]: DEBUG neutron.api.rpc.callbacks.version_manager [None req-662ca0fe-8a42-449e-9446-ab72e1851abf None None] Version for resource type SecurityGroupRule changed None to 1.2 on consumer Open vSwitch agent@dv-neutron-844341-1-hyperv {{(pid=105305) _set_version /opt/stack/neutron/neutron/api/rpc/callbacks/version_manager.py:113}}
Jun 01 22:27:42.264423 dv-neutron-844341-1-hyperv neutron-server[105305]: DEBUG neutron.api.rpc.callbacks.version_manager [None req-662ca0fe-8a42-449e-9446-ab72e1851abf None None] Version for resource type SubPort changed None to 1.0 on consumer Open vSwitch agent@dv-neutron-844341-1-hyperv {{(pid=105305) _set_version /opt/stack/neutron/neutron/api/rpc/callbacks/version_manager.py:113}}
Jun 01 22:27:42.264872 dv-neutron-844341-1-hyperv neutron-server[105305]: DEBUG neutron.api.rpc.callbacks.version_manager [None req-662ca0fe-8a42-449e-9446-ab72e1851abf None None] Version for resource type Subnet changed None to 1.1 on consumer Open vSwitch agent@dv-neutron-844341-1-hyperv {{(pid=105305) _set_version /opt/stack/neutron/neutron/api/rpc/callbacks/version_manager.py:113}}
Jun 01 22:27:42.265340 dv-neutron-844341-1-hyperv neutron-server[105305]: DEBUG neutron.api.rpc.callbacks.version_manager [None req-662ca0fe-8a42-449e-9446-ab72e1851abf None None] Version for resource type Trunk changed None to 1.1 on consumer Open vSwitch agent@dv-neutron-844341-1-hyperv {{(pid=105305) _set_version /opt/stack/neutron/neutron/api/rpc/callbacks/version_manager.py:113}}
Jun 01 22:27:42.266617 dv-neutron-844341-1-hyperv neutron-server[105305]: DEBUG neutron.api.rpc.callbacks.version_manager [None req-662ca0fe-8a42-449e-9446-ab72e1851abf None None] Tracked resource versions report:
Jun 01 22:27:42.266617 dv-neutron-844341-1-hyperv neutron-server[105305]: pushed versions:
Jun 01 22:27:42.266617 dv-neutron-844341-1-hyperv neutron-server[105305]: { 'AddressGroup': {'1.2'},
Jun 01 22:27:42.266617 dv-neutron-844341-1-hyperv neutron-server[105305]: 'Agent': {'1.1'},
Jun 01 22:27:42.266617 dv-neutron-844341-1-hyperv neutron-server[105305]: 'ConntrackHelper': {'1.0'},
Jun 01 22:27:42.266617 dv-neutron-844341-1-hyperv neutron-server[105305]: 'LocalIPAssociation': {'1.0'},
Jun 01 22:27:42.266617 dv-neutron-844341-1-hyperv neutron-server[105305]: 'Log': {'1.0'},
Jun 01 22:27:42.266617 dv-neutron-844341-1-hyperv neutron-server[105305]: 'NDPProxy': {'1.0'},
Jun 01 22:27:42.266617 dv-neutron-844341-1-hyperv neutron-server[105305]: 'Network': {'1.1'},
Jun 01 22:27:42.266617 dv-neutron-844341-1-hyperv neutron-server[105305]: 'Port': {'1.7'},
Jun 01 22:27:42.266617 dv-neutron-844341-1-hyperv neutron-server[105305]: 'PortForwarding': {'1.3'},
Jun 01 22:27:42.266617 dv-neutron-844341-1-hyperv neutron-server[105305]: 'QosPolicy': {'1.10'},
Jun 01 22:27:42.266617 dv-neutron-844341-1-hyperv neutron-server[105305]: 'SecurityGroup': {'1.5'},
Jun 01 22:27:42.266617 dv-neutron-844341-1-hyperv neutron-server[105305]: 'SecurityGroupRule': {'1.2'},
Jun 01 22:27:42.266617 dv-neutron-844341-1-hyperv neutron-server[105305]: 'SubPort': {'1.0'},
Jun 01 22:27:42.266617 dv-neutron-844341-1-hyperv neutron-server[105305]: 'Subnet': {'1.1'},
Jun 01 22:27:42.266617 dv-neutron-844341-1-hyperv neutron-server[105305]: 'Trunk': {'1.1'}}
Jun 01 22:27:42.266617 dv-neutron-844341-1-hyperv neutron-server[105305]: consumer versions:
Jun 01 22:27:42.266617 dv-neutron-844341-1-hyperv neutron-server[105305]: { DHCP agent@dv-neutron-844341-1-hyperv: {},
Jun 01 22:27:42.266617 dv-neutron-844341-1-hyperv neutron-server[105305]: HyperV agent@hv-neutron-8443: {},
Jun 01 22:27:42.266617 dv-neutron-844341-1-hyperv neutron-server[105305]: L3 agent@dv-neutron-844341-1-hyperv: {},
Jun 01 22:27:42.266617 dv-neutron-844341-1-hyperv neutron-server[105305]: Metadata agent@dv-neutron-844341-1-hyperv: {},
Jun 01 22:27:42.266617 dv-neutron-844341-1-hyperv neutron-server[105305]: Metering agent@dv-neutron-844341-1-hyperv: {},
Jun 01 22:27:42.266617 dv-neutron-844341-1-hyperv neutron-server[105305]: Open vSwitch agent@dv-neutron-844341-1-hyperv: { 'AddressGroup': '1.2',
Jun 01 22:27:42.266617 dv-neutron-844341-1-hyperv neutron-server[105305]: 'Agent': '1.1',
Jun 01 22:27:42.266617 dv-neutron-844341-1-hyperv neutron-server[105305]: 'ConntrackHelper': '1.0',
Jun 01 22:27:42.266617 dv-neutron-844341-1-hyperv neutron-server[105305]: 'LocalIPAssociation': '1.0',
Jun 01 22:27:42.266617 dv-neutron-844341-1-hyperv neutron-server[105305]: 'Log': '1.0',
Jun 01 22:27:42.266617 dv-neutron-844341-1-hyperv neutron-server[105305]: 'NDPProxy': '1.0',
Jun 01 22:27:42.266617 dv-neutron-844341-1-hyperv neutron-server[105305]: 'Network': '1.1',
Jun 01 22:27:42.266617 dv-neutron-844341-1-hyperv neutron-server[105305]: 'Port': '1.7',
Jun 01 22:27:42.266617 dv-neutron-844341-1-hyperv neutron-server[105305]: 'PortForwarding': '1.3',
Jun 01 22:27:42.266617 dv-neutron-844341-1-hyperv neutron-server[105305]: 'QosPolicy': '1.10',
Jun 01 22:27:42.266617 dv-neutron-844341-1-hyperv neutron-server[105305]: 'SecurityGroup': '1.5',
Jun 01 22:27:42.266617 dv-neutron-844341-1-hyperv neutron-server[105305]: 'SecurityGroupRule': '1.2',
Jun 01 22:27:42.266617 dv-neutron-844341-1-hyperv neutron-server[105305]: 'SubPort': '1.0',
Jun 01 22:27:42.266617 dv-neutron-844341-1-hyperv neutron-server[105305]: 'Subnet': '1.1',
Jun 01 22:27:42.266617 dv-neutron-844341-1-hyperv neutron-server[105305]: 'Trunk': '1.1'}}
Jun 01 22:27:42.266617 dv-neutron-844341-1-hyperv neutron-server[105305]: {{(pid=105305) report /opt/stack/neutron/neutron/api/rpc/callbacks/version_manager.py:175}}
Jun 01 22:27:42.274863 dv-neutron-844341-1-hyperv neutron-server[105303]: DEBUG neutron_lib.callbacks.manager [None req-e16fd54e-0ed0-4ce0-9129-1c340dc4f5e8 admin admin] Publish callbacks ['neutron.services.auto_allocate.db._ensure_external_network_default_value_callback-8746287144039'] for network (c6c2af22-c0af-4ba5-8472-ea03a25ab1a2), precommit_create {{(pid=105303) _notify_loop /usr/local/lib/python3.8/dist-packages/neutron_lib/callbacks/manager.py:176}}
Jun 01 22:27:42.281185 dv-neutron-844341-1-hyperv neutron-server[105303]: DEBUG neutron.api.rpc.handlers.resources_rpc [None req-b230d391-4572-4b5c-b12c-56aa4b4e4619 admin admin] Pushing event updated for resources: {'SecurityGroup': ['ID=03800e28-36e8-4187-bdd0-8977ce1ca733,revision_number=1']} {{(pid=105303) push /opt/stack/neutron/neutron/api/rpc/handlers/resources_rpc.py:237}}
Jun 01 22:27:42.327596 dv-neutron-844341-1-hyperv neutron-server[105305]: DEBUG neutron.plugins.ml2.managers [None req-662ca0fe-8a42-449e-9446-ab72e1851abf None None] Attempting to bind port 5f9bad2c-b869-4923-8643-339974b94998 on host dv-neutron-844341-1-hyperv for vnic_type normal with profile {{(pid=105305) bind_port /opt/stack/neutron/neutron/plugins/ml2/managers.py:811}}
Jun 01 22:27:42.327596 dv-neutron-844341-1-hyperv neutron-server[105305]: DEBUG neutron.plugins.ml2.managers [None req-662ca0fe-8a42-449e-9446-ab72e1851abf None None] Attempting to bind port 5f9bad2c-b869-4923-8643-339974b94998 by drivers openvswitch,hyperv on host dv-neutron-844341-1-hyperv at level 0 using segments [{'id': '4fa2e66c-3956-42fc-87ec-6f75ada41040', 'network_type': 'vlan', 'physical_network': 'physnet1', 'segmentation_id': 150, 'network_id': '657fb059-c490-49e7-8b80-64af8f65d919'}] {{(pid=105305) _bind_port_level /opt/stack/neutron/neutron/plugins/ml2/managers.py:836}}
Jun 01 22:27:42.327596 dv-neutron-844341-1-hyperv neutron-server[105305]: DEBUG neutron.plugins.ml2.drivers.mech_agent [None req-662ca0fe-8a42-449e-9446-ab72e1851abf None None] Attempting to bind port 5f9bad2c-b869-4923-8643-339974b94998 on network 657fb059-c490-49e7-8b80-64af8f65d919 {{(pid=105305) bind_port /opt/stack/neutron/neutron/plugins/ml2/drivers/mech_agent.py:91}}
Jun 01 22:27:42.331116 dv-neutron-844341-1-hyperv neutron-server[105303]: DEBUG neutron_lib.callbacks.manager [None req-b230d391-4572-4b5c-b12c-56aa4b4e4619 admin admin] Publish callbacks ['neutron.services.auto_allocate.db._ensure_external_network_default_value_callback-8746287144039'] for network (7157df80-d5a6-470b-8427-8a1e9c4ee30a), precommit_create {{(pid=105303) _notify_loop /usr/local/lib/python3.8/dist-packages/neutron_lib/callbacks/manager.py:176}}
Jun 01 22:27:42.333003 dv-neutron-844341-1-hyperv neutron-server[105305]: DEBUG neutron.plugins.ml2.drivers.mech_agent [None req-662ca0fe-8a42-449e-9446-ab72e1851abf None None] Checking agent: {'id': '85800dfc-970c-42d0-ae29-9f353ed373b3', 'agent_type': 'Open vSwitch agent', 'binary': 'neutron-openvswitch-agent', 'topic': 'N/A', 'host': 'dv-neutron-844341-1-hyperv', 'admin_state_up': True, 'created_at': datetime.datetime(2022, 6, 1, 22, 19, 21), 'started_at': datetime.datetime(2022, 6, 1, 22, 19, 51), 'heartbeat_timestamp': datetime.datetime(2022, 6, 1, 22, 27, 21), 'description': None, 'resources_synced': None, 'availability_zone': None, 'alive': True, 'configurations': {'arp_responder_enabled': False, 'baremetal_smartnic': False, 'bridge_mappings': {'physnet1': 'br-data'}, 'datapath_type': 'system', 'devices': 0, 'enable_distributed_routing': False, 'extensions': [], 'in_distributed_mode': False, 'integration_bridge': 'br-int', 'l2_population': False, 'log_agent_heartbeats': False, 'ovs_capabilities': {'datapath_types': ['netdev', 'system'], 'iface_types': ['erspan', 'geneve', 'gre', 'internal', 'ip6erspan', 'ip6gre', 'lisp', 'patch', 'stt', 'system', 'tap', 'vxlan']}, 'ovs_hybrid_plug': False, 'resource_provider_bandwidths': {}, 'resource_provider_hypervisors': {'br-data': 'dv-neutron-844341-1-hyperv'}, 'resource_provider_inventory_defaults': {'allocation_ratio': 1.0, 'min_unit': 1, 'step_size': 1, 'reserved': 0}, 'resource_provider_packet_processing_inventory_defaults': {'allocation_ratio': 1.0, 'min_unit': 1, 'step_size': 1, 'reserved': 0}, 'resource_provider_packet_processing_with_direction': {}, 'resource_provider_packet_processing_without_direction': {}, 'tunnel_types': [], 'tunneling_ip': None, 'vhostuser_socket_dir': '/var/run/openvswitch'}, 'resource_versions': {'AddressGroup': '1.2', 'Agent': '1.1', 'ConntrackHelper': '1.0', 'LocalIPAssociation': '1.0', 'Log': '1.0', 'NDPProxy': '1.0', 'Network': '1.1', 'Port': '1.7', 'PortForwarding': '1.3', 'QosPolicy': '1.10', 'SecurityGroup': '1.5', 'SecurityGroupRule': '1.2', 'SubPort': '1.0', 'Subnet': '1.1', 'Trunk': '1.1'}} {{(pid=105305) bind_port /opt/stack/neutron/neutron/plugins/ml2/drivers/mech_agent.py:110}}
Jun 01 22:27:42.333366 dv-neutron-844341-1-hyperv neutron-server[105305]: DEBUG neutron.plugins.ml2.drivers.mech_agent [None req-662ca0fe-8a42-449e-9446-ab72e1851abf None None] Checking segment: {'id': '4fa2e66c-3956-42fc-87ec-6f75ada41040', 'network_type': 'vlan', 'physical_network': 'physnet1', 'segmentation_id': 150, 'network_id': '657fb059-c490-49e7-8b80-64af8f65d919'} for mappings: {'physnet1': 'br-data'} with network types: ['local', 'flat', 'vlan'] {{(pid=105305) check_segment_for_agent /opt/stack/neutron/neutron/plugins/ml2/drivers/mech_agent.py:373}}
Jun 01 22:27:42.333758 dv-neutron-844341-1-hyperv neutron-server[105305]: DEBUG neutron_lib.callbacks.manager [None req-662ca0fe-8a42-449e-9446-ab72e1851abf None None] Publish callbacks [] for ovs_bridge_name (None), before_read {{(pid=105305) _notify_loop /usr/local/lib/python3.8/dist-packages/neutron_lib/callbacks/manager.py:176}}
Jun 01 22:27:42.334139 dv-neutron-844341-1-hyperv neutron-server[105305]: DEBUG neutron.plugins.ml2.drivers.mech_agent [None req-662ca0fe-8a42-449e-9446-ab72e1851abf None None] Bound using segment: {'id': '4fa2e66c-3956-42fc-87ec-6f75ada41040', 'network_type': 'vlan', 'physical_network': 'physnet1', 'segmentation_id': 150, 'network_id': '657fb059-c490-49e7-8b80-64af8f65d919'} {{(pid=105305) bind_port /opt/stack/neutron/neutron/plugins/ml2/drivers/mech_agent.py:120}}
Jun 01 22:27:42.334649 dv-neutron-844341-1-hyperv neutron-server[105305]: DEBUG neutron.plugins.ml2.managers [None req-662ca0fe-8a42-449e-9446-ab72e1851abf None None] Bound port: 5f9bad2c-b869-4923-8643-339974b94998, host: dv-neutron-844341-1-hyperv, vif_type: ovs, vif_details: {"connectivity": "l2", "port_filter": true, "ovs_hybrid_plug": false, "datapath_type": "system", "bridge_name": "br-int"}, binding_levels: [{'bound_driver': 'openvswitch', 'bound_segment': {'id': '4fa2e66c-3956-42fc-87ec-6f75ada41040', 'network_type': 'vlan', 'physical_network': 'physnet1', 'segmentation_id': 150, 'network_id': '657fb059-c490-49e7-8b80-64af8f65d919'}}] {{(pid=105305) _bind_port_level /opt/stack/neutron/neutron/plugins/ml2/managers.py:948}}
Jun 01 22:27:42.335021 dv-neutron-844341-1-hyperv neutron-server[105305]: DEBUG neutron_lib.callbacks.manager [None req-662ca0fe-8a42-449e-9446-ab72e1851abf None None] Publish callbacks ['neutron.plugins.ml2.plugin.SecurityGroupDbMixin._ensure_default_security_group_handler-3866615'] for port (5f9bad2c-b869-4923-8643-339974b94998), before_update {{(pid=105305) _notify_loop /usr/local/lib/python3.8/dist-packages/neutron_lib/callbacks/manager.py:176}}
Jun 01 22:27:42.402977 dv-neutron-844341-1-hyperv neutron-server[105303]: DEBUG neutron.wsgi [-] (105303) accepted ('10.222.0.41', 38814) {{(pid=105303) server /usr/local/lib/python3.8/dist-packages/eventlet/wsgi.py:1004}}
Jun 01 22:27:42.409565 dv-neutron-844341-1-hyperv neutron-server[105305]: DEBUG neutron.plugins.ml2.db [None req-662ca0fe-8a42-449e-9446-ab72e1851abf None None] For port 5f9bad2c-b869-4923-8643-339974b94998, host dv-neutron-844341-1-hyperv, cleared binding levels {{(pid=105305) clear_binding_levels /opt/stack/neutron/neutron/plugins/ml2/db.py:87}}
Jun 01 22:27:42.410943 dv-neutron-844341-1-hyperv neutron-server[105303]: DEBUG neutron_lib.callbacks.manager [None req-e16fd54e-0ed0-4ce0-9129-1c340dc4f5e8 admin admin] Publish callbacks ['neutron.plugins.ml2.ovo_rpc._ObjectChangeHandler.handle_event-758547', 'neutron.api.rpc.agentnotifiers.dhcp_rpc_agent_api.DhcpAgentNotifyAPI._native_event_send_dhcp_notification-585036'] for network (c6c2af22-c0af-4ba5-8472-ea03a25ab1a2), after_create {{(pid=105303) _notify_loop /usr/local/lib/python3.8/dist-packages/neutron_lib/callbacks/manager.py:176}}
Jun 01 22:27:42.412195 dv-neutron-844341-1-hyperv neutron-server[105303]: DEBUG neutron.pecan_wsgi.hooks.policy_enforcement [None req-e16fd54e-0ed0-4ce0-9129-1c340dc4f5e8 admin admin] Attributes excluded by policy engine: ['standard_attr_id', 'vlan_transparent'] {{(pid=105303) _exclude_attributes_by_policy /opt/stack/neutron/neutron/pecan_wsgi/hooks/policy_enforcement.py:259}}
Jun 01 22:27:42.413036 dv-neutron-844341-1-hyperv neutron-server[105303]: DEBUG neutron_lib.callbacks.manager [None req-e16fd54e-0ed0-4ce0-9129-1c340dc4f5e8 admin admin] Publish callbacks ['neutron.api.rpc.agentnotifiers.dhcp_rpc_agent_api.DhcpAgentNotifyAPI._send_dhcp_notification-585086'] for network (None), before_response {{(pid=105303) _notify_loop /usr/local/lib/python3.8/dist-packages/neutron_lib/callbacks/manager.py:176}}
Jun 01 22:27:42.414701 dv-neutron-844341-1-hyperv neutron-server[105305]: DEBUG neutron.plugins.ml2.db [None req-662ca0fe-8a42-449e-9446-ab72e1851abf None None] For port 5f9bad2c-b869-4923-8643-339974b94998, host dv-neutron-844341-1-hyperv, set binding levels [PortBindingLevel(driver='openvswitch',host='dv-neutron-844341-1-hyperv',level=0,port_id=5f9bad2c-b869-4923-8643-339974b94998,segment=NetworkSegment(4fa2e66c-3956-42fc-87ec-6f75ada41040),segment_id=4fa2e66c-3956-42fc-87ec-6f75ada41040)] {{(pid=105305) set_binding_levels /opt/stack/neutron/neutron/plugins/ml2/db.py:59}}
Jun 01 22:27:42.517468 dv-neutron-844341-1-hyperv neutron-server[105304]: DEBUG neutron_lib.callbacks.manager [None req-ee0bfcb5-427b-42ec-a65c-e9237ca39349 admin admin] Publish callbacks [] for router_gateway (5d7d43da-829b-4a33-a666-b24fe36bfc48), before_create {{(pid=105304) _notify_loop /usr/local/lib/python3.8/dist-packages/neutron_lib/callbacks/manager.py:176}}
Jun 01 22:27:42.544280 dv-neutron-844341-1-hyperv neutron-server[105304]: DEBUG neutron_lib.callbacks.manager [None req-ee0bfcb5-427b-42ec-a65c-e9237ca39349 admin admin] Publish callbacks ['neutron.plugins.ml2.plugin.SecurityGroupDbMixin._ensure_default_security_group_handler-3866615'] for port (None), before_create {{(pid=105304) _notify_loop /usr/local/lib/python3.8/dist-packages/neutron_lib/callbacks/manager.py:176}}
Jun 01 22:27:42.559616 dv-neutron-844341-1-hyperv neutron-server[105305]: DEBUG neutron_lib.callbacks.manager [None req-662ca0fe-8a42-449e-9446-ab72e1851abf None None] Publish callbacks ['neutron.plugins.ml2.plugin.SecurityGroupServerNotifierRpcMixin._notify_sg_on_port_change-3866416', 'neutron.plugins.ml2.ovo_rpc._ObjectChangeHandler.handle_event-15116', 'neutron.api.rpc.agentnotifiers.dhcp_rpc_agent_api.DhcpAgentNotifyAPI._native_event_send_dhcp_notification-585036', 'neutron.db.l3_db.L3RpcNotifierMixin._notify_gateway_port_ip_changed-8746287693020', 'neutron.db.l3_dvrscheduler_db._notify_l3_agent_port_update-8746287159354', 'neutron.db.l3_hascheduler_db._notify_l3_agent_ha_port_update-8746287159372'] for port (5f9bad2c-b869-4923-8643-339974b94998), after_update {{(pid=105305) _notify_loop /usr/local/lib/python3.8/dist-packages/neutron_lib/callbacks/manager.py:176}}
Jun 01 22:27:42.583793 dv-neutron-844341-1-hyperv neutron-server[105303]: DEBUG neutron_lib.callbacks.manager [None req-b230d391-4572-4b5c-b12c-56aa4b4e4619 admin admin] Publish callbacks ['neutron.plugins.ml2.ovo_rpc._ObjectChangeHandler.handle_event-758547', 'neutron.api.rpc.agentnotifiers.dhcp_rpc_agent_api.DhcpAgentNotifyAPI._native_event_send_dhcp_notification-585036'] for network (7157df80-d5a6-470b-8427-8a1e9c4ee30a), after_create {{(pid=105303) _notify_loop /usr/local/lib/python3.8/dist-packages/neutron_lib/callbacks/manager.py:176}}
Jun 01 22:27:42.584795 dv-neutron-844341-1-hyperv neutron-server[105303]: DEBUG neutron.pecan_wsgi.hooks.policy_enforcement [None req-b230d391-4572-4b5c-b12c-56aa4b4e4619 admin admin] Attributes excluded by policy engine: ['standard_attr_id', 'vlan_transparent'] {{(pid=105303) _exclude_attributes_by_policy /opt/stack/neutron/neutron/pecan_wsgi/hooks/policy_enforcement.py:259}}
Jun 01 22:27:42.585616 dv-neutron-844341-1-hyperv neutron-server[105303]: DEBUG neutron_lib.callbacks.manager [None req-b230d391-4572-4b5c-b12c-56aa4b4e4619 admin admin] Publish callbacks ['neutron.api.rpc.agentnotifiers.dhcp_rpc_agent_api.DhcpAgentNotifyAPI._send_dhcp_notification-585086'] for network (None), before_response {{(pid=105303) _notify_loop /usr/local/lib/python3.8/dist-packages/neutron_lib/callbacks/manager.py:176}}
Jun 01 22:27:42.614708 dv-neutron-844341-1-hyperv neutron-server[105303]: DEBUG neutron.api.rpc.handlers.resources_rpc [None req-e16fd54e-0ed0-4ce0-9129-1c340dc4f5e8 admin admin] Pushing event updated for resources: {'Network': ['ID=c6c2af22-c0af-4ba5-8472-ea03a25ab1a2,revision_number=1']} {{(pid=105303) push /opt/stack/neutron/neutron/api/rpc/handlers/resources_rpc.py:237}}
Jun 01 22:27:42.663679 dv-neutron-844341-1-hyperv neutron-server[105305]: DEBUG neutron.api.rpc.handlers.resources_rpc [None req-662ca0fe-8a42-449e-9446-ab72e1851abf None None] Pushing event updated for resources: {'Port': ['ID=5f9bad2c-b869-4923-8643-339974b94998,revision_number=2']} {{(pid=105305) push /opt/stack/neutron/neutron/api/rpc/handlers/resources_rpc.py:237}}
Jun 01 22:27:42.677583 dv-neutron-844341-1-hyperv neutron-server[105305]: DEBUG neutron.plugins.ml2.rpc [None req-2e96bd91-0ee3-4be4-a899-1b9eaf09e814 None None] Network c6c2af22-c0af-4ba5-8472-ea03a25ab1a2 details requested by agent ovs-agent-dv-neutron-844341-1-hyperv with host dv-neutron-844341-1-hyperv {{(pid=105305) get_network_details /opt/stack/neutron/neutron/plugins/ml2/rpc.py:248}}
Jun 01 22:27:42.680900 dv-neutron-844341-1-hyperv neutron-server[105303]: DEBUG neutron.api.rpc.handlers.resources_rpc [None req-b230d391-4572-4b5c-b12c-56aa4b4e4619 admin admin] Pushing event updated for resources: {'Network': ['ID=7157df80-d5a6-470b-8427-8a1e9c4ee30a,revision_number=1']} {{(pid=105303) push /opt/stack/neutron/neutron/api/rpc/handlers/resources_rpc.py:237}}
Jun 01 22:27:42.699381 dv-neutron-844341-1-hyperv neutron-server[105303]: INFO neutron.wsgi [None req-e16fd54e-0ed0-4ce0-9129-1c340dc4f5e8 admin admin] 10.222.0.41 "POST /v2.0/networks HTTP/1.1" status: 201 len: 866 time: 1.5567408
Jun 01 22:27:42.706962 dv-neutron-844341-1-hyperv neutron-server[105303]: INFO neutron.wsgi [None req-b230d391-4572-4b5c-b12c-56aa4b4e4619 admin admin] 10.222.0.41 "POST /v2.0/networks HTTP/1.1" status: 201 len: 860 time: 1.3891485
Jun 01 22:27:42.707546 dv-neutron-844341-1-hyperv neutron-server[105303]: DEBUG neutron.wsgi [-] (105303) accepted ('10.222.0.41', 38826) {{(pid=105303) server /usr/local/lib/python3.8/dist-packages/eventlet/wsgi.py:1004}}
Jun 01 22:27:42.712972 dv-neutron-844341-1-hyperv neutron-server[105303]: DEBUG neutron.api.v2.base [None req-30a244e6-8870-43e6-b131-2aea0ba1f3ce admin admin] Request body: {'subnet': {'network_id': 'c6c2af22-c0af-4ba5-8472-ea03a25ab1a2', 'cidr': '172.20.0.0/28', 'name': 'tempest-ServerActionsTestJSON-1615232457-subnet', 'tenant_id': '1853ebdb86bb4d8392f0be4dc4de15d6', 'enable_dhcp': True, 'ip_version': 4}} {{(pid=105303) prepare_request_body /opt/stack/neutron/neutron/api/v2/base.py:730}}
Jun 01 22:27:42.716376 dv-neutron-844341-1-hyperv neutron-server[105304]: DEBUG neutron.wsgi [-] (105304) accepted ('10.222.0.41', 38828) {{(pid=105304) server /usr/local/lib/python3.8/dist-packages/eventlet/wsgi.py:1004}}
Jun 01 22:27:42.721512 dv-neutron-844341-1-hyperv neutron-server[105303]: DEBUG dbcounter [-] [105303] Writing DB stats neutron:SELECT=76,neutron:INSERT=21,neutron:UPDATE=3 {{(pid=105303) stat_writer /usr/local/lib/python3.8/dist-packages/dbcounter.py:114}}
Jun 01 22:27:42.730793 dv-neutron-844341-1-hyperv neutron-server[105304]: DEBUG neutron.api.v2.base [None req-bfd47aed-78bd-4db8-a652-ca61c7c1a97f admin admin] Request body: {'subnet': {'network_id': '7157df80-d5a6-470b-8427-8a1e9c4ee30a', 'cidr': '172.20.0.0/28', 'name': 'tempest-ServersTestJSON-1778109308-subnet', 'tenant_id': '97cd6578ebcd45568fd694ae3dddb0fe', 'enable_dhcp': True, 'ip_version': 4}} {{(pid=105304) prepare_request_body /opt/stack/neutron/neutron/api/v2/base.py:730}}
Jun 01 22:27:42.757755 dv-neutron-844341-1-hyperv neutron-server[105305]: DEBUG neutron.plugins.ml2.rpc [None req-2e96bd91-0ee3-4be4-a899-1b9eaf09e814 None None] Network 7157df80-d5a6-470b-8427-8a1e9c4ee30a details requested by agent ovs-agent-dv-neutron-844341-1-hyperv with host dv-neutron-844341-1-hyperv {{(pid=105305) get_network_details /opt/stack/neutron/neutron/plugins/ml2/rpc.py:248}}
Jun 01 22:27:42.776256 dv-neutron-844341-1-hyperv neutron-server[105304]: DEBUG neutron.db.db_base_plugin_common [None req-ee0bfcb5-427b-42ec-a65c-e9237ca39349 admin admin] Allocated IP 172.26.5.155 (b3cab941-ad12-45a5-a4f4-d7c1f75e38d1/d71c32df-cb80-47c2-8688-fda697f20eda/37676c1f-1445-4743-b343-fa6ff33891af) {{(pid=105304) _store_ip_allocation /opt/stack/neutron/neutron/db/db_base_plugin_common.py:131}}
Jun 01 22:27:42.777433 dv-neutron-844341-1-hyperv neutron-server[105303]: DEBUG neutron.api.v2.base [None req-506bac17-ee56-4b1e-8626-1c43c0cde7c6 tempest-ExternalNetworksTestJSON-775329617 tempest-ExternalNetworksTestJSON-775329617-project] Request body: {'network': {'name': 'tempest-ExternalNetworksTestJSON-test-network-864601935'}} {{(pid=105303) prepare_request_body /opt/stack/neutron/neutron/api/v2/base.py:730}}
Jun 01 22:27:42.784443 dv-neutron-844341-1-hyperv neutron-server[105303]: DEBUG dbcounter [-] [105303] Writing DB stats neutron:SELECT=74,neutron:INSERT=17,neutron:UPDATE=5,neutron:DELETE=4 {{(pid=105303) stat_writer /usr/local/lib/python3.8/dist-packages/dbcounter.py:114}}
Jun 01 22:27:42.804104 dv-neutron-844341-1-hyperv neutron-server[105305]: DEBUG dbcounter [-] [105305] Writing DB stats neutron:SELECT=97,neutron:UPDATE=2,neutron:INSERT=1 {{(pid=105305) stat_writer /usr/local/lib/python3.8/dist-packages/dbcounter.py:114}}
Jun 01 22:27:42.845109 dv-neutron-844341-1-hyperv neutron-server[105303]: DEBUG neutron.pecan_wsgi.hooks.quota_enforcement [None req-30a244e6-8870-43e6-b131-2aea0ba1f3ce admin admin] Made reservation on behalf of 1853ebdb86bb4d8392f0be4dc4de15d6 for: {'subnet': 1} {{(pid=105303) before /opt/stack/neutron/neutron/pecan_wsgi/hooks/quota_enforcement.py:53}}
Jun 01 22:27:42.848523 dv-neutron-844341-1-hyperv neutron-server[105303]: DEBUG neutron_lib.callbacks.manager [None req-30a244e6-8870-43e6-b131-2aea0ba1f3ce admin admin] Publish callbacks [] for subnet (None), before_create {{(pid=105303) _notify_loop /usr/local/lib/python3.8/dist-packages/neutron_lib/callbacks/manager.py:176}}
Jun 01 22:27:42.849586 dv-neutron-844341-1-hyperv neutron-server[105304]: DEBUG neutron.pecan_wsgi.hooks.quota_enforcement [None req-bfd47aed-78bd-4db8-a652-ca61c7c1a97f admin admin] Made reservation on behalf of 97cd6578ebcd45568fd694ae3dddb0fe for: {'subnet': 1} {{(pid=105304) before /opt/stack/neutron/neutron/pecan_wsgi/hooks/quota_enforcement.py:53}}
Jun 01 22:27:42.853789 dv-neutron-844341-1-hyperv neutron-server[105304]: DEBUG neutron_lib.callbacks.manager [None req-bfd47aed-78bd-4db8-a652-ca61c7c1a97f admin admin] Publish callbacks [] for subnet (None), before_create {{(pid=105304) _notify_loop /usr/local/lib/python3.8/dist-packages/neutron_lib/callbacks/manager.py:176}}
Jun 01 22:27:42.911522 dv-neutron-844341-1-hyperv neutron-server[105303]: DEBUG neutron.pecan_wsgi.hooks.quota_enforcement [None req-506bac17-ee56-4b1e-8626-1c43c0cde7c6 tempest-ExternalNetworksTestJSON-775329617 tempest-ExternalNetworksTestJSON-775329617-project] Made reservation on behalf of 95759d5092344693b9df7ee6d540bee3 for: {'network': 1} {{(pid=105303) before /opt/stack/neutron/neutron/pecan_wsgi/hooks/quota_enforcement.py:53}}
Jun 01 22:27:42.915148 dv-neutron-844341-1-hyperv neutron-server[105303]: DEBUG neutron_lib.callbacks.manager [None req-506bac17-ee56-4b1e-8626-1c43c0cde7c6 tempest-ExternalNetworksTestJSON-775329617 tempest-ExternalNetworksTestJSON-775329617-project] Publish callbacks ['neutron.plugins.ml2.plugin.SecurityGroupDbMixin._ensure_default_security_group_handler-3866615'] for network (None), before_create {{(pid=105303) _notify_loop /usr/local/lib/python3.8/dist-packages/neutron_lib/callbacks/manager.py:176}}
Jun 01 22:27:42.926824 dv-neutron-844341-1-hyperv neutron-server[105303]: DEBUG neutron.wsgi [-] (105303) accepted ('10.222.0.41', 38834) {{(pid=105303) server /usr/local/lib/python3.8/dist-packages/eventlet/wsgi.py:1004}}
Jun 01 22:27:42.944347 dv-neutron-844341-1-hyperv neutron-server[105303]: DEBUG neutron_lib.callbacks.manager [None req-506bac17-ee56-4b1e-8626-1c43c0cde7c6 tempest-ExternalNetworksTestJSON-775329617 tempest-ExternalNetworksTestJSON-775329617-project] Publish callbacks [] for security_group (None), before_create {{(pid=105303) _notify_loop /usr/local/lib/python3.8/dist-packages/neutron_lib/callbacks/manager.py:176}}
Jun 01 22:27:43.020165 dv-neutron-844341-1-hyperv neutron-server[105304]: DEBUG dbcounter [-] [105304] Writing DB stats neutron:UPDATE=5,neutron:SELECT=91,neutron:INSERT=4 {{(pid=105304) stat_writer /usr/local/lib/python3.8/dist-packages/dbcounter.py:114}}
Jun 01 22:27:43.115912 dv-neutron-844341-1-hyperv neutron-server[105304]: DEBUG neutron_lib.callbacks.manager [None req-ee0bfcb5-427b-42ec-a65c-e9237ca39349 admin admin] Publish callbacks [] for port (37676c1f-1445-4743-b343-fa6ff33891af), precommit_create {{(pid=105304) _notify_loop /usr/local/lib/python3.8/dist-packages/neutron_lib/callbacks/manager.py:176}}
Jun 01 22:27:43.171081 dv-neutron-844341-1-hyperv neutron-server[105303]: DEBUG neutron_lib.callbacks.manager [None req-506bac17-ee56-4b1e-8626-1c43c0cde7c6 tempest-ExternalNetworksTestJSON-775329617 tempest-ExternalNetworksTestJSON-775329617-project] Publish callbacks [] for security_group (0b3c4627-0154-461b-a25f-a55d873c23d7), precommit_create {{(pid=105303) _notify_loop /usr/local/lib/python3.8/dist-packages/neutron_lib/callbacks/manager.py:176}}
Jun 01 22:27:43.223275 dv-neutron-844341-1-hyperv neutron-server[105304]: DEBUG neutron_lib.callbacks.manager [None req-ee0bfcb5-427b-42ec-a65c-e9237ca39349 admin admin] Publish callbacks ['neutron.plugins.ml2.plugin.SecurityGroupServerNotifierRpcMixin._notify_sg_on_port_change-3866416', 'neutron.plugins.ml2.ovo_rpc._ObjectChangeHandler.handle_event-15116', 'neutron.api.rpc.agentnotifiers.dhcp_rpc_agent_api.DhcpAgentNotifyAPI._native_event_send_dhcp_notification-585036', 'neutron.db.l3_dvrscheduler_db._notify_l3_agent_new_port-8746287159336'] for port (37676c1f-1445-4743-b343-fa6ff33891af), after_create {{(pid=105304) _notify_loop /usr/local/lib/python3.8/dist-packages/neutron_lib/callbacks/manager.py:176}}
Jun 01 22:27:43.247447 dv-neutron-844341-1-hyperv neutron-server[105303]: DEBUG neutron_lib.callbacks.manager [None req-506bac17-ee56-4b1e-8626-1c43c0cde7c6 tempest-ExternalNetworksTestJSON-775329617 tempest-ExternalNetworksTestJSON-775329617-project] Publish callbacks ['neutron.plugins.ml2.ovo_rpc._ObjectChangeHandler.handle_event-780961'] for security_group (0b3c4627-0154-461b-a25f-a55d873c23d7), after_create {{(pid=105303) _notify_loop /usr/local/lib/python3.8/dist-packages/neutron_lib/callbacks/manager.py:176}}
Jun 01 22:27:43.291864 dv-neutron-844341-1-hyperv neutron-server[105303]: DEBUG neutron.plugins.ml2.drivers.helpers [None req-506bac17-ee56-4b1e-8626-1c43c0cde7c6 tempest-ExternalNetworksTestJSON-775329617 tempest-ExternalNetworksTestJSON-775329617-project] vlan segment allocate from pool success with {'physical_network': 'physnet1', 'vlan_id': 178} {{(pid=105303) allocate_partially_specified_segment /opt/stack/neutron/neutron/plugins/ml2/drivers/helpers.py:153}}
Jun 01 22:27:43.303964 dv-neutron-844341-1-hyperv neutron-server[105303]: DEBUG neutron_lib.callbacks.manager [None req-506bac17-ee56-4b1e-8626-1c43c0cde7c6 tempest-ExternalNetworksTestJSON-775329617 tempest-ExternalNetworksTestJSON-775329617-project] Publish callbacks ['neutron.plugins.ml2.plugin.Ml2Plugin._handle_segment_change-3820517'] for segment (beab3647-b82c-4153-9b9f-4a4ff4a04ff4), precommit_create {{(pid=105303) _notify_loop /usr/local/lib/python3.8/dist-packages/neutron_lib/callbacks/manager.py:176}}
Jun 01 22:27:43.304541 dv-neutron-844341-1-hyperv neutron-server[105303]: INFO neutron.db.segments_db [None req-506bac17-ee56-4b1e-8626-1c43c0cde7c6 tempest-ExternalNetworksTestJSON-775329617 tempest-ExternalNetworksTestJSON-775329617-project] Added segment beab3647-b82c-4153-9b9f-4a4ff4a04ff4 of type vlan for network 456ecada-94a2-4129-abed-74f39093bc27
Jun 01 22:27:43.318746 dv-neutron-844341-1-hyperv neutron-server[105304]: DEBUG dbcounter [-] [105304] Writing DB stats neutron:SELECT=88,neutron:INSERT=10,neutron:UPDATE=2 {{(pid=105304) stat_writer /usr/local/lib/python3.8/dist-packages/dbcounter.py:114}}
Jun 01 22:27:43.322601 dv-neutron-844341-1-hyperv neutron-server[105304]: DEBUG neutron.scheduler.dhcp_agent_scheduler [None req-ee0bfcb5-427b-42ec-a65c-e9237ca39349 admin admin] Network b3cab941-ad12-45a5-a4f4-d7c1f75e38d1 is already hosted by enough agents. {{(pid=105304) _get_dhcp_agents_hosting_network /opt/stack/neutron/neutron/scheduler/dhcp_agent_scheduler.py:275}}
Jun 01 22:27:43.325888 dv-neutron-844341-1-hyperv neutron-server[105304]: DEBUG neutron.scheduler.base_scheduler [None req-ee0bfcb5-427b-42ec-a65c-e9237ca39349 admin admin] Resources bound (agent type, host, resource id): {{(pid=105304) schedule /opt/stack/neutron/neutron/scheduler/base_scheduler.py:57}}
Jun 01 22:27:43.330732 dv-neutron-844341-1-hyperv neutron-server[105304]: DEBUG neutron.db.l3_dvrscheduler_db [None req-ee0bfcb5-427b-42ec-a65c-e9237ca39349 admin admin] Received port after_create {{(pid=105304) _notify_l3_agent_new_port /opt/stack/neutron/neutron/db/l3_dvrscheduler_db.py:542}}
Jun 01 22:27:43.373558 dv-neutron-844341-1-hyperv neutron-server[105303]: DEBUG neutron_lib.callbacks.manager [None req-506bac17-ee56-4b1e-8626-1c43c0cde7c6 tempest-ExternalNetworksTestJSON-775329617 tempest-ExternalNetworksTestJSON-775329617-project] Publish callbacks ['neutron.services.auto_allocate.db._ensure_external_network_default_value_callback-8746287144039'] for network (456ecada-94a2-4129-abed-74f39093bc27), precommit_create {{(pid=105303) _notify_loop /usr/local/lib/python3.8/dist-packages/neutron_lib/callbacks/manager.py:176}}
Jun 01 22:27:43.381206 dv-neutron-844341-1-hyperv neutron-server[105304]: DEBUG neutron_lib.callbacks.manager [None req-bfd47aed-78bd-4db8-a652-ca61c7c1a97f admin admin] Publish callbacks ['neutron.plugins.ml2.ovo_rpc._ObjectChangeHandler.handle_event-758600', 'neutron.api.rpc.agentnotifiers.dhcp_rpc_agent_api.DhcpAgentNotifyAPI._native_event_send_dhcp_notification-585036'] for subnet (8898899e-44d7-426a-be40-f3a72ca402ac), after_create {{(pid=105304) _notify_loop /usr/local/lib/python3.8/dist-packages/neutron_lib/callbacks/manager.py:176}}
Jun 01 22:27:43.393852 dv-neutron-844341-1-hyperv neutron-server[105303]: DEBUG neutron_lib.callbacks.manager [None req-30a244e6-8870-43e6-b131-2aea0ba1f3ce admin admin] Publish callbacks ['neutron.plugins.ml2.ovo_rpc._ObjectChangeHandler.handle_event-758600', 'neutron.api.rpc.agentnotifiers.dhcp_rpc_agent_api.DhcpAgentNotifyAPI._native_event_send_dhcp_notification-585036'] for subnet (b24a9177-efd0-423d-b194-83339f4d4e61), after_create {{(pid=105303) _notify_loop /usr/local/lib/python3.8/dist-packages/neutron_lib/callbacks/manager.py:176}}
Jun 01 22:27:43.403792 dv-neutron-844341-1-hyperv neutron-server[105303]: DEBUG neutron.api.v2.base [None req-59f5ef91-063f-4f28-8ba8-2071324cb280 tempest-MeteringTestJSON-1033796166 tempest-MeteringTestJSON-1033796166-project-admin] Request body: {'metering_label': {'description': 'metering label created by tempest', 'name': 'tempest-metering-label-1041640565'}} {{(pid=105303) prepare_request_body /opt/stack/neutron/neutron/api/v2/base.py:730}}
Jun 01 22:27:43.404983 dv-neutron-844341-1-hyperv neutron-server[105303]: DEBUG neutron.api.v2.base [None req-59f5ef91-063f-4f28-8ba8-2071324cb280 tempest-MeteringTestJSON-1033796166 tempest-MeteringTestJSON-1033796166-project-admin] Unknown quota resources ['metering_label']. {{(pid=105303) _create /opt/stack/neutron/neutron/api/v2/base.py:497}}
Jun 01 22:27:43.417974 dv-neutron-844341-1-hyperv neutron-server[105304]: DEBUG neutron.api.rpc.handlers.resources_rpc [None req-ee0bfcb5-427b-42ec-a65c-e9237ca39349 admin admin] Pushing event updated for resources: {'Port': ['ID=37676c1f-1445-4743-b343-fa6ff33891af,revision_number=1']} {{(pid=105304) push /opt/stack/neutron/neutron/api/rpc/handlers/resources_rpc.py:237}}
Jun 01 22:27:43.524751 dv-neutron-844341-1-hyperv neutron-server[105303]: DEBUG neutron.api.rpc.handlers.resources_rpc [None req-506bac17-ee56-4b1e-8626-1c43c0cde7c6 tempest-ExternalNetworksTestJSON-775329617 tempest-ExternalNetworksTestJSON-775329617-project] Pushing event updated for resources: {'SecurityGroup': ['ID=0b3c4627-0154-461b-a25f-a55d873c23d7,revision_number=1']} {{(pid=105303) push /opt/stack/neutron/neutron/api/rpc/handlers/resources_rpc.py:237}}
Jun 01 22:27:43.527559 dv-neutron-844341-1-hyperv neutron-server[105303]: DEBUG neutron.api.rpc.handlers.resources_rpc [None req-30a244e6-8870-43e6-b131-2aea0ba1f3ce admin admin] Pushing event updated for resources: {'Subnet': ['ID=b24a9177-efd0-423d-b194-83339f4d4e61,revision_number=0']} {{(pid=105303) push /opt/stack/neutron/neutron/api/rpc/handlers/resources_rpc.py:237}}
Jun 01 22:27:43.541124 dv-neutron-844341-1-hyperv neutron-server[105303]: DEBUG neutron_lib.callbacks.manager [None req-506bac17-ee56-4b1e-8626-1c43c0cde7c6 tempest-ExternalNetworksTestJSON-775329617 tempest-ExternalNetworksTestJSON-775329617-project] Publish callbacks ['neutron.plugins.ml2.ovo_rpc._ObjectChangeHandler.handle_event-758547', 'neutron.api.rpc.agentnotifiers.dhcp_rpc_agent_api.DhcpAgentNotifyAPI._native_event_send_dhcp_notification-585036'] for network (456ecada-94a2-4129-abed-74f39093bc27), after_create {{(pid=105303) _notify_loop /usr/local/lib/python3.8/dist-packages/neutron_lib/callbacks/manager.py:176}}
Jun 01 22:27:43.546673 dv-neutron-844341-1-hyperv neutron-server[105303]: DEBUG neutron.pecan_wsgi.hooks.policy_enforcement [None req-506bac17-ee56-4b1e-8626-1c43c0cde7c6 tempest-ExternalNetworksTestJSON-775329617 tempest-ExternalNetworksTestJSON-775329617-project] Attributes excluded by policy engine: ['standard_attr_id', 'provider:network_type', 'provider:physical_network', 'provider:segmentation_id', 'vlan_transparent'] {{(pid=105303) _exclude_attributes_by_policy /opt/stack/neutron/neutron/pecan_wsgi/hooks/policy_enforcement.py:259}}
Jun 01 22:27:43.547283 dv-neutron-844341-1-hyperv neutron-server[105303]: DEBUG neutron_lib.callbacks.manager [None req-506bac17-ee56-4b1e-8626-1c43c0cde7c6 tempest-ExternalNetworksTestJSON-775329617 tempest-ExternalNetworksTestJSON-775329617-project] Publish callbacks ['neutron.api.rpc.agentnotifiers.dhcp_rpc_agent_api.DhcpAgentNotifyAPI._send_dhcp_notification-585086'] for network (None), before_response {{(pid=105303) _notify_loop /usr/local/lib/python3.8/dist-packages/neutron_lib/callbacks/manager.py:176}}
Jun 01 22:27:43.555754 dv-neutron-844341-1-hyperv neutron-server[105304]: DEBUG neutron.wsgi [-] (105304) accepted ('10.222.0.41', 38856) {{(pid=105304) server /usr/local/lib/python3.8/dist-packages/eventlet/wsgi.py:1004}}
Jun 01 22:27:43.556332 dv-neutron-844341-1-hyperv neutron-server[105304]: DEBUG neutron.plugins.ml2.drivers.mech_agent [None req-bfd47aed-78bd-4db8-a652-ca61c7c1a97f admin admin] Checking segment: {'id': 'aa345d81-a303-486f-b9c6-46ab8335cc51', 'network_type': 'vlan', 'physical_network': 'physnet1', 'segmentation_id': 195, 'network_id': '7157df80-d5a6-470b-8427-8a1e9c4ee30a'} for mappings: {'physnet1': 'br-data'} with network types: ['local', 'flat', 'vlan'] {{(pid=105304) check_segment_for_agent /opt/stack/neutron/neutron/plugins/ml2/drivers/mech_agent.py:373}}
Jun 01 22:27:43.556677 dv-neutron-844341-1-hyperv neutron-server[105304]: DEBUG neutron.scheduler.dhcp_agent_scheduler [None req-bfd47aed-78bd-4db8-a652-ca61c7c1a97f admin admin] Network hostable DHCP agents. Network: 7157df80-d5a6-470b-8427-8a1e9c4ee30a, hostable agents: ['119f6f2b-d4d6-463f-b2b2-adab71b17079'], hosted agents: [] {{(pid=105304) _get_network_hostable_dhcp_agents /opt/stack/neutron/neutron/scheduler/dhcp_agent_scheduler.py:329}}
Jun 01 22:27:43.565044 dv-neutron-844341-1-hyperv neutron-server[105304]: DEBUG neutron.api.rpc.handlers.resources_rpc [None req-bfd47aed-78bd-4db8-a652-ca61c7c1a97f admin admin] Pushing event updated for resources: {'Subnet': ['ID=8898899e-44d7-426a-be40-f3a72ca402ac,revision_number=0']} {{(pid=105304) push /opt/stack/neutron/neutron/api/rpc/handlers/resources_rpc.py:237}}
Jun 01 22:27:43.717897 dv-neutron-844341-1-hyperv neutron-server[105303]: DEBUG neutron.wsgi [-] (105303) accepted ('10.222.0.41', 38862) {{(pid=105303) server /usr/local/lib/python3.8/dist-packages/eventlet/wsgi.py:1004}}
Jun 01 22:27:43.743792 dv-neutron-844341-1-hyperv neutron-server[105303]: DEBUG dbcounter [-] [105303] Writing DB stats neutron:SELECT=74,neutron:INSERT=23,neutron:UPDATE=3 {{(pid=105303) stat_writer /usr/local/lib/python3.8/dist-packages/dbcounter.py:114}}
Jun 01 22:27:43.753506 dv-neutron-844341-1-hyperv neutron-server[105304]: DEBUG neutron_lib.callbacks.manager [None req-ee0bfcb5-427b-42ec-a65c-e9237ca39349 admin admin] Publish callbacks [] for router_gateway (5d7d43da-829b-4a33-a666-b24fe36bfc48), after_create {{(pid=105304) _notify_loop /usr/local/lib/python3.8/dist-packages/neutron_lib/callbacks/manager.py:176}}
Jun 01 22:27:43.757895 dv-neutron-844341-1-hyperv neutron-server[105304]: DEBUG neutron.scheduler.dhcp_agent_scheduler [None req-bfd47aed-78bd-4db8-a652-ca61c7c1a97f admin admin] Network 7157df80-d5a6-470b-8427-8a1e9c4ee30a is scheduled to be hosted by DHCP agent 119f6f2b-d4d6-463f-b2b2-adab71b17079 with binding_index 1 {{(pid=105304) bind /opt/stack/neutron/neutron/scheduler/dhcp_agent_scheduler.py:227}}
Jun 01 22:27:43.775476 dv-neutron-844341-1-hyperv neutron-server[105303]: DEBUG neutron.api.rpc.handlers.resources_rpc [None req-506bac17-ee56-4b1e-8626-1c43c0cde7c6 tempest-ExternalNetworksTestJSON-775329617 tempest-ExternalNetworksTestJSON-775329617-project] Pushing event updated for resources: {'Network': ['ID=456ecada-94a2-4129-abed-74f39093bc27,revision_number=1']} {{(pid=105303) push /opt/stack/neutron/neutron/api/rpc/handlers/resources_rpc.py:237}}
Jun 01 22:27:43.800416 dv-neutron-844341-1-hyperv neutron-server[105304]: DEBUG neutron.api.v2.base [None req-a24a9c45-8b0c-42ed-b654-3967ce72f89e tempest-DHCPAgentSchedulersTestJSON-1890592512 tempest-DHCPAgentSchedulersTestJSON-1890592512-project] Request body: {'network': {'name': 'tempest-DHCPAgentSchedulersTestJSON-test-network-2044113990'}} {{(pid=105304) prepare_request_body /opt/stack/neutron/neutron/api/v2/base.py:730}}
Jun 01 22:27:43.830587 dv-neutron-844341-1-hyperv neutron-server[105305]: DEBUG neutron.plugins.ml2.rpc [None req-2e96bd91-0ee3-4be4-a899-1b9eaf09e814 None None] Network 456ecada-94a2-4129-abed-74f39093bc27 details requested by agent ovs-agent-dv-neutron-844341-1-hyperv with host dv-neutron-844341-1-hyperv {{(pid=105305) get_network_details /opt/stack/neutron/neutron/plugins/ml2/rpc.py:248}}
Jun 01 22:27:43.842204 dv-neutron-844341-1-hyperv neutron-server[105304]: DEBUG neutron.wsgi [-] (105304) accepted ('10.222.0.41', 38866) {{(pid=105304) server /usr/local/lib/python3.8/dist-packages/eventlet/wsgi.py:1004}}
Jun 01 22:27:43.843669 dv-neutron-844341-1-hyperv neutron-server[105303]: INFO neutron.wsgi [None req-506bac17-ee56-4b1e-8626-1c43c0cde7c6 tempest-ExternalNetworksTestJSON-775329617 tempest-ExternalNetworksTestJSON-775329617-project] 10.222.0.41 "POST /v2.0/networks HTTP/1.1" status: 201 len: 772 time: 1.4384124
Jun 01 22:27:43.904360 dv-neutron-844341-1-hyperv neutron-server[105303]: DEBUG neutron_lib.callbacks.manager [None req-59f5ef91-063f-4f28-8ba8-2071324cb280 tempest-MeteringTestJSON-1033796166 tempest-MeteringTestJSON-1033796166-project-admin] Publish callbacks [] for metering_label (None), before_response {{(pid=105303) _notify_loop /usr/local/lib/python3.8/dist-packages/neutron_lib/callbacks/manager.py:176}}
Jun 01 22:27:43.906009 dv-neutron-844341-1-hyperv neutron-server[105303]: INFO neutron.wsgi [None req-59f5ef91-063f-4f28-8ba8-2071324cb280 tempest-MeteringTestJSON-1033796166 tempest-MeteringTestJSON-1033796166-project-admin] 10.222.0.41 "POST /v2.0/metering/metering-labels HTTP/1.1" status: 201 len: 478 time: 0.9760692
Jun 01 22:27:43.909279 dv-neutron-844341-1-hyperv neutron-server[105303]: DEBUG neutron.wsgi [-] (105303) accepted ('10.222.0.41', 38870) {{(pid=105303) server /usr/local/lib/python3.8/dist-packages/eventlet/wsgi.py:1004}}
Jun 01 22:27:43.910139 dv-neutron-844341-1-hyperv neutron-server[105305]: DEBUG dbcounter [-] [105305] Writing DB stats neutron:SELECT=88,neutron:INSERT=6,neutron:UPDATE=6 {{(pid=105305) stat_writer /usr/local/lib/python3.8/dist-packages/dbcounter.py:114}}
Jun 01 22:27:43.911747 dv-neutron-844341-1-hyperv neutron-server[105303]: DEBUG neutron.plugins.ml2.drivers.mech_agent [None req-30a244e6-8870-43e6-b131-2aea0ba1f3ce admin admin] Checking segment: {'id': '95594ffe-abe1-4eb1-accb-511c3e6ed9d5', 'network_type': 'vlan', 'physical_network': 'physnet1', 'segmentation_id': 162, 'network_id': 'c6c2af22-c0af-4ba5-8472-ea03a25ab1a2'} for mappings: {'physnet1': 'br-data'} with network types: ['local', 'flat', 'vlan'] {{(pid=105303) check_segment_for_agent /opt/stack/neutron/neutron/plugins/ml2/drivers/mech_agent.py:373}}
Jun 01 22:27:43.912404 dv-neutron-844341-1-hyperv neutron-server[105303]: DEBUG neutron.scheduler.dhcp_agent_scheduler [None req-30a244e6-8870-43e6-b131-2aea0ba1f3ce admin admin] Network hostable DHCP agents. Network: c6c2af22-c0af-4ba5-8472-ea03a25ab1a2, hostable agents: ['119f6f2b-d4d6-463f-b2b2-adab71b17079'], hosted agents: [] {{(pid=105303) _get_network_hostable_dhcp_agents /opt/stack/neutron/neutron/scheduler/dhcp_agent_scheduler.py:329}}
Jun 01 22:27:43.918069 dv-neutron-844341-1-hyperv neutron-server[105303]: DEBUG neutron.api.v2.base [None req-0999ee54-c37d-48a1-aeb8-f0375ced271d tempest-MeteringTestJSON-1033796166 tempest-MeteringTestJSON-1033796166-project-admin] Request body: {'metering_label_rule': {'remote_ip_prefix': '10.0.0.0/24', 'direction': 'ingress', 'metering_label_id': '216ec756-8b22-48ef-bbce-96e7f0f45d60'}} {{(pid=105303) prepare_request_body /opt/stack/neutron/neutron/api/v2/base.py:730}}
Jun 01 22:27:43.918574 dv-neutron-844341-1-hyperv neutron-server[105303]: DEBUG neutron.api.v2.base [None req-0999ee54-c37d-48a1-aeb8-f0375ced271d tempest-MeteringTestJSON-1033796166 tempest-MeteringTestJSON-1033796166-project-admin] Unknown quota resources ['metering_label_rule']. {{(pid=105303) _create /opt/stack/neutron/neutron/api/v2/base.py:497}}
Jun 01 22:27:43.938299 dv-neutron-844341-1-hyperv neutron-server[105304]: DEBUG neutron.scheduler.base_scheduler [None req-bfd47aed-78bd-4db8-a652-ca61c7c1a97f admin admin] Resources bound (agent type, host, resource id): (DHCP agent, dv-neutron-844341-1-hyperv, 7157df80-d5a6-470b-8427-8a1e9c4ee30a) {{(pid=105304) schedule /opt/stack/neutron/neutron/scheduler/base_scheduler.py:57}}
