Jul 26 16:14:53.820020 dv-neutron-844335-3-hyperv neutron-server[105398]: DEBUG neutron.plugins.ml2.plugin [None req-2c6d741e-d9f1-4269-8977-67a018e9890c None None] Current status of the port 65c96735-adeb-4265-87cf-2b0e9e636d59 is: DOWN; New status is: ACTIVE {{(pid=105398) _update_individual_port_db_status /opt/stack/neutron/neutron/plugins/ml2/plugin.py:2292}}
Jul 26 16:14:53.820801 dv-neutron-844335-3-hyperv neutron-server[105398]: DEBUG neutron_lib.callbacks.manager [None req-2c6d741e-d9f1-4269-8977-67a018e9890c None None] Publish callbacks ['neutron.plugins.ml2.plugin.SecurityGroupDbMixin._ensure_default_security_group_handler-16109763'] for port (65c96735-adeb-4265-87cf-2b0e9e636d59), before_update {{(pid=105398) _notify_loop /usr/local/lib/python3.8/dist-packages/neutron_lib/callbacks/manager.py:176}}
Jul 26 16:14:53.827105 dv-neutron-844335-3-hyperv neutron-server[105396]: DEBUG neutron_lib.callbacks.manager [None req-222709bc-70f2-4769-824c-0d02cef08d1c tempest-ExternalNetworksTestJSON-558071753 tempest-ExternalNetworksTestJSON-558071753-project-admin] Publish callbacks [] for security_group (None), before_create {{(pid=105396) _notify_loop /usr/local/lib/python3.8/dist-packages/neutron_lib/callbacks/manager.py:176}}
Jul 26 16:14:53.881198 dv-neutron-844335-3-hyperv neutron-server[105398]: DEBUG neutron.plugins.ml2.plugin [None req-c697acac-0504-4693-bdfe-7af38270cb86 None None] Current status of the port 7b425104-50f7-4868-a23b-0374444a8d66 is: ACTIVE; New status is: ACTIVE {{(pid=105398) _update_individual_port_db_status /opt/stack/neutron/neutron/plugins/ml2/plugin.py:2292}}
Jul 26 16:14:53.916852 dv-neutron-844335-3-hyperv neutron-server[105397]: DEBUG neutron_lib.callbacks.manager [None req-df2c422e-1b33-45e2-92b8-306ae5fd2019 admin admin] Publish callbacks [] for port (b3726874-3d9a-4dfe-97bf-b8941ef224df), precommit_create {{(pid=105397) _notify_loop /usr/local/lib/python3.8/dist-packages/neutron_lib/callbacks/manager.py:176}}
Jul 26 16:14:53.922894 dv-neutron-844335-3-hyperv neutron-server[105397]: DEBUG neutron_lib.callbacks.manager [None req-d068ce3d-5953-4d00-9176-979be9fa6f6f tempest-RoutersTestDVR-1721049118 tempest-RoutersTestDVR-1721049118-project-admin] Publish callbacks [] for router_controller (08fbe679-bca0-4190-8d00-5f016dcd33c5), precommit_add_association {{(pid=105397) _notify_loop /usr/local/lib/python3.8/dist-packages/neutron_lib/callbacks/manager.py:176}}
Jul 26 16:14:53.926444 dv-neutron-844335-3-hyperv neutron-server[105398]: DEBUG neutron.plugins.ml2.db [None req-2c6d741e-d9f1-4269-8977-67a018e9890c None None] For port 65c96735-adeb-4265-87cf-2b0e9e636d59, host dv-neutron-844335-3-hyperv, got binding levels [PortBindingLevel(driver='openvswitch',host='dv-neutron-844335-3-hyperv',level=0,port_id=65c96735-adeb-4265-87cf-2b0e9e636d59,segment=NetworkSegment(93cbf2a0-2cff-4bdb-b8d6-d0c3354095f1),segment_id=93cbf2a0-2cff-4bdb-b8d6-d0c3354095f1)] {{(pid=105398) get_binding_level_objs /opt/stack/neutron/neutron/plugins/ml2/db.py:74}}
Jul 26 16:14:54.005424 dv-neutron-844335-3-hyperv neutron-server[105398]: DEBUG neutron.db.provisioning_blocks [None req-da87916c-554d-45dc-bf81-09f6bad08fc1 None None] Provisioning complete for port 65c96735-adeb-4265-87cf-2b0e9e636d59 triggered by entity DHCP. {{(pid=105398) provisioning_complete /opt/stack/neutron/neutron/db/provisioning_blocks.py:145}}
Jul 26 16:14:54.005889 dv-neutron-844335-3-hyperv neutron-server[105398]: DEBUG neutron_lib.callbacks.manager [None req-da87916c-554d-45dc-bf81-09f6bad08fc1 None None] Publish callbacks ['neutron.plugins.ml2.plugin.Ml2Plugin._port_provisioned-15869344'] for port (65c96735-adeb-4265-87cf-2b0e9e636d59), provisioning_complete {{(pid=105398) _notify_loop /usr/local/lib/python3.8/dist-packages/neutron_lib/callbacks/manager.py:176}}
Jul 26 16:14:54.024542 dv-neutron-844335-3-hyperv neutron-server[105397]: DEBUG neutron_lib.callbacks.manager [None req-d068ce3d-5953-4d00-9176-979be9fa6f6f tempest-RoutersTestDVR-1721049118 tempest-RoutersTestDVR-1721049118-project-admin] Publish callbacks ['neutron.services.l3_router.l3_router_plugin.L3_HA_NAT_db_mixin._after_router_create-583628', 'neutron.services.l3_router.l3_router_plugin.DVRResourceOperationHandler._create_snat_interfaces_after_change-1005446'] for router (08fbe679-bca0-4190-8d00-5f016dcd33c5), after_create {{(pid=105397) _notify_loop /usr/local/lib/python3.8/dist-packages/neutron_lib/callbacks/manager.py:176}}
Jul 26 16:14:54.036336 dv-neutron-844335-3-hyperv neutron-server[105398]: DEBUG neutron_lib.callbacks.manager [None req-2c6d741e-d9f1-4269-8977-67a018e9890c None None] Publish callbacks ['neutron.plugins.ml2.plugin.SecurityGroupServerNotifierRpcMixin._notify_sg_on_port_change-16109070', 'neutron.plugins.ml2.ovo_rpc._ObjectChangeHandler.handle_event-447479', 'neutron.api.rpc.agentnotifiers.dhcp_rpc_agent_api.DhcpAgentNotifyAPI._native_event_send_dhcp_notification-524707', 'neutron.db.l3_db.L3RpcNotifierMixin._notify_gateway_port_ip_changed-8741088590044', 'neutron.db.l3_dvrscheduler_db._notify_l3_agent_port_update-8741088224332', 'neutron.db.l3_hascheduler_db._notify_l3_agent_ha_port_update-8741088224350'] for port (65c96735-adeb-4265-87cf-2b0e9e636d59), after_update {{(pid=105398) _notify_loop /usr/local/lib/python3.8/dist-packages/neutron_lib/callbacks/manager.py:176}}
Jul 26 16:14:54.037209 dv-neutron-844335-3-hyperv neutron-server[105398]: DEBUG neutron.plugins.ml2.rpc [None req-2c6d741e-d9f1-4269-8977-67a018e9890c None None] Device 7b425104-50f7-4868-a23b-0374444a8d66 up at agent ovs-agent-dv-neutron-844335-3-hyperv {{(pid=105398) update_device_up /opt/stack/neutron/neutron/plugins/ml2/rpc.py:296}}
Jul 26 16:14:54.082064 dv-neutron-844335-3-hyperv neutron-server[105397]: DEBUG dbcounter [-] [105397] Writing DB stats neutron:SELECT=94,neutron:INSERT=5,neutron:UPDATE=1 {{(pid=105397) stat_writer /usr/local/lib/python3.8/dist-packages/dbcounter.py:114}}
Jul 26 16:14:54.093775 dv-neutron-844335-3-hyperv neutron-server[105396]: DEBUG dbcounter [-] [105396] Writing DB stats neutron:SELECT=83,neutron:DELETE=5,neutron:UPDATE=3,neutron:INSERT=9 {{(pid=105396) stat_writer /usr/local/lib/python3.8/dist-packages/dbcounter.py:114}}
Jul 26 16:14:54.147039 dv-neutron-844335-3-hyperv neutron-server[105398]: DEBUG neutron.api.rpc.handlers.resources_rpc [None req-2c6d741e-d9f1-4269-8977-67a018e9890c None None] Pushing event updated for resources: {'Port': ['ID=65c96735-adeb-4265-87cf-2b0e9e636d59,revision_number=3']} {{(pid=105398) push /opt/stack/neutron/neutron/api/rpc/handlers/resources_rpc.py:237}}
Jul 26 16:14:54.166505 dv-neutron-844335-3-hyperv neutron-server[105397]: DEBUG neutron_lib.callbacks.manager [None req-b278ddba-c699-49b5-8880-1df3a5124bae tempest-MeteringTestJSON-1802939119 tempest-MeteringTestJSON-1802939119-project-admin] Publish callbacks [] for metering_label (None), before_response {{(pid=105397) _notify_loop /usr/local/lib/python3.8/dist-packages/neutron_lib/callbacks/manager.py:176}}
Jul 26 16:14:54.170606 dv-neutron-844335-3-hyperv neutron-server[105397]: INFO neutron.wsgi [None req-b278ddba-c699-49b5-8880-1df3a5124bae tempest-MeteringTestJSON-1802939119 tempest-MeteringTestJSON-1802939119-project-admin] 10.222.0.40 "DELETE /v2.0/metering/metering-labels/71beff73-03dd-461c-a16d-76d12a3699ab HTTP/1.1" status: 204 len: 168 time: 0.4848208
Jul 26 16:14:54.174037 dv-neutron-844335-3-hyperv neutron-server[105397]: DEBUG neutron.wsgi [-] (105397) accepted ('10.222.0.40', 36908) {{(pid=105397) server /usr/local/lib/python3.8/dist-packages/eventlet/wsgi.py:1004}}
Jul 26 16:14:54.193803 dv-neutron-844335-3-hyperv neutron-server[105397]: DEBUG neutron.scheduler.l3_agent_scheduler [None req-25bc3d20-4713-4318-8371-3e214117db82 admin admin] Router 2e6f67ac-02fa-4601-b512-ae35e0b3e33b is scheduled to L3 agent b649dd26-76c7-4ce5-8c08-d23039bad25a with binding_index 1 {{(pid=105397) bind_router /opt/stack/neutron/neutron/scheduler/l3_agent_scheduler.py:209}}
Jul 26 16:14:54.199387 dv-neutron-844335-3-hyperv neutron-server[105397]: DEBUG neutron_lib.callbacks.manager [None req-df2c422e-1b33-45e2-92b8-306ae5fd2019 admin admin] Publish callbacks ['neutron.plugins.ml2.plugin.SecurityGroupServerNotifierRpcMixin._notify_sg_on_port_change-16109070', 'neutron.plugins.ml2.ovo_rpc._ObjectChangeHandler.handle_event-447479', 'neutron.api.rpc.agentnotifiers.dhcp_rpc_agent_api.DhcpAgentNotifyAPI._native_event_send_dhcp_notification-524707', 'neutron.db.l3_dvrscheduler_db._notify_l3_agent_new_port-8741088224314'] for port (b3726874-3d9a-4dfe-97bf-b8941ef224df), after_create {{(pid=105397) _notify_loop /usr/local/lib/python3.8/dist-packages/neutron_lib/callbacks/manager.py:176}}
Jul 26 16:14:54.205579 dv-neutron-844335-3-hyperv neutron-server[105397]: DEBUG neutron_lib.callbacks.manager [None req-d068ce3d-5953-4d00-9176-979be9fa6f6f tempest-RoutersTestDVR-1721049118 tempest-RoutersTestDVR-1721049118-project-admin] Publish callbacks [] for router (None), before_response {{(pid=105397) _notify_loop /usr/local/lib/python3.8/dist-packages/neutron_lib/callbacks/manager.py:176}}
Jul 26 16:14:54.207736 dv-neutron-844335-3-hyperv neutron-server[105397]: INFO neutron.wsgi [None req-d068ce3d-5953-4d00-9176-979be9fa6f6f tempest-RoutersTestDVR-1721049118 tempest-RoutersTestDVR-1721049118-project-admin] 10.222.0.40 "POST /v2.0/routers HTTP/1.1" status: 201 len: 722 time: 1.0144253
Jul 26 16:14:54.219348 dv-neutron-844335-3-hyperv neutron-server[105398]: DEBUG neutron.db.provisioning_blocks [None req-2c6d741e-d9f1-4269-8977-67a018e9890c None None] Provisioning complete for port 7b425104-50f7-4868-a23b-0374444a8d66 triggered by entity L2. {{(pid=105398) provisioning_complete /opt/stack/neutron/neutron/db/provisioning_blocks.py:145}}
Jul 26 16:14:54.220148 dv-neutron-844335-3-hyperv neutron-server[105398]: DEBUG neutron_lib.callbacks.manager [None req-2c6d741e-d9f1-4269-8977-67a018e9890c None None] Publish callbacks ['neutron.plugins.ml2.plugin.Ml2Plugin._port_provisioned-15869344'] for port (7b425104-50f7-4868-a23b-0374444a8d66), provisioning_complete {{(pid=105398) _notify_loop /usr/local/lib/python3.8/dist-packages/neutron_lib/callbacks/manager.py:176}}
Jul 26 16:14:54.224667 dv-neutron-844335-3-hyperv neutron-server[105396]: DEBUG neutron.wsgi [-] (105396) accepted ('10.222.0.40', 36910) {{(pid=105396) server /usr/local/lib/python3.8/dist-packages/eventlet/wsgi.py:1004}}
Jul 26 16:14:54.237510 dv-neutron-844335-3-hyperv neutron-server[105397]: INFO neutron.wsgi [None req-12349951-67b3-414b-8568-4f5c9926baa4 tempest-MeteringTestJSON-1802939119 tempest-MeteringTestJSON-1802939119-project-admin] 10.222.0.40 "GET /v2.0/metering/metering-labels?id=71beff73-03dd-461c-a16d-76d12a3699ab HTTP/1.1" status: 200 len: 216 time: 0.0613916
Jul 26 16:14:54.245286 dv-neutron-844335-3-hyperv neutron-server[105397]: DEBUG neutron.wsgi [-] (105397) accepted ('10.222.0.40', 36912) {{(pid=105397) server /usr/local/lib/python3.8/dist-packages/eventlet/wsgi.py:1004}}
Jul 26 16:14:54.251518 dv-neutron-844335-3-hyperv neutron-server[105398]: DEBUG neutron.plugins.ml2.plugin [None req-da87916c-554d-45dc-bf81-09f6bad08fc1 None None] Current status of the port 65c96735-adeb-4265-87cf-2b0e9e636d59 is: ACTIVE; New status is: ACTIVE {{(pid=105398) _update_individual_port_db_status /opt/stack/neutron/neutron/plugins/ml2/plugin.py:2292}}
Jul 26 16:14:54.322998 dv-neutron-844335-3-hyperv neutron-server[105397]: INFO neutron.wsgi [None req-2eb15c21-5165-4eef-96d3-1677c3e9db5b tempest-MeteringTestJSON-1802939119 tempest-MeteringTestJSON-1802939119-project-admin] 10.222.0.40 "GET /v2.0/metering/metering-label-rules?id=33 HTTP/1.1" status: 200 len: 221 time: 0.0744472
Jul 26 16:14:54.324322 dv-neutron-844335-3-hyperv neutron-server[105396]: DEBUG neutron_lib.callbacks.manager [None req-222709bc-70f2-4769-824c-0d02cef08d1c tempest-ExternalNetworksTestJSON-558071753 tempest-ExternalNetworksTestJSON-558071753-project-admin] Publish callbacks [] for security_group (3ea75343-5d9d-4a9b-843c-0e22ee694b97), precommit_create {{(pid=105396) _notify_loop /usr/local/lib/python3.8/dist-packages/neutron_lib/callbacks/manager.py:176}}
Jul 26 16:14:54.336987 dv-neutron-844335-3-hyperv neutron-server[105397]: DEBUG neutron.scheduler.dhcp_agent_scheduler [None req-df2c422e-1b33-45e2-92b8-306ae5fd2019 admin admin] Network 4ea31dac-4e9e-40e6-aefa-cdddb6e77602 is already hosted by enough agents. {{(pid=105397) _get_dhcp_agents_hosting_network /opt/stack/neutron/neutron/scheduler/dhcp_agent_scheduler.py:275}}
Jul 26 16:14:54.337547 dv-neutron-844335-3-hyperv neutron-server[105397]: DEBUG neutron.wsgi [-] (105397) accepted ('10.222.0.40', 36914) {{(pid=105397) server /usr/local/lib/python3.8/dist-packages/eventlet/wsgi.py:1004}}
Jul 26 16:14:54.346031 dv-neutron-844335-3-hyperv neutron-server[105398]: DEBUG neutron.plugins.ml2.plugin [None req-2c6d741e-d9f1-4269-8977-67a018e9890c None None] Current status of the port 7b425104-50f7-4868-a23b-0374444a8d66 is: ACTIVE; New status is: ACTIVE {{(pid=105398) _update_individual_port_db_status /opt/stack/neutron/neutron/plugins/ml2/plugin.py:2292}}
Jul 26 16:14:54.364033 dv-neutron-844335-3-hyperv neutron-server[105396]: DEBUG dbcounter [-] [105396] Writing DB stats neutron:INSERT=15,neutron:SELECT=83,neutron:UPDATE=2 {{(pid=105396) stat_writer /usr/local/lib/python3.8/dist-packages/dbcounter.py:114}}
Jul 26 16:14:54.372789 dv-neutron-844335-3-hyperv neutron-server[105398]: DEBUG dbcounter [-] [105398] Writing DB stats neutron:SELECT=98,neutron:UPDATE=2 {{(pid=105398) stat_writer /usr/local/lib/python3.8/dist-packages/dbcounter.py:114}}
Jul 26 16:14:54.379247 dv-neutron-844335-3-hyperv neutron-server[105398]: DEBUG neutron.db.provisioning_blocks [None req-d0db2f19-79cb-4418-8bbc-66e084e3144b None None] Provisioning complete for port 65c96735-adeb-4265-87cf-2b0e9e636d59 triggered by entity DHCP. {{(pid=105398) provisioning_complete /opt/stack/neutron/neutron/db/provisioning_blocks.py:145}}
Jul 26 16:14:54.380409 dv-neutron-844335-3-hyperv neutron-server[105398]: DEBUG neutron_lib.callbacks.manager [None req-d0db2f19-79cb-4418-8bbc-66e084e3144b None None] Publish callbacks ['neutron.plugins.ml2.plugin.Ml2Plugin._port_provisioned-15869344'] for port (65c96735-adeb-4265-87cf-2b0e9e636d59), provisioning_complete {{(pid=105398) _notify_loop /usr/local/lib/python3.8/dist-packages/neutron_lib/callbacks/manager.py:176}}
Jul 26 16:14:54.386250 dv-neutron-844335-3-hyperv neutron-server[105397]: DEBUG neutron.scheduler.base_scheduler [None req-df2c422e-1b33-45e2-92b8-306ae5fd2019 admin admin] Resources bound (agent type, host, resource id): {{(pid=105397) schedule /opt/stack/neutron/neutron/scheduler/base_scheduler.py:57}}
Jul 26 16:14:54.400794 dv-neutron-844335-3-hyperv neutron-server[105397]: DEBUG neutron.db.l3_dvrscheduler_db [None req-df2c422e-1b33-45e2-92b8-306ae5fd2019 admin admin] Received port after_create {{(pid=105397) _notify_l3_agent_new_port /opt/stack/neutron/neutron/db/l3_dvrscheduler_db.py:542}}
Jul 26 16:14:54.403906 dv-neutron-844335-3-hyperv neutron-server[105397]: INFO neutron.wsgi [None req-ee52e19a-5287-43f8-b215-f7976355dfe2 tempest-MeteringTestJSON-1802939119 tempest-MeteringTestJSON-1802939119-project-admin] 10.222.0.40 "GET /v2.0/metering/metering-labels?id=33 HTTP/1.1" status: 200 len: 216 time: 0.0642207
Jul 26 16:14:54.425430 dv-neutron-844335-3-hyperv neutron-server[105396]: DEBUG neutron.wsgi [-] (105396) accepted ('10.222.0.40', 36916) {{(pid=105396) server /usr/local/lib/python3.8/dist-packages/eventlet/wsgi.py:1004}}
Jul 26 16:14:54.441067 dv-neutron-844335-3-hyperv neutron-server[105397]: DEBUG neutron.api.rpc.handlers.resources_rpc [None req-df2c422e-1b33-45e2-92b8-306ae5fd2019 admin admin] Pushing event updated for resources: {'Port': ['ID=b3726874-3d9a-4dfe-97bf-b8941ef224df,revision_number=1']} {{(pid=105397) push /opt/stack/neutron/neutron/api/rpc/handlers/resources_rpc.py:237}}
Jul 26 16:14:54.483594 dv-neutron-844335-3-hyperv neutron-server[105396]: DEBUG neutron_lib.callbacks.manager [None req-222709bc-70f2-4769-824c-0d02cef08d1c tempest-ExternalNetworksTestJSON-558071753 tempest-ExternalNetworksTestJSON-558071753-project-admin] Publish callbacks ['neutron.plugins.ml2.ovo_rpc._ObjectChangeHandler.handle_event-562332'] for security_group (3ea75343-5d9d-4a9b-843c-0e22ee694b97), after_create {{(pid=105396) _notify_loop /usr/local/lib/python3.8/dist-packages/neutron_lib/callbacks/manager.py:176}}
Jul 26 16:14:54.497033 dv-neutron-844335-3-hyperv neutron-server[105396]: DEBUG neutron.plugins.ml2.drivers.helpers [None req-222709bc-70f2-4769-824c-0d02cef08d1c tempest-ExternalNetworksTestJSON-558071753 tempest-ExternalNetworksTestJSON-558071753-project-admin] vlan segment allocate from pool success with {'physical_network': 'physnet1', 'vlan_id': 1635} {{(pid=105396) allocate_partially_specified_segment /opt/stack/neutron/neutron/plugins/ml2/drivers/helpers.py:153}}
Jul 26 16:14:54.498763 dv-neutron-844335-3-hyperv neutron-server[105398]: DEBUG neutron.plugins.ml2.plugin [None req-d0db2f19-79cb-4418-8bbc-66e084e3144b None None] Current status of the port 65c96735-adeb-4265-87cf-2b0e9e636d59 is: ACTIVE; New status is: ACTIVE {{(pid=105398) _update_individual_port_db_status /opt/stack/neutron/neutron/plugins/ml2/plugin.py:2292}}
Jul 26 16:14:54.506997 dv-neutron-844335-3-hyperv neutron-server[105396]: DEBUG neutron_lib.callbacks.manager [None req-222709bc-70f2-4769-824c-0d02cef08d1c tempest-ExternalNetworksTestJSON-558071753 tempest-ExternalNetworksTestJSON-558071753-project-admin] Publish callbacks ['neutron.plugins.ml2.plugin.Ml2Plugin._handle_segment_change-15874700'] for segment (fc7bb57a-f615-4680-bcc0-e59290b7fbf4), precommit_create {{(pid=105396) _notify_loop /usr/local/lib/python3.8/dist-packages/neutron_lib/callbacks/manager.py:176}}
Jul 26 16:14:54.507400 dv-neutron-844335-3-hyperv neutron-server[105396]: INFO neutron.db.segments_db [None req-222709bc-70f2-4769-824c-0d02cef08d1c tempest-ExternalNetworksTestJSON-558071753 tempest-ExternalNetworksTestJSON-558071753-project-admin] Added segment fc7bb57a-f615-4680-bcc0-e59290b7fbf4 of type vlan for network fdbc9791-9ea6-430c-9216-1251734a99b9
Jul 26 16:14:54.566546 dv-neutron-844335-3-hyperv neutron-server[105398]: DEBUG neutron.plugins.ml2.rpc [None req-2c6d741e-d9f1-4269-8977-67a018e9890c None None] Device 7b425104-50f7-4868-a23b-0374444a8d66 up at agent ovs-agent-dv-neutron-844335-3-hyperv {{(pid=105398) update_device_up /opt/stack/neutron/neutron/plugins/ml2/rpc.py:296}}
Jul 26 16:14:54.623248 dv-neutron-844335-3-hyperv neutron-server[105397]: DEBUG neutron.api.rpc.agentnotifiers.l3_rpc_agent_api [None req-25bc3d20-4713-4318-8371-3e214117db82 admin admin] Notify agent at l3_agent.dv-neutron-844335-3-hyperv the message routers_updated {{(pid=105397) _agent_notification /opt/stack/neutron/neutron/api/rpc/agentnotifiers/l3_rpc_agent_api.py:65}}
Jul 26 16:14:54.623580 dv-neutron-844335-3-hyperv neutron-server[105398]: DEBUG neutron.db.provisioning_blocks [None req-2c6d741e-d9f1-4269-8977-67a018e9890c None None] Provisioning complete for port 7b425104-50f7-4868-a23b-0374444a8d66 triggered by entity L2. {{(pid=105398) provisioning_complete /opt/stack/neutron/neutron/db/provisioning_blocks.py:145}}
Jul 26 16:14:54.623580 dv-neutron-844335-3-hyperv neutron-server[105398]: DEBUG neutron_lib.callbacks.manager [None req-2c6d741e-d9f1-4269-8977-67a018e9890c None None] Publish callbacks ['neutron.plugins.ml2.plugin.Ml2Plugin._port_provisioned-15869344'] for port (7b425104-50f7-4868-a23b-0374444a8d66), provisioning_complete {{(pid=105398) _notify_loop /usr/local/lib/python3.8/dist-packages/neutron_lib/callbacks/manager.py:176}}
Jul 26 16:14:54.641192 dv-neutron-844335-3-hyperv neutron-server[105399]: DEBUG neutron.api.rpc.handlers.l3_rpc [None req-7d3ad7d7-42be-47cd-ae21-9e9a6698ec8c None None] Sync routers for ids ['2e6f67ac-02fa-4601-b512-ae35e0b3e33b'] in dv-neutron-844335-3-hyperv {{(pid=105399) sync_routers /opt/stack/neutron/neutron/api/rpc/handlers/l3_rpc.py:125}}
Jul 26 16:14:54.648368 dv-neutron-844335-3-hyperv neutron-server[105396]: INFO neutron.wsgi [None req-837faeb0-e243-4ab3-b29c-3bc29c7ec2cb tempest-MeteringTestJSON-1802939119 tempest-MeteringTestJSON-1802939119-project-admin] 10.222.0.40 "GET /v2.0/metering/metering-labels/47a7c394-cf08-40f3-a12f-49642b1dde78 HTTP/1.1" status: 200 len: 473 time: 0.1965446
Jul 26 16:14:54.649891 dv-neutron-844335-3-hyperv neutron-server[105396]: DEBUG neutron_lib.callbacks.manager [None req-0976669e-fa72-4cf5-88ab-0f4360ad91ed tempest-RoutersTestDVR-1721049118 tempest-RoutersTestDVR-1721049118-project-admin] Publish callbacks [] for router (08fbe679-bca0-4190-8d00-5f016dcd33c5), before_delete {{(pid=105396) _notify_loop /usr/local/lib/python3.8/dist-packages/neutron_lib/callbacks/manager.py:176}}
Jul 26 16:14:54.655476 dv-neutron-844335-3-hyperv neutron-server[105397]: DEBUG neutron.wsgi [-] (105397) accepted ('10.222.0.40', 36920) {{(pid=105397) server /usr/local/lib/python3.8/dist-packages/eventlet/wsgi.py:1004}}
Jul 26 16:14:54.659248 dv-neutron-844335-3-hyperv neutron-server[105399]: DEBUG neutron.db.l3_dvrscheduler_db [None req-7d3ad7d7-42be-47cd-ae21-9e9a6698ec8c None None] Routers {'2e6f67ac-02fa-4601-b512-ae35e0b3e33b'} bound to L3 agent in host dv-neutron-844335-3-hyperv {{(pid=105399) _get_router_ids_for_agent /opt/stack/neutron/neutron/db/l3_dvrscheduler_db.py:426}}
Jul 26 16:14:54.660349 dv-neutron-844335-3-hyperv neutron-server[105399]: DEBUG neutron.db.l3_hamode_db [None req-7d3ad7d7-42be-47cd-ae21-9e9a6698ec8c None None] neutron.services.l3_router.l3_router_plugin.L3RouterPlugin method get_ha_sync_data_for_host called with arguments (, 'dv-neutron-844335-3-hyperv', Agent(admin_state_up=True,agent_type='L3 agent',availability_zone='nova',binary='neutron-l3-agent',configurations={"agent_mode": "legacy", "ex_gw_ports": 1, "extensions": [], "floating_ips": 0, "handle_internal_only_routers": true, "interface_driver": "openvswitch", "interfaces": 1, "log_agent_heartbeats": false, "routers": 1},created_at=2022-07-26T16:06:01Z,description=,heartbeat_timestamp=2022-07-26T16:14:31Z,host='dv-neutron-844335-3-hyperv',id=b649dd26-76c7-4ce5-8c08-d23039bad25a,load=0,resource_versions=,resources_synced=,started_at=2022-07-26T16:06:01Z,topic='l3_agent')) {'router_ids': ['2e6f67ac-02fa-4601-b512-ae35e0b3e33b'], 'active': True} {{(pid=105399) wrapper /usr/local/lib/python3.8/dist-packages/oslo_log/helpers.py:65}}
Jul 26 16:14:54.684194 dv-neutron-844335-3-hyperv neutron-server[105397]: INFO neutron.wsgi [None req-19800516-505e-4766-89db-d6a6c08db3a2 tempest-MeteringTestJSON-1802939119 tempest-MeteringTestJSON-1802939119-project-admin] 10.222.0.40 "GET /v2.0/metering/metering-label-rules/b0fca22a-aee6-4c03-93d8-482d36ed345c HTTP/1.1" status: 200 len: 461 time: 0.0252841
Jul 26 16:14:54.689400 dv-neutron-844335-3-hyperv neutron-server[105397]: DEBUG neutron.wsgi [-] (105397) accepted ('10.222.0.40', 36922) {{(pid=105397) server /usr/local/lib/python3.8/dist-packages/eventlet/wsgi.py:1004}}
Jul 26 16:14:54.747159 dv-neutron-844335-3-hyperv neutron-server[105398]: DEBUG neutron.plugins.ml2.plugin [None req-2c6d741e-d9f1-4269-8977-67a018e9890c None None] Current status of the port 7b425104-50f7-4868-a23b-0374444a8d66 is: ACTIVE; New status is: ACTIVE {{(pid=105398) _update_individual_port_db_status /opt/stack/neutron/neutron/plugins/ml2/plugin.py:2292}}
Jul 26 16:14:54.747875 dv-neutron-844335-3-hyperv neutron-server[105398]: DEBUG neutron.plugins.ml2.rpc [None req-2c6d741e-d9f1-4269-8977-67a018e9890c None None] Device 65c96735-adeb-4265-87cf-2b0e9e636d59 up at agent ovs-agent-dv-neutron-844335-3-hyperv {{(pid=105398) update_device_up /opt/stack/neutron/neutron/plugins/ml2/rpc.py:296}}
Jul 26 16:14:54.757968 dv-neutron-844335-3-hyperv neutron-server[105397]: DEBUG neutron_lib.callbacks.manager [None req-25bc3d20-4713-4318-8371-3e214117db82 admin admin] Publish callbacks [] for router (None), before_response {{(pid=105397) _notify_loop /usr/local/lib/python3.8/dist-packages/neutron_lib/callbacks/manager.py:176}}
Jul 26 16:14:54.759330 dv-neutron-844335-3-hyperv neutron-server[105397]: INFO neutron.wsgi [None req-25bc3d20-4713-4318-8371-3e214117db82 admin admin] 10.222.0.40 "POST /v2.0/routers HTTP/1.1" status: 201 len: 921 time: 7.0505004
Jul 26 16:14:54.764793 dv-neutron-844335-3-hyperv neutron-server[105397]: DEBUG neutron.wsgi [-] (105397) accepted ('10.222.0.40', 36924) {{(pid=105397) server /usr/local/lib/python3.8/dist-packages/eventlet/wsgi.py:1004}}
Jul 26 16:14:54.767610 dv-neutron-844335-3-hyperv neutron-server[105396]: DEBUG neutron_lib.callbacks.manager [None req-3e12953a-debc-4ea3-904d-4f7c948002a8 tempest-ExternalNetworksAdminNegativeTestJSON-1376842390 tempest-ExternalNetworksAdminNegativeTestJSON-1376842390-project-admin] Publish callbacks [] for port (872da25b-d0df-4017-8fe4-48f5b8f50b8b), precommit_update {{(pid=105396) _notify_loop /usr/local/lib/python3.8/dist-packages/neutron_lib/callbacks/manager.py:176}}
Jul 26 16:14:54.769473 dv-neutron-844335-3-hyperv neutron-server[105396]: DEBUG neutron.api.rpc.handlers.resources_rpc [None req-222709bc-70f2-4769-824c-0d02cef08d1c tempest-ExternalNetworksTestJSON-558071753 tempest-ExternalNetworksTestJSON-558071753-project-admin] Pushing event updated for resources: {'SecurityGroup': ['ID=3ea75343-5d9d-4a9b-843c-0e22ee694b97,revision_number=1']} {{(pid=105396) push /opt/stack/neutron/neutron/api/rpc/handlers/resources_rpc.py:237}}
Jul 26 16:14:54.778133 dv-neutron-844335-3-hyperv neutron-server[105396]: DEBUG neutron.db.db_base_plugin_common [None req-8ac7eeec-76fb-45c9-b267-297756c9a8fa admin admin] Allocated IP 172.26.7.207 (4ea31dac-4e9e-40e6-aefa-cdddb6e77602/94310d0f-bee0-4400-82fe-95342df21fb8/068c94d7-b80d-4c6d-8f40-d6b31ef5a731) {{(pid=105396) _store_ip_allocation /opt/stack/neutron/neutron/db/db_base_plugin_common.py:131}}
Jul 26 16:14:54.786864 dv-neutron-844335-3-hyperv neutron-server[105396]: DEBUG neutron_lib.callbacks.manager [None req-222709bc-70f2-4769-824c-0d02cef08d1c tempest-ExternalNetworksTestJSON-558071753 tempest-ExternalNetworksTestJSON-558071753-project-admin] Publish callbacks ['neutron.services.auto_allocate.db._ensure_external_network_default_value_callback-8741088155769'] for network (fdbc9791-9ea6-430c-9216-1251734a99b9), precommit_create {{(pid=105396) _notify_loop /usr/local/lib/python3.8/dist-packages/neutron_lib/callbacks/manager.py:176}}
Jul 26 16:14:54.836700 dv-neutron-844335-3-hyperv neutron-server[105398]: DEBUG dbcounter [-] [105398] Writing DB stats neutron:SELECT=100 {{(pid=105398) stat_writer /usr/local/lib/python3.8/dist-packages/dbcounter.py:114}}
Jul 26 16:14:54.838468 dv-neutron-844335-3-hyperv neutron-server[105398]: DEBUG neutron.db.provisioning_blocks [None req-2c6d741e-d9f1-4269-8977-67a018e9890c None None] Provisioning complete for port 65c96735-adeb-4265-87cf-2b0e9e636d59 triggered by entity L2. {{(pid=105398) provisioning_complete /opt/stack/neutron/neutron/db/provisioning_blocks.py:145}}
Jul 26 16:14:54.838883 dv-neutron-844335-3-hyperv neutron-server[105398]: DEBUG neutron_lib.callbacks.manager [None req-2c6d741e-d9f1-4269-8977-67a018e9890c None None] Publish callbacks ['neutron.plugins.ml2.plugin.Ml2Plugin._port_provisioned-15869344'] for port (65c96735-adeb-4265-87cf-2b0e9e636d59), provisioning_complete {{(pid=105398) _notify_loop /usr/local/lib/python3.8/dist-packages/neutron_lib/callbacks/manager.py:176}}
Jul 26 16:14:54.843781 dv-neutron-844335-3-hyperv neutron-server[105399]: DEBUG neutron.db.l3_dvr_db [None req-7d3ad7d7-42be-47cd-ae21-9e9a6698ec8c None None] Set router 2e6f67ac-02fa-4601-b512-ae35e0b3e33b gateway port host: dv-neutron-844335-3-hyperv {{(pid=105399) _build_routers_list /opt/stack/neutron/neutron/db/l3_dvr_db.py:907}}
Jul 26 16:14:54.948436 dv-neutron-844335-3-hyperv neutron-server[105396]: DEBUG neutron_lib.callbacks.manager [None req-3e12953a-debc-4ea3-904d-4f7c948002a8 tempest-ExternalNetworksAdminNegativeTestJSON-1376842390 tempest-ExternalNetworksAdminNegativeTestJSON-1376842390-project-admin] Publish callbacks ['neutron.plugins.ml2.plugin.SecurityGroupServerNotifierRpcMixin._notify_sg_on_port_change-16109070', 'neutron.plugins.ml2.ovo_rpc._ObjectChangeHandler.handle_event-447479', 'neutron.api.rpc.agentnotifiers.dhcp_rpc_agent_api.DhcpAgentNotifyAPI._native_event_send_dhcp_notification-524707', 'neutron.db.l3_db.L3RpcNotifierMixin._notify_gateway_port_ip_changed-8741088590044', 'neutron.db.l3_dvrscheduler_db._notify_l3_agent_port_update-8741088224332', 'neutron.db.l3_hascheduler_db._notify_l3_agent_ha_port_update-8741088224350'] for port (872da25b-d0df-4017-8fe4-48f5b8f50b8b), after_update {{(pid=105396) _notify_loop /usr/local/lib/python3.8/dist-packages/neutron_lib/callbacks/manager.py:176}}
Jul 26 16:14:54.968380 dv-neutron-844335-3-hyperv neutron-server[105398]: DEBUG neutron.plugins.ml2.plugin [None req-2c6d741e-d9f1-4269-8977-67a018e9890c None None] Current status of the port 65c96735-adeb-4265-87cf-2b0e9e636d59 is: ACTIVE; New status is: ACTIVE {{(pid=105398) _update_individual_port_db_status /opt/stack/neutron/neutron/plugins/ml2/plugin.py:2292}}
Jul 26 16:14:54.992176 dv-neutron-844335-3-hyperv neutron-server[105396]: DEBUG dbcounter [-] [105396] Writing DB stats neutron:SELECT=85,neutron:INSERT=9,neutron:UPDATE=6 {{(pid=105396) stat_writer /usr/local/lib/python3.8/dist-packages/dbcounter.py:114}}
Jul 26 16:14:55.000738 dv-neutron-844335-3-hyperv neutron-server[105396]: DEBUG neutron_lib.callbacks.manager [None req-3e12953a-debc-4ea3-904d-4f7c948002a8 tempest-ExternalNetworksAdminNegativeTestJSON-1376842390 tempest-ExternalNetworksAdminNegativeTestJSON-1376842390-project-admin] Publish callbacks ['neutron.services.l3_router.l3_router_plugin.DVRResourceOperationHandler._create_dvr_floating_gw_port-1001699'] for floatingip (48e07678-c004-4d48-a84c-ef51cfa5690f), after_create {{(pid=105396) _notify_loop /usr/local/lib/python3.8/dist-packages/neutron_lib/callbacks/manager.py:176}}
Jul 26 16:14:55.038350 dv-neutron-844335-3-hyperv neutron-server[105396]: DEBUG neutron_lib.callbacks.manager [None req-0976669e-fa72-4cf5-88ab-0f4360ad91ed tempest-RoutersTestDVR-1721049118 tempest-RoutersTestDVR-1721049118-project-admin] Publish callbacks ['neutron.services.l3_router.l3_router_plugin.L3_HA_NAT_db_mixin._release_router_vr_id-583568', 'neutron.services.l3_router.service_providers.driver_controller.DriverController._clear_router_provider-672'] for router (08fbe679-bca0-4190-8d00-5f016dcd33c5), precommit_delete {{(pid=105396) _notify_loop /usr/local/lib/python3.8/dist-packages/neutron_lib/callbacks/manager.py:176}}
Jul 26 16:14:55.050725 dv-neutron-844335-3-hyperv neutron-server[105396]: DEBUG neutron_lib.callbacks.manager [None req-0976669e-fa72-4cf5-88ab-0f4360ad91ed tempest-RoutersTestDVR-1721049118 tempest-RoutersTestDVR-1721049118-project-admin] Publish callbacks [] for router_controller (08fbe679-bca0-4190-8d00-5f016dcd33c5), precommit_delete_associations {{(pid=105396) _notify_loop /usr/local/lib/python3.8/dist-packages/neutron_lib/callbacks/manager.py:176}}
Jul 26 16:14:55.090363 dv-neutron-844335-3-hyperv neutron-server[105396]: DEBUG neutron.objects.ports [None req-1fb41a59-f9f5-4552-a82b-8b44adeb6152 tempest-RoutersIpV6AdminTest-2065030367 tempest-RoutersIpV6AdminTest-2065030367-project-admin] Time-cost: Fetching 0 ports in 0 security groups {{(pid=105396) get_objects /opt/stack/neutron/neutron/objects/ports.py:463}}
Jul 26 16:14:55.090879 dv-neutron-844335-3-hyperv neutron-server[105396]: DEBUG neutron_lib.callbacks.manager [None req-1fb41a59-f9f5-4552-a82b-8b44adeb6152 tempest-RoutersIpV6AdminTest-2065030367 tempest-RoutersIpV6AdminTest-2065030367-project-admin] Publish callbacks ['neutron.plugins.ml2.ovo_rpc._ObjectChangeHandler.handle_event-561209', 'neutron.api.rpc.agentnotifiers.dhcp_rpc_agent_api.DhcpAgentNotifyAPI._native_event_send_dhcp_notification-524707'] for subnet (3c94f0a4-03b3-4bab-b3ca-caed6c0d64b2), after_create {{(pid=105396) _notify_loop /usr/local/lib/python3.8/dist-packages/neutron_lib/callbacks/manager.py:176}}
Jul 26 16:14:55.091509 dv-neutron-844335-3-hyperv neutron-server[105399]: DEBUG neutron.db.l3_hamode_db [None req-7d3ad7d7-42be-47cd-ae21-9e9a6698ec8c None None] neutron.services.l3_router.l3_router_plugin.L3RouterPlugin method _process_sync_ha_data called with arguments (, [{'id': '2e6f67ac-02fa-4601-b512-ae35e0b3e33b', 'name': 'tempest-ServersTestManualDisk-2902023-router', 'tenant_id': 'f17347afe7fb4063841d603839253784', 'admin_state_up': True, 'status': 'ACTIVE', 'external_gateway_info': {'network_id': '4ea31dac-4e9e-40e6-aefa-cdddb6e77602', 'external_fixed_ips': [{'subnet_id': '94310d0f-bee0-4400-82fe-95342df21fb8', 'ip_address': '172.26.7.215'}], 'enable_snat': True}, 'gw_port_id': '938d619b-691a-40d8-8a45-fba80bfcfaf6', 'description': '', 'availability_zones': ['nova'], 'distributed': False, 'ha': False, 'ha_vr_id': 0, 'availability_zone_hints': [], 'routes': [], 'flavor_id': None, 'tags': [], 'created_at': '2022-07-26T16:14:47Z', 'updated_at': '2022-07-26T16:14:52Z', 'revision_number': 3, 'project_id': 'f17347afe7fb4063841d603839253784', 'gw_port': {'id': '938d619b-691a-40d8-8a45-fba80bfcfaf6', 'name': '', 'network_id': '4ea31dac-4e9e-40e6-aefa-cdddb6e77602', 'tenant_id': '', 'mac_address': 'fa:16:3e:66:5b:6e', 'admin_state_up': True, 'status': 'DOWN', 'device_id': '2e6f67ac-02fa-4601-b512-ae35e0b3e33b', 'device_owner': 'network:router_gateway', 'standard_attr_id': 59, 'fixed_ips': [{'subnet_id': '94310d0f-bee0-4400-82fe-95342df21fb8', 'ip_address': '172.26.7.215', 'prefixlen': 24}], 'allowed_address_pairs': [], 'extra_dhcp_opts': [], 'security_groups': [], 'description': '', 'binding:vnic_type': 'normal', 'binding:profile': {}, 'binding:host_id': '', 'binding:vif_type': 'unbound', 'binding:vif_details': {}, 'port_security_enabled': False, 'tags': [], 'created_at': '2022-07-26T16:14:49Z', 'updated_at': '2022-07-26T16:14:50Z', 'revision_number': 1, 'project_id': '', 'subnets': [{'id': '94310d0f-bee0-4400-82fe-95342df21fb8', 'cidr': '172.26.7.0/24', 'gateway_ip': '172.26.7.1', 'dns_nameservers': [], 'ipv6_ra_mode': None, 'subnetpool_id': None}], 'extra_subnets': [], 'address_scopes': {4: None, 6: None}, 'mtu': 1500}, 'enable_snat': True, 'gw_port_host': 'dv-neutron-844335-3-hyperv'}], 'dv-neutron-844335-3-hyperv', False) {} {{(pid=105399) wrapper /usr/local/lib/python3.8/dist-packages/oslo_log/helpers.py:65}}
Jul 26 16:14:55.121969 dv-neutron-844335-3-hyperv neutron-server[105399]: DEBUG neutron.api.rpc.handlers.l3_rpc [None req-7d3ad7d7-42be-47cd-ae21-9e9a6698ec8c None None] Checking router: 2e6f67ac-02fa-4601-b512-ae35e0b3e33b for host: dv-neutron-844335-3-hyperv {{(pid=105399) _ensure_host_set_on_ports /opt/stack/neutron/neutron/api/rpc/handlers/l3_rpc.py:155}}
Jul 26 16:14:55.122365 dv-neutron-844335-3-hyperv neutron-server[105399]: DEBUG neutron.api.rpc.handlers.l3_rpc [None req-7d3ad7d7-42be-47cd-ae21-9e9a6698ec8c None None] Updating router 2e6f67ac-02fa-4601-b512-ae35e0b3e33b port 938d619b-691a-40d8-8a45-fba80bfcfaf6 binding host dv-neutron-844335-3-hyperv {{(pid=105399) _ensure_host_set_on_port /opt/stack/neutron/neutron/api/rpc/handlers/l3_rpc.py:205}}
Jul 26 16:14:55.153445 dv-neutron-844335-3-hyperv neutron-server[105396]: DEBUG neutron_lib.callbacks.manager [None req-222709bc-70f2-4769-824c-0d02cef08d1c tempest-ExternalNetworksTestJSON-558071753 tempest-ExternalNetworksTestJSON-558071753-project-admin] Publish callbacks ['neutron.plugins.ml2.ovo_rpc._ObjectChangeHandler.handle_event-562413', 'neutron.api.rpc.agentnotifiers.dhcp_rpc_agent_api.DhcpAgentNotifyAPI._native_event_send_dhcp_notification-524707'] for network (fdbc9791-9ea6-430c-9216-1251734a99b9), after_create {{(pid=105396) _notify_loop /usr/local/lib/python3.8/dist-packages/neutron_lib/callbacks/manager.py:176}}
Jul 26 16:14:55.154792 dv-neutron-844335-3-hyperv neutron-server[105396]: DEBUG neutron.pecan_wsgi.hooks.policy_enforcement [None req-222709bc-70f2-4769-824c-0d02cef08d1c tempest-ExternalNetworksTestJSON-558071753 tempest-ExternalNetworksTestJSON-558071753-project-admin] Attributes excluded by policy engine: ['standard_attr_id', 'vlan_transparent'] {{(pid=105396) _exclude_attributes_by_policy /opt/stack/neutron/neutron/pecan_wsgi/hooks/policy_enforcement.py:259}}
Jul 26 16:14:55.155151 dv-neutron-844335-3-hyperv neutron-server[105396]: DEBUG neutron_lib.callbacks.manager [None req-222709bc-70f2-4769-824c-0d02cef08d1c tempest-ExternalNetworksTestJSON-558071753 tempest-ExternalNetworksTestJSON-558071753-project-admin] Publish callbacks ['neutron.api.rpc.agentnotifiers.dhcp_rpc_agent_api.DhcpAgentNotifyAPI._send_dhcp_notification-524685'] for network (None), before_response {{(pid=105396) _notify_loop /usr/local/lib/python3.8/dist-packages/neutron_lib/callbacks/manager.py:176}}
Jul 26 16:14:55.162182 dv-neutron-844335-3-hyperv neutron-server[105396]: DEBUG neutron.api.rpc.handlers.resources_rpc [None req-3e12953a-debc-4ea3-904d-4f7c948002a8 tempest-ExternalNetworksAdminNegativeTestJSON-1376842390 tempest-ExternalNetworksAdminNegativeTestJSON-1376842390-project-admin] Pushing event updated for resources: {'Port': ['ID=872da25b-d0df-4017-8fe4-48f5b8f50b8b,revision_number=2']} {{(pid=105396) push /opt/stack/neutron/neutron/api/rpc/handlers/resources_rpc.py:237}}
Jul 26 16:14:55.177463 dv-neutron-844335-3-hyperv neutron-server[105399]: DEBUG neutron_lib.callbacks.manager [None req-7d3ad7d7-42be-47cd-ae21-9e9a6698ec8c None None] Publish callbacks ['neutron.plugins.ml2.plugin.SecurityGroupDbMixin._ensure_default_security_group_handler-16109763'] for port (938d619b-691a-40d8-8a45-fba80bfcfaf6), before_update {{(pid=105399) _notify_loop /usr/local/lib/python3.8/dist-packages/neutron_lib/callbacks/manager.py:176}}
Jul 26 16:14:55.191393 dv-neutron-844335-3-hyperv neutron-server[105396]: DEBUG neutron_lib.callbacks.manager [None req-3e12953a-debc-4ea3-904d-4f7c948002a8 tempest-ExternalNetworksAdminNegativeTestJSON-1376842390 tempest-ExternalNetworksAdminNegativeTestJSON-1376842390-project-admin] Publish callbacks ['neutron.notifiers.nova.Notifier._send_nova_notification-499785'] for floatingip (None), before_response {{(pid=105396) _notify_loop /usr/local/lib/python3.8/dist-packages/neutron_lib/callbacks/manager.py:176}}
Jul 26 16:14:55.196337 dv-neutron-844335-3-hyperv neutron-server[105396]: INFO neutron.wsgi [None req-3e12953a-debc-4ea3-904d-4f7c948002a8 tempest-ExternalNetworksAdminNegativeTestJSON-1376842390 tempest-ExternalNetworksAdminNegativeTestJSON-1376842390-project-admin] 10.222.0.40 "POST /v2.0/floatingips HTTP/1.1" status: 201 len: 692 time: 7.0264091
Jul 26 16:14:55.199237 dv-neutron-844335-3-hyperv neutron-server[105397]: DEBUG neutron.wsgi [-] (105397) accepted ('10.222.0.40', 36926) {{(pid=105397) server /usr/local/lib/python3.8/dist-packages/eventlet/wsgi.py:1004}}
Jul 26 16:14:55.207915 dv-neutron-844335-3-hyperv neutron-server[105397]: DEBUG neutron.api.v2.base [None req-f1ba7301-1276-4775-9cb4-97b4a654dc46 tempest-ExternalNetworksAdminNegativeTestJSON-1376842390 tempest-ExternalNetworksAdminNegativeTestJSON-1376842390-project-admin] Request body: {'port': {'name': 'tempest-ExternalNetworksAdminNegativeTestJSON-1039141143', 'network_id': '4ea31dac-4e9e-40e6-aefa-cdddb6e77602', 'fixed_ips': [{'ip_address': '172.26.7.54'}]}} {{(pid=105397) prepare_request_body /opt/stack/neutron/neutron/api/v2/base.py:730}}
Jul 26 16:14:55.213360 dv-neutron-844335-3-hyperv neutron-server[105397]: DEBUG dbcounter [-] [105397] Writing DB stats neutron:SELECT=91,neutron:DELETE=5,neutron:INSERT=2,neutron:UPDATE=2 {{(pid=105397) stat_writer /usr/local/lib/python3.8/dist-packages/dbcounter.py:114}}
Jul 26 16:14:55.216924 dv-neutron-844335-3-hyperv neutron-server[105397]: DEBUG neutron_lib.callbacks.manager [None req-92aeca8e-b003-4e4f-ac0d-962736c2e641 tempest-MeteringTestJSON-1802939119 tempest-MeteringTestJSON-1802939119-project-admin] Publish callbacks [] for metering_label_rule (None), before_response {{(pid=105397) _notify_loop /usr/local/lib/python3.8/dist-packages/neutron_lib/callbacks/manager.py:176}}
Jul 26 16:14:55.219806 dv-neutron-844335-3-hyperv neutron-server[105397]: INFO neutron.wsgi [None req-92aeca8e-b003-4e4f-ac0d-962736c2e641 tempest-MeteringTestJSON-1802939119 tempest-MeteringTestJSON-1802939119-project-admin] 10.222.0.40 "DELETE /v2.0/metering/metering-label-rules/b0fca22a-aee6-4c03-93d8-482d36ed345c HTTP/1.1" status: 204 len: 168 time: 0.5289807
Jul 26 16:14:55.222488 dv-neutron-844335-3-hyperv neutron-server[105397]: DEBUG neutron_lib.callbacks.manager [None req-df2c422e-1b33-45e2-92b8-306ae5fd2019 admin admin] Publish callbacks [] for router_gateway (a04940db-6ae0-429f-b6fc-8da32a91015e), after_create {{(pid=105397) _notify_loop /usr/local/lib/python3.8/dist-packages/neutron_lib/callbacks/manager.py:176}}
Jul 26 16:14:55.224448 dv-neutron-844335-3-hyperv neutron-server[105397]: DEBUG neutron.wsgi [-] (105397) accepted ('10.222.0.40', 36928) {{(pid=105397) server /usr/local/lib/python3.8/dist-packages/eventlet/wsgi.py:1004}}
Jul 26 16:14:55.275280 dv-neutron-844335-3-hyperv neutron-server[105396]: DEBUG neutron_lib.callbacks.manager [None req-0976669e-fa72-4cf5-88ab-0f4360ad91ed tempest-RoutersTestDVR-1721049118 tempest-RoutersTestDVR-1721049118-project-admin] Publish callbacks ['neutron.services.l3_router.l3_router_plugin.L3_HA_NAT_db_mixin._cleanup_ha_network_handler-583442'] for router (08fbe679-bca0-4190-8d00-5f016dcd33c5), after_delete {{(pid=105396) _notify_loop /usr/local/lib/python3.8/dist-packages/neutron_lib/callbacks/manager.py:176}}
Jul 26 16:14:55.275894 dv-neutron-844335-3-hyperv neutron-server[105396]: DEBUG neutron.api.rpc.agentnotifiers.l3_rpc_agent_api [None req-0976669e-fa72-4cf5-88ab-0f4360ad91ed tempest-RoutersTestDVR-1721049118 tempest-RoutersTestDVR-1721049118-project-admin] Fanout notify agent at l3_agent the message router_deleted on router 08fbe679-bca0-4190-8d00-5f016dcd33c5 {{(pid=105396) _notification_fanout /opt/stack/neutron/neutron/api/rpc/agentnotifiers/l3_rpc_agent_api.py:114}}
Jul 26 16:14:55.291286 dv-neutron-844335-3-hyperv neutron-server[105396]: DEBUG neutron.api.rpc.handlers.resources_rpc [None req-1fb41a59-f9f5-4552-a82b-8b44adeb6152 tempest-RoutersIpV6AdminTest-2065030367 tempest-RoutersIpV6AdminTest-2065030367-project-admin] Pushing event updated for resources: {'Subnet': ['ID=3c94f0a4-03b3-4bab-b3ca-caed6c0d64b2,revision_number=0']} {{(pid=105396) push /opt/stack/neutron/neutron/api/rpc/handlers/resources_rpc.py:237}}
Jul 26 16:14:55.300563 dv-neutron-844335-3-hyperv neutron-server[105396]: DEBUG neutron_lib.callbacks.manager [None req-0976669e-fa72-4cf5-88ab-0f4360ad91ed tempest-RoutersTestDVR-1721049118 tempest-RoutersTestDVR-1721049118-project-admin] Publish callbacks [] for router (None), before_response {{(pid=105396) _notify_loop /usr/local/lib/python3.8/dist-packages/neutron_lib/callbacks/manager.py:176}}
Jul 26 16:14:55.307160 dv-neutron-844335-3-hyperv neutron-server[105396]: INFO neutron.wsgi [None req-0976669e-fa72-4cf5-88ab-0f4360ad91ed tempest-RoutersTestDVR-1721049118 tempest-RoutersTestDVR-1721049118-project-admin] 10.222.0.40 "DELETE /v2.0/routers/08fbe679-bca0-4190-8d00-5f016dcd33c5 HTTP/1.1" status: 204 len: 168 time: 1.0098608
Jul 26 16:14:55.316954 dv-neutron-844335-3-hyperv neutron-server[105396]: DEBUG neutron.wsgi [-] (105396) accepted ('10.222.0.40', 36930) {{(pid=105396) server /usr/local/lib/python3.8/dist-packages/eventlet/wsgi.py:1004}}
Jul 26 16:14:55.324354 dv-neutron-844335-3-hyperv neutron-server[105396]: DEBUG neutron_lib.callbacks.manager [None req-8ac7eeec-76fb-45c9-b267-297756c9a8fa admin admin] Publish callbacks [] for port (068c94d7-b80d-4c6d-8f40-d6b31ef5a731), precommit_create {{(pid=105396) _notify_loop /usr/local/lib/python3.8/dist-packages/neutron_lib/callbacks/manager.py:176}}
Jul 26 16:14:55.328283 dv-neutron-844335-3-hyperv neutron-server[105396]: DEBUG neutron.api.v2.base [None req-6d2fb9e2-cf89-42e2-a96f-c65e9349eca7 tempest-RoutersTestDVR-1721049118 tempest-RoutersTestDVR-1721049118-project-admin] Request body: {'router': {'name': 'tempest-router-542748221', 'distributed': False, 'admin_state_up': False, 'ha': False, 'project_id': 'c9bc3654417b4487b7a548ba17d823e6'}} {{(pid=105396) prepare_request_body /opt/stack/neutron/neutron/api/v2/base.py:730}}
Jul 26 16:14:55.333968 dv-neutron-844335-3-hyperv neutron-server[105396]: DEBUG dbcounter [-] [105396] Writing DB stats neutron:SELECT=89,neutron:INSERT=2,neutron:DELETE=8,neutron:UPDATE=1 {{(pid=105396) stat_writer /usr/local/lib/python3.8/dist-packages/dbcounter.py:114}}
Jul 26 16:14:55.334742 dv-neutron-844335-3-hyperv neutron-server[105396]: DEBUG neutron.api.rpc.handlers.resources_rpc [None req-222709bc-70f2-4769-824c-0d02cef08d1c tempest-ExternalNetworksTestJSON-558071753 tempest-ExternalNetworksTestJSON-558071753-project-admin] Pushing event updated for resources: {'Network': ['ID=fdbc9791-9ea6-430c-9216-1251734a99b9,revision_number=1']} {{(pid=105396) push /opt/stack/neutron/neutron/api/rpc/handlers/resources_rpc.py:237}}
Jul 26 16:14:55.358668 dv-neutron-844335-3-hyperv neutron-server[105398]: DEBUG neutron.plugins.ml2.rpc [None req-2c6d741e-d9f1-4269-8977-67a018e9890c None None] Network fdbc9791-9ea6-430c-9216-1251734a99b9 details requested by agent ovs-agent-dv-neutron-844335-3-hyperv with host dv-neutron-844335-3-hyperv {{(pid=105398) get_network_details /opt/stack/neutron/neutron/plugins/ml2/rpc.py:248}}
Jul 26 16:14:55.359795 dv-neutron-844335-3-hyperv neutron-server[105396]: INFO neutron.wsgi [None req-222709bc-70f2-4769-824c-0d02cef08d1c tempest-ExternalNetworksTestJSON-558071753 tempest-ExternalNetworksTestJSON-558071753-project-admin] 10.222.0.40 "POST /v2.0/networks HTTP/1.1" status: 201 len: 864 time: 1.9630654
Jul 26 16:14:55.361029 dv-neutron-844335-3-hyperv neutron-server[105396]: DEBUG neutron.wsgi [-] (105396) accepted ('10.222.0.40', 36932) {{(pid=105396) server /usr/local/lib/python3.8/dist-packages/eventlet/wsgi.py:1004}}
Jul 26 16:14:55.442259 dv-neutron-844335-3-hyperv neutron-server[105396]: DEBUG neutron.plugins.ml2.drivers.mech_agent [None req-1fb41a59-f9f5-4552-a82b-8b44adeb6152 tempest-RoutersIpV6AdminTest-2065030367 tempest-RoutersIpV6AdminTest-2065030367-project-admin] Checking segment: {'id': 'b8d01136-789e-466b-aa0e-dc7221487c30', 'network_type': 'vlan', 'physical_network': 'physnet1', 'segmentation_id': 1637, 'network_id': 'e0f99f9d-c6ae-4636-bff4-160099ee46d1'} for mappings: {'physnet1': 'br-data'} with network types: ['local', 'flat', 'vlan'] {{(pid=105396) check_segment_for_agent /opt/stack/neutron/neutron/plugins/ml2/drivers/mech_agent.py:373}}
Jul 26 16:14:55.442610 dv-neutron-844335-3-hyperv neutron-server[105396]: DEBUG neutron.scheduler.dhcp_agent_scheduler [None req-1fb41a59-f9f5-4552-a82b-8b44adeb6152 tempest-RoutersIpV6AdminTest-2065030367 tempest-RoutersIpV6AdminTest-2065030367-project-admin] Network hostable DHCP agents. Network: e0f99f9d-c6ae-4636-bff4-160099ee46d1, hostable agents: ['882cb1ac-0cea-4745-bcb5-ca402553e722'], hosted agents: [] {{(pid=105396) _get_network_hostable_dhcp_agents /opt/stack/neutron/neutron/scheduler/dhcp_agent_scheduler.py:329}}
Jul 26 16:14:55.492719 dv-neutron-844335-3-hyperv neutron-server[105396]: DEBUG neutron_lib.callbacks.manager [None req-3ec0eafa-085c-4937-873f-aabf5a7aaec9 tempest-ExternalNetworksTestJSON-558071753 tempest-ExternalNetworksTestJSON-558071753-project-admin] Publish callbacks ['neutron.plugins.ml2.plugin.External_net_db_mixin._before_network_delete_handler-15894625'] for network (fdbc9791-9ea6-430c-9216-1251734a99b9), before_delete {{(pid=105396) _notify_loop /usr/local/lib/python3.8/dist-packages/neutron_lib/callbacks/manager.py:176}}
Jul 26 16:14:55.498875 dv-neutron-844335-3-hyperv neutron-server[105397]: DEBUG neutron.pecan_wsgi.hooks.quota_enforcement [None req-f1ba7301-1276-4775-9cb4-97b4a654dc46 tempest-ExternalNetworksAdminNegativeTestJSON-1376842390 tempest-ExternalNetworksAdminNegativeTestJSON-1376842390-project-admin] Made reservation on behalf of d5ef17041913431792d34d97e21882dc for: {'port': 1} {{(pid=105397) before /opt/stack/neutron/neutron/pecan_wsgi/hooks/quota_enforcement.py:53}}
Jul 26 16:14:55.501612 dv-neutron-844335-3-hyperv neutron-server[105397]: DEBUG neutron_lib.callbacks.manager [None req-f1ba7301-1276-4775-9cb4-97b4a654dc46 tempest-ExternalNetworksAdminNegativeTestJSON-1376842390 tempest-ExternalNetworksAdminNegativeTestJSON-1376842390-project-admin] Publish callbacks ['neutron.plugins.ml2.plugin.SecurityGroupDbMixin._ensure_default_security_group_handler-16109763'] for port (None), before_create {{(pid=105397) _notify_loop /usr/local/lib/python3.8/dist-packages/neutron_lib/callbacks/manager.py:176}}
Jul 26 16:14:55.509402 dv-neutron-844335-3-hyperv neutron-server[105396]: DEBUG neutron_lib.callbacks.manager [None req-6d2fb9e2-cf89-42e2-a96f-c65e9349eca7 tempest-RoutersTestDVR-1721049118 tempest-RoutersTestDVR-1721049118-project-admin] Publish callbacks ['neutron.services.l3_router.l3_router_plugin.L3_HA_NAT_db_mixin._before_router_create_handler-585234', 'neutron.services.l3_router.service_providers.driver_controller.DriverController._check_router_request-702'] for router (aa6c46f8-c844-4aee-94ff-81db816a373f), before_create {{(pid=105396) _notify_loop /usr/local/lib/python3.8/dist-packages/neutron_lib/callbacks/manager.py:176}}
