Jul 26 15:53:20.459573 dv-neutron-844335-3-hyperv devstack@keystone.service[80730]: DEBUG keystone.server.flask.request_processing.req_logging [None req-d2c2653f-18c9-45b7-8319-c4de6cd4dc93 None None] PATH_INFO: `/` {{(pid=80730) log_request_info /opt/stack/keystone/keystone/server/flask/request_processing/req_logging.py:29}}
Jul 26 15:53:20.461185 dv-neutron-844335-3-hyperv devstack@keystone.service[80730]: [pid: 80730|app: 0|req: 18/39] 10.222.0.40 () {54 vars in 926 bytes} [Tue Jul 26 15:53:20 2022] GET /identity => generated 270 bytes in 4 msecs (HTTP/1.1 300) 6 headers in 234 bytes (1 switches on core 0)
Jul 26 15:53:20.466344 dv-neutron-844335-3-hyperv devstack@keystone.service[80730]: DEBUG keystone.server.flask.request_processing.req_logging [None req-9f56c084-86e2-443d-9890-e165a9169c23 None None] REQUEST_METHOD: `GET` {{(pid=80730) log_request_info /opt/stack/keystone/keystone/server/flask/request_processing/req_logging.py:27}}
Jul 26 15:53:20.466344 dv-neutron-844335-3-hyperv devstack@keystone.service[80730]: DEBUG keystone.server.flask.request_processing.req_logging [None req-9f56c084-86e2-443d-9890-e165a9169c23 None None] SCRIPT_NAME: `/identity` {{(pid=80730) log_request_info /opt/stack/keystone/keystone/server/flask/request_processing/req_logging.py:28}}
Jul 26 15:53:20.466344 dv-neutron-844335-3-hyperv devstack@keystone.service[80730]: DEBUG keystone.server.flask.request_processing.req_logging [None req-9f56c084-86e2-443d-9890-e165a9169c23 None None] PATH_INFO: `/` {{(pid=80730) log_request_info /opt/stack/keystone/keystone/server/flask/request_processing/req_logging.py:29}}
Jul 26 15:53:20.466344 dv-neutron-844335-3-hyperv devstack@keystone.service[80730]: [pid: 80730|app: 0|req: 19/40] 10.222.0.40 () {54 vars in 926 bytes} [Tue Jul 26 15:53:20 2022] GET /identity => generated 270 bytes in 3 msecs (HTTP/1.1 300) 6 headers in 234 bytes (1 switches on core 0)
Jul 26 15:53:20.470131 dv-neutron-844335-3-hyperv devstack@keystone.service[80730]: DEBUG keystone.server.flask.request_processing.req_logging [None req-66b4f791-cc65-4f4e-89f3-700b400fc64d None None] REQUEST_METHOD: `POST` {{(pid=80730) log_request_info /opt/stack/keystone/keystone/server/flask/request_processing/req_logging.py:27}}
Jul 26 15:53:20.470835 dv-neutron-844335-3-hyperv devstack@keystone.service[80730]: DEBUG keystone.server.flask.request_processing.req_logging [None req-66b4f791-cc65-4f4e-89f3-700b400fc64d None None] SCRIPT_NAME: `/identity` {{(pid=80730) log_request_info /opt/stack/keystone/keystone/server/flask/request_processing/req_logging.py:28}}
Jul 26 15:53:20.471383 dv-neutron-844335-3-hyperv devstack@keystone.service[80730]: DEBUG keystone.server.flask.request_processing.req_logging [None req-66b4f791-cc65-4f4e-89f3-700b400fc64d None None] PATH_INFO: `/v3/auth/tokens` {{(pid=80730) log_request_info /opt/stack/keystone/keystone/server/flask/request_processing/req_logging.py:29}}
Jul 26 15:53:20.487039 dv-neutron-844335-3-hyperv devstack@keystone.service[80729]: DEBUG keystone.server.flask.request_processing.middleware.auth_context [None req-d2883070-2bdd-4e59-a169-ff2b32af0ef5 None admin] Validating token access rules against request {{(pid=80729) validate_allowed_request /usr/local/lib/python3.8/dist-packages/keystonemiddleware/auth_token/__init__.py:545}}
Jul 26 15:53:20.497847 dv-neutron-844335-3-hyperv devstack@keystone.service[80730]: DEBUG keystone.auth.core [None req-66b4f791-cc65-4f4e-89f3-700b400fc64d None None] MFA Rules not processed for user `b12737aa8a034ef18f855170fb5082e3`. Rule list: `[]` (Enabled: `True`). {{(pid=80730) check_auth_methods_against_rules /opt/stack/keystone/keystone/auth/core.py:438}}
Jul 26 15:53:20.500642 dv-neutron-844335-3-hyperv devstack@keystone.service[80730]: DEBUG keystone.common.fernet_utils [None req-66b4f791-cc65-4f4e-89f3-700b400fc64d None None] Loaded 2 Fernet keys from /etc/keystone/fernet-keys/, but `[fernet_tokens] max_active_keys = 3`; perhaps there have not been enough key rotations to reach `max_active_keys` yet? {{(pid=80730) load_keys /opt/stack/keystone/keystone/common/fernet_utils.py:286}}
Jul 26 15:53:20.544165 dv-neutron-844335-3-hyperv devstack@keystone.service[80729]: DEBUG keystone.server.flask.request_processing.middleware.auth_context [None req-32928ffe-c9bc-47af-8820-33400f8252f6 None admin] RBAC: auth_context: {'token': , 'domain_id': None, 'trust_id': None, 'trustor_id': None, 'trustee_id': None, 'domain_name': None, 'group_ids': [], 'user_id': 'b12737aa8a034ef18f855170fb5082e3', 'user_domain_id': 'default', 'system_scope': 'all', 'project_id': None, 'project_domain_id': None, 'roles': ['admin', 'member', 'reader'], 'is_admin_project': True, 'service_user_id': None, 'service_user_domain_id': None, 'service_project_id': None, 'service_project_domain_id': None, 'service_roles': []} {{(pid=80729) fill_context /opt/stack/keystone/keystone/server/flask/request_processing/middleware/auth_context.py:478}}
Jul 26 15:53:20.544165 dv-neutron-844335-3-hyperv devstack@keystone.service[80729]: DEBUG keystone.server.flask.request_processing.req_logging [None req-32928ffe-c9bc-47af-8820-33400f8252f6 None admin] REQUEST_METHOD: `PUT` {{(pid=80729) log_request_info /opt/stack/keystone/keystone/server/flask/request_processing/req_logging.py:27}}
Jul 26 15:53:20.544779 dv-neutron-844335-3-hyperv devstack@keystone.service[80729]: DEBUG keystone.server.flask.request_processing.req_logging [None req-32928ffe-c9bc-47af-8820-33400f8252f6 None admin] SCRIPT_NAME: `/identity` {{(pid=80729) log_request_info /opt/stack/keystone/keystone/server/flask/request_processing/req_logging.py:28}}
Jul 26 15:53:20.545194 dv-neutron-844335-3-hyperv devstack@keystone.service[80729]: DEBUG keystone.server.flask.request_processing.req_logging [None req-32928ffe-c9bc-47af-8820-33400f8252f6 None admin] PATH_INFO: `/v3/domains/default/users/b12737aa8a034ef18f855170fb5082e3/roles/dfe4cc618a624885acd5bd4dcb7631dd` {{(pid=80729) log_request_info /opt/stack/keystone/keystone/server/flask/request_processing/req_logging.py:29}}
Jul 26 15:53:20.550682 dv-neutron-844335-3-hyperv devstack@keystone.service[80729]: DEBUG keystone.common.rbac_enforcer.enforcer [None req-32928ffe-c9bc-47af-8820-33400f8252f6 None admin] RBAC: Authorizing `identity:create_grant(domain_id=default, user_id=b12737aa8a034ef18f855170fb5082e3, role_id=dfe4cc618a624885acd5bd4dcb7631dd)` {{(pid=80729) enforce_call /opt/stack/keystone/keystone/common/rbac_enforcer/enforcer.py:449}}
Jul 26 15:53:20.553098 dv-neutron-844335-3-hyperv devstack@keystone.service[80729]: DEBUG keystone.common.rbac_enforcer.enforcer [None req-32928ffe-c9bc-47af-8820-33400f8252f6 None admin] RBAC: Authorization granted {{(pid=80729) enforce_call /opt/stack/keystone/keystone/common/rbac_enforcer/enforcer.py:457}}
Jul 26 15:53:20.617453 dv-neutron-844335-3-hyperv devstack@keystone.service[80730]: [pid: 80730|app: 0|req: 20/41] 10.222.0.40 () {58 vars in 1023 bytes} [Tue Jul 26 15:53:20 2022] POST /identity/v3/auth/tokens => generated 799 bytes in 146 msecs (HTTP/1.1 201) 6 headers in 363 bytes (1 switches on core 0)
Jul 26 15:53:20.617453 dv-neutron-844335-3-hyperv devstack@keystone.service[80730]: DEBUG keystone.server.flask.request_processing.req_logging [None req-fcc037cb-3b46-411a-b8a6-d08938d7f13e None None] REQUEST_METHOD: `POST` {{(pid=80730) log_request_info /opt/stack/keystone/keystone/server/flask/request_processing/req_logging.py:27}}
Jul 26 15:53:20.617453 dv-neutron-844335-3-hyperv devstack@keystone.service[80730]: DEBUG keystone.server.flask.request_processing.req_logging [None req-fcc037cb-3b46-411a-b8a6-d08938d7f13e None None] SCRIPT_NAME: `/identity` {{(pid=80730) log_request_info /opt/stack/keystone/keystone/server/flask/request_processing/req_logging.py:28}}
Jul 26 15:53:20.617453 dv-neutron-844335-3-hyperv devstack@keystone.service[80730]: DEBUG keystone.server.flask.request_processing.req_logging [None req-fcc037cb-3b46-411a-b8a6-d08938d7f13e None None] PATH_INFO: `/v3/auth/tokens` {{(pid=80730) log_request_info /opt/stack/keystone/keystone/server/flask/request_processing/req_logging.py:29}}
Jul 26 15:53:20.652105 dv-neutron-844335-3-hyperv devstack@keystone.service[80729]: [pid: 80729|app: 0|req: 22/42] 10.222.0.40 () {58 vars in 1361 bytes} [Tue Jul 26 15:53:20 2022] PUT /identity/v3/domains/default/users/b12737aa8a034ef18f855170fb5082e3/roles/dfe4cc618a624885acd5bd4dcb7631dd => generated 0 bytes in 340 msecs (HTTP/1.1 204) 3 headers in 132 bytes (0 switches on core 0)
Jul 26 15:53:20.653871 dv-neutron-844335-3-hyperv devstack@keystone.service[80729]: DEBUG keystone.server.flask.request_processing.middleware.auth_context [None req-32928ffe-c9bc-47af-8820-33400f8252f6 None admin] Authenticating user token {{(pid=80729) process_request /usr/local/lib/python3.8/dist-packages/keystonemiddleware/auth_token/__init__.py:407}}
Jul 26 15:53:20.658053 dv-neutron-844335-3-hyperv devstack@keystone.service[80730]: DEBUG keystone.auth.core [None req-fcc037cb-3b46-411a-b8a6-d08938d7f13e None None] MFA Rules not processed for user `b12737aa8a034ef18f855170fb5082e3`. Rule list: `[]` (Enabled: `True`). {{(pid=80730) check_auth_methods_against_rules /opt/stack/keystone/keystone/auth/core.py:438}}
Jul 26 15:53:20.661544 dv-neutron-844335-3-hyperv devstack@keystone.service[80730]: DEBUG keystone.common.fernet_utils [None req-fcc037cb-3b46-411a-b8a6-d08938d7f13e None None] Loaded 2 Fernet keys from /etc/keystone/fernet-keys/, but `[fernet_tokens] max_active_keys = 3`; perhaps there have not been enough key rotations to reach `max_active_keys` yet? {{(pid=80730) load_keys /opt/stack/keystone/keystone/common/fernet_utils.py:286}}
Jul 26 15:53:20.758827 dv-neutron-844335-3-hyperv devstack@keystone.service[80729]: DEBUG dbcounter [-] [80729] Writing DB stats keystone:SELECT=98,keystone:INSERT=2 {{(pid=80729) stat_writer /usr/local/lib/python3.8/dist-packages/dbcounter.py:114}}
Jul 26 15:53:20.782300 dv-neutron-844335-3-hyperv devstack@keystone.service[80730]: DEBUG dbcounter [-] [80730] Writing DB stats keystone:SELECT=99,keystone:INSERT=1 {{(pid=80730) stat_writer /usr/local/lib/python3.8/dist-packages/dbcounter.py:114}}
Jul 26 15:53:20.793864 dv-neutron-844335-3-hyperv devstack@keystone.service[80730]: [pid: 80730|app: 0|req: 21/43] 10.222.0.40 () {58 vars in 1023 bytes} [Tue Jul 26 15:53:20 2022] POST /identity/v3/auth/tokens => generated 799 bytes in 178 msecs (HTTP/1.1 201) 6 headers in 363 bytes (1 switches on core 0)
Jul 26 15:53:20.823486 dv-neutron-844335-3-hyperv devstack@keystone.service[80730]: DEBUG keystone.server.flask.request_processing.middleware.auth_context [None req-fcc037cb-3b46-411a-b8a6-d08938d7f13e None None] Authenticating user token {{(pid=80730) process_request /usr/local/lib/python3.8/dist-packages/keystonemiddleware/auth_token/__init__.py:407}}
Jul 26 15:53:20.856382 dv-neutron-844335-3-hyperv devstack@keystone.service[80729]: DEBUG keystone.server.flask.request_processing.middleware.auth_context [None req-32928ffe-c9bc-47af-8820-33400f8252f6 None admin] Validating token access rules against request {{(pid=80729) validate_allowed_request /usr/local/lib/python3.8/dist-packages/keystonemiddleware/auth_token/__init__.py:545}}
Jul 26 15:53:20.906421 dv-neutron-844335-3-hyperv devstack@keystone.service[80729]: DEBUG keystone.server.flask.request_processing.middleware.auth_context [None req-ee1cc7df-edb1-4fa8-859c-a5888766e9f0 None admin] RBAC: auth_context: {'token': , 'domain_id': None, 'trust_id': None, 'trustor_id': None, 'trustee_id': None, 'domain_name': None, 'group_ids': [], 'user_id': 'b12737aa8a034ef18f855170fb5082e3', 'user_domain_id': 'default', 'system_scope': 'all', 'project_id': None, 'project_domain_id': None, 'roles': ['admin', 'member', 'reader'], 'is_admin_project': True, 'service_user_id': None, 'service_user_domain_id': None, 'service_project_id': None, 'service_project_domain_id': None, 'service_roles': []} {{(pid=80729) fill_context /opt/stack/keystone/keystone/server/flask/request_processing/middleware/auth_context.py:478}}
Jul 26 15:53:20.907144 dv-neutron-844335-3-hyperv devstack@keystone.service[80729]: DEBUG keystone.server.flask.request_processing.req_logging [None req-ee1cc7df-edb1-4fa8-859c-a5888766e9f0 None admin] REQUEST_METHOD: `GET` {{(pid=80729) log_request_info /opt/stack/keystone/keystone/server/flask/request_processing/req_logging.py:27}}
Jul 26 15:53:20.907452 dv-neutron-844335-3-hyperv devstack@keystone.service[80729]: DEBUG keystone.server.flask.request_processing.req_logging [None req-ee1cc7df-edb1-4fa8-859c-a5888766e9f0 None admin] SCRIPT_NAME: `/identity` {{(pid=80729) log_request_info /opt/stack/keystone/keystone/server/flask/request_processing/req_logging.py:28}}
Jul 26 15:53:20.907773 dv-neutron-844335-3-hyperv devstack@keystone.service[80729]: DEBUG keystone.server.flask.request_processing.req_logging [None req-ee1cc7df-edb1-4fa8-859c-a5888766e9f0 None admin] PATH_INFO: `/v3/domains/default` {{(pid=80729) log_request_info /opt/stack/keystone/keystone/server/flask/request_processing/req_logging.py:29}}
Jul 26 15:53:20.909036 dv-neutron-844335-3-hyperv devstack@keystone.service[80729]: DEBUG keystone.common.rbac_enforcer.enforcer [None req-ee1cc7df-edb1-4fa8-859c-a5888766e9f0 None admin] RBAC: Authorizing `identity:get_domain(domain_id=default)` {{(pid=80729) enforce_call /opt/stack/keystone/keystone/common/rbac_enforcer/enforcer.py:449}}
Jul 26 15:53:20.911533 dv-neutron-844335-3-hyperv devstack@keystone.service[80729]: DEBUG keystone.common.rbac_enforcer.enforcer [None req-ee1cc7df-edb1-4fa8-859c-a5888766e9f0 None admin] RBAC: Authorization granted {{(pid=80729) enforce_call /opt/stack/keystone/keystone/common/rbac_enforcer/enforcer.py:457}}
Jul 26 15:53:20.913371 dv-neutron-844335-3-hyperv devstack@keystone.service[80729]: [pid: 80729|app: 0|req: 23/44] 10.222.0.40 () {56 vars in 1108 bytes} [Tue Jul 26 15:53:20 2022] GET /identity/v3/domains/default => generated 199 bytes in 261 msecs (HTTP/1.1 200) 5 headers in 177 bytes (1 switches on core 0)
Jul 26 15:53:20.919877 dv-neutron-844335-3-hyperv devstack@keystone.service[80729]: DEBUG keystone.server.flask.request_processing.middleware.auth_context [None req-ee1cc7df-edb1-4fa8-859c-a5888766e9f0 None admin] Authenticating user token {{(pid=80729) process_request /usr/local/lib/python3.8/dist-packages/keystonemiddleware/auth_token/__init__.py:407}}
Jul 26 15:53:20.973617 dv-neutron-844335-3-hyperv devstack@keystone.service[80730]: DEBUG keystone.server.flask.request_processing.middleware.auth_context [None req-fcc037cb-3b46-411a-b8a6-d08938d7f13e None None] Validating token access rules against request {{(pid=80730) validate_allowed_request /usr/local/lib/python3.8/dist-packages/keystonemiddleware/auth_token/__init__.py:545}}
Jul 26 15:53:21.015601 dv-neutron-844335-3-hyperv devstack@keystone.service[80730]: DEBUG keystone.server.flask.request_processing.middleware.auth_context [None req-9b6a3468-3f73-404c-b1d9-fb831b09b43d None admin] RBAC: auth_context: {'token': , 'domain_id': None, 'trust_id': None, 'trustor_id': None, 'trustee_id': None, 'domain_name': None, 'group_ids': [], 'user_id': 'b12737aa8a034ef18f855170fb5082e3', 'user_domain_id': 'default', 'system_scope': 'all', 'project_id': None, 'project_domain_id': None, 'roles': ['admin', 'member', 'reader'], 'is_admin_project': True, 'service_user_id': None, 'service_user_domain_id': None, 'service_project_id': None, 'service_project_domain_id': None, 'service_roles': []} {{(pid=80730) fill_context /opt/stack/keystone/keystone/server/flask/request_processing/middleware/auth_context.py:478}}
Jul 26 15:53:21.017063 dv-neutron-844335-3-hyperv devstack@keystone.service[80730]: DEBUG keystone.server.flask.request_processing.req_logging [None req-9b6a3468-3f73-404c-b1d9-fb831b09b43d None admin] REQUEST_METHOD: `POST` {{(pid=80730) log_request_info /opt/stack/keystone/keystone/server/flask/request_processing/req_logging.py:27}}
Jul 26 15:53:21.017063 dv-neutron-844335-3-hyperv devstack@keystone.service[80730]: DEBUG keystone.server.flask.request_processing.req_logging [None req-9b6a3468-3f73-404c-b1d9-fb831b09b43d None admin] SCRIPT_NAME: `/identity` {{(pid=80730) log_request_info /opt/stack/keystone/keystone/server/flask/request_processing/req_logging.py:28}}
Jul 26 15:53:21.017063 dv-neutron-844335-3-hyperv devstack@keystone.service[80730]: DEBUG keystone.server.flask.request_processing.req_logging [None req-9b6a3468-3f73-404c-b1d9-fb831b09b43d None admin] PATH_INFO: `/v3/roles` {{(pid=80730) log_request_info /opt/stack/keystone/keystone/server/flask/request_processing/req_logging.py:29}}
Jul 26 15:53:21.017858 dv-neutron-844335-3-hyperv devstack@keystone.service[80730]: DEBUG keystone.common.rbac_enforcer.enforcer [None req-9b6a3468-3f73-404c-b1d9-fb831b09b43d None admin] RBAC: Authorizing `identity:create_role()` {{(pid=80730) enforce_call /opt/stack/keystone/keystone/common/rbac_enforcer/enforcer.py:449}}
Jul 26 15:53:21.019924 dv-neutron-844335-3-hyperv devstack@keystone.service[80730]: DEBUG keystone.common.rbac_enforcer.enforcer [None req-9b6a3468-3f73-404c-b1d9-fb831b09b43d None admin] RBAC: Authorization granted {{(pid=80730) enforce_call /opt/stack/keystone/keystone/common/rbac_enforcer/enforcer.py:457}}
Jul 26 15:53:21.055306 dv-neutron-844335-3-hyperv devstack@keystone.service[80729]: DEBUG keystone.server.flask.request_processing.middleware.auth_context [None req-ee1cc7df-edb1-4fa8-859c-a5888766e9f0 None admin] Validating token access rules against request {{(pid=80729) validate_allowed_request /usr/local/lib/python3.8/dist-packages/keystonemiddleware/auth_token/__init__.py:545}}
Jul 26 15:53:21.070947 dv-neutron-844335-3-hyperv devstack@keystone.service[80729]: DEBUG dbcounter [-] [80729] Writing DB stats keystone:SELECT=100 {{(pid=80729) stat_writer /usr/local/lib/python3.8/dist-packages/dbcounter.py:114}}
Jul 26 15:53:21.095975 dv-neutron-844335-3-hyperv devstack@keystone.service[80729]: DEBUG keystone.server.flask.request_processing.middleware.auth_context [None req-816193f4-9bcd-4527-b74d-f5e43b570482 None admin] RBAC: auth_context: {'token': , 'domain_id': None, 'trust_id': None, 'trustor_id': None, 'trustee_id': None, 'domain_name': None, 'group_ids': [], 'user_id': 'b12737aa8a034ef18f855170fb5082e3', 'user_domain_id': 'default', 'system_scope': 'all', 'project_id': None, 'project_domain_id': None, 'roles': ['admin', 'member', 'reader'], 'is_admin_project': True, 'service_user_id': None, 'service_user_domain_id': None, 'service_project_id': None, 'service_project_domain_id': None, 'service_roles': []} {{(pid=80729) fill_context /opt/stack/keystone/keystone/server/flask/request_processing/middleware/auth_context.py:478}}
Jul 26 15:53:21.096559 dv-neutron-844335-3-hyperv devstack@keystone.service[80729]: DEBUG keystone.server.flask.request_processing.req_logging [None req-816193f4-9bcd-4527-b74d-f5e43b570482 None admin] REQUEST_METHOD: `POST` {{(pid=80729) log_request_info /opt/stack/keystone/keystone/server/flask/request_processing/req_logging.py:27}}
Jul 26 15:53:21.096870 dv-neutron-844335-3-hyperv devstack@keystone.service[80729]: DEBUG keystone.server.flask.request_processing.req_logging [None req-816193f4-9bcd-4527-b74d-f5e43b570482 None admin] SCRIPT_NAME: `/identity` {{(pid=80729) log_request_info /opt/stack/keystone/keystone/server/flask/request_processing/req_logging.py:28}}
Jul 26 15:53:21.097194 dv-neutron-844335-3-hyperv devstack@keystone.service[80729]: DEBUG keystone.server.flask.request_processing.req_logging [None req-816193f4-9bcd-4527-b74d-f5e43b570482 None admin] PATH_INFO: `/v3/projects` {{(pid=80729) log_request_info /opt/stack/keystone/keystone/server/flask/request_processing/req_logging.py:29}}
Jul 26 15:53:21.098285 dv-neutron-844335-3-hyperv devstack@keystone.service[80729]: DEBUG keystone.common.rbac_enforcer.enforcer [None req-816193f4-9bcd-4527-b74d-f5e43b570482 None admin] RBAC: Authorizing `identity:create_project()` {{(pid=80729) enforce_call /opt/stack/keystone/keystone/common/rbac_enforcer/enforcer.py:449}}
Jul 26 15:53:21.099969 dv-neutron-844335-3-hyperv devstack@keystone.service[80729]: DEBUG keystone.common.rbac_enforcer.enforcer [None req-816193f4-9bcd-4527-b74d-f5e43b570482 None admin] RBAC: Authorization granted {{(pid=80729) enforce_call /opt/stack/keystone/keystone/common/rbac_enforcer/enforcer.py:457}}
Jul 26 15:53:21.107247 dv-neutron-844335-3-hyperv devstack@keystone.service[80730]: [pid: 80730|app: 0|req: 22/45] 10.222.0.40 () {60 vars in 1131 bytes} [Tue Jul 26 15:53:20 2022] POST /identity/v3/roles => generated 223 bytes in 284 msecs (HTTP/1.1 201) 5 headers in 182 bytes (2 switches on core 0)
Jul 26 15:53:21.209085 dv-neutron-844335-3-hyperv devstack@keystone.service[80729]: [pid: 80729|app: 0|req: 24/46] 10.222.0.40 () {60 vars in 1141 bytes} [Tue Jul 26 15:53:20 2022] POST /identity/v3/projects => generated 312 bytes in 290 msecs (HTTP/1.1 201) 5 headers in 182 bytes (2 switches on core 0)
Jul 26 15:53:23.008634 dv-neutron-844335-3-hyperv devstack@keystone.service[80730]: DEBUG keystone.server.flask.request_processing.req_logging [None req-3093258d-5339-4a5d-b571-936406510f80 None None] REQUEST_METHOD: `GET` {{(pid=80730) log_request_info /opt/stack/keystone/keystone/server/flask/request_processing/req_logging.py:27}}
Jul 26 15:53:23.009284 dv-neutron-844335-3-hyperv devstack@keystone.service[80730]: DEBUG keystone.server.flask.request_processing.req_logging [None req-3093258d-5339-4a5d-b571-936406510f80 None None] SCRIPT_NAME: `/identity` {{(pid=80730) log_request_info /opt/stack/keystone/keystone/server/flask/request_processing/req_logging.py:28}}
Jul 26 15:53:23.009284 dv-neutron-844335-3-hyperv devstack@keystone.service[80730]: DEBUG keystone.server.flask.request_processing.req_logging [None req-3093258d-5339-4a5d-b571-936406510f80 None None] PATH_INFO: `/` {{(pid=80730) log_request_info /opt/stack/keystone/keystone/server/flask/request_processing/req_logging.py:29}}
Jul 26 15:53:23.010852 dv-neutron-844335-3-hyperv devstack@keystone.service[80730]: [pid: 80730|app: 0|req: 23/47] 10.222.0.40 () {54 vars in 926 bytes} [Tue Jul 26 15:53:23 2022] GET /identity => generated 270 bytes in 3 msecs (HTTP/1.1 300) 6 headers in 234 bytes (1 switches on core 0)
Jul 26 15:53:23.016887 dv-neutron-844335-3-hyperv devstack@keystone.service[80729]: DEBUG keystone.server.flask.request_processing.req_logging [None req-b55ccb54-06ec-4294-b776-d28617306e4d None None] REQUEST_METHOD: `POST` {{(pid=80729) log_request_info /opt/stack/keystone/keystone/server/flask/request_processing/req_logging.py:27}}
Jul 26 15:53:23.017410 dv-neutron-844335-3-hyperv devstack@keystone.service[80729]: DEBUG keystone.server.flask.request_processing.req_logging [None req-b55ccb54-06ec-4294-b776-d28617306e4d None None] SCRIPT_NAME: `/identity` {{(pid=80729) log_request_info /opt/stack/keystone/keystone/server/flask/request_processing/req_logging.py:28}}
Jul 26 15:53:23.017518 dv-neutron-844335-3-hyperv devstack@keystone.service[80729]: DEBUG keystone.server.flask.request_processing.req_logging [None req-b55ccb54-06ec-4294-b776-d28617306e4d None None] PATH_INFO: `/v3/auth/tokens` {{(pid=80729) log_request_info /opt/stack/keystone/keystone/server/flask/request_processing/req_logging.py:29}}
Jul 26 15:53:23.037895 dv-neutron-844335-3-hyperv devstack@keystone.service[80729]: DEBUG keystone.auth.core [None req-b55ccb54-06ec-4294-b776-d28617306e4d None None] MFA Rules not processed for user `b12737aa8a034ef18f855170fb5082e3`. Rule list: `[]` (Enabled: `True`). {{(pid=80729) check_auth_methods_against_rules /opt/stack/keystone/keystone/auth/core.py:438}}
Jul 26 15:53:23.039619 dv-neutron-844335-3-hyperv devstack@keystone.service[80729]: DEBUG keystone.common.fernet_utils [None req-b55ccb54-06ec-4294-b776-d28617306e4d None None] Loaded 2 Fernet keys from /etc/keystone/fernet-keys/, but `[fernet_tokens] max_active_keys = 3`; perhaps there have not been enough key rotations to reach `max_active_keys` yet? {{(pid=80729) load_keys /opt/stack/keystone/keystone/common/fernet_utils.py:286}}
Jul 26 15:53:23.116807 dv-neutron-844335-3-hyperv devstack@keystone.service[80729]: [pid: 80729|app: 0|req: 25/48] 10.222.0.40 () {58 vars in 1023 bytes} [Tue Jul 26 15:53:23 2022] POST /identity/v3/auth/tokens => generated 799 bytes in 101 msecs (HTTP/1.1 201) 6 headers in 363 bytes (1 switches on core 0)
Jul 26 15:53:23.145797 dv-neutron-844335-3-hyperv devstack@keystone.service[80730]: DEBUG keystone.server.flask.request_processing.middleware.auth_context [None req-3093258d-5339-4a5d-b571-936406510f80 None None] Authenticating user token {{(pid=80730) process_request /usr/local/lib/python3.8/dist-packages/keystonemiddleware/auth_token/__init__.py:407}}
Jul 26 15:53:23.214753 dv-neutron-844335-3-hyperv devstack@keystone.service[80730]: DEBUG dbcounter [-] [80730] Writing DB stats keystone:SELECT=99,keystone:INSERT=1 {{(pid=80730) stat_writer /usr/local/lib/python3.8/dist-packages/dbcounter.py:114}}
Jul 26 15:53:23.265197 dv-neutron-844335-3-hyperv devstack@keystone.service[80730]: DEBUG keystone.server.flask.request_processing.middleware.auth_context [None req-3093258d-5339-4a5d-b571-936406510f80 None None] Validating token access rules against request {{(pid=80730) validate_allowed_request /usr/local/lib/python3.8/dist-packages/keystonemiddleware/auth_token/__init__.py:545}}
Jul 26 15:53:23.307449 dv-neutron-844335-3-hyperv devstack@keystone.service[80730]: DEBUG keystone.server.flask.request_processing.middleware.auth_context [None req-e4d7e634-53b7-417e-87c6-8a1e48cd093a None admin] RBAC: auth_context: {'token': , 'domain_id': None, 'trust_id': None, 'trustor_id': None, 'trustee_id': None, 'domain_name': None, 'group_ids': [], 'user_id': 'b12737aa8a034ef18f855170fb5082e3', 'user_domain_id': 'default', 'system_scope': 'all', 'project_id': None, 'project_domain_id': None, 'roles': ['admin', 'member', 'reader'], 'is_admin_project': True, 'service_user_id': None, 'service_user_domain_id': None, 'service_project_id': None, 'service_project_domain_id': None, 'service_roles': []} {{(pid=80730) fill_context /opt/stack/keystone/keystone/server/flask/request_processing/middleware/auth_context.py:478}}
Jul 26 15:53:23.308155 dv-neutron-844335-3-hyperv devstack@keystone.service[80730]: DEBUG keystone.server.flask.request_processing.req_logging [None req-e4d7e634-53b7-417e-87c6-8a1e48cd093a None admin] REQUEST_METHOD: `GET` {{(pid=80730) log_request_info /opt/stack/keystone/keystone/server/flask/request_processing/req_logging.py:27}}
Jul 26 15:53:23.308468 dv-neutron-844335-3-hyperv devstack@keystone.service[80730]: DEBUG keystone.server.flask.request_processing.req_logging [None req-e4d7e634-53b7-417e-87c6-8a1e48cd093a None admin] SCRIPT_NAME: `/identity` {{(pid=80730) log_request_info /opt/stack/keystone/keystone/server/flask/request_processing/req_logging.py:28}}
Jul 26 15:53:23.308778 dv-neutron-844335-3-hyperv devstack@keystone.service[80730]: DEBUG keystone.server.flask.request_processing.req_logging [None req-e4d7e634-53b7-417e-87c6-8a1e48cd093a None admin] PATH_INFO: `/v3/roles/admin` {{(pid=80730) log_request_info /opt/stack/keystone/keystone/server/flask/request_processing/req_logging.py:29}}
Jul 26 15:53:23.322157 dv-neutron-844335-3-hyperv devstack@keystone.service[80730]: DEBUG keystone.common.rbac_enforcer.enforcer [None req-e4d7e634-53b7-417e-87c6-8a1e48cd093a None admin] Extracting inferred target data resulted in "NOT FOUND (404)". {{(pid=80730) enforce_call /opt/stack/keystone/keystone/common/rbac_enforcer/enforcer.py:409}}
Jul 26 15:53:23.328936 dv-neutron-844335-3-hyperv devstack@keystone.service[80730]: ERROR keystone.server.flask.application [None req-e4d7e634-53b7-417e-87c6-8a1e48cd093a None admin] Could not find role: admin.: keystone.exception.RoleNotFound: Could not find role: admin.
Jul 26 15:53:23.328936 dv-neutron-844335-3-hyperv devstack@keystone.service[80730]: ERROR keystone.server.flask.application
Traceback (most recent call last):
Jul 26 15:53:23.328936 dv-neutron-844335-3-hyperv devstack@keystone.service[80730]: ERROR keystone.server.flask.application
File "/usr/local/lib/python3.8/dist-packages/flask/app.py", line 1517, in full_dispatch_request
Jul 26 15:53:23.328936 dv-neutron-844335-3-hyperv devstack@keystone.service[80730]: ERROR keystone.server.flask.application rv = self.dispatch_request()
Jul 26 15:53:23.328936 dv-neutron-844335-3-hyperv devstack@keystone.service[80730]: ERROR keystone.server.flask.application
File "/usr/local/lib/python3.8/dist-packages/flask/app.py", line 1503, in dispatch_request
Jul 26 15:53:23.328936 dv-neutron-844335-3-hyperv devstack@keystone.service[80730]: ERROR keystone.server.flask.application return self.ensure_sync(self.view_functions[rule.endpoint])(**req.view_args)
Jul 26 15:53:23.328936 dv-neutron-844335-3-hyperv devstack@keystone.service[80730]: ERROR keystone.server.flask.application
File "/usr/local/lib/python3.8/dist-packages/flask_restful/__init__.py", line 467, in wrapper
Jul 26 15:53:23.328936 dv-neutron-844335-3-hyperv devstack@keystone.service[80730]: ERROR keystone.server.flask.application resp = resource(*args, **kwargs)
Jul 26 15:53:23.328936 dv-neutron-844335-3-hyperv devstack@keystone.service[80730]: ERROR keystone.server.flask.application
File "/usr/local/lib/python3.8/dist-packages/flask/views.py", line 84, in view
Jul 26 15:53:23.328936 dv-neutron-844335-3-hyperv devstack@keystone.service[80730]: ERROR keystone.server.flask.application return current_app.ensure_sync(self.dispatch_request)(*args, **kwargs)
Jul 26 15:53:23.328936 dv-neutron-844335-3-hyperv devstack@keystone.service[80730]: ERROR keystone.server.flask.application
File "/usr/local/lib/python3.8/dist-packages/flask_restful/__init__.py", line 582, in dispatch_request
Jul 26 15:53:23.328936 dv-neutron-844335-3-hyperv devstack@keystone.service[80730]: ERROR keystone.server.flask.application resp = meth(*args, **kwargs)
Jul 26 15:53:23.328936 dv-neutron-844335-3-hyperv devstack@keystone.service[80730]: ERROR keystone.server.flask.application
File "/opt/stack/keystone/keystone/api/roles.py", line 50, in get
Jul 26 15:53:23.328936 dv-neutron-844335-3-hyperv devstack@keystone.service[80730]: ERROR keystone.server.flask.application return self._get_role(role_id)
Jul 26 15:53:23.328936 dv-neutron-844335-3-hyperv devstack@keystone.service[80730]: ERROR keystone.server.flask.application
File "/opt/stack/keystone/keystone/api/roles.py", line 70, in _get_role
Jul 26 15:53:23.328936 dv-neutron-844335-3-hyperv devstack@keystone.service[80730]: ERROR keystone.server.flask.application ENFORCER.enforce_call(action='identity:get_role')
Jul 26 15:53:23.330123 dv-neutron-844335-3-hyperv devstack@keystone.service[80730]: ERROR keystone.server.flask.application
File "/opt/stack/keystone/keystone/common/rbac_enforcer/enforcer.py", line 402, in enforce_call
Jul 26 15:53:23.330123 dv-neutron-844335-3-hyperv devstack@keystone.service[80730]: ERROR keystone.server.flask.application policy_dict.update(cls._extract_member_target_data(
Jul 26 15:53:23.330123 dv-neutron-844335-3-hyperv devstack@keystone.service[80730]: ERROR keystone.server.flask.application
File "/opt/stack/keystone/keystone/common/rbac_enforcer/enforcer.py", line 234, in _extract_member_target_data
Jul 26 15:53:23.330123 dv-neutron-844335-3-hyperv devstack@keystone.service[80730]: ERROR keystone.server.flask.application member_name: func(flask.request.view_args[key])
Jul 26 15:53:23.330123 dv-neutron-844335-3-hyperv devstack@keystone.service[80730]: ERROR keystone.server.flask.application
File "/opt/stack/keystone/keystone/common/manager.py", line 115, in wrapped
Jul 26 15:53:23.330123 dv-neutron-844335-3-hyperv devstack@keystone.service[80730]: ERROR keystone.server.flask.application __ret_val = __f(*args, **kwargs)
Jul 26 15:53:23.330123 dv-neutron-844335-3-hyperv devstack@keystone.service[80730]: ERROR keystone.server.flask.application
File "/usr/local/lib/python3.8/dist-packages/decorator.py", line 232, in fun
Jul 26 15:53:23.330123 dv-neutron-844335-3-hyperv devstack@keystone.service[80730]: ERROR keystone.server.flask.application return caller(func, *(extras + args), **kw)
Jul 26 15:53:23.330123 dv-neutron-844335-3-hyperv devstack@keystone.service[80730]: ERROR keystone.server.flask.application
File "/usr/local/lib/python3.8/dist-packages/dogpile/cache/region.py", line 1577, in get_or_create_for_user_func
Jul 26 15:53:23.330123 dv-neutron-844335-3-hyperv devstack@keystone.service[80730]: ERROR keystone.server.flask.application return self.get_or_create(
Jul 26 15:53:23.330123 dv-neutron-844335-3-hyperv devstack@keystone.service[80730]: ERROR keystone.server.flask.application
File "/usr/local/lib/python3.8/dist-packages/dogpile/cache/region.py", line 1042, in get_or_create
Jul 26 15:53:23.330123 dv-neutron-844335-3-hyperv devstack@keystone.service[80730]: ERROR keystone.server.flask.application with Lock(
Jul 26 15:53:23.330123 dv-neutron-844335-3-hyperv devstack@keystone.service[80730]: ERROR keystone.server.flask.application
File "/usr/local/lib/python3.8/dist-packages/dogpile/lock.py", line 185, in __enter__
Jul 26 15:53:23.330123 dv-neutron-844335-3-hyperv devstack@keystone.service[80730]: ERROR keystone.server.flask.application return self._enter()
Jul 26 15:53:23.330123 dv-neutron-844335-3-hyperv devstack@keystone.service[80730]: ERROR keystone.server.flask.application
File "/usr/local/lib/python3.8/dist-packages/dogpile/lock.py", line 94, in _enter
Jul 26 15:53:23.330123 dv-neutron-844335-3-hyperv devstack@keystone.service[80730]: ERROR keystone.server.flask.application generated = self._enter_create(value, createdtime)
Jul 26 15:53:23.331735 dv-neutron-844335-3-hyperv devstack@keystone.service[80730]: ERROR keystone.server.flask.application
File "/usr/local/lib/python3.8/dist-packages/dogpile/lock.py", line 178, in _enter_create
Jul 26 15:53:23.331735 dv-neutron-844335-3-hyperv devstack@keystone.service[80730]: ERROR keystone.server.flask.application return self.creator()
Jul 26 15:53:23.331735 dv-neutron-844335-3-hyperv devstack@keystone.service[80730]: ERROR keystone.server.flask.application
File "/usr/local/lib/python3.8/dist-packages/dogpile/cache/region.py", line 995, in gen_value
Jul 26 15:53:23.331735 dv-neutron-844335-3-hyperv devstack@keystone.service[80730]: ERROR keystone.server.flask.application created_value = creator(
Jul 26 15:53:23.331735 dv-neutron-844335-3-hyperv devstack@keystone.service[80730]: ERROR keystone.server.flask.application
File "/opt/stack/keystone/keystone/assignment/core.py", line 1276, in get_role
Jul 26 15:53:23.331735 dv-neutron-844335-3-hyperv devstack@keystone.service[80730]: ERROR keystone.server.flask.application return self.driver.get_role(role_id)
Jul 26 15:53:23.331735 dv-neutron-844335-3-hyperv devstack@keystone.service[80730]: ERROR keystone.server.flask.application
File "/opt/stack/keystone/keystone/assignment/role_backends/sql.py", line 70, in get_role
Jul 26 15:53:23.331735 dv-neutron-844335-3-hyperv devstack@keystone.service[80730]: ERROR keystone.server.flask.application return self._get_role(session, role_id).to_dict()
Jul 26 15:53:23.331735 dv-neutron-844335-3-hyperv devstack@keystone.service[80730]: ERROR keystone.server.flask.application
File "/opt/stack/keystone/keystone/assignment/role_backends/sql.py", line 65, in _get_role
Jul 26 15:53:23.331735 dv-neutron-844335-3-hyperv devstack@keystone.service[80730]: ERROR keystone.server.flask.application raise exception.RoleNotFound(role_id=role_id)
Jul 26 15:53:23.331735 dv-neutron-844335-3-hyperv devstack@keystone.service[80730]: ERROR keystone.server.flask.application keystone.exception.RoleNotFound: Could not find role: admin.
Jul 26 15:53:23.331735 dv-neutron-844335-3-hyperv devstack@keystone.service[80730]: ERROR keystone.server.flask.application
Jul 26 15:53:23.331735 dv-neutron-844335-3-hyperv devstack@keystone.service[80730]: [pid: 80730|app: 0|req: 24/49] 10.222.0.40 () {56 vars in 1096 bytes} [Tue Jul 26 15:53:23 2022] GET /identity/v3/roles/admin => generated 83 bytes in 185 msecs (HTTP/1.1 404) 5 headers in 183 bytes (1 switches on core 0)
Jul 26 15:53:23.337106 dv-neutron-844335-3-hyperv devstack@keystone.service[80729]: DEBUG keystone.server.flask.request_processing.middleware.auth_context [None req-b55ccb54-06ec-4294-b776-d28617306e4d None None] Authenticating user token {{(pid=80729) process_request /usr/local/lib/python3.8/dist-packages/keystonemiddleware/auth_token/__init__.py:407}}
Jul 26 15:53:23.443131 dv-neutron-844335-3-hyperv devstack@keystone.service[80729]: DEBUG dbcounter [-] [80729] Writing DB stats keystone:SELECT=99,keystone:INSERT=1 {{(pid=80729) stat_writer /usr/local/lib/python3.8/dist-packages/dbcounter.py:114}}
Jul 26 15:53:23.450303 dv-neutron-844335-3-hyperv devstack@keystone.service[80729]: DEBUG keystone.server.flask.request_processing.middleware.auth_context [None req-b55ccb54-06ec-4294-b776-d28617306e4d None None] Validating token access rules against request {{(pid=80729) validate_allowed_request /usr/local/lib/python3.8/dist-packages/keystonemiddleware/auth_token/__init__.py:545}}
Jul 26 15:53:23.490692 dv-neutron-844335-3-hyperv devstack@keystone.service[80729]: DEBUG keystone.server.flask.request_processing.middleware.auth_context [None req-e6910cca-f946-4bc5-a024-d6e19925eefb None admin] RBAC: auth_context: {'token': , 'domain_id': None, 'trust_id': None, 'trustor_id': None, 'trustee_id': None, 'domain_name': None, 'group_ids': [], 'user_id': 'b12737aa8a034ef18f855170fb5082e3', 'user_domain_id': 'default', 'system_scope': 'all', 'project_id': None, 'project_domain_id': None, 'roles': ['admin', 'member', 'reader'], 'is_admin_project': True, 'service_user_id': None, 'service_user_domain_id': None, 'service_project_id': None, 'service_project_domain_id': None, 'service_roles': []} {{(pid=80729) fill_context /opt/stack/keystone/keystone/server/flask/request_processing/middleware/auth_context.py:478}}
Jul 26 15:53:23.491200 dv-neutron-844335-3-hyperv devstack@keystone.service[80729]: DEBUG keystone.server.flask.request_processing.req_logging [None req-e6910cca-f946-4bc5-a024-d6e19925eefb None admin] REQUEST_METHOD: `GET` {{(pid=80729) log_request_info /opt/stack/keystone/keystone/server/flask/request_processing/req_logging.py:27}}
Jul 26 15:53:23.491517 dv-neutron-844335-3-hyperv devstack@keystone.service[80729]: DEBUG keystone.server.flask.request_processing.req_logging [None req-e6910cca-f946-4bc5-a024-d6e19925eefb None admin] SCRIPT_NAME: `/identity` {{(pid=80729) log_request_info /opt/stack/keystone/keystone/server/flask/request_processing/req_logging.py:28}}
Jul 26 15:53:23.491818 dv-neutron-844335-3-hyperv devstack@keystone.service[80729]: DEBUG keystone.server.flask.request_processing.req_logging [None req-e6910cca-f946-4bc5-a024-d6e19925eefb None admin] PATH_INFO: `/v3/roles` {{(pid=80729) log_request_info /opt/stack/keystone/keystone/server/flask/request_processing/req_logging.py:29}}
Jul 26 15:53:23.492612 dv-neutron-844335-3-hyperv devstack@keystone.service[80729]: DEBUG keystone.common.rbac_enforcer.enforcer [None req-e6910cca-f946-4bc5-a024-d6e19925eefb None admin] RBAC: Adding query filter params (name=admin) {{(pid=80729) _extract_filter_values /opt/stack/keystone/keystone/common/rbac_enforcer/enforcer.py:167}}
Jul 26 15:53:23.492953 dv-neutron-844335-3-hyperv devstack@keystone.service[80729]: DEBUG keystone.common.rbac_enforcer.enforcer [None req-e6910cca-f946-4bc5-a024-d6e19925eefb None admin] RBAC: Authorizing `identity:list_roles()` {{(pid=80729) enforce_call /opt/stack/keystone/keystone/common/rbac_enforcer/enforcer.py:449}}
Jul 26 15:53:23.494521 dv-neutron-844335-3-hyperv devstack@keystone.service[80729]: DEBUG keystone.common.rbac_enforcer.enforcer [None req-e6910cca-f946-4bc5-a024-d6e19925eefb None admin] RBAC: Authorization granted {{(pid=80729) enforce_call /opt/stack/keystone/keystone/common/rbac_enforcer/enforcer.py:457}}
Jul 26 15:53:23.512848 dv-neutron-844335-3-hyperv devstack@keystone.service[80729]: [pid: 80729|app: 0|req: 26/50] 10.222.0.40 () {56 vars in 1099 bytes} [Tue Jul 26 15:53:23 2022] GET /identity/v3/roles?name=admin => generated 339 bytes in 168 msecs (HTTP/1.1 200) 5 headers in 177 bytes (1 switches on core 0)
Jul 26 15:53:23.517305 dv-neutron-844335-3-hyperv devstack@keystone.service[80730]: DEBUG keystone.server.flask.request_processing.middleware.auth_context [None req-e4d7e634-53b7-417e-87c6-8a1e48cd093a None admin] Authenticating user token {{(pid=80730) process_request /usr/local/lib/python3.8/dist-packages/keystonemiddleware/auth_token/__init__.py:407}}
Jul 26 15:53:23.531431 dv-neutron-844335-3-hyperv devstack@keystone.service[80729]: DEBUG keystone.server.flask.request_processing.req_logging [None req-73bd9bab-1581-4fe1-95fc-b3b6f7e42f9a None None] REQUEST_METHOD: `GET` {{(pid=80729) log_request_info /opt/stack/keystone/keystone/server/flask/request_processing/req_logging.py:27}}
Jul 26 15:53:23.531757 dv-neutron-844335-3-hyperv devstack@keystone.service[80729]: DEBUG keystone.server.flask.request_processing.req_logging [None req-73bd9bab-1581-4fe1-95fc-b3b6f7e42f9a None None] SCRIPT_NAME: `/identity` {{(pid=80729) log_request_info /opt/stack/keystone/keystone/server/flask/request_processing/req_logging.py:28}}
Jul 26 15:53:23.532074 dv-neutron-844335-3-hyperv devstack@keystone.service[80729]: DEBUG keystone.server.flask.request_processing.req_logging [None req-73bd9bab-1581-4fe1-95fc-b3b6f7e42f9a None None] PATH_INFO: `/` {{(pid=80729) log_request_info /opt/stack/keystone/keystone/server/flask/request_processing/req_logging.py:29}}
Jul 26 15:53:23.533542 dv-neutron-844335-3-hyperv devstack@keystone.service[80729]: [pid: 80729|app: 0|req: 27/51] 10.222.0.40 () {54 vars in 926 bytes} [Tue Jul 26 15:53:23 2022] GET /identity => generated 270 bytes in 3 msecs (HTTP/1.1 300) 6 headers in 234 bytes (1 switches on core 0)
Jul 26 15:53:23.539928 dv-neutron-844335-3-hyperv devstack@keystone.service[80729]: DEBUG keystone.server.flask.request_processing.req_logging [None req-c9d1deb8-6a00-467b-859d-a144f11fc3a6 None None] REQUEST_METHOD: `POST` {{(pid=80729) log_request_info /opt/stack/keystone/keystone/server/flask/request_processing/req_logging.py:27}}
Jul 26 15:53:23.540253 dv-neutron-844335-3-hyperv devstack@keystone.service[80729]: DEBUG keystone.server.flask.request_processing.req_logging [None req-c9d1deb8-6a00-467b-859d-a144f11fc3a6 None None] SCRIPT_NAME: `/identity` {{(pid=80729) log_request_info /opt/stack/keystone/keystone/server/flask/request_processing/req_logging.py:28}}
Jul 26 15:53:23.540576 dv-neutron-844335-3-hyperv devstack@keystone.service[80729]: DEBUG keystone.server.flask.request_processing.req_logging [None req-c9d1deb8-6a00-467b-859d-a144f11fc3a6 None None] PATH_INFO: `/v3/auth/tokens` {{(pid=80729) log_request_info /opt/stack/keystone/keystone/server/flask/request_processing/req_logging.py:29}}
Jul 26 15:53:23.561040 dv-neutron-844335-3-hyperv devstack@keystone.service[80729]: DEBUG keystone.auth.core [None req-c9d1deb8-6a00-467b-859d-a144f11fc3a6 None None] MFA Rules not processed for user `b12737aa8a034ef18f855170fb5082e3`. Rule list: `[]` (Enabled: `True`). {{(pid=80729) check_auth_methods_against_rules /opt/stack/keystone/keystone/auth/core.py:438}}
Jul 26 15:53:23.562466 dv-neutron-844335-3-hyperv devstack@keystone.service[80729]: DEBUG keystone.common.fernet_utils [None req-c9d1deb8-6a00-467b-859d-a144f11fc3a6 None None] Loaded 2 Fernet keys from /etc/keystone/fernet-keys/, but `[fernet_tokens] max_active_keys = 3`; perhaps there have not been enough key rotations to reach `max_active_keys` yet? {{(pid=80729) load_keys /opt/stack/keystone/keystone/common/fernet_utils.py:286}}
Jul 26 15:53:23.633381 dv-neutron-844335-3-hyperv devstack@keystone.service[80730]: DEBUG keystone.server.flask.request_processing.middleware.auth_context [None req-e4d7e634-53b7-417e-87c6-8a1e48cd093a None admin] Validating token access rules against request {{(pid=80730) validate_allowed_request /usr/local/lib/python3.8/dist-packages/keystonemiddleware/auth_token/__init__.py:545}}
Jul 26 15:53:23.637951 dv-neutron-844335-3-hyperv devstack@keystone.service[80729]: [pid: 80729|app: 0|req: 28/52] 10.222.0.40 () {58 vars in 1023 bytes} [Tue Jul 26 15:53:23 2022] POST /identity/v3/auth/tokens => generated 799 bytes in 99 msecs (HTTP/1.1 201) 6 headers in 363 bytes (2 switches on core 0)
Jul 26 15:53:23.652362 dv-neutron-844335-3-hyperv devstack@keystone.service[80730]: DEBUG dbcounter [-] [80730] Writing DB stats keystone:SELECT=100 {{(pid=80730) stat_writer /usr/local/lib/python3.8/dist-packages/dbcounter.py:114}}
Jul 26 15:53:23.667102 dv-neutron-844335-3-hyperv devstack@keystone.service[80729]: DEBUG keystone.server.flask.request_processing.middleware.auth_context [None req-c9d1deb8-6a00-467b-859d-a144f11fc3a6 None None] Authenticating user token {{(pid=80729) process_request /usr/local/lib/python3.8/dist-packages/keystonemiddleware/auth_token/__init__.py:407}}
Jul 26 15:53:23.672178 dv-neutron-844335-3-hyperv devstack@keystone.service[80730]: DEBUG keystone.server.flask.request_processing.middleware.auth_context [None req-c78ef9dd-6b5a-4103-9e29-93e146473599 None admin] RBAC: auth_context: {'token': , 'domain_id': None, 'trust_id': None, 'trustor_id': None, 'trustee_id': None, 'domain_name': None, 'group_ids': [], 'user_id': 'b12737aa8a034ef18f855170fb5082e3', 'user_domain_id': 'default', 'system_scope': 'all', 'project_id': None, 'project_domain_id': None, 'roles': ['admin', 'member', 'reader'], 'is_admin_project': True, 'service_user_id': None, 'service_user_domain_id': None, 'service_project_id': None, 'service_project_domain_id': None, 'service_roles': []} {{(pid=80730) fill_context /opt/stack/keystone/keystone/server/flask/request_processing/middleware/auth_context.py:478}}
Jul 26 15:53:23.672894 dv-neutron-844335-3-hyperv devstack@keystone.service[80730]: DEBUG keystone.server.flask.request_processing.req_logging [None req-c78ef9dd-6b5a-4103-9e29-93e146473599 None admin] REQUEST_METHOD: `GET` {{(pid=80730) log_request_info /opt/stack/keystone/keystone/server/flask/request_processing/req_logging.py:27}}
Jul 26 15:53:23.673216 dv-neutron-844335-3-hyperv devstack@keystone.service[80730]: DEBUG keystone.server.flask.request_processing.req_logging [None req-c78ef9dd-6b5a-4103-9e29-93e146473599 None admin] SCRIPT_NAME: `/identity` {{(pid=80730) log_request_info /opt/stack/keystone/keystone/server/flask/request_processing/req_logging.py:28}}
Jul 26 15:53:23.673530 dv-neutron-844335-3-hyperv devstack@keystone.service[80730]: DEBUG keystone.server.flask.request_processing.req_logging [None req-c78ef9dd-6b5a-4103-9e29-93e146473599 None admin] PATH_INFO: `/v3/users/b12737aa8a034ef18f855170fb5082e3` {{(pid=80730) log_request_info /opt/stack/keystone/keystone/server/flask/request_processing/req_logging.py:29}}
Jul 26 15:53:23.675256 dv-neutron-844335-3-hyperv devstack@keystone.service[80730]: DEBUG keystone.common.rbac_enforcer.enforcer [None req-c78ef9dd-6b5a-4103-9e29-93e146473599 None admin] RBAC: Authorizing `identity:get_user(user_id=b12737aa8a034ef18f855170fb5082e3)` {{(pid=80730) enforce_call /opt/stack/keystone/keystone/common/rbac_enforcer/enforcer.py:449}}
Jul 26 15:53:23.677467 dv-neutron-844335-3-hyperv devstack@keystone.service[80730]: DEBUG keystone.common.rbac_enforcer.enforcer [None req-c78ef9dd-6b5a-4103-9e29-93e146473599 None admin] RBAC: Authorization granted {{(pid=80730) enforce_call /opt/stack/keystone/keystone/common/rbac_enforcer/enforcer.py:457}}
Jul 26 15:53:23.679489 dv-neutron-844335-3-hyperv devstack@keystone.service[80730]: [pid: 80730|app: 0|req: 25/53] 10.222.0.40 () {56 vars in 1177 bytes} [Tue Jul 26 15:53:23 2022] GET /identity/v3/users/b12737aa8a034ef18f855170fb5082e3 => generated 247 bytes in 163 msecs (HTTP/1.1 200) 5 headers in 177 bytes (1 switches on core 0)
Jul 26 15:53:23.685413 dv-neutron-844335-3-hyperv devstack@keystone.service[80730]: DEBUG keystone.server.flask.request_processing.middleware.auth_context [None req-c78ef9dd-6b5a-4103-9e29-93e146473599 None admin] Authenticating user token {{(pid=80730) process_request /usr/local/lib/python3.8/dist-packages/keystonemiddleware/auth_token/__init__.py:407}}
Jul 26 15:53:23.766729 dv-neutron-844335-3-hyperv devstack@keystone.service[80729]: DEBUG dbcounter [-] [80729] Writing DB stats keystone:SELECT=100 {{(pid=80729) stat_writer /usr/local/lib/python3.8/dist-packages/dbcounter.py:114}}
Jul 26 15:53:23.784099 dv-neutron-844335-3-hyperv devstack@keystone.service[80729]: DEBUG keystone.server.flask.request_processing.middleware.auth_context [None req-c9d1deb8-6a00-467b-859d-a144f11fc3a6 None None] Validating token access rules against request {{(pid=80729) validate_allowed_request /usr/local/lib/python3.8/dist-packages/keystonemiddleware/auth_token/__init__.py:545}}
Jul 26 15:53:23.799392 dv-neutron-844335-3-hyperv devstack@keystone.service[80730]: DEBUG keystone.server.flask.request_processing.middleware.auth_context [None req-c78ef9dd-6b5a-4103-9e29-93e146473599 None admin] Validating token access rules against request {{(pid=80730) validate_allowed_request /usr/local/lib/python3.8/dist-packages/keystonemiddleware/auth_token/__init__.py:545}}
