Jul 26 15:53:54.708751 dv-neutron-844335-3-hyperv devstack@keystone.service[80730]: DEBUG keystone.server.flask.request_processing.middleware.auth_context [None req-4c19cf5b-faa7-4ded-b17e-da39eabc6d2e None admin] RBAC: auth_context: {'token': , 'domain_id': None, 'trust_id': None, 'trustor_id': None, 'trustee_id': None, 'domain_name': None, 'group_ids': [], 'user_id': 'b12737aa8a034ef18f855170fb5082e3', 'user_domain_id': 'default', 'system_scope': 'all', 'project_id': None, 'project_domain_id': None, 'roles': ['admin', 'member', 'reader'], 'is_admin_project': True, 'service_user_id': None, 'service_user_domain_id': None, 'service_project_id': None, 'service_project_domain_id': None, 'service_roles': []} {{(pid=80730) fill_context /opt/stack/keystone/keystone/server/flask/request_processing/middleware/auth_context.py:478}}
Jul 26 15:53:54.710046 dv-neutron-844335-3-hyperv devstack@keystone.service[80730]: DEBUG keystone.server.flask.request_processing.req_logging [None req-4c19cf5b-faa7-4ded-b17e-da39eabc6d2e None admin] REQUEST_METHOD: `PUT` {{(pid=80730) log_request_info /opt/stack/keystone/keystone/server/flask/request_processing/req_logging.py:27}}
Jul 26 15:53:54.710620 dv-neutron-844335-3-hyperv devstack@keystone.service[80730]: DEBUG keystone.server.flask.request_processing.req_logging [None req-4c19cf5b-faa7-4ded-b17e-da39eabc6d2e None admin] SCRIPT_NAME: `/identity` {{(pid=80730) log_request_info /opt/stack/keystone/keystone/server/flask/request_processing/req_logging.py:28}}
Jul 26 15:53:54.711224 dv-neutron-844335-3-hyperv devstack@keystone.service[80730]: DEBUG keystone.server.flask.request_processing.req_logging [None req-4c19cf5b-faa7-4ded-b17e-da39eabc6d2e None admin] PATH_INFO: `/v3/projects/867abbe122df4de4b10575ad7e69b6d5/users/25dfd2640e16495aa1d59ed21e670360/roles/67dd0c0e487248e48866503ea34f5996` {{(pid=80730) log_request_info /opt/stack/keystone/keystone/server/flask/request_processing/req_logging.py:29}}
Jul 26 15:53:54.714084 dv-neutron-844335-3-hyperv devstack@keystone.service[80730]: DEBUG keystone.common.rbac_enforcer.enforcer [None req-4c19cf5b-faa7-4ded-b17e-da39eabc6d2e None admin] RBAC: Authorizing `identity:create_grant(project_id=867abbe122df4de4b10575ad7e69b6d5, user_id=25dfd2640e16495aa1d59ed21e670360, role_id=67dd0c0e487248e48866503ea34f5996)` {{(pid=80730) enforce_call /opt/stack/keystone/keystone/common/rbac_enforcer/enforcer.py:449}}
Jul 26 15:53:54.716176 dv-neutron-844335-3-hyperv devstack@keystone.service[80730]: DEBUG keystone.common.rbac_enforcer.enforcer [None req-4c19cf5b-faa7-4ded-b17e-da39eabc6d2e None admin] RBAC: Authorization granted {{(pid=80730) enforce_call /opt/stack/keystone/keystone/common/rbac_enforcer/enforcer.py:457}}
Jul 26 15:53:54.813991 dv-neutron-844335-3-hyperv devstack@keystone.service[80730]: [pid: 80730|app: 0|req: 108/234] 10.222.0.40 () {58 vars in 1439 bytes} [Tue Jul 26 15:53:54 2022] PUT /identity/v3/projects/867abbe122df4de4b10575ad7e69b6d5/users/25dfd2640e16495aa1d59ed21e670360/roles/67dd0c0e487248e48866503ea34f5996 => generated 0 bytes in 332 msecs (HTTP/1.1 204) 3 headers in 132 bytes (0 switches on core 0)
Jul 26 15:53:55.196825 dv-neutron-844335-3-hyperv devstack@keystone.service[80729]: DEBUG keystone.server.flask.request_processing.req_logging [None req-e5b9fd6b-a030-4aae-8c3a-8ccab81bcbb7 None None] REQUEST_METHOD: `GET` {{(pid=80729) log_request_info /opt/stack/keystone/keystone/server/flask/request_processing/req_logging.py:27}}
Jul 26 15:53:55.197537 dv-neutron-844335-3-hyperv devstack@keystone.service[80729]: DEBUG keystone.server.flask.request_processing.req_logging [None req-e5b9fd6b-a030-4aae-8c3a-8ccab81bcbb7 None None] SCRIPT_NAME: `/identity` {{(pid=80729) log_request_info /opt/stack/keystone/keystone/server/flask/request_processing/req_logging.py:28}}
Jul 26 15:53:55.197537 dv-neutron-844335-3-hyperv devstack@keystone.service[80729]: DEBUG keystone.server.flask.request_processing.req_logging [None req-e5b9fd6b-a030-4aae-8c3a-8ccab81bcbb7 None None] PATH_INFO: `/` {{(pid=80729) log_request_info /opt/stack/keystone/keystone/server/flask/request_processing/req_logging.py:29}}
Jul 26 15:53:55.199353 dv-neutron-844335-3-hyperv devstack@keystone.service[80729]: [pid: 80729|app: 0|req: 127/235] 10.222.0.40 () {54 vars in 926 bytes} [Tue Jul 26 15:53:55 2022] GET /identity => generated 270 bytes in 4 msecs (HTTP/1.1 300) 6 headers in 234 bytes (1 switches on core 0)
Jul 26 15:53:55.206297 dv-neutron-844335-3-hyperv devstack@keystone.service[80730]: DEBUG keystone.server.flask.request_processing.req_logging [None req-a5ac991a-7fbf-41f6-ac9d-b0531337958b None None] REQUEST_METHOD: `POST` {{(pid=80730) log_request_info /opt/stack/keystone/keystone/server/flask/request_processing/req_logging.py:27}}
Jul 26 15:53:55.207604 dv-neutron-844335-3-hyperv devstack@keystone.service[80730]: DEBUG keystone.server.flask.request_processing.req_logging [None req-a5ac991a-7fbf-41f6-ac9d-b0531337958b None None] SCRIPT_NAME: `/identity` {{(pid=80730) log_request_info /opt/stack/keystone/keystone/server/flask/request_processing/req_logging.py:28}}
Jul 26 15:53:55.208181 dv-neutron-844335-3-hyperv devstack@keystone.service[80730]: DEBUG keystone.server.flask.request_processing.req_logging [None req-a5ac991a-7fbf-41f6-ac9d-b0531337958b None None] PATH_INFO: `/v3/auth/tokens` {{(pid=80730) log_request_info /opt/stack/keystone/keystone/server/flask/request_processing/req_logging.py:29}}
Jul 26 15:53:55.234391 dv-neutron-844335-3-hyperv devstack@keystone.service[80730]: DEBUG keystone.auth.core [None req-a5ac991a-7fbf-41f6-ac9d-b0531337958b None None] MFA Rules not processed for user `b12737aa8a034ef18f855170fb5082e3`. Rule list: `[]` (Enabled: `True`). {{(pid=80730) check_auth_methods_against_rules /opt/stack/keystone/keystone/auth/core.py:438}}
Jul 26 15:53:55.236309 dv-neutron-844335-3-hyperv devstack@keystone.service[80730]: DEBUG keystone.common.fernet_utils [None req-a5ac991a-7fbf-41f6-ac9d-b0531337958b None None] Loaded 2 Fernet keys from /etc/keystone/fernet-keys/, but `[fernet_tokens] max_active_keys = 3`; perhaps there have not been enough key rotations to reach `max_active_keys` yet? {{(pid=80730) load_keys /opt/stack/keystone/keystone/common/fernet_utils.py:286}}
Jul 26 15:53:55.269028 dv-neutron-844335-3-hyperv devstack@keystone.service[80730]: DEBUG dbcounter [-] [80730] Writing DB stats keystone:SELECT=98,keystone:INSERT=2 {{(pid=80730) stat_writer /usr/local/lib/python3.8/dist-packages/dbcounter.py:114}}
Jul 26 15:53:55.336318 dv-neutron-844335-3-hyperv devstack@keystone.service[80730]: [pid: 80730|app: 0|req: 109/236] 10.222.0.40 () {58 vars in 1023 bytes} [Tue Jul 26 15:53:55 2022] POST /identity/v3/auth/tokens => generated 799 bytes in 132 msecs (HTTP/1.1 201) 6 headers in 363 bytes (1 switches on core 0)
Jul 26 15:53:55.386001 dv-neutron-844335-3-hyperv devstack@keystone.service[80729]: DEBUG keystone.server.flask.request_processing.middleware.auth_context [None req-e5b9fd6b-a030-4aae-8c3a-8ccab81bcbb7 None None] Authenticating user token {{(pid=80729) process_request /usr/local/lib/python3.8/dist-packages/keystonemiddleware/auth_token/__init__.py:407}}
Jul 26 15:53:55.526607 dv-neutron-844335-3-hyperv devstack@keystone.service[80729]: DEBUG dbcounter [-] [80729] Writing DB stats keystone:SELECT=100 {{(pid=80729) stat_writer /usr/local/lib/python3.8/dist-packages/dbcounter.py:114}}
Jul 26 15:53:55.547669 dv-neutron-844335-3-hyperv devstack@keystone.service[80729]: DEBUG keystone.server.flask.request_processing.middleware.auth_context [None req-e5b9fd6b-a030-4aae-8c3a-8ccab81bcbb7 None None] Validating token access rules against request {{(pid=80729) validate_allowed_request /usr/local/lib/python3.8/dist-packages/keystonemiddleware/auth_token/__init__.py:545}}
Jul 26 15:53:55.600372 dv-neutron-844335-3-hyperv devstack@keystone.service[80729]: DEBUG keystone.server.flask.request_processing.middleware.auth_context [None req-75bf35eb-e851-41ee-81d0-6cd7b9b2d688 None admin] RBAC: auth_context: {'token': , 'domain_id': None, 'trust_id': None, 'trustor_id': None, 'trustee_id': None, 'domain_name': None, 'group_ids': [], 'user_id': 'b12737aa8a034ef18f855170fb5082e3', 'user_domain_id': 'default', 'system_scope': 'all', 'project_id': None, 'project_domain_id': None, 'roles': ['admin', 'member', 'reader'], 'is_admin_project': True, 'service_user_id': None, 'service_user_domain_id': None, 'service_project_id': None, 'service_project_domain_id': None, 'service_roles': []} {{(pid=80729) fill_context /opt/stack/keystone/keystone/server/flask/request_processing/middleware/auth_context.py:478}}
Jul 26 15:53:55.601104 dv-neutron-844335-3-hyperv devstack@keystone.service[80729]: DEBUG keystone.server.flask.request_processing.req_logging [None req-75bf35eb-e851-41ee-81d0-6cd7b9b2d688 None admin] REQUEST_METHOD: `GET` {{(pid=80729) log_request_info /opt/stack/keystone/keystone/server/flask/request_processing/req_logging.py:27}}
Jul 26 15:53:55.601421 dv-neutron-844335-3-hyperv devstack@keystone.service[80729]: DEBUG keystone.server.flask.request_processing.req_logging [None req-75bf35eb-e851-41ee-81d0-6cd7b9b2d688 None admin] SCRIPT_NAME: `/identity` {{(pid=80729) log_request_info /opt/stack/keystone/keystone/server/flask/request_processing/req_logging.py:28}}
Jul 26 15:53:55.601731 dv-neutron-844335-3-hyperv devstack@keystone.service[80729]: DEBUG keystone.server.flask.request_processing.req_logging [None req-75bf35eb-e851-41ee-81d0-6cd7b9b2d688 None admin] PATH_INFO: `/v3/roles/reader` {{(pid=80729) log_request_info /opt/stack/keystone/keystone/server/flask/request_processing/req_logging.py:29}}
Jul 26 15:53:55.619581 dv-neutron-844335-3-hyperv devstack@keystone.service[80730]: DEBUG keystone.server.flask.request_processing.req_logging [None req-50881d59-a391-42db-80d8-ec5a470ec445 None None] REQUEST_METHOD: `GET` {{(pid=80730) log_request_info /opt/stack/keystone/keystone/server/flask/request_processing/req_logging.py:27}}
Jul 26 15:53:55.619967 dv-neutron-844335-3-hyperv devstack@keystone.service[80730]: DEBUG keystone.server.flask.request_processing.req_logging [None req-50881d59-a391-42db-80d8-ec5a470ec445 None None] SCRIPT_NAME: `/identity` {{(pid=80730) log_request_info /opt/stack/keystone/keystone/server/flask/request_processing/req_logging.py:28}}
Jul 26 15:53:55.620257 dv-neutron-844335-3-hyperv devstack@keystone.service[80730]: DEBUG keystone.server.flask.request_processing.req_logging [None req-50881d59-a391-42db-80d8-ec5a470ec445 None None] PATH_INFO: `/` {{(pid=80730) log_request_info /opt/stack/keystone/keystone/server/flask/request_processing/req_logging.py:29}}
Jul 26 15:53:55.620414 dv-neutron-844335-3-hyperv devstack@keystone.service[80729]: DEBUG keystone.common.rbac_enforcer.enforcer [None req-75bf35eb-e851-41ee-81d0-6cd7b9b2d688 None admin] Extracting inferred target data resulted in "NOT FOUND (404)". {{(pid=80729) enforce_call /opt/stack/keystone/keystone/common/rbac_enforcer/enforcer.py:409}}
Jul 26 15:53:55.621732 dv-neutron-844335-3-hyperv devstack@keystone.service[80730]: [pid: 80730|app: 0|req: 110/237] 10.222.0.40 () {54 vars in 926 bytes} [Tue Jul 26 15:53:55 2022] GET /identity => generated 270 bytes in 3 msecs (HTTP/1.1 300) 6 headers in 234 bytes (1 switches on core 0)
Jul 26 15:53:55.626180 dv-neutron-844335-3-hyperv devstack@keystone.service[80729]: ERROR keystone.server.flask.application [None req-75bf35eb-e851-41ee-81d0-6cd7b9b2d688 None admin] Could not find role: reader.: keystone.exception.RoleNotFound: Could not find role: reader.
Jul 26 15:53:55.626180 dv-neutron-844335-3-hyperv devstack@keystone.service[80729]: ERROR keystone.server.flask.application
Traceback (most recent call last):
Jul 26 15:53:55.626180 dv-neutron-844335-3-hyperv devstack@keystone.service[80729]: ERROR keystone.server.flask.application
File "/usr/local/lib/python3.8/dist-packages/flask/app.py", line 1517, in full_dispatch_request
Jul 26 15:53:55.626180 dv-neutron-844335-3-hyperv devstack@keystone.service[80729]: ERROR keystone.server.flask.application rv = self.dispatch_request()
Jul 26 15:53:55.626180 dv-neutron-844335-3-hyperv devstack@keystone.service[80729]: ERROR keystone.server.flask.application
File "/usr/local/lib/python3.8/dist-packages/flask/app.py", line 1503, in dispatch_request
Jul 26 15:53:55.626180 dv-neutron-844335-3-hyperv devstack@keystone.service[80729]: ERROR keystone.server.flask.application return self.ensure_sync(self.view_functions[rule.endpoint])(**req.view_args)
Jul 26 15:53:55.626180 dv-neutron-844335-3-hyperv devstack@keystone.service[80729]: ERROR keystone.server.flask.application
File "/usr/local/lib/python3.8/dist-packages/flask_restful/__init__.py", line 467, in wrapper
Jul 26 15:53:55.626180 dv-neutron-844335-3-hyperv devstack@keystone.service[80729]: ERROR keystone.server.flask.application resp = resource(*args, **kwargs)
Jul 26 15:53:55.626180 dv-neutron-844335-3-hyperv devstack@keystone.service[80729]: ERROR keystone.server.flask.application
File "/usr/local/lib/python3.8/dist-packages/flask/views.py", line 84, in view
Jul 26 15:53:55.626180 dv-neutron-844335-3-hyperv devstack@keystone.service[80729]: ERROR keystone.server.flask.application return current_app.ensure_sync(self.dispatch_request)(*args, **kwargs)
Jul 26 15:53:55.626180 dv-neutron-844335-3-hyperv devstack@keystone.service[80729]: ERROR keystone.server.flask.application
File "/usr/local/lib/python3.8/dist-packages/flask_restful/__init__.py", line 582, in dispatch_request
Jul 26 15:53:55.626180 dv-neutron-844335-3-hyperv devstack@keystone.service[80729]: ERROR keystone.server.flask.application resp = meth(*args, **kwargs)
Jul 26 15:53:55.626180 dv-neutron-844335-3-hyperv devstack@keystone.service[80729]: ERROR keystone.server.flask.application
File "/opt/stack/keystone/keystone/api/roles.py", line 50, in get
Jul 26 15:53:55.626180 dv-neutron-844335-3-hyperv devstack@keystone.service[80729]: ERROR keystone.server.flask.application return self._get_role(role_id)
Jul 26 15:53:55.626180 dv-neutron-844335-3-hyperv devstack@keystone.service[80729]: ERROR keystone.server.flask.application
File "/opt/stack/keystone/keystone/api/roles.py", line 70, in _get_role
Jul 26 15:53:55.626180 dv-neutron-844335-3-hyperv devstack@keystone.service[80729]: ERROR keystone.server.flask.application ENFORCER.enforce_call(action='identity:get_role')
Jul 26 15:53:55.627793 dv-neutron-844335-3-hyperv devstack@keystone.service[80729]: ERROR keystone.server.flask.application
File "/opt/stack/keystone/keystone/common/rbac_enforcer/enforcer.py", line 402, in enforce_call
Jul 26 15:53:55.627793 dv-neutron-844335-3-hyperv devstack@keystone.service[80729]: ERROR keystone.server.flask.application policy_dict.update(cls._extract_member_target_data(
Jul 26 15:53:55.627793 dv-neutron-844335-3-hyperv devstack@keystone.service[80729]: ERROR keystone.server.flask.application
File "/opt/stack/keystone/keystone/common/rbac_enforcer/enforcer.py", line 234, in _extract_member_target_data
Jul 26 15:53:55.627793 dv-neutron-844335-3-hyperv devstack@keystone.service[80729]: ERROR keystone.server.flask.application member_name: func(flask.request.view_args[key])
Jul 26 15:53:55.627793 dv-neutron-844335-3-hyperv devstack@keystone.service[80729]: ERROR keystone.server.flask.application
File "/opt/stack/keystone/keystone/common/manager.py", line 115, in wrapped
Jul 26 15:53:55.627793 dv-neutron-844335-3-hyperv devstack@keystone.service[80729]: ERROR keystone.server.flask.application __ret_val = __f(*args, **kwargs)
Jul 26 15:53:55.627793 dv-neutron-844335-3-hyperv devstack@keystone.service[80729]: ERROR keystone.server.flask.application
File "/usr/local/lib/python3.8/dist-packages/decorator.py", line 232, in fun
Jul 26 15:53:55.627793 dv-neutron-844335-3-hyperv devstack@keystone.service[80729]: ERROR keystone.server.flask.application return caller(func, *(extras + args), **kw)
Jul 26 15:53:55.627793 dv-neutron-844335-3-hyperv devstack@keystone.service[80729]: ERROR keystone.server.flask.application
File "/usr/local/lib/python3.8/dist-packages/dogpile/cache/region.py", line 1577, in get_or_create_for_user_func
Jul 26 15:53:55.627793 dv-neutron-844335-3-hyperv devstack@keystone.service[80729]: ERROR keystone.server.flask.application return self.get_or_create(
Jul 26 15:53:55.627793 dv-neutron-844335-3-hyperv devstack@keystone.service[80729]: ERROR keystone.server.flask.application
File "/usr/local/lib/python3.8/dist-packages/dogpile/cache/region.py", line 1042, in get_or_create
Jul 26 15:53:55.627793 dv-neutron-844335-3-hyperv devstack@keystone.service[80729]: ERROR keystone.server.flask.application with Lock(
Jul 26 15:53:55.627793 dv-neutron-844335-3-hyperv devstack@keystone.service[80729]: ERROR keystone.server.flask.application
File "/usr/local/lib/python3.8/dist-packages/dogpile/lock.py", line 185, in __enter__
Jul 26 15:53:55.627793 dv-neutron-844335-3-hyperv devstack@keystone.service[80729]: ERROR keystone.server.flask.application return self._enter()
Jul 26 15:53:55.627793 dv-neutron-844335-3-hyperv devstack@keystone.service[80729]: ERROR keystone.server.flask.application
File "/usr/local/lib/python3.8/dist-packages/dogpile/lock.py", line 94, in _enter
Jul 26 15:53:55.627793 dv-neutron-844335-3-hyperv devstack@keystone.service[80729]: ERROR keystone.server.flask.application generated = self._enter_create(value, createdtime)
Jul 26 15:53:55.628839 dv-neutron-844335-3-hyperv devstack@keystone.service[80729]: ERROR keystone.server.flask.application
File "/usr/local/lib/python3.8/dist-packages/dogpile/lock.py", line 178, in _enter_create
Jul 26 15:53:55.628839 dv-neutron-844335-3-hyperv devstack@keystone.service[80729]: ERROR keystone.server.flask.application return self.creator()
Jul 26 15:53:55.628839 dv-neutron-844335-3-hyperv devstack@keystone.service[80729]: ERROR keystone.server.flask.application
File "/usr/local/lib/python3.8/dist-packages/dogpile/cache/region.py", line 995, in gen_value
Jul 26 15:53:55.628839 dv-neutron-844335-3-hyperv devstack@keystone.service[80729]: ERROR keystone.server.flask.application created_value = creator(
Jul 26 15:53:55.628839 dv-neutron-844335-3-hyperv devstack@keystone.service[80729]: ERROR keystone.server.flask.application
File "/opt/stack/keystone/keystone/assignment/core.py", line 1276, in get_role
Jul 26 15:53:55.628839 dv-neutron-844335-3-hyperv devstack@keystone.service[80729]: ERROR keystone.server.flask.application return self.driver.get_role(role_id)
Jul 26 15:53:55.628839 dv-neutron-844335-3-hyperv devstack@keystone.service[80729]: ERROR keystone.server.flask.application
File "/opt/stack/keystone/keystone/assignment/role_backends/sql.py", line 70, in get_role
Jul 26 15:53:55.628839 dv-neutron-844335-3-hyperv devstack@keystone.service[80729]: ERROR keystone.server.flask.application return self._get_role(session, role_id).to_dict()
Jul 26 15:53:55.628839 dv-neutron-844335-3-hyperv devstack@keystone.service[80729]: ERROR keystone.server.flask.application
File "/opt/stack/keystone/keystone/assignment/role_backends/sql.py", line 65, in _get_role
Jul 26 15:53:55.628839 dv-neutron-844335-3-hyperv devstack@keystone.service[80729]: ERROR keystone.server.flask.application raise exception.RoleNotFound(role_id=role_id)
Jul 26 15:53:55.628839 dv-neutron-844335-3-hyperv devstack@keystone.service[80729]: ERROR keystone.server.flask.application keystone.exception.RoleNotFound: Could not find role: reader.
Jul 26 15:53:55.628839 dv-neutron-844335-3-hyperv devstack@keystone.service[80729]: ERROR keystone.server.flask.application
Jul 26 15:53:55.632696 dv-neutron-844335-3-hyperv devstack@keystone.service[80729]: [pid: 80729|app: 0|req: 128/238] 10.222.0.40 () {56 vars in 1099 bytes} [Tue Jul 26 15:53:55 2022] GET /identity/v3/roles/reader => generated 84 bytes in 243 msecs (HTTP/1.1 404) 5 headers in 183 bytes (1 switches on core 0)
Jul 26 15:53:55.633969 dv-neutron-844335-3-hyperv devstack@keystone.service[80730]: DEBUG keystone.server.flask.request_processing.middleware.auth_context [None req-50881d59-a391-42db-80d8-ec5a470ec445 None None] Authenticating user token {{(pid=80730) process_request /usr/local/lib/python3.8/dist-packages/keystonemiddleware/auth_token/__init__.py:407}}
Jul 26 15:53:55.634619 dv-neutron-844335-3-hyperv devstack@keystone.service[80729]: DEBUG keystone.server.flask.request_processing.req_logging [None req-fee56f0e-90a9-4d31-a7ce-b90c7a5a9f0c None None] REQUEST_METHOD: `POST` {{(pid=80729) log_request_info /opt/stack/keystone/keystone/server/flask/request_processing/req_logging.py:27}}
Jul 26 15:53:55.634840 dv-neutron-844335-3-hyperv devstack@keystone.service[80729]: DEBUG keystone.server.flask.request_processing.req_logging [None req-fee56f0e-90a9-4d31-a7ce-b90c7a5a9f0c None None] SCRIPT_NAME: `/identity` {{(pid=80729) log_request_info /opt/stack/keystone/keystone/server/flask/request_processing/req_logging.py:28}}
Jul 26 15:53:55.635149 dv-neutron-844335-3-hyperv devstack@keystone.service[80729]: DEBUG keystone.server.flask.request_processing.req_logging [None req-fee56f0e-90a9-4d31-a7ce-b90c7a5a9f0c None None] PATH_INFO: `/v3/auth/tokens` {{(pid=80729) log_request_info /opt/stack/keystone/keystone/server/flask/request_processing/req_logging.py:29}}
Jul 26 15:53:55.659887 dv-neutron-844335-3-hyperv devstack@keystone.service[80729]: DEBUG keystone.auth.core [None req-fee56f0e-90a9-4d31-a7ce-b90c7a5a9f0c None None] MFA Rules not processed for user `b12737aa8a034ef18f855170fb5082e3`. Rule list: `[]` (Enabled: `True`). {{(pid=80729) check_auth_methods_against_rules /opt/stack/keystone/keystone/auth/core.py:438}}
Jul 26 15:53:55.661328 dv-neutron-844335-3-hyperv devstack@keystone.service[80729]: DEBUG keystone.common.fernet_utils [None req-fee56f0e-90a9-4d31-a7ce-b90c7a5a9f0c None None] Loaded 2 Fernet keys from /etc/keystone/fernet-keys/, but `[fernet_tokens] max_active_keys = 3`; perhaps there have not been enough key rotations to reach `max_active_keys` yet? {{(pid=80729) load_keys /opt/stack/keystone/keystone/common/fernet_utils.py:286}}
Jul 26 15:53:55.789070 dv-neutron-844335-3-hyperv devstack@keystone.service[80729]: [pid: 80729|app: 0|req: 129/239] 10.222.0.40 () {58 vars in 1023 bytes} [Tue Jul 26 15:53:55 2022] POST /identity/v3/auth/tokens => generated 799 bytes in 155 msecs (HTTP/1.1 201) 6 headers in 363 bytes (2 switches on core 0)
Jul 26 15:53:55.839423 dv-neutron-844335-3-hyperv devstack@keystone.service[80730]: DEBUG keystone.server.flask.request_processing.middleware.auth_context [None req-50881d59-a391-42db-80d8-ec5a470ec445 None None] Validating token access rules against request {{(pid=80730) validate_allowed_request /usr/local/lib/python3.8/dist-packages/keystonemiddleware/auth_token/__init__.py:545}}
Jul 26 15:53:55.851870 dv-neutron-844335-3-hyperv devstack@keystone.service[80729]: DEBUG keystone.server.flask.request_processing.middleware.auth_context [None req-fee56f0e-90a9-4d31-a7ce-b90c7a5a9f0c None None] Authenticating user token {{(pid=80729) process_request /usr/local/lib/python3.8/dist-packages/keystonemiddleware/auth_token/__init__.py:407}}
Jul 26 15:53:55.886662 dv-neutron-844335-3-hyperv devstack@keystone.service[80730]: DEBUG keystone.server.flask.request_processing.middleware.auth_context [None req-e5cc0558-c69f-4142-bd13-ef7d61f17e34 None admin] RBAC: auth_context: {'token': , 'domain_id': None, 'trust_id': None, 'trustor_id': None, 'trustee_id': None, 'domain_name': None, 'group_ids': [], 'user_id': 'b12737aa8a034ef18f855170fb5082e3', 'user_domain_id': 'default', 'system_scope': 'all', 'project_id': None, 'project_domain_id': None, 'roles': ['admin', 'member', 'reader'], 'is_admin_project': True, 'service_user_id': None, 'service_user_domain_id': None, 'service_project_id': None, 'service_project_domain_id': None, 'service_roles': []} {{(pid=80730) fill_context /opt/stack/keystone/keystone/server/flask/request_processing/middleware/auth_context.py:478}}
Jul 26 15:53:55.887754 dv-neutron-844335-3-hyperv devstack@keystone.service[80730]: DEBUG keystone.server.flask.request_processing.req_logging [None req-e5cc0558-c69f-4142-bd13-ef7d61f17e34 None admin] REQUEST_METHOD: `GET` {{(pid=80730) log_request_info /opt/stack/keystone/keystone/server/flask/request_processing/req_logging.py:27}}
Jul 26 15:53:55.888065 dv-neutron-844335-3-hyperv devstack@keystone.service[80730]: DEBUG keystone.server.flask.request_processing.req_logging [None req-e5cc0558-c69f-4142-bd13-ef7d61f17e34 None admin] SCRIPT_NAME: `/identity` {{(pid=80730) log_request_info /opt/stack/keystone/keystone/server/flask/request_processing/req_logging.py:28}}
Jul 26 15:53:55.889194 dv-neutron-844335-3-hyperv devstack@keystone.service[80730]: DEBUG keystone.server.flask.request_processing.req_logging [None req-e5cc0558-c69f-4142-bd13-ef7d61f17e34 None admin] PATH_INFO: `/v3/roles` {{(pid=80730) log_request_info /opt/stack/keystone/keystone/server/flask/request_processing/req_logging.py:29}}
Jul 26 15:53:55.890397 dv-neutron-844335-3-hyperv devstack@keystone.service[80730]: DEBUG keystone.common.rbac_enforcer.enforcer [None req-e5cc0558-c69f-4142-bd13-ef7d61f17e34 None admin] RBAC: Adding query filter params (name=reader) {{(pid=80730) _extract_filter_values /opt/stack/keystone/keystone/common/rbac_enforcer/enforcer.py:167}}
Jul 26 15:53:55.890736 dv-neutron-844335-3-hyperv devstack@keystone.service[80730]: DEBUG keystone.common.rbac_enforcer.enforcer [None req-e5cc0558-c69f-4142-bd13-ef7d61f17e34 None admin] RBAC: Authorizing `identity:list_roles()` {{(pid=80730) enforce_call /opt/stack/keystone/keystone/common/rbac_enforcer/enforcer.py:449}}
Jul 26 15:53:55.895502 dv-neutron-844335-3-hyperv devstack@keystone.service[80730]: DEBUG keystone.common.rbac_enforcer.enforcer [None req-e5cc0558-c69f-4142-bd13-ef7d61f17e34 None admin] RBAC: Authorization granted {{(pid=80730) enforce_call /opt/stack/keystone/keystone/common/rbac_enforcer/enforcer.py:457}}
Jul 26 15:53:55.918427 dv-neutron-844335-3-hyperv devstack@keystone.service[80730]: [pid: 80730|app: 0|req: 111/240] 10.222.0.40 () {56 vars in 1101 bytes} [Tue Jul 26 15:53:55 2022] GET /identity/v3/roles?name=reader => generated 341 bytes in 284 msecs (HTTP/1.1 200) 5 headers in 177 bytes (1 switches on core 0)
Jul 26 15:53:55.923952 dv-neutron-844335-3-hyperv devstack@keystone.service[80730]: DEBUG keystone.server.flask.request_processing.middleware.auth_context [None req-e5cc0558-c69f-4142-bd13-ef7d61f17e34 None admin] Authenticating user token {{(pid=80730) process_request /usr/local/lib/python3.8/dist-packages/keystonemiddleware/auth_token/__init__.py:407}}
Jul 26 15:53:55.963664 dv-neutron-844335-3-hyperv devstack@keystone.service[80730]: DEBUG dbcounter [-] [80730] Writing DB stats keystone:SELECT=100 {{(pid=80730) stat_writer /usr/local/lib/python3.8/dist-packages/dbcounter.py:114}}
Jul 26 15:53:56.060782 dv-neutron-844335-3-hyperv devstack@keystone.service[80730]: DEBUG keystone.server.flask.request_processing.middleware.auth_context [None req-e5cc0558-c69f-4142-bd13-ef7d61f17e34 None admin] Validating token access rules against request {{(pid=80730) validate_allowed_request /usr/local/lib/python3.8/dist-packages/keystonemiddleware/auth_token/__init__.py:545}}
Jul 26 15:53:56.088904 dv-neutron-844335-3-hyperv devstack@keystone.service[80729]: DEBUG dbcounter [-] [80729] Writing DB stats keystone:SELECT=100 {{(pid=80729) stat_writer /usr/local/lib/python3.8/dist-packages/dbcounter.py:114}}
Jul 26 15:53:56.102717 dv-neutron-844335-3-hyperv devstack@keystone.service[80730]: DEBUG keystone.server.flask.request_processing.middleware.auth_context [None req-9ead2673-99a9-4fa3-9771-bbe3595a47de None admin] RBAC: auth_context: {'token': , 'domain_id': None, 'trust_id': None, 'trustor_id': None, 'trustee_id': None, 'domain_name': None, 'group_ids': [], 'user_id': 'b12737aa8a034ef18f855170fb5082e3', 'user_domain_id': 'default', 'system_scope': 'all', 'project_id': None, 'project_domain_id': None, 'roles': ['admin', 'member', 'reader'], 'is_admin_project': True, 'service_user_id': None, 'service_user_domain_id': None, 'service_project_id': None, 'service_project_domain_id': None, 'service_roles': []} {{(pid=80730) fill_context /opt/stack/keystone/keystone/server/flask/request_processing/middleware/auth_context.py:478}}
Jul 26 15:53:56.111522 dv-neutron-844335-3-hyperv devstack@keystone.service[80730]: DEBUG keystone.server.flask.request_processing.req_logging [None req-9ead2673-99a9-4fa3-9771-bbe3595a47de None admin] REQUEST_METHOD: `GET` {{(pid=80730) log_request_info /opt/stack/keystone/keystone/server/flask/request_processing/req_logging.py:27}}
Jul 26 15:53:56.111522 dv-neutron-844335-3-hyperv devstack@keystone.service[80730]: DEBUG keystone.server.flask.request_processing.req_logging [None req-9ead2673-99a9-4fa3-9771-bbe3595a47de None admin] SCRIPT_NAME: `/identity` {{(pid=80730) log_request_info /opt/stack/keystone/keystone/server/flask/request_processing/req_logging.py:28}}
Jul 26 15:53:56.111522 dv-neutron-844335-3-hyperv devstack@keystone.service[80730]: DEBUG keystone.server.flask.request_processing.req_logging [None req-9ead2673-99a9-4fa3-9771-bbe3595a47de None admin] PATH_INFO: `/v3/users/f071f5b86c1546349692145e5c1d4780` {{(pid=80730) log_request_info /opt/stack/keystone/keystone/server/flask/request_processing/req_logging.py:29}}
Jul 26 15:53:56.119965 dv-neutron-844335-3-hyperv devstack@keystone.service[80730]: DEBUG keystone.common.rbac_enforcer.enforcer [None req-9ead2673-99a9-4fa3-9771-bbe3595a47de None admin] RBAC: Authorizing `identity:get_user(user_id=f071f5b86c1546349692145e5c1d4780)` {{(pid=80730) enforce_call /opt/stack/keystone/keystone/common/rbac_enforcer/enforcer.py:449}}
Jul 26 15:53:56.121563 dv-neutron-844335-3-hyperv devstack@keystone.service[80730]: DEBUG keystone.common.rbac_enforcer.enforcer [None req-9ead2673-99a9-4fa3-9771-bbe3595a47de None admin] RBAC: Authorization granted {{(pid=80730) enforce_call /opt/stack/keystone/keystone/common/rbac_enforcer/enforcer.py:457}}
Jul 26 15:53:56.123466 dv-neutron-844335-3-hyperv devstack@keystone.service[80730]: [pid: 80730|app: 0|req: 112/241] 10.222.0.40 () {56 vars in 1177 bytes} [Tue Jul 26 15:53:55 2022] GET /identity/v3/users/f071f5b86c1546349692145e5c1d4780 => generated 297 bytes in 200 msecs (HTTP/1.1 200) 5 headers in 177 bytes (1 switches on core 0)
Jul 26 15:53:56.130580 dv-neutron-844335-3-hyperv devstack@keystone.service[80730]: DEBUG keystone.server.flask.request_processing.middleware.auth_context [None req-9ead2673-99a9-4fa3-9771-bbe3595a47de None admin] Authenticating user token {{(pid=80730) process_request /usr/local/lib/python3.8/dist-packages/keystonemiddleware/auth_token/__init__.py:407}}
Jul 26 15:53:56.134134 dv-neutron-844335-3-hyperv devstack@keystone.service[80729]: DEBUG keystone.server.flask.request_processing.middleware.auth_context [None req-fee56f0e-90a9-4d31-a7ce-b90c7a5a9f0c None None] Validating token access rules against request {{(pid=80729) validate_allowed_request /usr/local/lib/python3.8/dist-packages/keystonemiddleware/auth_token/__init__.py:545}}
Jul 26 15:53:56.224181 dv-neutron-844335-3-hyperv devstack@keystone.service[80729]: DEBUG keystone.server.flask.request_processing.middleware.auth_context [None req-1263bf07-22c0-4d0e-aaea-b3ef494d23a7 None admin] RBAC: auth_context: {'token': , 'domain_id': None, 'trust_id': None, 'trustor_id': None, 'trustee_id': None, 'domain_name': None, 'group_ids': [], 'user_id': 'b12737aa8a034ef18f855170fb5082e3', 'user_domain_id': 'default', 'system_scope': 'all', 'project_id': None, 'project_domain_id': None, 'roles': ['admin', 'member', 'reader'], 'is_admin_project': True, 'service_user_id': None, 'service_user_domain_id': None, 'service_project_id': None, 'service_project_domain_id': None, 'service_roles': []} {{(pid=80729) fill_context /opt/stack/keystone/keystone/server/flask/request_processing/middleware/auth_context.py:478}}
Jul 26 15:53:56.225045 dv-neutron-844335-3-hyperv devstack@keystone.service[80729]: DEBUG keystone.server.flask.request_processing.req_logging [None req-1263bf07-22c0-4d0e-aaea-b3ef494d23a7 None admin] REQUEST_METHOD: `GET` {{(pid=80729) log_request_info /opt/stack/keystone/keystone/server/flask/request_processing/req_logging.py:27}}
Jul 26 15:53:56.225332 dv-neutron-844335-3-hyperv devstack@keystone.service[80729]: DEBUG keystone.server.flask.request_processing.req_logging [None req-1263bf07-22c0-4d0e-aaea-b3ef494d23a7 None admin] SCRIPT_NAME: `/identity` {{(pid=80729) log_request_info /opt/stack/keystone/keystone/server/flask/request_processing/req_logging.py:28}}
Jul 26 15:53:56.225588 dv-neutron-844335-3-hyperv devstack@keystone.service[80729]: DEBUG keystone.server.flask.request_processing.req_logging [None req-1263bf07-22c0-4d0e-aaea-b3ef494d23a7 None admin] PATH_INFO: `/v3/domains/default` {{(pid=80729) log_request_info /opt/stack/keystone/keystone/server/flask/request_processing/req_logging.py:29}}
Jul 26 15:53:56.229186 dv-neutron-844335-3-hyperv devstack@keystone.service[80729]: DEBUG keystone.common.rbac_enforcer.enforcer [None req-1263bf07-22c0-4d0e-aaea-b3ef494d23a7 None admin] RBAC: Authorizing `identity:get_domain(domain_id=default)` {{(pid=80729) enforce_call /opt/stack/keystone/keystone/common/rbac_enforcer/enforcer.py:449}}
Jul 26 15:53:56.230855 dv-neutron-844335-3-hyperv devstack@keystone.service[80729]: DEBUG keystone.common.rbac_enforcer.enforcer [None req-1263bf07-22c0-4d0e-aaea-b3ef494d23a7 None admin] RBAC: Authorization granted {{(pid=80729) enforce_call /opt/stack/keystone/keystone/common/rbac_enforcer/enforcer.py:457}}
Jul 26 15:53:56.235800 dv-neutron-844335-3-hyperv devstack@keystone.service[80729]: [pid: 80729|app: 0|req: 130/242] 10.222.0.40 () {56 vars in 1108 bytes} [Tue Jul 26 15:53:55 2022] GET /identity/v3/domains/default => generated 199 bytes in 382 msecs (HTTP/1.1 200) 5 headers in 177 bytes (1 switches on core 0)
Jul 26 15:53:56.240161 dv-neutron-844335-3-hyperv devstack@keystone.service[80729]: DEBUG keystone.server.flask.request_processing.req_logging [None req-54b26ec4-46de-403e-94c2-1e4dbc69bb60 None None] REQUEST_METHOD: `GET` {{(pid=80729) log_request_info /opt/stack/keystone/keystone/server/flask/request_processing/req_logging.py:27}}
Jul 26 15:53:56.240483 dv-neutron-844335-3-hyperv devstack@keystone.service[80729]: DEBUG keystone.server.flask.request_processing.req_logging [None req-54b26ec4-46de-403e-94c2-1e4dbc69bb60 None None] SCRIPT_NAME: `/identity` {{(pid=80729) log_request_info /opt/stack/keystone/keystone/server/flask/request_processing/req_logging.py:28}}
Jul 26 15:53:56.240934 dv-neutron-844335-3-hyperv devstack@keystone.service[80729]: DEBUG keystone.server.flask.request_processing.req_logging [None req-54b26ec4-46de-403e-94c2-1e4dbc69bb60 None None] PATH_INFO: `/` {{(pid=80729) log_request_info /opt/stack/keystone/keystone/server/flask/request_processing/req_logging.py:29}}
Jul 26 15:53:56.242648 dv-neutron-844335-3-hyperv devstack@keystone.service[80729]: [pid: 80729|app: 0|req: 131/243] 10.222.0.40 () {54 vars in 926 bytes} [Tue Jul 26 15:53:56 2022] GET /identity => generated 270 bytes in 4 msecs (HTTP/1.1 300) 6 headers in 234 bytes (1 switches on core 0)
Jul 26 15:53:56.247888 dv-neutron-844335-3-hyperv devstack@keystone.service[80729]: DEBUG keystone.server.flask.request_processing.middleware.auth_context [None req-54b26ec4-46de-403e-94c2-1e4dbc69bb60 None None] Authenticating user token {{(pid=80729) process_request /usr/local/lib/python3.8/dist-packages/keystonemiddleware/auth_token/__init__.py:407}}
Jul 26 15:53:56.249354 dv-neutron-844335-3-hyperv devstack@keystone.service[80730]: DEBUG dbcounter [-] [80730] Writing DB stats keystone:SELECT=100 {{(pid=80730) stat_writer /usr/local/lib/python3.8/dist-packages/dbcounter.py:114}}
Jul 26 15:53:56.284801 dv-neutron-844335-3-hyperv devstack@keystone.service[80730]: DEBUG keystone.server.flask.request_processing.middleware.auth_context [None req-9ead2673-99a9-4fa3-9771-bbe3595a47de None admin] Validating token access rules against request {{(pid=80730) validate_allowed_request /usr/local/lib/python3.8/dist-packages/keystonemiddleware/auth_token/__init__.py:545}}
Jul 26 15:53:56.338080 dv-neutron-844335-3-hyperv devstack@keystone.service[80730]: DEBUG keystone.server.flask.request_processing.middleware.auth_context [None req-52f70599-fe20-4dee-b324-d5d3fd1951f3 None admin] RBAC: auth_context: {'token': , 'domain_id': None, 'trust_id': None, 'trustor_id': None, 'trustee_id': None, 'domain_name': None, 'group_ids': [], 'user_id': 'b12737aa8a034ef18f855170fb5082e3', 'user_domain_id': 'default', 'system_scope': 'all', 'project_id': None, 'project_domain_id': None, 'roles': ['admin', 'member', 'reader'], 'is_admin_project': True, 'service_user_id': None, 'service_user_domain_id': None, 'service_project_id': None, 'service_project_domain_id': None, 'service_roles': []} {{(pid=80730) fill_context /opt/stack/keystone/keystone/server/flask/request_processing/middleware/auth_context.py:478}}
Jul 26 15:53:56.339562 dv-neutron-844335-3-hyperv devstack@keystone.service[80730]: DEBUG keystone.server.flask.request_processing.req_logging [None req-52f70599-fe20-4dee-b324-d5d3fd1951f3 None admin] REQUEST_METHOD: `GET` {{(pid=80730) log_request_info /opt/stack/keystone/keystone/server/flask/request_processing/req_logging.py:27}}
Jul 26 15:53:56.341024 dv-neutron-844335-3-hyperv devstack@keystone.service[80730]: DEBUG keystone.server.flask.request_processing.req_logging [None req-52f70599-fe20-4dee-b324-d5d3fd1951f3 None admin] SCRIPT_NAME: `/identity` {{(pid=80730) log_request_info /opt/stack/keystone/keystone/server/flask/request_processing/req_logging.py:28}}
Jul 26 15:53:56.341590 dv-neutron-844335-3-hyperv devstack@keystone.service[80730]: DEBUG keystone.server.flask.request_processing.req_logging [None req-52f70599-fe20-4dee-b324-d5d3fd1951f3 None admin] PATH_INFO: `/v3/auth/tokens` {{(pid=80730) log_request_info /opt/stack/keystone/keystone/server/flask/request_processing/req_logging.py:29}}
Jul 26 15:53:56.402100 dv-neutron-844335-3-hyperv devstack@keystone.service[80729]: DEBUG keystone.server.flask.request_processing.middleware.auth_context [None req-54b26ec4-46de-403e-94c2-1e4dbc69bb60 None None] Validating token access rules against request {{(pid=80729) validate_allowed_request /usr/local/lib/python3.8/dist-packages/keystonemiddleware/auth_token/__init__.py:545}}
Jul 26 15:53:56.453805 dv-neutron-844335-3-hyperv devstack@keystone.service[80730]: DEBUG keystone.common.rbac_enforcer.enforcer [None req-52f70599-fe20-4dee-b324-d5d3fd1951f3 None admin] RBAC: Authorizing `identity:validate_token()` {{(pid=80730) enforce_call /opt/stack/keystone/keystone/common/rbac_enforcer/enforcer.py:449}}
Jul 26 15:53:56.454088 dv-neutron-844335-3-hyperv devstack@keystone.service[80729]: DEBUG keystone.server.flask.request_processing.middleware.auth_context [None req-07202b6a-cdcc-4585-bba9-c91ee1863fc7 None admin] RBAC: auth_context: {'token': , 'domain_id': None, 'trust_id': None, 'trustor_id': None, 'trustee_id': None, 'domain_name': None, 'group_ids': [], 'user_id': 'b12737aa8a034ef18f855170fb5082e3', 'user_domain_id': 'default', 'system_scope': 'all', 'project_id': None, 'project_domain_id': None, 'roles': ['admin', 'member', 'reader'], 'is_admin_project': True, 'service_user_id': None, 'service_user_domain_id': None, 'service_project_id': None, 'service_project_domain_id': None, 'service_roles': []} {{(pid=80729) fill_context /opt/stack/keystone/keystone/server/flask/request_processing/middleware/auth_context.py:478}}
Jul 26 15:53:56.454088 dv-neutron-844335-3-hyperv devstack@keystone.service[80729]: DEBUG keystone.server.flask.request_processing.req_logging [None req-07202b6a-cdcc-4585-bba9-c91ee1863fc7 None admin] REQUEST_METHOD: `POST` {{(pid=80729) log_request_info /opt/stack/keystone/keystone/server/flask/request_processing/req_logging.py:27}}
Jul 26 15:53:56.454088 dv-neutron-844335-3-hyperv devstack@keystone.service[80729]: DEBUG keystone.server.flask.request_processing.req_logging [None req-07202b6a-cdcc-4585-bba9-c91ee1863fc7 None admin] SCRIPT_NAME: `/identity` {{(pid=80729) log_request_info /opt/stack/keystone/keystone/server/flask/request_processing/req_logging.py:28}}
Jul 26 15:53:56.454088 dv-neutron-844335-3-hyperv devstack@keystone.service[80729]: DEBUG keystone.server.flask.request_processing.req_logging [None req-07202b6a-cdcc-4585-bba9-c91ee1863fc7 None admin] PATH_INFO: `/v3/users` {{(pid=80729) log_request_info /opt/stack/keystone/keystone/server/flask/request_processing/req_logging.py:29}}
Jul 26 15:53:56.454472 dv-neutron-844335-3-hyperv devstack@keystone.service[80730]: DEBUG keystone.common.rbac_enforcer.enforcer [None req-52f70599-fe20-4dee-b324-d5d3fd1951f3 None admin] RBAC: Authorization granted {{(pid=80730) enforce_call /opt/stack/keystone/keystone/common/rbac_enforcer/enforcer.py:457}}
Jul 26 15:53:56.454560 dv-neutron-844335-3-hyperv devstack@keystone.service[80729]: DEBUG keystone.common.rbac_enforcer.enforcer [None req-07202b6a-cdcc-4585-bba9-c91ee1863fc7 None admin] RBAC: Authorizing `identity:create_user()` {{(pid=80729) enforce_call /opt/stack/keystone/keystone/common/rbac_enforcer/enforcer.py:449}}
Jul 26 15:53:56.454560 dv-neutron-844335-3-hyperv devstack@keystone.service[80729]: DEBUG keystone.common.rbac_enforcer.enforcer [None req-07202b6a-cdcc-4585-bba9-c91ee1863fc7 None admin] RBAC: Authorization granted {{(pid=80729) enforce_call /opt/stack/keystone/keystone/common/rbac_enforcer/enforcer.py:457}}
Jul 26 15:53:56.530774 dv-neutron-844335-3-hyperv devstack@keystone.service[80729]: [pid: 80729|app: 0|req: 132/244] 10.222.0.40 () {60 vars in 1132 bytes} [Tue Jul 26 15:53:56 2022] POST /identity/v3/users => generated 293 bytes in 287 msecs (HTTP/1.1 201) 5 headers in 182 bytes (1 switches on core 0)
Jul 26 15:53:56.532328 dv-neutron-844335-3-hyperv devstack@keystone.service[80729]: DEBUG keystone.server.flask.request_processing.req_logging [None req-03b26f39-6f7a-43cd-b798-dd8c341ce069 None None] REQUEST_METHOD: `POST` {{(pid=80729) log_request_info /opt/stack/keystone/keystone/server/flask/request_processing/req_logging.py:27}}
Jul 26 15:53:56.532659 dv-neutron-844335-3-hyperv devstack@keystone.service[80729]: DEBUG keystone.server.flask.request_processing.req_logging [None req-03b26f39-6f7a-43cd-b798-dd8c341ce069 None None] SCRIPT_NAME: `/identity` {{(pid=80729) log_request_info /opt/stack/keystone/keystone/server/flask/request_processing/req_logging.py:28}}
Jul 26 15:53:56.534531 dv-neutron-844335-3-hyperv devstack@keystone.service[80729]: DEBUG keystone.server.flask.request_processing.req_logging [None req-03b26f39-6f7a-43cd-b798-dd8c341ce069 None None] PATH_INFO: `/v3/auth/tokens` {{(pid=80729) log_request_info /opt/stack/keystone/keystone/server/flask/request_processing/req_logging.py:29}}
Jul 26 15:53:56.546199 dv-neutron-844335-3-hyperv devstack@keystone.service[80729]: DEBUG dbcounter [-] [80729] Writing DB stats keystone:SELECT=97,keystone:INSERT=3 {{(pid=80729) stat_writer /usr/local/lib/python3.8/dist-packages/dbcounter.py:114}}
Jul 26 15:53:56.572695 dv-neutron-844335-3-hyperv devstack@keystone.service[80730]: DEBUG dbcounter [-] [80730] Writing DB stats keystone:SELECT=100 {{(pid=80730) stat_writer /usr/local/lib/python3.8/dist-packages/dbcounter.py:114}}
Jul 26 15:53:56.578944 dv-neutron-844335-3-hyperv devstack@keystone.service[80729]: DEBUG keystone.auth.core [None req-03b26f39-6f7a-43cd-b798-dd8c341ce069 None None] MFA Rules not processed for user `b12737aa8a034ef18f855170fb5082e3`. Rule list: `[]` (Enabled: `True`). {{(pid=80729) check_auth_methods_against_rules /opt/stack/keystone/keystone/auth/core.py:438}}
Jul 26 15:53:56.581112 dv-neutron-844335-3-hyperv devstack@keystone.service[80729]: DEBUG keystone.common.fernet_utils [None req-03b26f39-6f7a-43cd-b798-dd8c341ce069 None None] Loaded 2 Fernet keys from /etc/keystone/fernet-keys/, but `[fernet_tokens] max_active_keys = 3`; perhaps there have not been enough key rotations to reach `max_active_keys` yet? {{(pid=80729) load_keys /opt/stack/keystone/keystone/common/fernet_utils.py:286}}
Jul 26 15:53:56.605477 dv-neutron-844335-3-hyperv devstack@keystone.service[80730]: [pid: 80730|app: 0|req: 113/245] 10.222.0.40 () {58 vars in 1282 bytes} [Tue Jul 26 15:53:56 2022] GET /identity/v3/auth/tokens => generated 799 bytes in 475 msecs (HTTP/1.1 200) 6 headers in 358 bytes (2 switches on core 0)
Jul 26 15:53:56.615476 dv-neutron-844335-3-hyperv devstack@keystone.service[80730]: DEBUG keystone.server.flask.request_processing.middleware.auth_context [None req-52f70599-fe20-4dee-b324-d5d3fd1951f3 None admin] Authenticating user token {{(pid=80730) process_request /usr/local/lib/python3.8/dist-packages/keystonemiddleware/auth_token/__init__.py:407}}
Jul 26 15:53:56.757805 dv-neutron-844335-3-hyperv devstack@keystone.service[80729]: [pid: 80729|app: 0|req: 133/246] 10.222.0.40 () {58 vars in 1023 bytes} [Tue Jul 26 15:53:56 2022] POST /identity/v3/auth/tokens => generated 799 bytes in 227 msecs (HTTP/1.1 201) 6 headers in 363 bytes (1 switches on core 0)
Jul 26 15:53:56.795927 dv-neutron-844335-3-hyperv devstack@keystone.service[80729]: DEBUG keystone.server.flask.request_processing.middleware.auth_context [None req-03b26f39-6f7a-43cd-b798-dd8c341ce069 None None] Authenticating user token {{(pid=80729) process_request /usr/local/lib/python3.8/dist-packages/keystonemiddleware/auth_token/__init__.py:407}}
Jul 26 15:53:56.813057 dv-neutron-844335-3-hyperv devstack@keystone.service[80730]: DEBUG keystone.server.flask.request_processing.middleware.auth_context [None req-52f70599-fe20-4dee-b324-d5d3fd1951f3 None admin] Validating token access rules against request {{(pid=80730) validate_allowed_request /usr/local/lib/python3.8/dist-packages/keystonemiddleware/auth_token/__init__.py:545}}
Jul 26 15:53:56.878781 dv-neutron-844335-3-hyperv devstack@keystone.service[80730]: DEBUG keystone.server.flask.request_processing.middleware.auth_context [None req-80932189-d812-43a1-aa17-b72663d9a10b None admin] RBAC: auth_context: {'token': , 'domain_id': None, 'trust_id': None, 'trustor_id': None, 'trustee_id': None, 'domain_name': None, 'group_ids': [], 'user_id': 'b12737aa8a034ef18f855170fb5082e3', 'user_domain_id': 'default', 'system_scope': 'all', 'project_id': None, 'project_domain_id': None, 'roles': ['admin', 'member', 'reader'], 'is_admin_project': True, 'service_user_id': None, 'service_user_domain_id': None, 'service_project_id': None, 'service_project_domain_id': None, 'service_roles': []} {{(pid=80730) fill_context /opt/stack/keystone/keystone/server/flask/request_processing/middleware/auth_context.py:478}}
Jul 26 15:53:56.880368 dv-neutron-844335-3-hyperv devstack@keystone.service[80730]: DEBUG keystone.server.flask.request_processing.req_logging [None req-80932189-d812-43a1-aa17-b72663d9a10b None admin] REQUEST_METHOD: `GET` {{(pid=80730) log_request_info /opt/stack/keystone/keystone/server/flask/request_processing/req_logging.py:27}}
Jul 26 15:53:56.880987 dv-neutron-844335-3-hyperv devstack@keystone.service[80730]: DEBUG keystone.server.flask.request_processing.req_logging [None req-80932189-d812-43a1-aa17-b72663d9a10b None admin] SCRIPT_NAME: `/identity` {{(pid=80730) log_request_info /opt/stack/keystone/keystone/server/flask/request_processing/req_logging.py:28}}
Jul 26 15:53:56.881924 dv-neutron-844335-3-hyperv devstack@keystone.service[80730]: DEBUG keystone.server.flask.request_processing.req_logging [None req-80932189-d812-43a1-aa17-b72663d9a10b None admin] PATH_INFO: `/v3/projects/867abbe122df4de4b10575ad7e69b6d5` {{(pid=80730) log_request_info /opt/stack/keystone/keystone/server/flask/request_processing/req_logging.py:29}}
Jul 26 15:53:56.884633 dv-neutron-844335-3-hyperv devstack@keystone.service[80730]: DEBUG keystone.common.rbac_enforcer.enforcer [None req-80932189-d812-43a1-aa17-b72663d9a10b None admin] RBAC: Authorizing `identity:get_project(project_id=867abbe122df4de4b10575ad7e69b6d5)` {{(pid=80730) enforce_call /opt/stack/keystone/keystone/common/rbac_enforcer/enforcer.py:449}}
Jul 26 15:53:56.887349 dv-neutron-844335-3-hyperv devstack@keystone.service[80730]: DEBUG keystone.common.rbac_enforcer.enforcer [None req-80932189-d812-43a1-aa17-b72663d9a10b None admin] RBAC: Authorization granted {{(pid=80730) enforce_call /opt/stack/keystone/keystone/common/rbac_enforcer/enforcer.py:457}}
Jul 26 15:53:56.894253 dv-neutron-844335-3-hyperv devstack@keystone.service[80730]: [pid: 80730|app: 0|req: 114/247] 10.222.0.40 () {56 vars in 1186 bytes} [Tue Jul 26 15:53:56 2022] GET /identity/v3/projects/867abbe122df4de4b10575ad7e69b6d5 => generated 302 bytes in 279 msecs (HTTP/1.1 200) 5 headers in 177 bytes (1 switches on core 0)
Jul 26 15:53:56.899065 dv-neutron-844335-3-hyperv devstack@keystone.service[80730]: DEBUG keystone.server.flask.request_processing.middleware.auth_context [None req-80932189-d812-43a1-aa17-b72663d9a10b None admin] Authenticating user token {{(pid=80730) process_request /usr/local/lib/python3.8/dist-packages/keystonemiddleware/auth_token/__init__.py:407}}
Jul 26 15:53:56.985028 dv-neutron-844335-3-hyperv devstack@keystone.service[80730]: DEBUG dbcounter [-] [80730] Writing DB stats keystone:SELECT=100 {{(pid=80730) stat_writer /usr/local/lib/python3.8/dist-packages/dbcounter.py:114}}
Jul 26 15:53:56.993105 dv-neutron-844335-3-hyperv devstack@keystone.service[80729]: DEBUG keystone.server.flask.request_processing.middleware.auth_context [None req-03b26f39-6f7a-43cd-b798-dd8c341ce069 None None] Validating token access rules against request {{(pid=80729) validate_allowed_request /usr/local/lib/python3.8/dist-packages/keystonemiddleware/auth_token/__init__.py:545}}
