Jun 20 11:24:33.085423 dv-neutron-844335-2-hyperv neutron-server[104495]: DEBUG neutron.plugins.ml2.drivers.mech_agent [None req-6c95170b-c680-466c-b4c4-a6685d1c7f6d tempest-NetworksTest-1315660948 tempest-NetworksTest-1315660948-project] Checking segment: {'id': '63fab346-03f8-428e-ad67-b49674fe377a', 'network_type': 'vlan', 'physical_network': 'physnet1', 'segmentation_id': 356, 'network_id': 'cfc359c8-83fb-4fdc-b86c-fc29c09e11c8'} for mappings: {'physnet1': 'br-data'} with network types: ['local', 'flat', 'vlan'] {{(pid=104495) check_segment_for_agent /opt/stack/neutron/neutron/plugins/ml2/drivers/mech_agent.py:373}}
Jun 20 11:24:33.085792 dv-neutron-844335-2-hyperv neutron-server[104495]: DEBUG neutron.scheduler.dhcp_agent_scheduler [None req-6c95170b-c680-466c-b4c4-a6685d1c7f6d tempest-NetworksTest-1315660948 tempest-NetworksTest-1315660948-project] Network hostable DHCP agents. Network: cfc359c8-83fb-4fdc-b86c-fc29c09e11c8, hostable agents: ['b2f767cf-74dd-4d66-97a0-fa36a91cfe28'], hosted agents: [] {{(pid=104495) _get_network_hostable_dhcp_agents /opt/stack/neutron/neutron/scheduler/dhcp_agent_scheduler.py:329}}
Jun 20 11:24:33.169673 dv-neutron-844335-2-hyperv neutron-server[104497]: DEBUG neutron.api.rpc.handlers.resources_rpc [None req-8815ccff-3156-4ee8-96ca-922ba2521912 None None] Pushing event updated for resources: {'Port': ['ID=1671ae98-7052-41d5-8eff-bfb0757e2d85,revision_number=2']} {{(pid=104497) push /opt/stack/neutron/neutron/api/rpc/handlers/resources_rpc.py:237}}
Jun 20 11:24:33.291171 dv-neutron-844335-2-hyperv neutron-server[104495]: DEBUG neutron.scheduler.dhcp_agent_scheduler [None req-6c95170b-c680-466c-b4c4-a6685d1c7f6d tempest-NetworksTest-1315660948 tempest-NetworksTest-1315660948-project] Network cfc359c8-83fb-4fdc-b86c-fc29c09e11c8 is scheduled to be hosted by DHCP agent b2f767cf-74dd-4d66-97a0-fa36a91cfe28 with binding_index 1 {{(pid=104495) bind /opt/stack/neutron/neutron/scheduler/dhcp_agent_scheduler.py:227}}
Jun 20 11:24:33.308105 dv-neutron-844335-2-hyperv neutron-server[104496]: DEBUG neutron_lib.callbacks.manager [None req-6d8bce8f-d510-4297-b095-132922b543f4 tempest-FloatingIPAdminTestJSON-1040397868 tempest-FloatingIPAdminTestJSON-1040397868-project] Publish callbacks [] for port (d627015d-252d-4d01-b545-c611c30fbbdb), precommit_update {{(pid=104496) _notify_loop /usr/local/lib/python3.8/dist-packages/neutron_lib/callbacks/manager.py:176}}
Jun 20 11:24:33.328969 dv-neutron-844335-2-hyperv neutron-server[104496]: DEBUG neutron_lib.callbacks.manager [None req-6d8bce8f-d510-4297-b095-132922b543f4 tempest-FloatingIPAdminTestJSON-1040397868 tempest-FloatingIPAdminTestJSON-1040397868-project] Publish callbacks ['neutron.plugins.ml2.plugin.SecurityGroupServerNotifierRpcMixin._notify_sg_on_port_change-1498007', 'neutron.plugins.ml2.ovo_rpc._ObjectChangeHandler.handle_event-36481', 'neutron.api.rpc.agentnotifiers.dhcp_rpc_agent_api.DhcpAgentNotifyAPI._native_event_send_dhcp_notification-1584161', 'neutron.db.l3_db.L3RpcNotifierMixin._notify_gateway_port_ip_changed-8778373208998', 'neutron.db.l3_dvrscheduler_db._notify_l3_agent_port_update-8778372692152', 'neutron.db.l3_hascheduler_db._notify_l3_agent_ha_port_update-8778372692170', 'neutron.services.segments.plugin.NovaSegmentNotifier._notify_port_updated-4389632'] for port (d627015d-252d-4d01-b545-c611c30fbbdb), after_update {{(pid=104496) _notify_loop /usr/local/lib/python3.8/dist-packages/neutron_lib/callbacks/manager.py:176}}
Jun 20 11:24:33.384389 dv-neutron-844335-2-hyperv neutron-server[104495]: DEBUG neutron.db.db_base_plugin_common [None req-28397b71-c503-4000-b328-c4474a4153a8 tempest-ServersTestJSON-288302091 tempest-ServersTestJSON-288302091-project] Allocated IP 172.26.5.164 (a781bce7-e204-43fa-95f2-3e1dbb4f1f9d/e874de94-1b73-4cc2-a5cc-4e08f8f3ffb0/8c2db8d3-085e-442c-afe6-ad5036577b65) {{(pid=104495) _store_ip_allocation /opt/stack/neutron/neutron/db/db_base_plugin_common.py:131}}
Jun 20 11:24:33.389786 dv-neutron-844335-2-hyperv neutron-server[104495]: DEBUG neutron.scheduler.base_scheduler [None req-6c95170b-c680-466c-b4c4-a6685d1c7f6d tempest-NetworksTest-1315660948 tempest-NetworksTest-1315660948-project] Resources bound (agent type, host, resource id): (DHCP agent, dv-neutron-844335-2-hyperv, cfc359c8-83fb-4fdc-b86c-fc29c09e11c8) {{(pid=104495) schedule /opt/stack/neutron/neutron/scheduler/base_scheduler.py:57}}
Jun 20 11:24:33.396879 dv-neutron-844335-2-hyperv neutron-server[104495]: DEBUG neutron.pecan_wsgi.hooks.policy_enforcement [None req-6c95170b-c680-466c-b4c4-a6685d1c7f6d tempest-NetworksTest-1315660948 tempest-NetworksTest-1315660948-project] Attributes excluded by policy engine: ['standard_attr_id', 'shared', 'segment_id', 'network'] {{(pid=104495) _exclude_attributes_by_policy /opt/stack/neutron/neutron/pecan_wsgi/hooks/policy_enforcement.py:259}}
Jun 20 11:24:33.397556 dv-neutron-844335-2-hyperv neutron-server[104497]: DEBUG neutron.plugins.ml2.rpc [None req-eee71da8-ffb6-49f4-b927-1515bb734242 None None] Device 9ec54d60-1281-4c3d-b73d-e153ff0a3584 up at agent ovs-agent-dv-neutron-844335-2-hyperv {{(pid=104497) update_device_up /opt/stack/neutron/neutron/plugins/ml2/rpc.py:296}}
Jun 20 11:24:33.397709 dv-neutron-844335-2-hyperv neutron-server[104495]: DEBUG neutron_lib.callbacks.manager [None req-6c95170b-c680-466c-b4c4-a6685d1c7f6d tempest-NetworksTest-1315660948 tempest-NetworksTest-1315660948-project] Publish callbacks ['neutron.api.rpc.agentnotifiers.dhcp_rpc_agent_api.DhcpAgentNotifyAPI._send_dhcp_notification-1584183'] for subnet (None), before_response {{(pid=104495) _notify_loop /usr/local/lib/python3.8/dist-packages/neutron_lib/callbacks/manager.py:176}}
Jun 20 11:24:33.410192 dv-neutron-844335-2-hyperv neutron-server[104496]: DEBUG dbcounter [-] [104496] Writing DB stats neutron:SELECT=85,neutron:INSERT=11,neutron:UPDATE=3,neutron:DELETE=1 {{(pid=104496) stat_writer /usr/local/lib/python3.8/dist-packages/dbcounter.py:114}}
Jun 20 11:24:33.461541 dv-neutron-844335-2-hyperv neutron-server[104495]: DEBUG dbcounter [-] [104495] Writing DB stats neutron:SELECT=85,neutron:INSERT=11,neutron:UPDATE=2,neutron:DELETE=2 {{(pid=104495) stat_writer /usr/local/lib/python3.8/dist-packages/dbcounter.py:114}}
Jun 20 11:24:33.485526 dv-neutron-844335-2-hyperv neutron-server[104495]: INFO neutron.wsgi [None req-6c95170b-c680-466c-b4c4-a6685d1c7f6d tempest-NetworksTest-1315660948 tempest-NetworksTest-1315660948-project] 10.222.0.23 "POST /v2.0/subnets HTTP/1.1" status: 201 len: 873 time: 2.4136269
Jun 20 11:24:33.491874 dv-neutron-844335-2-hyperv neutron-server[104497]: DEBUG neutron.api.rpc.handlers.dhcp_rpc [None req-784f1960-f27d-44e4-b9e7-c3d5c1587a08 None None] Network cfc359c8-83fb-4fdc-b86c-fc29c09e11c8 requested from dv-neutron-844335-2-hyperv {{(pid=104497) get_network_info /opt/stack/neutron/neutron/api/rpc/handlers/dhcp_rpc.py:191}}
Jun 20 11:24:33.502614 dv-neutron-844335-2-hyperv neutron-server[104495]: DEBUG neutron.wsgi [-] (104495) accepted ('10.222.0.23', 38316) {{(pid=104495) server /usr/local/lib/python3.8/dist-packages/eventlet/wsgi.py:1004}}
Jun 20 11:24:33.530903 dv-neutron-844335-2-hyperv neutron-server[104496]: INFO neutron.wsgi [req-d5ab5496-657e-4fef-9274-b9659dbe7a10 req-23c14eb3-f59f-4f53-87c7-c7294a1fc486 service neutron] 10.222.0.23 "GET /v2.0/networks/52b827fc-baff-4578-8fea-15d6e555abaa?fields=provider%3Aphysical_network&fields=provider%3Anetwork_type HTTP/1.1" status: 200 len: 281 time: 0.5494916
Jun 20 11:24:33.535734 dv-neutron-844335-2-hyperv neutron-server[104496]: DEBUG neutron_lib.callbacks.manager [None req-1334a4ef-b56f-405d-9142-aab7d473e367 tempest-AllowedAddressPairIpV6TestJSON-1505222007 tempest-AllowedAddressPairIpV6TestJSON-1505222007-project] Publish callbacks [] for security_group (008c0b5e-0ff7-47e8-9e16-c89f889dfc43), precommit_create {{(pid=104496) _notify_loop /usr/local/lib/python3.8/dist-packages/neutron_lib/callbacks/manager.py:176}}
Jun 20 11:24:33.536917 dv-neutron-844335-2-hyperv neutron-server[104495]: DEBUG neutron_lib.callbacks.manager [None req-660381db-0d67-4bee-b19b-69abd189e8d8 admin admin] Publish callbacks [] for security_group (f561aa45-ad71-4efc-84a4-c9fb59643c88), precommit_create {{(pid=104495) _notify_loop /usr/local/lib/python3.8/dist-packages/neutron_lib/callbacks/manager.py:176}}
Jun 20 11:24:33.538471 dv-neutron-844335-2-hyperv neutron-server[104495]: DEBUG neutron_lib.callbacks.manager [None req-51b0d17f-e2ab-4283-9ce0-d81b41656781 tempest-PortsAdminExtendedAttrsIpV6TestJSON-2042172038 tempest-PortsAdminExtendedAttrsIpV6TestJSON-2042172038-project-admin] Publish callbacks ['neutron.plugins.ml2.plugin.SecurityGroupServerNotifierRpcMixin._notify_sg_on_port_change-1498007', 'neutron.plugins.ml2.ovo_rpc._ObjectChangeHandler.handle_event-36481', 'neutron.api.rpc.agentnotifiers.dhcp_rpc_agent_api.DhcpAgentNotifyAPI._native_event_send_dhcp_notification-1584161', 'neutron.db.l3_db.L3RpcNotifierMixin._notify_routers_callback-8778373209025', 'neutron.db.l3_dvrscheduler_db._notify_port_delete-8778372692143', 'neutron.services.segments.plugin.NovaSegmentNotifier._notify_port_created_or_deleted-5821650'] for port (7f080280-d264-4dcd-849c-78e8f8875dd6), after_delete {{(pid=104495) _notify_loop /usr/local/lib/python3.8/dist-packages/neutron_lib/callbacks/manager.py:176}}
Jun 20 11:24:33.546164 dv-neutron-844335-2-hyperv neutron-server[104496]: DEBUG neutron.api.rpc.handlers.resources_rpc [None req-6d8bce8f-d510-4297-b095-132922b543f4 tempest-FloatingIPAdminTestJSON-1040397868 tempest-FloatingIPAdminTestJSON-1040397868-project] Pushing event updated for resources: {'Port': ['ID=d627015d-252d-4d01-b545-c611c30fbbdb,revision_number=2']} {{(pid=104496) push /opt/stack/neutron/neutron/api/rpc/handlers/resources_rpc.py:237}}
Jun 20 11:24:33.550506 dv-neutron-844335-2-hyperv neutron-server[104496]: DEBUG neutron_lib.callbacks.manager [None req-6d8bce8f-d510-4297-b095-132922b543f4 tempest-FloatingIPAdminTestJSON-1040397868 tempest-FloatingIPAdminTestJSON-1040397868-project] Publish callbacks ['neutron.api.rpc.agentnotifiers.dhcp_rpc_agent_api.DhcpAgentNotifyAPI._after_router_interface_created-1584339', 'neutron.services.l3_router.l3_router_plugin.DVRResourceOperationHandler._update_snat_v6_addrs_after_intf_update-1612336'] for router_interface (e00e96f6-90f3-449d-b9b3-75a4855fd4cb), after_create {{(pid=104496) _notify_loop /usr/local/lib/python3.8/dist-packages/neutron_lib/callbacks/manager.py:176}}
Jun 20 11:24:33.560736 dv-neutron-844335-2-hyperv neutron-server[104496]: DEBUG neutron_lib.callbacks.manager [None req-1334a4ef-b56f-405d-9142-aab7d473e367 tempest-AllowedAddressPairIpV6TestJSON-1505222007 tempest-AllowedAddressPairIpV6TestJSON-1505222007-project] Publish callbacks ['neutron.plugins.ml2.ovo_rpc._ObjectChangeHandler.handle_event-1670934'] for security_group (008c0b5e-0ff7-47e8-9e16-c89f889dfc43), after_create {{(pid=104496) _notify_loop /usr/local/lib/python3.8/dist-packages/neutron_lib/callbacks/manager.py:176}}
Jun 20 11:24:33.637287 dv-neutron-844335-2-hyperv neutron-server[104496]: DEBUG neutron.plugins.ml2.drivers.helpers [None req-1334a4ef-b56f-405d-9142-aab7d473e367 tempest-AllowedAddressPairIpV6TestJSON-1505222007 tempest-AllowedAddressPairIpV6TestJSON-1505222007-project] vlan segment allocate from pool success with {'physical_network': 'physnet1', 'vlan_id': 399} {{(pid=104496) allocate_partially_specified_segment /opt/stack/neutron/neutron/plugins/ml2/drivers/helpers.py:153}}
Jun 20 11:24:33.643243 dv-neutron-844335-2-hyperv neutron-server[104496]: DEBUG neutron.api.rpc.handlers.resources_rpc [None req-1334a4ef-b56f-405d-9142-aab7d473e367 tempest-AllowedAddressPairIpV6TestJSON-1505222007 tempest-AllowedAddressPairIpV6TestJSON-1505222007-project] Pushing event updated for resources: {'SecurityGroup': ['ID=008c0b5e-0ff7-47e8-9e16-c89f889dfc43,revision_number=1']} {{(pid=104496) push /opt/stack/neutron/neutron/api/rpc/handlers/resources_rpc.py:237}}
Jun 20 11:24:33.669948 dv-neutron-844335-2-hyperv neutron-server[104495]: DEBUG neutron_lib.callbacks.manager [None req-660381db-0d67-4bee-b19b-69abd189e8d8 admin admin] Publish callbacks ['neutron.plugins.ml2.ovo_rpc._ObjectChangeHandler.handle_event-1670934'] for security_group (f561aa45-ad71-4efc-84a4-c9fb59643c88), after_create {{(pid=104495) _notify_loop /usr/local/lib/python3.8/dist-packages/neutron_lib/callbacks/manager.py:176}}
Jun 20 11:24:33.716637 dv-neutron-844335-2-hyperv neutron-server[104496]: DEBUG neutron_lib.callbacks.manager [None req-1334a4ef-b56f-405d-9142-aab7d473e367 tempest-AllowedAddressPairIpV6TestJSON-1505222007 tempest-AllowedAddressPairIpV6TestJSON-1505222007-project] Publish callbacks ['neutron.plugins.ml2.plugin.Ml2Plugin._handle_segment_change-1459765'] for segment (b625b9ae-0292-4b7b-9769-60cf839c5ea6), precommit_create {{(pid=104496) _notify_loop /usr/local/lib/python3.8/dist-packages/neutron_lib/callbacks/manager.py:176}}
Jun 20 11:24:33.717542 dv-neutron-844335-2-hyperv neutron-server[104496]: INFO neutron.db.segments_db [None req-1334a4ef-b56f-405d-9142-aab7d473e367 tempest-AllowedAddressPairIpV6TestJSON-1505222007 tempest-AllowedAddressPairIpV6TestJSON-1505222007-project] Added segment b625b9ae-0292-4b7b-9769-60cf839c5ea6 of type vlan for network 8b51885d-7354-41da-b11c-f9e355fb4cc3
Jun 20 11:24:33.783371 dv-neutron-844335-2-hyperv neutron-server[104496]: DEBUG neutron_lib.callbacks.manager [None req-1334a4ef-b56f-405d-9142-aab7d473e367 tempest-AllowedAddressPairIpV6TestJSON-1505222007 tempest-AllowedAddressPairIpV6TestJSON-1505222007-project] Publish callbacks ['neutron.services.auto_allocate.db._ensure_external_network_default_value_callback-8778372661724'] for network (8b51885d-7354-41da-b11c-f9e355fb4cc3), precommit_create {{(pid=104496) _notify_loop /usr/local/lib/python3.8/dist-packages/neutron_lib/callbacks/manager.py:176}}
Jun 20 11:24:33.806272 dv-neutron-844335-2-hyperv neutron-server[104496]: DEBUG neutron.scheduler.dhcp_agent_scheduler [None req-6d8bce8f-d510-4297-b095-132922b543f4 tempest-FloatingIPAdminTestJSON-1040397868 tempest-FloatingIPAdminTestJSON-1040397868-project] Network d605c46b-cc71-4a25-b476-4ae32c9674ed is already hosted by enough agents. {{(pid=104496) _get_dhcp_agents_hosting_network /opt/stack/neutron/neutron/scheduler/dhcp_agent_scheduler.py:275}}
Jun 20 11:24:33.814016 dv-neutron-844335-2-hyperv neutron-server[104496]: DEBUG neutron.scheduler.base_scheduler [None req-6d8bce8f-d510-4297-b095-132922b543f4 tempest-FloatingIPAdminTestJSON-1040397868 tempest-FloatingIPAdminTestJSON-1040397868-project] Resources bound (agent type, host, resource id): {{(pid=104496) schedule /opt/stack/neutron/neutron/scheduler/base_scheduler.py:57}}
Jun 20 11:24:33.820789 dv-neutron-844335-2-hyperv neutron-server[104497]: DEBUG neutron.db.provisioning_blocks [None req-eee71da8-ffb6-49f4-b927-1515bb734242 None None] Provisioning complete for port 9ec54d60-1281-4c3d-b73d-e153ff0a3584 triggered by entity L2. {{(pid=104497) provisioning_complete /opt/stack/neutron/neutron/db/provisioning_blocks.py:145}}
Jun 20 11:24:33.821993 dv-neutron-844335-2-hyperv neutron-server[104497]: DEBUG neutron_lib.callbacks.manager [None req-eee71da8-ffb6-49f4-b927-1515bb734242 None None] Publish callbacks ['neutron.plugins.ml2.plugin.Ml2Plugin._port_provisioned-1536156'] for port (9ec54d60-1281-4c3d-b73d-e153ff0a3584), provisioning_complete {{(pid=104497) _notify_loop /usr/local/lib/python3.8/dist-packages/neutron_lib/callbacks/manager.py:176}}
Jun 20 11:24:33.828249 dv-neutron-844335-2-hyperv neutron-server[104497]: DEBUG neutron.api.rpc.handlers.dhcp_rpc [None req-ec981178-fcd8-4602-b31c-24400db3fa13 None None] Create dhcp port {'port': {'name': '', 'admin_state_up': True, 'device_id': 'dhcp958c1ad8-c715-5dfb-820c-3de61e075fd2-cfc359c8-83fb-4fdc-b86c-fc29c09e11c8', 'network_id': 'cfc359c8-83fb-4fdc-b86c-fc29c09e11c8', 'project_id': 'f7fd67b8ff574b66af4901c9f4b34e0d', 'fixed_ips': [{'subnet_id': 'cd30bc8c-ede1-477b-958f-43ed7133395c'}]}} from dv-neutron-844335-2-hyperv. {{(pid=104497) create_dhcp_port /opt/stack/neutron/neutron/api/rpc/handlers/dhcp_rpc.py:268}}
Jun 20 11:24:33.830652 dv-neutron-844335-2-hyperv neutron-server[104497]: DEBUG neutron_lib.callbacks.manager [None req-ec981178-fcd8-4602-b31c-24400db3fa13 None None] Publish callbacks ['neutron.plugins.ml2.plugin.SecurityGroupDbMixin._ensure_default_security_group_handler-1498070'] for port (None), before_create {{(pid=104497) _notify_loop /usr/local/lib/python3.8/dist-packages/neutron_lib/callbacks/manager.py:176}}
Jun 20 11:24:33.895014 dv-neutron-844335-2-hyperv neutron-server[104495]: DEBUG neutron.api.rpc.handlers.resources_rpc [None req-51b0d17f-e2ab-4283-9ce0-d81b41656781 tempest-PortsAdminExtendedAttrsIpV6TestJSON-2042172038 tempest-PortsAdminExtendedAttrsIpV6TestJSON-2042172038-project-admin] Pushing event deleted for resources: {'Port': ['ID=7f080280-d264-4dcd-849c-78e8f8875dd6,revision_number=None']} {{(pid=104495) push /opt/stack/neutron/neutron/api/rpc/handlers/resources_rpc.py:237}}
Jun 20 11:24:33.916936 dv-neutron-844335-2-hyperv neutron-server[104496]: DEBUG neutron_lib.callbacks.manager [None req-1334a4ef-b56f-405d-9142-aab7d473e367 tempest-AllowedAddressPairIpV6TestJSON-1505222007 tempest-AllowedAddressPairIpV6TestJSON-1505222007-project] Publish callbacks ['neutron.plugins.ml2.ovo_rpc._ObjectChangeHandler.handle_event-1671079', 'neutron.api.rpc.agentnotifiers.dhcp_rpc_agent_api.DhcpAgentNotifyAPI._native_event_send_dhcp_notification-1584161'] for network (8b51885d-7354-41da-b11c-f9e355fb4cc3), after_create {{(pid=104496) _notify_loop /usr/local/lib/python3.8/dist-packages/neutron_lib/callbacks/manager.py:176}}
Jun 20 11:24:33.922601 dv-neutron-844335-2-hyperv neutron-server[104496]: DEBUG neutron.pecan_wsgi.hooks.policy_enforcement [None req-1334a4ef-b56f-405d-9142-aab7d473e367 tempest-AllowedAddressPairIpV6TestJSON-1505222007 tempest-AllowedAddressPairIpV6TestJSON-1505222007-project] Attributes excluded by policy engine: ['standard_attr_id', 'provider:network_type', 'provider:physical_network', 'provider:segmentation_id', 'vlan_transparent'] {{(pid=104496) _exclude_attributes_by_policy /opt/stack/neutron/neutron/pecan_wsgi/hooks/policy_enforcement.py:259}}
Jun 20 11:24:33.923220 dv-neutron-844335-2-hyperv neutron-server[104496]: DEBUG neutron_lib.callbacks.manager [None req-1334a4ef-b56f-405d-9142-aab7d473e367 tempest-AllowedAddressPairIpV6TestJSON-1505222007 tempest-AllowedAddressPairIpV6TestJSON-1505222007-project] Publish callbacks ['neutron.api.rpc.agentnotifiers.dhcp_rpc_agent_api.DhcpAgentNotifyAPI._send_dhcp_notification-1584183'] for network (None), before_response {{(pid=104496) _notify_loop /usr/local/lib/python3.8/dist-packages/neutron_lib/callbacks/manager.py:176}}
Jun 20 11:24:33.957789 dv-neutron-844335-2-hyperv neutron-server[104495]: INFO neutron.wsgi [None req-660381db-0d67-4bee-b19b-69abd189e8d8 admin admin] 10.222.0.23 "GET /v2.0/security-groups?tenant_id=9a72a404b26a4e3685f6ac9ef4cceb13&name=default HTTP/1.1" status: 200 len: 2996 time: 1.1961892
Jun 20 11:24:34.082475 dv-neutron-844335-2-hyperv neutron-server[104495]: DEBUG neutron.wsgi [-] (104495) accepted ('10.222.0.23', 38332) {{(pid=104495) server /usr/local/lib/python3.8/dist-packages/eventlet/wsgi.py:1004}}
Jun 20 11:24:34.092862 dv-neutron-844335-2-hyperv neutron-server[104495]: INFO neutron.wsgi [req-e4e34226-95d3-43bc-a2e6-6e6c6e64edda req-df561932-d023-443c-82e7-c205b238c4d9 tempest-ServerActionsTestJSON-2081039692 tempest-ServerActionsTestJSON-2081039692-project] 10.222.0.23 "GET /v2.0/ports?device_id=a3b0a304-4bf2-4483-82d2-58e198906292 HTTP/1.1" status: 200 len: 210 time: 0.1402206
Jun 20 11:24:34.099263 dv-neutron-844335-2-hyperv neutron-server[104495]: DEBUG neutron_lib.callbacks.manager [None req-51b0d17f-e2ab-4283-9ce0-d81b41656781 tempest-PortsAdminExtendedAttrsIpV6TestJSON-2042172038 tempest-PortsAdminExtendedAttrsIpV6TestJSON-2042172038-project-admin] Publish callbacks ['neutron.notifiers.nova.Notifier._send_nova_notification-2086194'] for port (None), before_response {{(pid=104495) _notify_loop /usr/local/lib/python3.8/dist-packages/neutron_lib/callbacks/manager.py:176}}
Jun 20 11:24:34.104770 dv-neutron-844335-2-hyperv neutron-server[104495]: INFO neutron.wsgi [None req-51b0d17f-e2ab-4283-9ce0-d81b41656781 tempest-PortsAdminExtendedAttrsIpV6TestJSON-2042172038 tempest-PortsAdminExtendedAttrsIpV6TestJSON-2042172038-project-admin] 10.222.0.23 "DELETE /v2.0/ports/7f080280-d264-4dcd-849c-78e8f8875dd6 HTTP/1.1" status: 204 len: 168 time: 1.9663272
Jun 20 11:24:34.112064 dv-neutron-844335-2-hyperv neutron-server[104495]: DEBUG neutron.wsgi [-] (104495) accepted ('10.222.0.23', 38336) {{(pid=104495) server /usr/local/lib/python3.8/dist-packages/eventlet/wsgi.py:1004}}
Jun 20 11:24:34.116289 dv-neutron-844335-2-hyperv neutron-server[104497]: DEBUG neutron.plugins.ml2.plugin [None req-eee71da8-ffb6-49f4-b927-1515bb734242 None None] Current status of the port 9ec54d60-1281-4c3d-b73d-e153ff0a3584 is: ACTIVE; New status is: ACTIVE {{(pid=104497) _update_individual_port_db_status /opt/stack/neutron/neutron/plugins/ml2/plugin.py:2298}}
Jun 20 11:24:34.351044 dv-neutron-844335-2-hyperv neutron-server[104496]: DEBUG dbcounter [-] [104496] Writing DB stats neutron:SELECT=90,neutron:INSERT=6,neutron:UPDATE=3,neutron:DELETE=1 {{(pid=104496) stat_writer /usr/local/lib/python3.8/dist-packages/dbcounter.py:114}}
Jun 20 11:24:34.374015 dv-neutron-844335-2-hyperv neutron-server[104496]: INFO neutron.wsgi [None req-1334a4ef-b56f-405d-9142-aab7d473e367 tempest-AllowedAddressPairIpV6TestJSON-1505222007 tempest-AllowedAddressPairIpV6TestJSON-1505222007-project] 10.222.0.23 "POST /v2.0/networks HTTP/1.1" status: 201 len: 779 time: 1.8732572
Jun 20 11:24:34.377874 dv-neutron-844335-2-hyperv neutron-server[104495]: DEBUG dbcounter [-] [104495] Writing DB stats neutron:SELECT=85,neutron:INSERT=6,neutron:UPDATE=4,neutron:DELETE=5 {{(pid=104495) stat_writer /usr/local/lib/python3.8/dist-packages/dbcounter.py:114}}
Jun 20 11:24:34.379752 dv-neutron-844335-2-hyperv neutron-server[104496]: DEBUG neutron.wsgi [-] (104496) accepted ('10.222.0.23', 38348) {{(pid=104496) server /usr/local/lib/python3.8/dist-packages/eventlet/wsgi.py:1004}}
Jun 20 11:24:34.388842 dv-neutron-844335-2-hyperv neutron-server[104495]: DEBUG neutron.api.rpc.handlers.resources_rpc [None req-660381db-0d67-4bee-b19b-69abd189e8d8 admin admin] Pushing event updated for resources: {'SecurityGroup': ['ID=f561aa45-ad71-4efc-84a4-c9fb59643c88,revision_number=1']} {{(pid=104495) push /opt/stack/neutron/neutron/api/rpc/handlers/resources_rpc.py:237}}
Jun 20 11:24:34.392986 dv-neutron-844335-2-hyperv neutron-server[104496]: DEBUG neutron.api.v2.base [None req-a49cddbf-fa12-41bc-be64-56c0046449f3 tempest-AllowedAddressPairIpV6TestJSON-1505222007 tempest-AllowedAddressPairIpV6TestJSON-1505222007-project] Request body: {'subnet': {'network_id': '8b51885d-7354-41da-b11c-f9e355fb4cc3', 'cidr': '2001:db8::/64', 'ip_version': 6, 'gateway_ip': '2001:db8::1'}} {{(pid=104496) prepare_request_body /opt/stack/neutron/neutron/api/v2/base.py:730}}
Jun 20 11:24:34.400351 dv-neutron-844335-2-hyperv neutron-server[104495]: INFO neutron.pecan_wsgi.hooks.translation [None req-ddd52b92-3df6-41eb-bfaf-2bbd3432409d tempest-PortsAdminExtendedAttrsIpV6TestJSON-2042172038 tempest-PortsAdminExtendedAttrsIpV6TestJSON-2042172038-project-admin] GET failed (client error): The resource could not be found.
Jun 20 11:24:34.402590 dv-neutron-844335-2-hyperv neutron-server[104495]: INFO neutron.wsgi [None req-ddd52b92-3df6-41eb-bfaf-2bbd3432409d tempest-PortsAdminExtendedAttrsIpV6TestJSON-2042172038 tempest-PortsAdminExtendedAttrsIpV6TestJSON-2042172038-project-admin] 10.222.0.23 "GET /v2.0/ports/7f080280-d264-4dcd-849c-78e8f8875dd6 HTTP/1.1" status: 404 len: 333 time: 0.1610041
Jun 20 11:24:34.432687 dv-neutron-844335-2-hyperv neutron-server[104495]: DEBUG neutron_lib.callbacks.manager [None req-1272a286-078d-4ccb-8ca5-bb1b646b36ad admin admin] Publish callbacks [] for security_group (f561aa45-ad71-4efc-84a4-c9fb59643c88), before_delete {{(pid=104495) _notify_loop /usr/local/lib/python3.8/dist-packages/neutron_lib/callbacks/manager.py:176}}
Jun 20 11:24:34.447404 dv-neutron-844335-2-hyperv neutron-server[104495]: DEBUG neutron.wsgi [-] (104495) accepted ('10.222.0.23', 38352) {{(pid=104495) server /usr/local/lib/python3.8/dist-packages/eventlet/wsgi.py:1004}}
Jun 20 11:24:34.506548 dv-neutron-844335-2-hyperv neutron-server[104497]: DEBUG neutron.db.provisioning_blocks [None req-c248859f-d279-435f-9ce4-01c95e58f22d None None] Provisioning complete for port d627015d-252d-4d01-b545-c611c30fbbdb triggered by entity DHCP. {{(pid=104497) provisioning_complete /opt/stack/neutron/neutron/db/provisioning_blocks.py:145}}
Jun 20 11:24:34.507273 dv-neutron-844335-2-hyperv neutron-server[104497]: DEBUG neutron_lib.callbacks.manager [None req-c248859f-d279-435f-9ce4-01c95e58f22d None None] Publish callbacks ['neutron.plugins.ml2.plugin.Ml2Plugin._port_provisioned-1536156'] for port (d627015d-252d-4d01-b545-c611c30fbbdb), provisioning_complete {{(pid=104497) _notify_loop /usr/local/lib/python3.8/dist-packages/neutron_lib/callbacks/manager.py:176}}
Jun 20 11:24:34.550625 dv-neutron-844335-2-hyperv neutron-server[104497]: DEBUG neutron.db.db_base_plugin_common [None req-ec981178-fcd8-4602-b31c-24400db3fa13 None None] Allocated IP 172.20.0.2 (cfc359c8-83fb-4fdc-b86c-fc29c09e11c8/cd30bc8c-ede1-477b-958f-43ed7133395c/681dd985-9f6c-45c7-860f-3de8273a3a76) {{(pid=104497) _store_ip_allocation /opt/stack/neutron/neutron/db/db_base_plugin_common.py:131}}
Jun 20 11:24:34.572693 dv-neutron-844335-2-hyperv neutron-server[104497]: DEBUG neutron.plugins.ml2.plugin [None req-c248859f-d279-435f-9ce4-01c95e58f22d None None] Port d627015d-252d-4d01-b545-c611c30fbbdb cannot update to ACTIVE because it is not bound. {{(pid=104497) _port_provisioned /opt/stack/neutron/neutron/plugins/ml2/plugin.py:354}}
Jun 20 11:24:34.577334 dv-neutron-844335-2-hyperv neutron-server[104496]: DEBUG neutron.api.rpc.handlers.resources_rpc [None req-1334a4ef-b56f-405d-9142-aab7d473e367 tempest-AllowedAddressPairIpV6TestJSON-1505222007 tempest-AllowedAddressPairIpV6TestJSON-1505222007-project] Pushing event updated for resources: {'Network': ['ID=8b51885d-7354-41da-b11c-f9e355fb4cc3,revision_number=1']} {{(pid=104496) push /opt/stack/neutron/neutron/api/rpc/handlers/resources_rpc.py:237}}
Jun 20 11:24:34.603759 dv-neutron-844335-2-hyperv neutron-server[104497]: DEBUG neutron.plugins.ml2.rpc [None req-eee71da8-ffb6-49f4-b927-1515bb734242 None None] Network 8b51885d-7354-41da-b11c-f9e355fb4cc3 details requested by agent ovs-agent-dv-neutron-844335-2-hyperv with host dv-neutron-844335-2-hyperv {{(pid=104497) get_network_details /opt/stack/neutron/neutron/plugins/ml2/rpc.py:248}}
Jun 20 11:24:34.751981 dv-neutron-844335-2-hyperv neutron-server[104495]: DEBUG neutron_lib.callbacks.manager [None req-28397b71-c503-4000-b328-c4474a4153a8 tempest-ServersTestJSON-288302091 tempest-ServersTestJSON-288302091-project] Publish callbacks [] for port (8c2db8d3-085e-442c-afe6-ad5036577b65), precommit_create {{(pid=104495) _notify_loop /usr/local/lib/python3.8/dist-packages/neutron_lib/callbacks/manager.py:176}}
Jun 20 11:24:34.752390 dv-neutron-844335-2-hyperv neutron-server[104496]: INFO neutron.wsgi [req-0862f343-0b0c-4736-9883-b7cff0c5f624 req-71476e96-f1f3-41f6-8eea-946f5613e569 tempest-ServersTestManualDisk-1665326180 tempest-ServersTestManualDisk-1665326180-project] 10.222.0.23 "GET /v2.0/ports?device_id=2ac6a8ee-1bd2-415b-9b63-eee75a82460a HTTP/1.1" status: 200 len: 210 time: 0.2291467
Jun 20 11:24:34.756584 dv-neutron-844335-2-hyperv neutron-server[104496]: DEBUG neutron.wsgi [-] (104496) accepted ('10.222.0.20', 49616) {{(pid=104496) server /usr/local/lib/python3.8/dist-packages/eventlet/wsgi.py:1004}}
Jun 20 11:24:34.775733 dv-neutron-844335-2-hyperv neutron-server[104495]: DEBUG neutron_lib.callbacks.manager [None req-710ab86d-7dc6-4f04-8494-8d0d59e3602f tempest-NetworksTest-1315660948 tempest-NetworksTest-1315660948-project] Publish callbacks ['neutron.plugins.ml2.plugin.External_net_db_mixin._before_network_delete_handler-1314015'] for network (cfc359c8-83fb-4fdc-b86c-fc29c09e11c8), before_delete {{(pid=104495) _notify_loop /usr/local/lib/python3.8/dist-packages/neutron_lib/callbacks/manager.py:176}}
Jun 20 11:24:34.804130 dv-neutron-844335-2-hyperv neutron-server[104495]: DEBUG neutron_lib.callbacks.manager [None req-1272a286-078d-4ccb-8ca5-bb1b646b36ad admin admin] Publish callbacks [] for security_group (f561aa45-ad71-4efc-84a4-c9fb59643c88), precommit_delete {{(pid=104495) _notify_loop /usr/local/lib/python3.8/dist-packages/neutron_lib/callbacks/manager.py:176}}
Jun 20 11:24:34.819539 dv-neutron-844335-2-hyperv neutron-server[104495]: DEBUG neutron_lib.callbacks.manager [None req-6c4d91a9-6bac-44ff-90e7-f312260ec438 tempest-PortsAdminExtendedAttrsIpV6TestJSON-710607977 tempest-PortsAdminExtendedAttrsIpV6TestJSON-710607977-project] Publish callbacks ['neutron.plugins.ml2.plugin.External_net_db_mixin._before_network_delete_handler-1314015'] for network (9f4cbde1-4df9-4832-a747-d8dc468b3ee9), before_delete {{(pid=104495) _notify_loop /usr/local/lib/python3.8/dist-packages/neutron_lib/callbacks/manager.py:176}}
Jun 20 11:24:34.913908 dv-neutron-844335-2-hyperv neutron-server[104497]: DEBUG neutron_lib.callbacks.manager [None req-ec981178-fcd8-4602-b31c-24400db3fa13 None None] Publish callbacks [] for port (681dd985-9f6c-45c7-860f-3de8273a3a76), precommit_create {{(pid=104497) _notify_loop /usr/local/lib/python3.8/dist-packages/neutron_lib/callbacks/manager.py:176}}
Jun 20 11:24:34.918290 dv-neutron-844335-2-hyperv neutron-server[104496]: DEBUG neutron.scheduler.l3_agent_scheduler [None req-6d8bce8f-d510-4297-b095-132922b543f4 tempest-FloatingIPAdminTestJSON-1040397868 tempest-FloatingIPAdminTestJSON-1040397868-project] Router e00e96f6-90f3-449d-b9b3-75a4855fd4cb has already been hosted by L3 agent 9a4da352-e2f5-46b4-a158-ea2a2b869dd5 {{(pid=104496) _get_candidates /opt/stack/neutron/neutron/scheduler/l3_agent_scheduler.py:126}}
Jun 20 11:24:34.932935 dv-neutron-844335-2-hyperv neutron-server[104497]: DEBUG neutron_lib.callbacks.manager [None req-ec981178-fcd8-4602-b31c-24400db3fa13 None None] Publish callbacks ['neutron.plugins.ml2.plugin.SecurityGroupServerNotifierRpcMixin._notify_sg_on_port_change-1498007', 'neutron.plugins.ml2.ovo_rpc._ObjectChangeHandler.handle_event-36481', 'neutron.api.rpc.agentnotifiers.dhcp_rpc_agent_api.DhcpAgentNotifyAPI._native_event_send_dhcp_notification-1584161', 'neutron.db.l3_dvrscheduler_db._notify_l3_agent_new_port-8778372692134'] for port (681dd985-9f6c-45c7-860f-3de8273a3a76), after_create {{(pid=104497) _notify_loop /usr/local/lib/python3.8/dist-packages/neutron_lib/callbacks/manager.py:176}}
Jun 20 11:24:35.061448 dv-neutron-844335-2-hyperv neutron-server[104495]: DEBUG neutron_lib.callbacks.manager [None req-28397b71-c503-4000-b328-c4474a4153a8 tempest-ServersTestJSON-288302091 tempest-ServersTestJSON-288302091-project] Publish callbacks ['neutron.plugins.ml2.plugin.SecurityGroupServerNotifierRpcMixin._notify_sg_on_port_change-1498007', 'neutron.plugins.ml2.ovo_rpc._ObjectChangeHandler.handle_event-36481', 'neutron.api.rpc.agentnotifiers.dhcp_rpc_agent_api.DhcpAgentNotifyAPI._native_event_send_dhcp_notification-1584161', 'neutron.db.l3_dvrscheduler_db._notify_l3_agent_new_port-8778372692134', 'neutron.services.segments.plugin.NovaSegmentNotifier._notify_port_created_or_deleted-5821650'] for port (8c2db8d3-085e-442c-afe6-ad5036577b65), after_create {{(pid=104495) _notify_loop /usr/local/lib/python3.8/dist-packages/neutron_lib/callbacks/manager.py:176}}
Jun 20 11:24:35.062673 dv-neutron-844335-2-hyperv neutron-server[104497]: DEBUG neutron.scheduler.dhcp_agent_scheduler [None req-ec981178-fcd8-4602-b31c-24400db3fa13 None None] Network cfc359c8-83fb-4fdc-b86c-fc29c09e11c8 is already hosted by enough agents. {{(pid=104497) _get_dhcp_agents_hosting_network /opt/stack/neutron/neutron/scheduler/dhcp_agent_scheduler.py:275}}
Jun 20 11:24:35.069950 dv-neutron-844335-2-hyperv neutron-server[104497]: DEBUG neutron.scheduler.base_scheduler [None req-ec981178-fcd8-4602-b31c-24400db3fa13 None None] Resources bound (agent type, host, resource id): {{(pid=104497) schedule /opt/stack/neutron/neutron/scheduler/base_scheduler.py:57}}
Jun 20 11:24:35.071397 dv-neutron-844335-2-hyperv neutron-server[104497]: DEBUG neutron.api.rpc.handlers.resources_rpc [None req-ec981178-fcd8-4602-b31c-24400db3fa13 None None] Pushing event updated for resources: {'Port': ['ID=681dd985-9f6c-45c7-860f-3de8273a3a76,revision_number=1']} {{(pid=104497) push /opt/stack/neutron/neutron/api/rpc/handlers/resources_rpc.py:237}}
Jun 20 11:24:35.075724 dv-neutron-844335-2-hyperv neutron-server[104497]: DEBUG neutron.db.l3_dvrscheduler_db [None req-ec981178-fcd8-4602-b31c-24400db3fa13 None None] Received port after_create {{(pid=104497) _notify_l3_agent_new_port /opt/stack/neutron/neutron/db/l3_dvrscheduler_db.py:542}}
Jun 20 11:24:35.158967 dv-neutron-844335-2-hyperv neutron-server[104497]: DEBUG neutron.plugins.ml2.managers [None req-ec981178-fcd8-4602-b31c-24400db3fa13 None None] Attempting to bind port 681dd985-9f6c-45c7-860f-3de8273a3a76 on host dv-neutron-844335-2-hyperv for vnic_type normal with profile {{(pid=104497) bind_port /opt/stack/neutron/neutron/plugins/ml2/managers.py:811}}
Jun 20 11:24:35.159459 dv-neutron-844335-2-hyperv neutron-server[104497]: DEBUG neutron.plugins.ml2.managers [None req-ec981178-fcd8-4602-b31c-24400db3fa13 None None] Attempting to bind port 681dd985-9f6c-45c7-860f-3de8273a3a76 by drivers openvswitch,hyperv on host dv-neutron-844335-2-hyperv at level 0 using segments [{'id': '63fab346-03f8-428e-ad67-b49674fe377a', 'network_type': 'vlan', 'physical_network': 'physnet1', 'segmentation_id': 356, 'network_id': 'cfc359c8-83fb-4fdc-b86c-fc29c09e11c8'}] {{(pid=104497) _bind_port_level /opt/stack/neutron/neutron/plugins/ml2/managers.py:836}}
Jun 20 11:24:35.159953 dv-neutron-844335-2-hyperv neutron-server[104497]: DEBUG neutron.plugins.ml2.drivers.mech_agent [None req-ec981178-fcd8-4602-b31c-24400db3fa13 None None] Attempting to bind port 681dd985-9f6c-45c7-860f-3de8273a3a76 on network cfc359c8-83fb-4fdc-b86c-fc29c09e11c8 {{(pid=104497) bind_port /opt/stack/neutron/neutron/plugins/ml2/drivers/mech_agent.py:91}}
Jun 20 11:24:35.181307 dv-neutron-844335-2-hyperv neutron-server[104497]: DEBUG neutron.plugins.ml2.drivers.mech_agent [None req-ec981178-fcd8-4602-b31c-24400db3fa13 None None] Checking agent: {'id': '1b78b6cc-b2be-4d60-8de6-950c8823ac63', 'agent_type': 'Open vSwitch agent', 'binary': 'neutron-openvswitch-agent', 'topic': 'N/A', 'host': 'dv-neutron-844335-2-hyperv', 'admin_state_up': True, 'created_at': datetime.datetime(2022, 6, 20, 11, 16, 19), 'started_at': datetime.datetime(2022, 6, 20, 11, 16, 49), 'heartbeat_timestamp': datetime.datetime(2022, 6, 20, 11, 24, 19), 'description': None, 'resources_synced': None, 'availability_zone': None, 'alive': True, 'configurations': {'arp_responder_enabled': False, 'baremetal_smartnic': False, 'bridge_mappings': {'physnet1': 'br-data'}, 'datapath_type': 'system', 'devices': 0, 'enable_distributed_routing': False, 'extensions': [], 'in_distributed_mode': False, 'integration_bridge': 'br-int', 'l2_population': False, 'log_agent_heartbeats': False, 'ovs_capabilities': {'datapath_types': ['netdev', 'system'], 'iface_types': ['erspan', 'geneve', 'gre', 'internal', 'ip6erspan', 'ip6gre', 'lisp', 'patch', 'stt', 'system', 'tap', 'vxlan']}, 'ovs_hybrid_plug': False, 'resource_provider_bandwidths': {}, 'resource_provider_hypervisors': {'br-data': 'dv-neutron-844335-2-hyperv'}, 'resource_provider_inventory_defaults': {'allocation_ratio': 1.0, 'min_unit': 1, 'step_size': 1, 'reserved': 0}, 'resource_provider_packet_processing_inventory_defaults': {'allocation_ratio': 1.0, 'min_unit': 1, 'step_size': 1, 'reserved': 0}, 'resource_provider_packet_processing_with_direction': {}, 'resource_provider_packet_processing_without_direction': {}, 'tunnel_types': [], 'tunneling_ip': None, 'vhostuser_socket_dir': '/var/run/openvswitch'}, 'resource_versions': {'AddressGroup': '1.2', 'Agent': '1.1', 'ConntrackHelper': '1.0', 'LocalIPAssociation': '1.0', 'Log': '1.0', 'NDPProxy': '1.0', 'Network': '1.1', 'Port': '1.7', 'PortForwarding': '1.3', 'QosPolicy': '1.10', 'SecurityGroup': '1.5', 'SecurityGroupRule': '1.2', 'SubPort': '1.0', 'Subnet': '1.1', 'Trunk': '1.1'}} {{(pid=104497) bind_port /opt/stack/neutron/neutron/plugins/ml2/drivers/mech_agent.py:110}}
Jun 20 11:24:35.183076 dv-neutron-844335-2-hyperv neutron-server[104497]: DEBUG neutron.plugins.ml2.drivers.mech_agent [None req-ec981178-fcd8-4602-b31c-24400db3fa13 None None] Checking segment: {'id': '63fab346-03f8-428e-ad67-b49674fe377a', 'network_type': 'vlan', 'physical_network': 'physnet1', 'segmentation_id': 356, 'network_id': 'cfc359c8-83fb-4fdc-b86c-fc29c09e11c8'} for mappings: {'physnet1': 'br-data'} with network types: ['local', 'flat', 'vlan'] {{(pid=104497) check_segment_for_agent /opt/stack/neutron/neutron/plugins/ml2/drivers/mech_agent.py:373}}
Jun 20 11:24:35.185997 dv-neutron-844335-2-hyperv neutron-server[104497]: DEBUG neutron_lib.callbacks.manager [None req-ec981178-fcd8-4602-b31c-24400db3fa13 None None] Publish callbacks [] for ovs_bridge_name (None), before_read {{(pid=104497) _notify_loop /usr/local/lib/python3.8/dist-packages/neutron_lib/callbacks/manager.py:176}}
Jun 20 11:24:35.186967 dv-neutron-844335-2-hyperv neutron-server[104497]: DEBUG neutron.plugins.ml2.drivers.mech_agent [None req-ec981178-fcd8-4602-b31c-24400db3fa13 None None] Bound using segment: {'id': '63fab346-03f8-428e-ad67-b49674fe377a', 'network_type': 'vlan', 'physical_network': 'physnet1', 'segmentation_id': 356, 'network_id': 'cfc359c8-83fb-4fdc-b86c-fc29c09e11c8'} {{(pid=104497) bind_port /opt/stack/neutron/neutron/plugins/ml2/drivers/mech_agent.py:120}}
Jun 20 11:24:35.187098 dv-neutron-844335-2-hyperv neutron-server[104496]: DEBUG neutron.pecan_wsgi.hooks.quota_enforcement [None req-a49cddbf-fa12-41bc-be64-56c0046449f3 tempest-AllowedAddressPairIpV6TestJSON-1505222007 tempest-AllowedAddressPairIpV6TestJSON-1505222007-project] Made reservation on behalf of d4b11a1b3bbf49fd899f9cc7439b985f for: {'subnet': 1} {{(pid=104496) before /opt/stack/neutron/neutron/pecan_wsgi/hooks/quota_enforcement.py:53}}
Jun 20 11:24:35.188015 dv-neutron-844335-2-hyperv neutron-server[104497]: DEBUG neutron.plugins.ml2.managers [None req-ec981178-fcd8-4602-b31c-24400db3fa13 None None] Bound port: 681dd985-9f6c-45c7-860f-3de8273a3a76, host: dv-neutron-844335-2-hyperv, vif_type: ovs, vif_details: {"connectivity": "l2", "port_filter": true, "ovs_hybrid_plug": false, "datapath_type": "system", "bridge_name": "br-int"}, binding_levels: [{'bound_driver': 'openvswitch', 'bound_segment': {'id': '63fab346-03f8-428e-ad67-b49674fe377a', 'network_type': 'vlan', 'physical_network': 'physnet1', 'segmentation_id': 356, 'network_id': 'cfc359c8-83fb-4fdc-b86c-fc29c09e11c8'}}] {{(pid=104497) _bind_port_level /opt/stack/neutron/neutron/plugins/ml2/managers.py:948}}
Jun 20 11:24:35.188531 dv-neutron-844335-2-hyperv neutron-server[104497]: DEBUG neutron_lib.callbacks.manager [None req-ec981178-fcd8-4602-b31c-24400db3fa13 None None] Publish callbacks ['neutron.plugins.ml2.plugin.SecurityGroupDbMixin._ensure_default_security_group_handler-1498070'] for port (681dd985-9f6c-45c7-860f-3de8273a3a76), before_update {{(pid=104497) _notify_loop /usr/local/lib/python3.8/dist-packages/neutron_lib/callbacks/manager.py:176}}
Jun 20 11:24:35.190502 dv-neutron-844335-2-hyperv neutron-server[104496]: DEBUG neutron_lib.callbacks.manager [None req-a49cddbf-fa12-41bc-be64-56c0046449f3 tempest-AllowedAddressPairIpV6TestJSON-1505222007 tempest-AllowedAddressPairIpV6TestJSON-1505222007-project] Publish callbacks ['neutron.services.segments.plugin.SegmentHostRoutes.host_routes_before_create-5308554'] for subnet (None), before_create {{(pid=104496) _notify_loop /usr/local/lib/python3.8/dist-packages/neutron_lib/callbacks/manager.py:176}}
Jun 20 11:24:35.213113 dv-neutron-844335-2-hyperv neutron-server[104497]: DEBUG dbcounter [-] [104497] Writing DB stats neutron:SELECT=92,neutron:UPDATE=5,neutron:INSERT=3 {{(pid=104497) stat_writer /usr/local/lib/python3.8/dist-packages/dbcounter.py:114}}
Jun 20 11:24:35.224151 dv-neutron-844335-2-hyperv neutron-server[104497]: DEBUG neutron.api.rpc.handlers.dhcp_rpc [None req-943a56cb-1e66-4e2f-a126-806f001b833e None None] Network 7892b5f4-0cce-4824-a02b-60b88420f049 requested from dv-neutron-844335-2-hyperv {{(pid=104497) get_network_info /opt/stack/neutron/neutron/api/rpc/handlers/dhcp_rpc.py:191}}
Jun 20 11:24:35.361682 dv-neutron-844335-2-hyperv neutron-server[104497]: DEBUG neutron.db.provisioning_blocks [None req-d2dcd70f-2e00-4af5-876d-3e3e13b045b2 None None] Provisioning complete for port 1671ae98-7052-41d5-8eff-bfb0757e2d85 triggered by entity DHCP. {{(pid=104497) provisioning_complete /opt/stack/neutron/neutron/db/provisioning_blocks.py:145}}
Jun 20 11:24:35.362331 dv-neutron-844335-2-hyperv neutron-server[104497]: DEBUG neutron_lib.callbacks.manager [None req-d2dcd70f-2e00-4af5-876d-3e3e13b045b2 None None] Publish callbacks ['neutron.plugins.ml2.plugin.Ml2Plugin._port_provisioned-1536156'] for port (1671ae98-7052-41d5-8eff-bfb0757e2d85), provisioning_complete {{(pid=104497) _notify_loop /usr/local/lib/python3.8/dist-packages/neutron_lib/callbacks/manager.py:176}}
Jun 20 11:24:35.404128 dv-neutron-844335-2-hyperv neutron-server[104495]: DEBUG neutron_lib.callbacks.manager [None req-6c4d91a9-6bac-44ff-90e7-f312260ec438 tempest-PortsAdminExtendedAttrsIpV6TestJSON-710607977 tempest-PortsAdminExtendedAttrsIpV6TestJSON-710607977-project] Publish callbacks ['neutron.plugins.ml2.plugin.Ml2Plugin._network_delete_precommit_handler-1457147', 'neutron.services.segments.db._delete_segments_for_network-8778372984989'] for network (9f4cbde1-4df9-4832-a747-d8dc468b3ee9), precommit_delete {{(pid=104495) _notify_loop /usr/local/lib/python3.8/dist-packages/neutron_lib/callbacks/manager.py:176}}
Jun 20 11:24:35.414109 dv-neutron-844335-2-hyperv neutron-server[104495]: DEBUG neutron_lib.callbacks.manager [None req-710ab86d-7dc6-4f04-8494-8d0d59e3602f tempest-NetworksTest-1315660948 tempest-NetworksTest-1315660948-project] Publish callbacks ['neutron.plugins.ml2.plugin.Ml2Plugin._subnet_delete_precommit_handler-1457038'] for subnet (cd30bc8c-ede1-477b-958f-43ed7133395c), precommit_delete {{(pid=104495) _notify_loop /usr/local/lib/python3.8/dist-packages/neutron_lib/callbacks/manager.py:176}}
Jun 20 11:24:35.424171 dv-neutron-844335-2-hyperv neutron-server[104496]: DEBUG neutron.pecan_wsgi.hooks.policy_enforcement [req-daabc962-b5c8-49bf-ae48-1c7ca6281d37 req-b973599d-5853-446c-b8b4-9a0b6f06b29b tempest-ServersTestManualDisk-1665326180 tempest-ServersTestManualDisk-1665326180-project] Attributes excluded by policy engine: ['standard_attr_id', 'vlan_transparent', 'provider:network_type', 'provider:physical_network', 'provider:segmentation_id'] {{(pid=104496) _exclude_attributes_by_policy /opt/stack/neutron/neutron/pecan_wsgi/hooks/policy_enforcement.py:259}}
Jun 20 11:24:35.425149 dv-neutron-844335-2-hyperv neutron-server[104495]: DEBUG neutron.scheduler.dhcp_agent_scheduler [None req-28397b71-c503-4000-b328-c4474a4153a8 tempest-ServersTestJSON-288302091 tempest-ServersTestJSON-288302091-project] Network a781bce7-e204-43fa-95f2-3e1dbb4f1f9d is already hosted by enough agents. {{(pid=104495) _get_dhcp_agents_hosting_network /opt/stack/neutron/neutron/scheduler/dhcp_agent_scheduler.py:275}}
Jun 20 11:24:35.425678 dv-neutron-844335-2-hyperv neutron-server[104496]: INFO neutron.wsgi [req-daabc962-b5c8-49bf-ae48-1c7ca6281d37 req-b973599d-5853-446c-b8b4-9a0b6f06b29b tempest-ServersTestManualDisk-1665326180 tempest-ServersTestManualDisk-1665326180-project] 10.222.0.20 "GET /v2.0/networks?id=7f5eee0b-7b07-4fec-a6e3-1ea07c5f4447 HTTP/1.1" status: 200 len: 812 time: 0.6653571
Jun 20 11:24:35.440194 dv-neutron-844335-2-hyperv neutron-server[104495]: DEBUG neutron.scheduler.base_scheduler [None req-28397b71-c503-4000-b328-c4474a4153a8 tempest-ServersTestJSON-288302091 tempest-ServersTestJSON-288302091-project] Resources bound (agent type, host, resource id): {{(pid=104495) schedule /opt/stack/neutron/neutron/scheduler/base_scheduler.py:57}}
Jun 20 11:24:35.458053 dv-neutron-844335-2-hyperv neutron-server[104496]: DEBUG neutron.api.rpc.agentnotifiers.l3_rpc_agent_api [None req-6d8bce8f-d510-4297-b095-132922b543f4 tempest-FloatingIPAdminTestJSON-1040397868 tempest-FloatingIPAdminTestJSON-1040397868-project] Notify agent at l3_agent.dv-neutron-844335-2-hyperv the message routers_updated {{(pid=104496) _agent_notification /opt/stack/neutron/neutron/api/rpc/agentnotifiers/l3_rpc_agent_api.py:65}}
Jun 20 11:24:35.463019 dv-neutron-844335-2-hyperv neutron-server[104496]: INFO neutron.wsgi [None req-6d8bce8f-d510-4297-b095-132922b543f4 tempest-FloatingIPAdminTestJSON-1040397868 tempest-FloatingIPAdminTestJSON-1040397868-project] 10.222.0.23 "PUT /v2.0/routers/e00e96f6-90f3-449d-b9b3-75a4855fd4cb/add_router_interface HTTP/1.1" status: 200 len: 503 time: 11.1819685
Jun 20 11:24:35.468472 dv-neutron-844335-2-hyperv neutron-server[104496]: DEBUG neutron.wsgi [-] (104496) accepted ('10.222.0.23', 38384) {{(pid=104496) server /usr/local/lib/python3.8/dist-packages/eventlet/wsgi.py:1004}}
Jun 20 11:24:35.475493 dv-neutron-844335-2-hyperv neutron-server[104496]: DEBUG neutron.api.v2.base [None req-05617271-c07a-41eb-854d-2a24fdef9de0 tempest-FloatingIPAdminTestJSON-1040397868 tempest-FloatingIPAdminTestJSON-1040397868-project] Request body: {'port': {'network_id': 'd605c46b-cc71-4a25-b476-4ae32c9674ed', 'name': 'tempest-FloatingIPAdminTestJSON-1864391931'}} {{(pid=104496) prepare_request_body /opt/stack/neutron/neutron/api/v2/base.py:730}}
Jun 20 11:24:35.491945 dv-neutron-844335-2-hyperv neutron-server[104497]: DEBUG neutron.plugins.ml2.rpc [None req-eee71da8-ffb6-49f4-b927-1515bb734242 None None] Device 1671ae98-7052-41d5-8eff-bfb0757e2d85 up at agent ovs-agent-dv-neutron-844335-2-hyperv {{(pid=104497) update_device_up /opt/stack/neutron/neutron/plugins/ml2/rpc.py:296}}
Jun 20 11:24:35.510029 dv-neutron-844335-2-hyperv neutron-server[104497]: DEBUG neutron.api.rpc.handlers.l3_rpc [None req-ea389303-fb03-4aaf-bfd1-8d8f7135b979 None None] Sync routers for ids ['e00e96f6-90f3-449d-b9b3-75a4855fd4cb'] in dv-neutron-844335-2-hyperv {{(pid=104497) sync_routers /opt/stack/neutron/neutron/api/rpc/handlers/l3_rpc.py:125}}
Jun 20 11:24:35.532165 dv-neutron-844335-2-hyperv neutron-server[104495]: DEBUG neutron.db.l3_dvrscheduler_db [None req-28397b71-c503-4000-b328-c4474a4153a8 tempest-ServersTestJSON-288302091 tempest-ServersTestJSON-288302091-project] Received port after_create {{(pid=104495) _notify_l3_agent_new_port /opt/stack/neutron/neutron/db/l3_dvrscheduler_db.py:542}}
Jun 20 11:24:35.568782 dv-neutron-844335-2-hyperv neutron-server[104496]: DEBUG dbcounter [-] [104496] Writing DB stats neutron:SELECT=95,neutron:INSERT=4,neutron:DELETE=1 {{(pid=104496) stat_writer /usr/local/lib/python3.8/dist-packages/dbcounter.py:114}}
Jun 20 11:24:35.571991 dv-neutron-844335-2-hyperv neutron-server[104495]: INFO neutron.wsgi [req-364c36de-8058-4396-930f-bfb0e72e5805 req-432103a6-79df-4428-a0ac-746fb6ca11cc tempest-ServerActionsTestJSON-2081039692 tempest-ServerActionsTestJSON-2081039692-project] 10.222.0.23 "GET /v2.0/ports?device_id=a3b0a304-4bf2-4483-82d2-58e198906292 HTTP/1.1" status: 200 len: 210 time: 0.1348310
Jun 20 11:24:35.648053 dv-neutron-844335-2-hyperv neutron-server[104495]: DEBUG dbcounter [-] [104495] Writing DB stats neutron:SELECT=92,neutron:INSERT=1,neutron:DELETE=7 {{(pid=104495) stat_writer /usr/local/lib/python3.8/dist-packages/dbcounter.py:114}}
Jun 20 11:24:35.661213 dv-neutron-844335-2-hyperv neutron-server[104497]: DEBUG neutron.db.l3_dvrscheduler_db [None req-ea389303-fb03-4aaf-bfd1-8d8f7135b979 None None] Routers {'e00e96f6-90f3-449d-b9b3-75a4855fd4cb'} bound to L3 agent in host dv-neutron-844335-2-hyperv {{(pid=104497) _get_router_ids_for_agent /opt/stack/neutron/neutron/db/l3_dvrscheduler_db.py:426}}
Jun 20 11:24:35.661717 dv-neutron-844335-2-hyperv neutron-server[104495]: DEBUG neutron_lib.callbacks.manager [None req-710ab86d-7dc6-4f04-8494-8d0d59e3602f tempest-NetworksTest-1315660948 tempest-NetworksTest-1315660948-project] Publish callbacks ['neutron.plugins.ml2.plugin.Ml2Plugin._subnet_delete_after_delete_handler-1458045', 'neutron.plugins.ml2.ovo_rpc._ObjectChangeHandler.handle_event-1661826', 'neutron.api.rpc.agentnotifiers.dhcp_rpc_agent_api.DhcpAgentNotifyAPI._native_event_send_dhcp_notification-1584161', 'neutron.services.segments.plugin.NovaSegmentNotifier._notify_subnet_deleted-5822213', 'neutron.services.segments.plugin.SegmentHostRoutes.host_routes_after_delete-5902077'] for subnet (cd30bc8c-ede1-477b-958f-43ed7133395c), after_delete {{(pid=104495) _notify_loop /usr/local/lib/python3.8/dist-packages/neutron_lib/callbacks/manager.py:176}}
