Jun 01 21:40:44.127237 dv-neutron-844335-1-hyperv neutron-server[111709]: DEBUG neutron.api.rpc.handlers.resources_rpc [None req-776b2680-9b5c-46f1-b9da-263176ecf26a tempest-AllowedAddressPairTestJSON-1819923576 tempest-AllowedAddressPairTestJSON-1819923576-project] Pushing event updated for resources: {'Port': ['ID=c7ff6b8d-cd37-48ed-be8d-1526ee006693,revision_number=1']} {{(pid=111709) push /opt/stack/neutron/neutron/api/rpc/handlers/resources_rpc.py:237}}
Jun 01 21:40:44.141066 dv-neutron-844335-1-hyperv neutron-server[111710]: DEBUG dbcounter [-] [111710] Writing DB stats neutron:SELECT=98,neutron:DELETE=2 {{(pid=111710) stat_writer /usr/local/lib/python3.8/dist-packages/dbcounter.py:114}}
Jun 01 21:40:44.202736 dv-neutron-844335-1-hyperv neutron-server[111709]: INFO neutron.wsgi [None req-45d4510f-f143-494e-ae34-837ad9debd86 admin admin] 10.222.0.89 "GET /v2.0/security-groups?tenant_id=a9b8d5ea6c874fad97a9189881c6effe&name=default HTTP/1.1" status: 200 len: 2992 time: 0.3388257
Jun 01 21:40:44.206287 dv-neutron-844335-1-hyperv neutron-server[111709]: DEBUG neutron.wsgi [-] (111709) accepted ('10.222.0.89', 39588) {{(pid=111709) server /usr/local/lib/python3.8/dist-packages/eventlet/wsgi.py:1004}}
Jun 01 21:40:44.219583 dv-neutron-844335-1-hyperv neutron-server[111710]: DEBUG neutron.api.rpc.handlers.resources_rpc [None req-f45217ab-188f-4c72-87cb-c223461a101a tempest-PortsAdminExtendedAttrsTestJSON-188125060 tempest-PortsAdminExtendedAttrsTestJSON-188125060-project-admin] Pushing event updated for resources: {'Port': ['ID=dda4c41b-3355-4350-a5fd-506ea2031323,revision_number=2']} {{(pid=111710) push /opt/stack/neutron/neutron/api/rpc/handlers/resources_rpc.py:237}}
Jun 01 21:40:44.228661 dv-neutron-844335-1-hyperv neutron-server[111710]: DEBUG neutron.plugins.ml2.managers [None req-f45217ab-188f-4c72-87cb-c223461a101a tempest-PortsAdminExtendedAttrsTestJSON-188125060 tempest-PortsAdminExtendedAttrsTestJSON-188125060-project-admin] Attempting to bind port dda4c41b-3355-4350-a5fd-506ea2031323 on host hv-neutron-8443 for vnic_type normal with profile {{(pid=111710) bind_port /opt/stack/neutron/neutron/plugins/ml2/managers.py:811}}
Jun 01 21:40:44.229403 dv-neutron-844335-1-hyperv neutron-server[111710]: DEBUG neutron.plugins.ml2.managers [None req-f45217ab-188f-4c72-87cb-c223461a101a tempest-PortsAdminExtendedAttrsTestJSON-188125060 tempest-PortsAdminExtendedAttrsTestJSON-188125060-project-admin] Attempting to bind port dda4c41b-3355-4350-a5fd-506ea2031323 by drivers openvswitch,hyperv on host hv-neutron-8443 at level 0 using segments [{'id': '31c586be-feb1-43b2-838f-95c0e24fd971', 'network_type': 'vlan', 'physical_network': 'physnet1', 'segmentation_id': 148, 'network_id': '0cc045d4-1184-422c-b8f4-8fb96d3bec47'}] {{(pid=111710) _bind_port_level /opt/stack/neutron/neutron/plugins/ml2/managers.py:836}}
Jun 01 21:40:44.229846 dv-neutron-844335-1-hyperv neutron-server[111710]: DEBUG neutron.plugins.ml2.drivers.mech_agent [None req-f45217ab-188f-4c72-87cb-c223461a101a tempest-PortsAdminExtendedAttrsTestJSON-188125060 tempest-PortsAdminExtendedAttrsTestJSON-188125060-project-admin] Attempting to bind port dda4c41b-3355-4350-a5fd-506ea2031323 on network 0cc045d4-1184-422c-b8f4-8fb96d3bec47 {{(pid=111710) bind_port /opt/stack/neutron/neutron/plugins/ml2/drivers/mech_agent.py:91}}
Jun 01 21:40:44.251537 dv-neutron-844335-1-hyperv neutron-server[111709]: DEBUG neutron.pecan_wsgi.hooks.policy_enforcement [None req-776b2680-9b5c-46f1-b9da-263176ecf26a tempest-AllowedAddressPairTestJSON-1819923576 tempest-AllowedAddressPairTestJSON-1819923576-project] Attributes excluded by policy engine: ['standard_attr_id', 'binding:profile', 'binding:host_id', 'binding:vif_type', 'binding:vif_details', 'network'] {{(pid=111709) _exclude_attributes_by_policy /opt/stack/neutron/neutron/pecan_wsgi/hooks/policy_enforcement.py:259}}
Jun 01 21:40:44.252238 dv-neutron-844335-1-hyperv neutron-server[111709]: DEBUG neutron_lib.callbacks.manager [None req-776b2680-9b5c-46f1-b9da-263176ecf26a tempest-AllowedAddressPairTestJSON-1819923576 tempest-AllowedAddressPairTestJSON-1819923576-project] Publish callbacks ['neutron.notifiers.nova.Notifier._send_nova_notification-517666'] for port (None), before_response {{(pid=111709) _notify_loop /usr/local/lib/python3.8/dist-packages/neutron_lib/callbacks/manager.py:176}}
Jun 01 21:40:44.328348 dv-neutron-844335-1-hyperv neutron-server[111710]: INFO neutron.wsgi [req-e3f30818-e434-44be-beb9-efdcea63019c req-48a4e7d1-201a-474e-8677-9836f7ddf632 tempest-ServerActionsTestJSON-2071845685 tempest-ServerActionsTestJSON-2071845685-project] 10.222.0.89 "GET /v2.0/ports?device_id=6dfb67ef-6088-47dc-bc1b-fcdb356d09bc HTTP/1.1" status: 200 len: 210 time: 0.1882725
Jun 01 21:40:44.332229 dv-neutron-844335-1-hyperv neutron-server[111710]: DEBUG neutron.plugins.ml2.drivers.mech_agent [None req-f45217ab-188f-4c72-87cb-c223461a101a tempest-PortsAdminExtendedAttrsTestJSON-188125060 tempest-PortsAdminExtendedAttrsTestJSON-188125060-project-admin] Port dda4c41b-3355-4350-a5fd-506ea2031323 on network 0cc045d4-1184-422c-b8f4-8fb96d3bec47 not bound, no agent of type Open vSwitch agent registered on host hv-neutron-8443 {{(pid=111710) bind_port /opt/stack/neutron/neutron/plugins/ml2/drivers/mech_agent.py:103}}
Jun 01 21:40:44.332979 dv-neutron-844335-1-hyperv neutron-server[111710]: ERROR neutron.plugins.ml2.managers [None req-f45217ab-188f-4c72-87cb-c223461a101a tempest-PortsAdminExtendedAttrsTestJSON-188125060 tempest-PortsAdminExtendedAttrsTestJSON-188125060-project-admin] Failed to bind port dda4c41b-3355-4350-a5fd-506ea2031323 on host hv-neutron-8443 for vnic_type normal using segments [{'id': '31c586be-feb1-43b2-838f-95c0e24fd971', 'network_type': 'vlan', 'physical_network': 'physnet1', 'segmentation_id': 148, 'network_id': '0cc045d4-1184-422c-b8f4-8fb96d3bec47'}]
Jun 01 21:40:44.334944 dv-neutron-844335-1-hyperv neutron-server[111710]: INFO neutron.plugins.ml2.plugin [None req-f45217ab-188f-4c72-87cb-c223461a101a tempest-PortsAdminExtendedAttrsTestJSON-188125060 tempest-PortsAdminExtendedAttrsTestJSON-188125060-project-admin] Attempt 2 to bind port dda4c41b-3355-4350-a5fd-506ea2031323
Jun 01 21:40:44.339341 dv-neutron-844335-1-hyperv neutron-server[111709]: INFO neutron.wsgi [req-547486c2-3101-4493-8b70-b4eb3a3b0cbc req-df39c814-f1c5-48dd-9bc5-cee381234b1c tempest-ServersTestManualDisk-1018767068 tempest-ServersTestManualDisk-1018767068-project] 10.222.0.89 "GET /v2.0/ports?device_id=deb1ba07-4983-4a7e-9943-9e511e1e4ee2 HTTP/1.1" status: 200 len: 210 time: 0.0459561
Jun 01 21:40:44.345780 dv-neutron-844335-1-hyperv neutron-server[111709]: DEBUG neutron_lib.callbacks.manager [None req-1bbcb821-c661-425a-96e6-f1f2ee02ccdb admin admin] Publish callbacks [] for security_group (68898bf3-7178-40d2-a18d-62006fbf1c80), before_delete {{(pid=111709) _notify_loop /usr/local/lib/python3.8/dist-packages/neutron_lib/callbacks/manager.py:176}}
Jun 01 21:40:44.379403 dv-neutron-844335-1-hyperv neutron-server[111709]: DEBUG neutron_lib.callbacks.manager [None req-1bbcb821-c661-425a-96e6-f1f2ee02ccdb admin admin] Publish callbacks [] for security_group (68898bf3-7178-40d2-a18d-62006fbf1c80), precommit_delete {{(pid=111709) _notify_loop /usr/local/lib/python3.8/dist-packages/neutron_lib/callbacks/manager.py:176}}
Jun 01 21:40:44.385179 dv-neutron-844335-1-hyperv neutron-server[111710]: DEBUG neutron.plugins.ml2.managers [None req-f45217ab-188f-4c72-87cb-c223461a101a tempest-PortsAdminExtendedAttrsTestJSON-188125060 tempest-PortsAdminExtendedAttrsTestJSON-188125060-project-admin] Attempting to bind port dda4c41b-3355-4350-a5fd-506ea2031323 on host hv-neutron-8443 for vnic_type normal with profile {{(pid=111710) bind_port /opt/stack/neutron/neutron/plugins/ml2/managers.py:811}}
Jun 01 21:40:44.385438 dv-neutron-844335-1-hyperv neutron-server[111710]: DEBUG neutron.plugins.ml2.managers [None req-f45217ab-188f-4c72-87cb-c223461a101a tempest-PortsAdminExtendedAttrsTestJSON-188125060 tempest-PortsAdminExtendedAttrsTestJSON-188125060-project-admin] Attempting to bind port dda4c41b-3355-4350-a5fd-506ea2031323 by drivers openvswitch,hyperv on host hv-neutron-8443 at level 0 using segments [{'id': '31c586be-feb1-43b2-838f-95c0e24fd971', 'network_type': 'vlan', 'physical_network': 'physnet1', 'segmentation_id': 148, 'network_id': '0cc045d4-1184-422c-b8f4-8fb96d3bec47'}] {{(pid=111710) _bind_port_level /opt/stack/neutron/neutron/plugins/ml2/managers.py:836}}
Jun 01 21:40:44.385662 dv-neutron-844335-1-hyperv neutron-server[111710]: DEBUG neutron.plugins.ml2.drivers.mech_agent [None req-f45217ab-188f-4c72-87cb-c223461a101a tempest-PortsAdminExtendedAttrsTestJSON-188125060 tempest-PortsAdminExtendedAttrsTestJSON-188125060-project-admin] Attempting to bind port dda4c41b-3355-4350-a5fd-506ea2031323 on network 0cc045d4-1184-422c-b8f4-8fb96d3bec47 {{(pid=111710) bind_port /opt/stack/neutron/neutron/plugins/ml2/drivers/mech_agent.py:91}}
Jun 01 21:40:44.407097 dv-neutron-844335-1-hyperv neutron-server[111710]: DEBUG neutron.plugins.ml2.drivers.mech_agent [None req-f45217ab-188f-4c72-87cb-c223461a101a tempest-PortsAdminExtendedAttrsTestJSON-188125060 tempest-PortsAdminExtendedAttrsTestJSON-188125060-project-admin] Port dda4c41b-3355-4350-a5fd-506ea2031323 on network 0cc045d4-1184-422c-b8f4-8fb96d3bec47 not bound, no agent of type Open vSwitch agent registered on host hv-neutron-8443 {{(pid=111710) bind_port /opt/stack/neutron/neutron/plugins/ml2/drivers/mech_agent.py:103}}
Jun 01 21:40:44.407097 dv-neutron-844335-1-hyperv neutron-server[111710]: ERROR neutron.plugins.ml2.managers [None req-f45217ab-188f-4c72-87cb-c223461a101a tempest-PortsAdminExtendedAttrsTestJSON-188125060 tempest-PortsAdminExtendedAttrsTestJSON-188125060-project-admin] Failed to bind port dda4c41b-3355-4350-a5fd-506ea2031323 on host hv-neutron-8443 for vnic_type normal using segments [{'id': '31c586be-feb1-43b2-838f-95c0e24fd971', 'network_type': 'vlan', 'physical_network': 'physnet1', 'segmentation_id': 148, 'network_id': '0cc045d4-1184-422c-b8f4-8fb96d3bec47'}]
Jun 01 21:40:44.407097 dv-neutron-844335-1-hyperv neutron-server[111710]: INFO neutron.plugins.ml2.plugin [None req-f45217ab-188f-4c72-87cb-c223461a101a tempest-PortsAdminExtendedAttrsTestJSON-188125060 tempest-PortsAdminExtendedAttrsTestJSON-188125060-project-admin] Attempt 3 to bind port dda4c41b-3355-4350-a5fd-506ea2031323
Jun 01 21:40:44.407660 dv-neutron-844335-1-hyperv neutron-server[111709]: INFO neutron.wsgi [None req-776b2680-9b5c-46f1-b9da-263176ecf26a tempest-AllowedAddressPairTestJSON-1819923576 tempest-AllowedAddressPairTestJSON-1819923576-project] 10.222.0.89 "POST /v2.0/ports HTTP/1.1" status: 201 len: 937 time: 1.5680978
Jun 01 21:40:44.407660 dv-neutron-844335-1-hyperv neutron-server[111709]: DEBUG dbcounter [-] [111709] Writing DB stats neutron:SELECT=90,neutron:INSERT=6,neutron:UPDATE=2,neutron:DELETE=2 {{(pid=111709) stat_writer /usr/local/lib/python3.8/dist-packages/dbcounter.py:114}}
Jun 01 21:40:44.412865 dv-neutron-844335-1-hyperv neutron-server[111710]: DEBUG neutron.wsgi [-] (111710) accepted ('10.222.0.89', 39590) {{(pid=111710) server /usr/local/lib/python3.8/dist-packages/eventlet/wsgi.py:1004}}
Jun 01 21:40:44.418590 dv-neutron-844335-1-hyperv neutron-server[111710]: DEBUG neutron.api.v2.base [None req-1ad27a1e-da19-4c12-ac36-62b8ea689b37 tempest-AllowedAddressPairTestJSON-1819923576 tempest-AllowedAddressPairTestJSON-1819923576-project] Request body: {'port': {'allowed_address_pairs': [{'ip_address': '172.20.0.4', 'mac_address': 'fa:16:3e:78:65:92'}]}} {{(pid=111710) prepare_request_body /opt/stack/neutron/neutron/api/v2/base.py:730}}
Jun 01 21:40:44.439903 dv-neutron-844335-1-hyperv neutron-server[111710]: DEBUG neutron.plugins.ml2.managers [None req-f45217ab-188f-4c72-87cb-c223461a101a tempest-PortsAdminExtendedAttrsTestJSON-188125060 tempest-PortsAdminExtendedAttrsTestJSON-188125060-project-admin] Attempting to bind port dda4c41b-3355-4350-a5fd-506ea2031323 on host hv-neutron-8443 for vnic_type normal with profile {{(pid=111710) bind_port /opt/stack/neutron/neutron/plugins/ml2/managers.py:811}}
Jun 01 21:40:44.440648 dv-neutron-844335-1-hyperv neutron-server[111710]: DEBUG neutron.plugins.ml2.managers [None req-f45217ab-188f-4c72-87cb-c223461a101a tempest-PortsAdminExtendedAttrsTestJSON-188125060 tempest-PortsAdminExtendedAttrsTestJSON-188125060-project-admin] Attempting to bind port dda4c41b-3355-4350-a5fd-506ea2031323 by drivers openvswitch,hyperv on host hv-neutron-8443 at level 0 using segments [{'id': '31c586be-feb1-43b2-838f-95c0e24fd971', 'network_type': 'vlan', 'physical_network': 'physnet1', 'segmentation_id': 148, 'network_id': '0cc045d4-1184-422c-b8f4-8fb96d3bec47'}] {{(pid=111710) _bind_port_level /opt/stack/neutron/neutron/plugins/ml2/managers.py:836}}
Jun 01 21:40:44.441313 dv-neutron-844335-1-hyperv neutron-server[111710]: DEBUG neutron.plugins.ml2.drivers.mech_agent [None req-f45217ab-188f-4c72-87cb-c223461a101a tempest-PortsAdminExtendedAttrsTestJSON-188125060 tempest-PortsAdminExtendedAttrsTestJSON-188125060-project-admin] Attempting to bind port dda4c41b-3355-4350-a5fd-506ea2031323 on network 0cc045d4-1184-422c-b8f4-8fb96d3bec47 {{(pid=111710) bind_port /opt/stack/neutron/neutron/plugins/ml2/drivers/mech_agent.py:91}}
Jun 01 21:40:44.471081 dv-neutron-844335-1-hyperv neutron-server[111711]: DEBUG neutron.db.provisioning_blocks [None req-7c10a924-b61d-43bc-bc11-0b0e9ac4b44b None None] Provisioning complete for port c7ff6b8d-cd37-48ed-be8d-1526ee006693 triggered by entity DHCP. {{(pid=111711) provisioning_complete /opt/stack/neutron/neutron/db/provisioning_blocks.py:145}}
Jun 01 21:40:44.472010 dv-neutron-844335-1-hyperv neutron-server[111711]: DEBUG neutron_lib.callbacks.manager [None req-7c10a924-b61d-43bc-bc11-0b0e9ac4b44b None None] Publish callbacks ['neutron.plugins.ml2.plugin.Ml2Plugin._port_provisioned-1880959'] for port (c7ff6b8d-cd37-48ed-be8d-1526ee006693), provisioning_complete {{(pid=111711) _notify_loop /usr/local/lib/python3.8/dist-packages/neutron_lib/callbacks/manager.py:176}}
Jun 01 21:40:44.504356 dv-neutron-844335-1-hyperv neutron-server[111710]: DEBUG neutron_lib.callbacks.manager [None req-da60a8fd-d2b9-4197-8ae3-a688fea0c6a9 tempest-RoutersNegativeTest-1579803458 tempest-RoutersNegativeTest-1579803458-project] Publish callbacks ['neutron.plugins.ml2.plugin.SecurityGroupDbMixin._ensure_default_security_group_handler-1941746'] for port (None), before_create {{(pid=111710) _notify_loop /usr/local/lib/python3.8/dist-packages/neutron_lib/callbacks/manager.py:176}}
Jun 01 21:40:44.510408 dv-neutron-844335-1-hyperv neutron-server[111710]: DEBUG neutron.plugins.ml2.drivers.mech_agent [None req-f45217ab-188f-4c72-87cb-c223461a101a tempest-PortsAdminExtendedAttrsTestJSON-188125060 tempest-PortsAdminExtendedAttrsTestJSON-188125060-project-admin] Port dda4c41b-3355-4350-a5fd-506ea2031323 on network 0cc045d4-1184-422c-b8f4-8fb96d3bec47 not bound, no agent of type Open vSwitch agent registered on host hv-neutron-8443 {{(pid=111710) bind_port /opt/stack/neutron/neutron/plugins/ml2/drivers/mech_agent.py:103}}
Jun 01 21:40:44.510408 dv-neutron-844335-1-hyperv neutron-server[111710]: ERROR neutron.plugins.ml2.managers [None req-f45217ab-188f-4c72-87cb-c223461a101a tempest-PortsAdminExtendedAttrsTestJSON-188125060 tempest-PortsAdminExtendedAttrsTestJSON-188125060-project-admin] Failed to bind port dda4c41b-3355-4350-a5fd-506ea2031323 on host hv-neutron-8443 for vnic_type normal using segments [{'id': '31c586be-feb1-43b2-838f-95c0e24fd971', 'network_type': 'vlan', 'physical_network': 'physnet1', 'segmentation_id': 148, 'network_id': '0cc045d4-1184-422c-b8f4-8fb96d3bec47'}]
Jun 01 21:40:44.515022 dv-neutron-844335-1-hyperv neutron-server[111710]: INFO neutron.plugins.ml2.plugin [None req-f45217ab-188f-4c72-87cb-c223461a101a tempest-PortsAdminExtendedAttrsTestJSON-188125060 tempest-PortsAdminExtendedAttrsTestJSON-188125060-project-admin] Attempt 4 to bind port dda4c41b-3355-4350-a5fd-506ea2031323
Jun 01 21:40:44.518568 dv-neutron-844335-1-hyperv neutron-server[111711]: DEBUG neutron.plugins.ml2.plugin [None req-7c10a924-b61d-43bc-bc11-0b0e9ac4b44b None None] Port c7ff6b8d-cd37-48ed-be8d-1526ee006693 cannot update to ACTIVE because it is not bound. {{(pid=111711) _port_provisioned /opt/stack/neutron/neutron/plugins/ml2/plugin.py:354}}
Jun 01 21:40:44.573509 dv-neutron-844335-1-hyperv neutron-server[111709]: DEBUG neutron_lib.callbacks.manager [None req-1bbcb821-c661-425a-96e6-f1f2ee02ccdb admin admin] Publish callbacks ['neutron.plugins.ml2.ovo_rpc._ObjectChangeHandler.handle_event-957628'] for security_group (68898bf3-7178-40d2-a18d-62006fbf1c80), after_delete {{(pid=111709) _notify_loop /usr/local/lib/python3.8/dist-packages/neutron_lib/callbacks/manager.py:176}}
Jun 01 21:40:44.576209 dv-neutron-844335-1-hyperv neutron-server[111709]: DEBUG neutron_lib.callbacks.manager [None req-1bbcb821-c661-425a-96e6-f1f2ee02ccdb admin admin] Publish callbacks [] for security_group (None), before_response {{(pid=111709) _notify_loop /usr/local/lib/python3.8/dist-packages/neutron_lib/callbacks/manager.py:176}}
Jun 01 21:40:44.579534 dv-neutron-844335-1-hyperv neutron-server[111709]: INFO neutron.wsgi [None req-1bbcb821-c661-425a-96e6-f1f2ee02ccdb admin admin] 10.222.0.89 "DELETE /v2.0/security-groups/68898bf3-7178-40d2-a18d-62006fbf1c80 HTTP/1.1" status: 204 len: 168 time: 0.3717382
Jun 01 21:40:44.590922 dv-neutron-844335-1-hyperv neutron-server[111709]: DEBUG neutron.api.rpc.handlers.resources_rpc [None req-1bbcb821-c661-425a-96e6-f1f2ee02ccdb admin admin] Pushing event deleted for resources: {'SecurityGroup': ['ID=68898bf3-7178-40d2-a18d-62006fbf1c80,revision_number=None']} {{(pid=111709) push /opt/stack/neutron/neutron/api/rpc/handlers/resources_rpc.py:237}}
Jun 01 21:40:44.591726 dv-neutron-844335-1-hyperv neutron-server[111710]: DEBUG neutron.plugins.ml2.managers [None req-f45217ab-188f-4c72-87cb-c223461a101a tempest-PortsAdminExtendedAttrsTestJSON-188125060 tempest-PortsAdminExtendedAttrsTestJSON-188125060-project-admin] Attempting to bind port dda4c41b-3355-4350-a5fd-506ea2031323 on host hv-neutron-8443 for vnic_type normal with profile {{(pid=111710) bind_port /opt/stack/neutron/neutron/plugins/ml2/managers.py:811}}
Jun 01 21:40:44.592162 dv-neutron-844335-1-hyperv neutron-server[111710]: DEBUG neutron.plugins.ml2.managers [None req-f45217ab-188f-4c72-87cb-c223461a101a tempest-PortsAdminExtendedAttrsTestJSON-188125060 tempest-PortsAdminExtendedAttrsTestJSON-188125060-project-admin] Attempting to bind port dda4c41b-3355-4350-a5fd-506ea2031323 by drivers openvswitch,hyperv on host hv-neutron-8443 at level 0 using segments [{'id': '31c586be-feb1-43b2-838f-95c0e24fd971', 'network_type': 'vlan', 'physical_network': 'physnet1', 'segmentation_id': 148, 'network_id': '0cc045d4-1184-422c-b8f4-8fb96d3bec47'}] {{(pid=111710) _bind_port_level /opt/stack/neutron/neutron/plugins/ml2/managers.py:836}}
Jun 01 21:40:44.592561 dv-neutron-844335-1-hyperv neutron-server[111710]: DEBUG neutron.plugins.ml2.drivers.mech_agent [None req-f45217ab-188f-4c72-87cb-c223461a101a tempest-PortsAdminExtendedAttrsTestJSON-188125060 tempest-PortsAdminExtendedAttrsTestJSON-188125060-project-admin] Attempting to bind port dda4c41b-3355-4350-a5fd-506ea2031323 on network 0cc045d4-1184-422c-b8f4-8fb96d3bec47 {{(pid=111710) bind_port /opt/stack/neutron/neutron/plugins/ml2/drivers/mech_agent.py:91}}
Jun 01 21:40:44.629561 dv-neutron-844335-1-hyperv neutron-server[111709]: DEBUG neutron.wsgi [-] (111709) accepted ('10.222.0.50', 55838) {{(pid=111709) server /usr/local/lib/python3.8/dist-packages/eventlet/wsgi.py:1004}}
Jun 01 21:40:44.687935 dv-neutron-844335-1-hyperv neutron-server[111710]: DEBUG neutron.plugins.ml2.drivers.mech_agent [None req-f45217ab-188f-4c72-87cb-c223461a101a tempest-PortsAdminExtendedAttrsTestJSON-188125060 tempest-PortsAdminExtendedAttrsTestJSON-188125060-project-admin] Port dda4c41b-3355-4350-a5fd-506ea2031323 on network 0cc045d4-1184-422c-b8f4-8fb96d3bec47 not bound, no agent of type Open vSwitch agent registered on host hv-neutron-8443 {{(pid=111710) bind_port /opt/stack/neutron/neutron/plugins/ml2/drivers/mech_agent.py:103}}
Jun 01 21:40:44.688518 dv-neutron-844335-1-hyperv neutron-server[111710]: ERROR neutron.plugins.ml2.managers [None req-f45217ab-188f-4c72-87cb-c223461a101a tempest-PortsAdminExtendedAttrsTestJSON-188125060 tempest-PortsAdminExtendedAttrsTestJSON-188125060-project-admin] Failed to bind port dda4c41b-3355-4350-a5fd-506ea2031323 on host hv-neutron-8443 for vnic_type normal using segments [{'id': '31c586be-feb1-43b2-838f-95c0e24fd971', 'network_type': 'vlan', 'physical_network': 'physnet1', 'segmentation_id': 148, 'network_id': '0cc045d4-1184-422c-b8f4-8fb96d3bec47'}]
Jun 01 21:40:44.739794 dv-neutron-844335-1-hyperv neutron-server[111710]: INFO neutron.plugins.ml2.plugin [None req-f45217ab-188f-4c72-87cb-c223461a101a tempest-PortsAdminExtendedAttrsTestJSON-188125060 tempest-PortsAdminExtendedAttrsTestJSON-188125060-project-admin] Attempt 5 to bind port dda4c41b-3355-4350-a5fd-506ea2031323
Jun 01 21:40:44.776486 dv-neutron-844335-1-hyperv neutron-server[111709]: DEBUG neutron.pecan_wsgi.hooks.policy_enforcement [req-d4446954-e229-434d-8131-02f83f5d6c8a req-73f5fa7c-8a96-4f8d-9dd1-4121187b843f tempest-ServerActionsTestJSON-2071845685 tempest-ServerActionsTestJSON-2071845685-project] Attributes excluded by policy engine: ['standard_attr_id', 'vlan_transparent', 'provider:network_type', 'provider:physical_network', 'provider:segmentation_id'] {{(pid=111709) _exclude_attributes_by_policy /opt/stack/neutron/neutron/pecan_wsgi/hooks/policy_enforcement.py:259}}
Jun 01 21:40:44.777977 dv-neutron-844335-1-hyperv neutron-server[111709]: INFO neutron.wsgi [req-d4446954-e229-434d-8131-02f83f5d6c8a req-73f5fa7c-8a96-4f8d-9dd1-4121187b843f tempest-ServerActionsTestJSON-2071845685 tempest-ServerActionsTestJSON-2071845685-project] 10.222.0.50 "GET /v2.0/networks?id=2c06eb07-ad6c-461a-a16e-7f6926a96377 HTTP/1.1" status: 200 len: 812 time: 0.1472855
Jun 01 21:40:44.856122 dv-neutron-844335-1-hyperv neutron-server[111710]: DEBUG neutron.plugins.ml2.managers [None req-f45217ab-188f-4c72-87cb-c223461a101a tempest-PortsAdminExtendedAttrsTestJSON-188125060 tempest-PortsAdminExtendedAttrsTestJSON-188125060-project-admin] Attempting to bind port dda4c41b-3355-4350-a5fd-506ea2031323 on host hv-neutron-8443 for vnic_type normal with profile {{(pid=111710) bind_port /opt/stack/neutron/neutron/plugins/ml2/managers.py:811}}
Jun 01 21:40:44.856688 dv-neutron-844335-1-hyperv neutron-server[111710]: DEBUG neutron.plugins.ml2.managers [None req-f45217ab-188f-4c72-87cb-c223461a101a tempest-PortsAdminExtendedAttrsTestJSON-188125060 tempest-PortsAdminExtendedAttrsTestJSON-188125060-project-admin] Attempting to bind port dda4c41b-3355-4350-a5fd-506ea2031323 by drivers openvswitch,hyperv on host hv-neutron-8443 at level 0 using segments [{'id': '31c586be-feb1-43b2-838f-95c0e24fd971', 'network_type': 'vlan', 'physical_network': 'physnet1', 'segmentation_id': 148, 'network_id': '0cc045d4-1184-422c-b8f4-8fb96d3bec47'}] {{(pid=111710) _bind_port_level /opt/stack/neutron/neutron/plugins/ml2/managers.py:836}}
Jun 01 21:40:44.856863 dv-neutron-844335-1-hyperv neutron-server[111710]: DEBUG neutron.plugins.ml2.drivers.mech_agent [None req-f45217ab-188f-4c72-87cb-c223461a101a tempest-PortsAdminExtendedAttrsTestJSON-188125060 tempest-PortsAdminExtendedAttrsTestJSON-188125060-project-admin] Attempting to bind port dda4c41b-3355-4350-a5fd-506ea2031323 on network 0cc045d4-1184-422c-b8f4-8fb96d3bec47 {{(pid=111710) bind_port /opt/stack/neutron/neutron/plugins/ml2/drivers/mech_agent.py:91}}
Jun 01 21:40:44.878287 dv-neutron-844335-1-hyperv neutron-server[111710]: DEBUG neutron.plugins.ml2.drivers.mech_agent [None req-f45217ab-188f-4c72-87cb-c223461a101a tempest-PortsAdminExtendedAttrsTestJSON-188125060 tempest-PortsAdminExtendedAttrsTestJSON-188125060-project-admin] Port dda4c41b-3355-4350-a5fd-506ea2031323 on network 0cc045d4-1184-422c-b8f4-8fb96d3bec47 not bound, no agent of type Open vSwitch agent registered on host hv-neutron-8443 {{(pid=111710) bind_port /opt/stack/neutron/neutron/plugins/ml2/drivers/mech_agent.py:103}}
Jun 01 21:40:44.878622 dv-neutron-844335-1-hyperv neutron-server[111710]: ERROR neutron.plugins.ml2.managers [None req-f45217ab-188f-4c72-87cb-c223461a101a tempest-PortsAdminExtendedAttrsTestJSON-188125060 tempest-PortsAdminExtendedAttrsTestJSON-188125060-project-admin] Failed to bind port dda4c41b-3355-4350-a5fd-506ea2031323 on host hv-neutron-8443 for vnic_type normal using segments [{'id': '31c586be-feb1-43b2-838f-95c0e24fd971', 'network_type': 'vlan', 'physical_network': 'physnet1', 'segmentation_id': 148, 'network_id': '0cc045d4-1184-422c-b8f4-8fb96d3bec47'}]
Jun 01 21:40:44.896516 dv-neutron-844335-1-hyperv neutron-server[111710]: INFO neutron.plugins.ml2.plugin [None req-f45217ab-188f-4c72-87cb-c223461a101a tempest-PortsAdminExtendedAttrsTestJSON-188125060 tempest-PortsAdminExtendedAttrsTestJSON-188125060-project-admin] Attempt 6 to bind port dda4c41b-3355-4350-a5fd-506ea2031323
Jun 01 21:40:44.993711 dv-neutron-844335-1-hyperv neutron-server[111710]: DEBUG neutron.plugins.ml2.managers [None req-f45217ab-188f-4c72-87cb-c223461a101a tempest-PortsAdminExtendedAttrsTestJSON-188125060 tempest-PortsAdminExtendedAttrsTestJSON-188125060-project-admin] Attempting to bind port dda4c41b-3355-4350-a5fd-506ea2031323 on host hv-neutron-8443 for vnic_type normal with profile {{(pid=111710) bind_port /opt/stack/neutron/neutron/plugins/ml2/managers.py:811}}
Jun 01 21:40:44.994415 dv-neutron-844335-1-hyperv neutron-server[111710]: DEBUG neutron.plugins.ml2.managers [None req-f45217ab-188f-4c72-87cb-c223461a101a tempest-PortsAdminExtendedAttrsTestJSON-188125060 tempest-PortsAdminExtendedAttrsTestJSON-188125060-project-admin] Attempting to bind port dda4c41b-3355-4350-a5fd-506ea2031323 by drivers openvswitch,hyperv on host hv-neutron-8443 at level 0 using segments [{'id': '31c586be-feb1-43b2-838f-95c0e24fd971', 'network_type': 'vlan', 'physical_network': 'physnet1', 'segmentation_id': 148, 'network_id': '0cc045d4-1184-422c-b8f4-8fb96d3bec47'}] {{(pid=111710) _bind_port_level /opt/stack/neutron/neutron/plugins/ml2/managers.py:836}}
Jun 01 21:40:44.994415 dv-neutron-844335-1-hyperv neutron-server[111710]: DEBUG neutron.plugins.ml2.drivers.mech_agent [None req-f45217ab-188f-4c72-87cb-c223461a101a tempest-PortsAdminExtendedAttrsTestJSON-188125060 tempest-PortsAdminExtendedAttrsTestJSON-188125060-project-admin] Attempting to bind port dda4c41b-3355-4350-a5fd-506ea2031323 on network 0cc045d4-1184-422c-b8f4-8fb96d3bec47 {{(pid=111710) bind_port /opt/stack/neutron/neutron/plugins/ml2/drivers/mech_agent.py:91}}
Jun 01 21:40:45.000081 dv-neutron-844335-1-hyperv neutron-server[111710]: DEBUG neutron_lib.callbacks.manager [None req-1ad27a1e-da19-4c12-ac36-62b8ea689b37 tempest-AllowedAddressPairTestJSON-1819923576 tempest-AllowedAddressPairTestJSON-1819923576-project] Publish callbacks ['neutron.plugins.ml2.plugin.SecurityGroupDbMixin._ensure_default_security_group_handler-1941746'] for port (c7ff6b8d-cd37-48ed-be8d-1526ee006693), before_update {{(pid=111710) _notify_loop /usr/local/lib/python3.8/dist-packages/neutron_lib/callbacks/manager.py:176}}
Jun 01 21:40:45.020041 dv-neutron-844335-1-hyperv neutron-server[111710]: DEBUG neutron.plugins.ml2.drivers.mech_agent [None req-f45217ab-188f-4c72-87cb-c223461a101a tempest-PortsAdminExtendedAttrsTestJSON-188125060 tempest-PortsAdminExtendedAttrsTestJSON-188125060-project-admin] Port dda4c41b-3355-4350-a5fd-506ea2031323 on network 0cc045d4-1184-422c-b8f4-8fb96d3bec47 not bound, no agent of type Open vSwitch agent registered on host hv-neutron-8443 {{(pid=111710) bind_port /opt/stack/neutron/neutron/plugins/ml2/drivers/mech_agent.py:103}}
Jun 01 21:40:45.020041 dv-neutron-844335-1-hyperv neutron-server[111710]: ERROR neutron.plugins.ml2.managers [None req-f45217ab-188f-4c72-87cb-c223461a101a tempest-PortsAdminExtendedAttrsTestJSON-188125060 tempest-PortsAdminExtendedAttrsTestJSON-188125060-project-admin] Failed to bind port dda4c41b-3355-4350-a5fd-506ea2031323 on host hv-neutron-8443 for vnic_type normal using segments [{'id': '31c586be-feb1-43b2-838f-95c0e24fd971', 'network_type': 'vlan', 'physical_network': 'physnet1', 'segmentation_id': 148, 'network_id': '0cc045d4-1184-422c-b8f4-8fb96d3bec47'}]
Jun 01 21:40:45.020655 dv-neutron-844335-1-hyperv neutron-server[111710]: INFO neutron.plugins.ml2.plugin [None req-f45217ab-188f-4c72-87cb-c223461a101a tempest-PortsAdminExtendedAttrsTestJSON-188125060 tempest-PortsAdminExtendedAttrsTestJSON-188125060-project-admin] Attempt 7 to bind port dda4c41b-3355-4350-a5fd-506ea2031323
Jun 01 21:40:45.041848 dv-neutron-844335-1-hyperv neutron-server[111709]: INFO neutron.wsgi [req-d4446954-e229-434d-8131-02f83f5d6c8a req-e1371daf-5101-4415-98df-2c5dfaf1a6c2 tempest-ServerActionsTestJSON-2071845685 tempest-ServerActionsTestJSON-2071845685-project] 10.222.0.50 "GET /v2.0/security-groups?fields=id&fields=name&tenant_id=15c4c4baf0e749b6b421d8f64517bfd5 HTTP/1.1" status: 200 len: 379 time: 0.1121054
Jun 01 21:40:45.052546 dv-neutron-844335-1-hyperv neutron-server[111709]: DEBUG neutron.api.v2.base [req-d4446954-e229-434d-8131-02f83f5d6c8a req-8e6139a7-ecaa-4e84-a974-b4302d63c7a4 tempest-ServerActionsTestJSON-2071845685 tempest-ServerActionsTestJSON-2071845685-project] Request body: {'port': {'device_id': '6dfb67ef-6088-47dc-bc1b-fcdb356d09bc', 'network_id': '2c06eb07-ad6c-461a-a16e-7f6926a96377', 'admin_state_up': True, 'tenant_id': '15c4c4baf0e749b6b421d8f64517bfd5', 'security_groups': ['6495daca-ce54-4e39-8ee5-d74538a4ede4']}} {{(pid=111709) prepare_request_body /opt/stack/neutron/neutron/api/v2/base.py:730}}
Jun 01 21:40:45.111905 dv-neutron-844335-1-hyperv neutron-server[111710]: DEBUG neutron.plugins.ml2.managers [None req-f45217ab-188f-4c72-87cb-c223461a101a tempest-PortsAdminExtendedAttrsTestJSON-188125060 tempest-PortsAdminExtendedAttrsTestJSON-188125060-project-admin] Attempting to bind port dda4c41b-3355-4350-a5fd-506ea2031323 on host hv-neutron-8443 for vnic_type normal with profile {{(pid=111710) bind_port /opt/stack/neutron/neutron/plugins/ml2/managers.py:811}}
Jun 01 21:40:45.112582 dv-neutron-844335-1-hyperv neutron-server[111710]: DEBUG neutron.plugins.ml2.managers [None req-f45217ab-188f-4c72-87cb-c223461a101a tempest-PortsAdminExtendedAttrsTestJSON-188125060 tempest-PortsAdminExtendedAttrsTestJSON-188125060-project-admin] Attempting to bind port dda4c41b-3355-4350-a5fd-506ea2031323 by drivers openvswitch,hyperv on host hv-neutron-8443 at level 0 using segments [{'id': '31c586be-feb1-43b2-838f-95c0e24fd971', 'network_type': 'vlan', 'physical_network': 'physnet1', 'segmentation_id': 148, 'network_id': '0cc045d4-1184-422c-b8f4-8fb96d3bec47'}] {{(pid=111710) _bind_port_level /opt/stack/neutron/neutron/plugins/ml2/managers.py:836}}
Jun 01 21:40:45.112985 dv-neutron-844335-1-hyperv neutron-server[111710]: DEBUG neutron.plugins.ml2.drivers.mech_agent [None req-f45217ab-188f-4c72-87cb-c223461a101a tempest-PortsAdminExtendedAttrsTestJSON-188125060 tempest-PortsAdminExtendedAttrsTestJSON-188125060-project-admin] Attempting to bind port dda4c41b-3355-4350-a5fd-506ea2031323 on network 0cc045d4-1184-422c-b8f4-8fb96d3bec47 {{(pid=111710) bind_port /opt/stack/neutron/neutron/plugins/ml2/drivers/mech_agent.py:91}}
Jun 01 21:40:45.149655 dv-neutron-844335-1-hyperv neutron-server[111710]: DEBUG neutron.plugins.ml2.drivers.mech_agent [None req-f45217ab-188f-4c72-87cb-c223461a101a tempest-PortsAdminExtendedAttrsTestJSON-188125060 tempest-PortsAdminExtendedAttrsTestJSON-188125060-project-admin] Port dda4c41b-3355-4350-a5fd-506ea2031323 on network 0cc045d4-1184-422c-b8f4-8fb96d3bec47 not bound, no agent of type Open vSwitch agent registered on host hv-neutron-8443 {{(pid=111710) bind_port /opt/stack/neutron/neutron/plugins/ml2/drivers/mech_agent.py:103}}
Jun 01 21:40:45.150349 dv-neutron-844335-1-hyperv neutron-server[111710]: ERROR neutron.plugins.ml2.managers [None req-f45217ab-188f-4c72-87cb-c223461a101a tempest-PortsAdminExtendedAttrsTestJSON-188125060 tempest-PortsAdminExtendedAttrsTestJSON-188125060-project-admin] Failed to bind port dda4c41b-3355-4350-a5fd-506ea2031323 on host hv-neutron-8443 for vnic_type normal using segments [{'id': '31c586be-feb1-43b2-838f-95c0e24fd971', 'network_type': 'vlan', 'physical_network': 'physnet1', 'segmentation_id': 148, 'network_id': '0cc045d4-1184-422c-b8f4-8fb96d3bec47'}]
Jun 01 21:40:45.156040 dv-neutron-844335-1-hyperv neutron-server[111710]: INFO neutron.plugins.ml2.plugin [None req-f45217ab-188f-4c72-87cb-c223461a101a tempest-PortsAdminExtendedAttrsTestJSON-188125060 tempest-PortsAdminExtendedAttrsTestJSON-188125060-project-admin] Attempt 8 to bind port dda4c41b-3355-4350-a5fd-506ea2031323
Jun 01 21:40:45.207100 dv-neutron-844335-1-hyperv neutron-server[111710]: DEBUG neutron.db.db_base_plugin_common [None req-da60a8fd-d2b9-4197-8ae3-a688fea0c6a9 tempest-RoutersNegativeTest-1579803458 tempest-RoutersNegativeTest-1579803458-project] Allocated IP 172.20.0.1 (f92b0059-59b2-4fdb-bd71-c1f4d403aa53/b74aee8e-f0f2-4400-af38-3da955677236/2fec7515-479a-4734-a2cb-a821fa034afd) {{(pid=111710) _store_ip_allocation /opt/stack/neutron/neutron/db/db_base_plugin_common.py:131}}
Jun 01 21:40:45.219039 dv-neutron-844335-1-hyperv neutron-server[111710]: DEBUG neutron.plugins.ml2.managers [None req-f45217ab-188f-4c72-87cb-c223461a101a tempest-PortsAdminExtendedAttrsTestJSON-188125060 tempest-PortsAdminExtendedAttrsTestJSON-188125060-project-admin] Attempting to bind port dda4c41b-3355-4350-a5fd-506ea2031323 on host hv-neutron-8443 for vnic_type normal with profile {{(pid=111710) bind_port /opt/stack/neutron/neutron/plugins/ml2/managers.py:811}}
Jun 01 21:40:45.219365 dv-neutron-844335-1-hyperv neutron-server[111710]: DEBUG neutron.plugins.ml2.managers [None req-f45217ab-188f-4c72-87cb-c223461a101a tempest-PortsAdminExtendedAttrsTestJSON-188125060 tempest-PortsAdminExtendedAttrsTestJSON-188125060-project-admin] Attempting to bind port dda4c41b-3355-4350-a5fd-506ea2031323 by drivers openvswitch,hyperv on host hv-neutron-8443 at level 0 using segments [{'id': '31c586be-feb1-43b2-838f-95c0e24fd971', 'network_type': 'vlan', 'physical_network': 'physnet1', 'segmentation_id': 148, 'network_id': '0cc045d4-1184-422c-b8f4-8fb96d3bec47'}] {{(pid=111710) _bind_port_level /opt/stack/neutron/neutron/plugins/ml2/managers.py:836}}
Jun 01 21:40:45.219698 dv-neutron-844335-1-hyperv neutron-server[111710]: DEBUG neutron.plugins.ml2.drivers.mech_agent [None req-f45217ab-188f-4c72-87cb-c223461a101a tempest-PortsAdminExtendedAttrsTestJSON-188125060 tempest-PortsAdminExtendedAttrsTestJSON-188125060-project-admin] Attempting to bind port dda4c41b-3355-4350-a5fd-506ea2031323 on network 0cc045d4-1184-422c-b8f4-8fb96d3bec47 {{(pid=111710) bind_port /opt/stack/neutron/neutron/plugins/ml2/drivers/mech_agent.py:91}}
Jun 01 21:40:45.250416 dv-neutron-844335-1-hyperv neutron-server[111710]: DEBUG dbcounter [-] [111710] Writing DB stats neutron:SELECT=97,neutron:INSERT=2,neutron:UPDATE=1 {{(pid=111710) stat_writer /usr/local/lib/python3.8/dist-packages/dbcounter.py:114}}
Jun 01 21:40:45.255449 dv-neutron-844335-1-hyperv neutron-server[111710]: DEBUG neutron.plugins.ml2.drivers.mech_agent [None req-f45217ab-188f-4c72-87cb-c223461a101a tempest-PortsAdminExtendedAttrsTestJSON-188125060 tempest-PortsAdminExtendedAttrsTestJSON-188125060-project-admin] Port dda4c41b-3355-4350-a5fd-506ea2031323 on network 0cc045d4-1184-422c-b8f4-8fb96d3bec47 not bound, no agent of type Open vSwitch agent registered on host hv-neutron-8443 {{(pid=111710) bind_port /opt/stack/neutron/neutron/plugins/ml2/drivers/mech_agent.py:103}}
Jun 01 21:40:45.255773 dv-neutron-844335-1-hyperv neutron-server[111710]: ERROR neutron.plugins.ml2.managers [None req-f45217ab-188f-4c72-87cb-c223461a101a tempest-PortsAdminExtendedAttrsTestJSON-188125060 tempest-PortsAdminExtendedAttrsTestJSON-188125060-project-admin] Failed to bind port dda4c41b-3355-4350-a5fd-506ea2031323 on host hv-neutron-8443 for vnic_type normal using segments [{'id': '31c586be-feb1-43b2-838f-95c0e24fd971', 'network_type': 'vlan', 'physical_network': 'physnet1', 'segmentation_id': 148, 'network_id': '0cc045d4-1184-422c-b8f4-8fb96d3bec47'}]
Jun 01 21:40:45.273821 dv-neutron-844335-1-hyperv neutron-server[111710]: INFO neutron.plugins.ml2.plugin [None req-f45217ab-188f-4c72-87cb-c223461a101a tempest-PortsAdminExtendedAttrsTestJSON-188125060 tempest-PortsAdminExtendedAttrsTestJSON-188125060-project-admin] Attempt 9 to bind port dda4c41b-3355-4350-a5fd-506ea2031323
Jun 01 21:40:45.313772 dv-neutron-844335-1-hyperv neutron-server[111709]: DEBUG neutron.pecan_wsgi.hooks.quota_enforcement [req-d4446954-e229-434d-8131-02f83f5d6c8a req-8e6139a7-ecaa-4e84-a974-b4302d63c7a4 tempest-ServerActionsTestJSON-2071845685 tempest-ServerActionsTestJSON-2071845685-project] Made reservation on behalf of 15c4c4baf0e749b6b421d8f64517bfd5 for: {'port': 1} {{(pid=111709) before /opt/stack/neutron/neutron/pecan_wsgi/hooks/quota_enforcement.py:53}}
Jun 01 21:40:45.319021 dv-neutron-844335-1-hyperv neutron-server[111709]: DEBUG neutron_lib.callbacks.manager [req-d4446954-e229-434d-8131-02f83f5d6c8a req-8e6139a7-ecaa-4e84-a974-b4302d63c7a4 tempest-ServerActionsTestJSON-2071845685 tempest-ServerActionsTestJSON-2071845685-project] Publish callbacks ['neutron.plugins.ml2.plugin.SecurityGroupDbMixin._ensure_default_security_group_handler-1941746'] for port (None), before_create {{(pid=111709) _notify_loop /usr/local/lib/python3.8/dist-packages/neutron_lib/callbacks/manager.py:176}}
Jun 01 21:40:45.354952 dv-neutron-844335-1-hyperv neutron-server[111709]: DEBUG neutron.wsgi [-] (111709) accepted ('10.222.0.50', 55840) {{(pid=111709) server /usr/local/lib/python3.8/dist-packages/eventlet/wsgi.py:1004}}
Jun 01 21:40:45.503390 dv-neutron-844335-1-hyperv neutron-server[111712]: DEBUG dbcounter [-] [111712] Writing DB stats neutron:SELECT=100 {{(pid=111712) stat_writer /usr/local/lib/python3.8/dist-packages/dbcounter.py:114}}
Jun 01 21:40:45.599866 dv-neutron-844335-1-hyperv neutron-server[111709]: INFO neutron.wsgi [req-e58b4335-1df8-451d-b408-3b929bc94d3b req-e4d2a823-527f-40f6-9ec0-b963dd30818c tempest-ServerActionsTestJSON-2071845685 tempest-ServerActionsTestJSON-2071845685-project] 10.222.0.89 "GET /v2.0/ports?device_id=6dfb67ef-6088-47dc-bc1b-fcdb356d09bc HTTP/1.1" status: 200 len: 210 time: 0.0783601
Jun 01 21:40:45.720141 dv-neutron-844335-1-hyperv neutron-server[111710]: INFO neutron.wsgi [req-22340138-9e43-4457-9da6-d9b25e763938 req-c8a9d40c-1dfd-4325-8277-de2940e30d81 tempest-ServersTestJSON-1945679221 tempest-ServersTestJSON-1945679221-project] 10.222.0.89 "GET /v2.0/ports?device_id=fa227659-83fa-41cf-a2d5-d8b339118c90 HTTP/1.1" status: 200 len: 210 time: 0.4716897
Jun 01 21:40:45.735060 dv-neutron-844335-1-hyperv neutron-server[111710]: DEBUG neutron.wsgi [-] (111710) accepted ('10.222.0.89', 39632) {{(pid=111710) server /usr/local/lib/python3.8/dist-packages/eventlet/wsgi.py:1004}}
Jun 01 21:40:45.736185 dv-neutron-844335-1-hyperv neutron-server[111709]: DEBUG neutron.db.db_base_plugin_common [req-d4446954-e229-434d-8131-02f83f5d6c8a req-8e6139a7-ecaa-4e84-a974-b4302d63c7a4 tempest-ServerActionsTestJSON-2071845685 tempest-ServerActionsTestJSON-2071845685-project] Allocated IP 172.20.0.7 (2c06eb07-ad6c-461a-a16e-7f6926a96377/5d8420b7-07d4-4cec-897b-e9a8cf123170/199db5e2-aed3-4ccd-a0de-32ea844503fa) {{(pid=111709) _store_ip_allocation /opt/stack/neutron/neutron/db/db_base_plugin_common.py:131}}
Jun 01 21:40:45.740487 dv-neutron-844335-1-hyperv neutron-server[111710]: DEBUG dbcounter [-] [111710] Writing DB stats neutron:SELECT=88,neutron:INSERT=5,neutron:DELETE=7 {{(pid=111710) stat_writer /usr/local/lib/python3.8/dist-packages/dbcounter.py:114}}
Jun 01 21:40:45.743617 dv-neutron-844335-1-hyperv neutron-server[111710]: DEBUG neutron.plugins.ml2.managers [None req-f45217ab-188f-4c72-87cb-c223461a101a tempest-PortsAdminExtendedAttrsTestJSON-188125060 tempest-PortsAdminExtendedAttrsTestJSON-188125060-project-admin] Attempting to bind port dda4c41b-3355-4350-a5fd-506ea2031323 on host hv-neutron-8443 for vnic_type normal with profile {{(pid=111710) bind_port /opt/stack/neutron/neutron/plugins/ml2/managers.py:811}}
Jun 01 21:40:45.744173 dv-neutron-844335-1-hyperv neutron-server[111710]: DEBUG neutron.plugins.ml2.managers [None req-f45217ab-188f-4c72-87cb-c223461a101a tempest-PortsAdminExtendedAttrsTestJSON-188125060 tempest-PortsAdminExtendedAttrsTestJSON-188125060-project-admin] Attempting to bind port dda4c41b-3355-4350-a5fd-506ea2031323 by drivers openvswitch,hyperv on host hv-neutron-8443 at level 0 using segments [{'id': '31c586be-feb1-43b2-838f-95c0e24fd971', 'network_type': 'vlan', 'physical_network': 'physnet1', 'segmentation_id': 148, 'network_id': '0cc045d4-1184-422c-b8f4-8fb96d3bec47'}] {{(pid=111710) _bind_port_level /opt/stack/neutron/neutron/plugins/ml2/managers.py:836}}
Jun 01 21:40:45.744669 dv-neutron-844335-1-hyperv neutron-server[111710]: DEBUG neutron.plugins.ml2.drivers.mech_agent [None req-f45217ab-188f-4c72-87cb-c223461a101a tempest-PortsAdminExtendedAttrsTestJSON-188125060 tempest-PortsAdminExtendedAttrsTestJSON-188125060-project-admin] Attempting to bind port dda4c41b-3355-4350-a5fd-506ea2031323 on network 0cc045d4-1184-422c-b8f4-8fb96d3bec47 {{(pid=111710) bind_port /opt/stack/neutron/neutron/plugins/ml2/drivers/mech_agent.py:91}}
Jun 01 21:40:45.764877 dv-neutron-844335-1-hyperv neutron-server[111710]: DEBUG neutron.plugins.ml2.drivers.mech_agent [None req-f45217ab-188f-4c72-87cb-c223461a101a tempest-PortsAdminExtendedAttrsTestJSON-188125060 tempest-PortsAdminExtendedAttrsTestJSON-188125060-project-admin] Port dda4c41b-3355-4350-a5fd-506ea2031323 on network 0cc045d4-1184-422c-b8f4-8fb96d3bec47 not bound, no agent of type Open vSwitch agent registered on host hv-neutron-8443 {{(pid=111710) bind_port /opt/stack/neutron/neutron/plugins/ml2/drivers/mech_agent.py:103}}
Jun 01 21:40:45.765063 dv-neutron-844335-1-hyperv neutron-server[111710]: ERROR neutron.plugins.ml2.managers [None req-f45217ab-188f-4c72-87cb-c223461a101a tempest-PortsAdminExtendedAttrsTestJSON-188125060 tempest-PortsAdminExtendedAttrsTestJSON-188125060-project-admin] Failed to bind port dda4c41b-3355-4350-a5fd-506ea2031323 on host hv-neutron-8443 for vnic_type normal using segments [{'id': '31c586be-feb1-43b2-838f-95c0e24fd971', 'network_type': 'vlan', 'physical_network': 'physnet1', 'segmentation_id': 148, 'network_id': '0cc045d4-1184-422c-b8f4-8fb96d3bec47'}]
Jun 01 21:40:45.772524 dv-neutron-844335-1-hyperv neutron-server[111710]: INFO neutron.plugins.ml2.plugin [None req-f45217ab-188f-4c72-87cb-c223461a101a tempest-PortsAdminExtendedAttrsTestJSON-188125060 tempest-PortsAdminExtendedAttrsTestJSON-188125060-project-admin] Attempt 10 to bind port dda4c41b-3355-4350-a5fd-506ea2031323
Jun 01 21:40:45.782013 dv-neutron-844335-1-hyperv neutron-server[111709]: DEBUG neutron.pecan_wsgi.hooks.policy_enforcement [req-a27d8ecf-4b72-4f95-9dd9-912aa066b003 req-5c984bc8-6ae7-4836-a133-bc1a7c2e91c5 tempest-ServersTestManualDisk-1018767068 tempest-ServersTestManualDisk-1018767068-project] Attributes excluded by policy engine: ['standard_attr_id', 'vlan_transparent', 'provider:network_type', 'provider:physical_network', 'provider:segmentation_id'] {{(pid=111709) _exclude_attributes_by_policy /opt/stack/neutron/neutron/pecan_wsgi/hooks/policy_enforcement.py:259}}
Jun 01 21:40:45.783651 dv-neutron-844335-1-hyperv neutron-server[111709]: INFO neutron.wsgi [req-a27d8ecf-4b72-4f95-9dd9-912aa066b003 req-5c984bc8-6ae7-4836-a133-bc1a7c2e91c5 tempest-ServersTestManualDisk-1018767068 tempest-ServersTestManualDisk-1018767068-project] 10.222.0.50 "GET /v2.0/networks?id=f70b90a0-97ae-4b5d-97f9-1f63f4613e5f HTTP/1.1" status: 200 len: 812 time: 0.4272878
Jun 01 21:40:45.788389 dv-neutron-844335-1-hyperv neutron-server[111709]: INFO neutron.wsgi [req-787b3fcb-6e07-4581-af98-270a49b96c2c req-51ea8ba8-b5c8-45b4-a798-21bf541ea952 tempest-ServersTestManualDisk-1018767068 tempest-ServersTestManualDisk-1018767068-project] 10.222.0.89 "GET /v2.0/ports?device_id=deb1ba07-4983-4a7e-9943-9e511e1e4ee2 HTTP/1.1" status: 200 len: 210 time: 0.0424776
Jun 01 21:40:45.863449 dv-neutron-844335-1-hyperv neutron-server[111710]: DEBUG neutron.plugins.ml2.managers [None req-f45217ab-188f-4c72-87cb-c223461a101a tempest-PortsAdminExtendedAttrsTestJSON-188125060 tempest-PortsAdminExtendedAttrsTestJSON-188125060-project-admin] Attempting to bind port dda4c41b-3355-4350-a5fd-506ea2031323 on host hv-neutron-8443 for vnic_type normal with profile {{(pid=111710) bind_port /opt/stack/neutron/neutron/plugins/ml2/managers.py:811}}
Jun 01 21:40:45.864015 dv-neutron-844335-1-hyperv neutron-server[111710]: DEBUG neutron.plugins.ml2.managers [None req-f45217ab-188f-4c72-87cb-c223461a101a tempest-PortsAdminExtendedAttrsTestJSON-188125060 tempest-PortsAdminExtendedAttrsTestJSON-188125060-project-admin] Attempting to bind port dda4c41b-3355-4350-a5fd-506ea2031323 by drivers openvswitch,hyperv on host hv-neutron-8443 at level 0 using segments [{'id': '31c586be-feb1-43b2-838f-95c0e24fd971', 'network_type': 'vlan', 'physical_network': 'physnet1', 'segmentation_id': 148, 'network_id': '0cc045d4-1184-422c-b8f4-8fb96d3bec47'}] {{(pid=111710) _bind_port_level /opt/stack/neutron/neutron/plugins/ml2/managers.py:836}}
Jun 01 21:40:45.864307 dv-neutron-844335-1-hyperv neutron-server[111710]: DEBUG neutron.plugins.ml2.drivers.mech_agent [None req-f45217ab-188f-4c72-87cb-c223461a101a tempest-PortsAdminExtendedAttrsTestJSON-188125060 tempest-PortsAdminExtendedAttrsTestJSON-188125060-project-admin] Attempting to bind port dda4c41b-3355-4350-a5fd-506ea2031323 on network 0cc045d4-1184-422c-b8f4-8fb96d3bec47 {{(pid=111710) bind_port /opt/stack/neutron/neutron/plugins/ml2/drivers/mech_agent.py:91}}
Jun 01 21:40:45.945425 dv-neutron-844335-1-hyperv neutron-server[111710]: INFO neutron.wsgi [None req-dd963062-4d99-46f6-be55-f97877bb99a3 admin admin] 10.222.0.89 "GET /v2.0/security-groups?tenant_id=aa0563c87fa843a895abaf15f3621f18&name=default HTTP/1.1" status: 200 len: 2995 time: 0.2020481
Jun 01 21:40:45.945425 dv-neutron-844335-1-hyperv neutron-server[111710]: DEBUG neutron.plugins.ml2.drivers.mech_agent [None req-f45217ab-188f-4c72-87cb-c223461a101a tempest-PortsAdminExtendedAttrsTestJSON-188125060 tempest-PortsAdminExtendedAttrsTestJSON-188125060-project-admin] Port dda4c41b-3355-4350-a5fd-506ea2031323 on network 0cc045d4-1184-422c-b8f4-8fb96d3bec47 not bound, no agent of type Open vSwitch agent registered on host hv-neutron-8443 {{(pid=111710) bind_port /opt/stack/neutron/neutron/plugins/ml2/drivers/mech_agent.py:103}}
Jun 01 21:40:45.945770 dv-neutron-844335-1-hyperv neutron-server[111710]: ERROR neutron.plugins.ml2.managers [None req-f45217ab-188f-4c72-87cb-c223461a101a tempest-PortsAdminExtendedAttrsTestJSON-188125060 tempest-PortsAdminExtendedAttrsTestJSON-188125060-project-admin] Failed to bind port dda4c41b-3355-4350-a5fd-506ea2031323 on host hv-neutron-8443 for vnic_type normal using segments [{'id': '31c586be-feb1-43b2-838f-95c0e24fd971', 'network_type': 'vlan', 'physical_network': 'physnet1', 'segmentation_id': 148, 'network_id': '0cc045d4-1184-422c-b8f4-8fb96d3bec47'}]
Jun 01 21:40:45.945907 dv-neutron-844335-1-hyperv neutron-server[111710]: DEBUG neutron_lib.callbacks.manager [None req-f45217ab-188f-4c72-87cb-c223461a101a tempest-PortsAdminExtendedAttrsTestJSON-188125060 tempest-PortsAdminExtendedAttrsTestJSON-188125060-project-admin] Publish callbacks ['neutron.plugins.ml2.plugin.SecurityGroupDbMixin._ensure_default_security_group_handler-1941746'] for port (dda4c41b-3355-4350-a5fd-506ea2031323), before_update {{(pid=111710) _notify_loop /usr/local/lib/python3.8/dist-packages/neutron_lib/callbacks/manager.py:176}}
Jun 01 21:40:45.950793 dv-neutron-844335-1-hyperv neutron-server[111709]: DEBUG neutron.wsgi [-] (111709) accepted ('10.222.0.89', 39644) {{(pid=111709) server /usr/local/lib/python3.8/dist-packages/eventlet/wsgi.py:1004}}
Jun 01 21:40:45.977632 dv-neutron-844335-1-hyperv neutron-server[111709]: INFO neutron.wsgi [req-a27d8ecf-4b72-4f95-9dd9-912aa066b003 req-498ae62f-923f-45a5-9bb6-d5b768ffe5a5 tempest-ServersTestManualDisk-1018767068 tempest-ServersTestManualDisk-1018767068-project] 10.222.0.50 "GET /v2.0/security-groups?fields=id&fields=name&tenant_id=2549e9d6e90046bc98cf4f6efaf3973f HTTP/1.1" status: 200 len: 377 time: 0.1743736
Jun 01 21:40:45.996122 dv-neutron-844335-1-hyperv neutron-server[111709]: DEBUG neutron.api.v2.base [req-a27d8ecf-4b72-4f95-9dd9-912aa066b003 req-b2325a3e-c378-496d-969d-4ad716c4fe8f tempest-ServersTestManualDisk-1018767068 tempest-ServersTestManualDisk-1018767068-project] Request body: {'port': {'device_id': 'deb1ba07-4983-4a7e-9943-9e511e1e4ee2', 'network_id': 'f70b90a0-97ae-4b5d-97f9-1f63f4613e5f', 'admin_state_up': True, 'tenant_id': '2549e9d6e90046bc98cf4f6efaf3973f', 'security_groups': ['87e39e22-a607-4c54-b38f-730f67029d45']}} {{(pid=111709) prepare_request_body /opt/stack/neutron/neutron/api/v2/base.py:730}}
Jun 01 21:40:46.021333 dv-neutron-844335-1-hyperv neutron-server[111710]: DEBUG neutron.wsgi [-] (111710) accepted ('10.222.0.50', 55845) {{(pid=111710) server /usr/local/lib/python3.8/dist-packages/eventlet/wsgi.py:1004}}
Jun 01 21:40:46.047162 dv-neutron-844335-1-hyperv neutron-server[111710]: DEBUG neutron_lib.callbacks.manager [None req-da60a8fd-d2b9-4197-8ae3-a688fea0c6a9 tempest-RoutersNegativeTest-1579803458 tempest-RoutersNegativeTest-1579803458-project] Publish callbacks [] for port (2fec7515-479a-4734-a2cb-a821fa034afd), precommit_create {{(pid=111710) _notify_loop /usr/local/lib/python3.8/dist-packages/neutron_lib/callbacks/manager.py:176}}
