Jun 03 15:43:25.241582 dv-neutron-844310-3-hyperv devstack@n-api.service[125497]: DEBUG nova.policy [None req-55833381-99c8-4c94-bc6e-99efa9d43c36 tempest-ServersTestJSON-771563134 tempest-ServersTestJSON-771563134-project] Policy check for os_compute_api:os-extended-server-attributes failed with credentials {'is_admin': False, 'user_id': 'c3f6ffda32db4761952e363aad87b856', 'user_domain_id': 'default', 'system_scope': None, 'domain_id': None, 'project_id': '3049d6ac17884585bda8140270de7346', 'project_domain_id': 'default', 'roles': ['member', 'reader'], 'is_admin_project': True, 'service_user_id': None, 'service_user_domain_id': None, 'service_project_id': None, 'service_project_domain_id': None, 'service_roles': []} {{(pid=125497) authorize /opt/stack/nova/nova/policy.py:199}}
Jun 03 15:43:25.275492 dv-neutron-844310-3-hyperv devstack@n-api.service[125497]: INFO nova.api.openstack.requestlog [None req-55833381-99c8-4c94-bc6e-99efa9d43c36 tempest-ServersTestJSON-771563134 tempest-ServersTestJSON-771563134-project] 10.222.0.109 "GET /compute/v2.1/servers/e0ec5a8e-9dad-4fcb-816a-04eefa544b3c" status: 200 len: 1579 microversion: 2.1 time: 1.277938
Jun 03 15:43:25.276109 dv-neutron-844310-3-hyperv devstack@n-api.service[125497]: [pid: 125497|app: 0|req: 29/54] 10.222.0.109 () {58 vars in 1240 bytes} [Fri Jun 3 15:43:23 2022] GET /compute/v2.1/servers/e0ec5a8e-9dad-4fcb-816a-04eefa544b3c => generated 1579 bytes in 1281 msecs (HTTP/1.1 200) 9 headers in 358 bytes (2 switches on core 0)
Jun 03 15:43:25.301362 dv-neutron-844310-3-hyperv devstack@n-api.service[125498]: DEBUG nova.api.openstack.wsgi [None req-53275b51-6d34-4424-8648-c4cdc6f17956 tempest-ServersTestJSON-771563134 tempest-ServersTestJSON-771563134-project] Calling method '>' {{(pid=125498) _process_stack /opt/stack/nova/nova/api/openstack/wsgi.py:513}}
Jun 03 15:43:25.302266 dv-neutron-844310-3-hyperv devstack@n-api.service[125498]: DEBUG nova.compute.api [None req-53275b51-6d34-4424-8648-c4cdc6f17956 tempest-ServersTestJSON-771563134 tempest-ServersTestJSON-771563134-project] [instance: e0ec5a8e-9dad-4fcb-816a-04eefa544b3c] Fetching instance by UUID {{(pid=125498) get /opt/stack/nova/nova/compute/api.py:2920}}
Jun 03 15:43:25.320064 dv-neutron-844310-3-hyperv devstack@n-api.service[125498]: DEBUG oslo_concurrency.lockutils [None req-53275b51-6d34-4424-8648-c4cdc6f17956 tempest-ServersTestJSON-771563134 tempest-ServersTestJSON-771563134-project] Lock "dfb56e30-a084-4274-9faf-46eb84001068" acquired by "nova.context.set_target_cell..get_or_set_cached_cell_and_set_connections" :: waited 0.000s {{(pid=125498) inner /usr/local/lib/python3.8/dist-packages/oslo_concurrency/lockutils.py:386}}
Jun 03 15:43:25.320876 dv-neutron-844310-3-hyperv devstack@n-api.service[125498]: DEBUG oslo_concurrency.lockutils [None req-53275b51-6d34-4424-8648-c4cdc6f17956 tempest-ServersTestJSON-771563134 tempest-ServersTestJSON-771563134-project] Lock "dfb56e30-a084-4274-9faf-46eb84001068" "released" by "nova.context.set_target_cell..get_or_set_cached_cell_and_set_connections" :: held 0.001s {{(pid=125498) inner /usr/local/lib/python3.8/dist-packages/oslo_concurrency/lockutils.py:400}}
Jun 03 15:43:25.321986 dv-neutron-844310-3-hyperv devstack@n-api.service[125498]: DEBUG oslo_concurrency.lockutils [None req-53275b51-6d34-4424-8648-c4cdc6f17956 tempest-ServersTestJSON-771563134 tempest-ServersTestJSON-771563134-project] Lock "dfb56e30-a084-4274-9faf-46eb84001068" acquired by "nova.context.set_target_cell..get_or_set_cached_cell_and_set_connections" :: waited 0.000s {{(pid=125498) inner /usr/local/lib/python3.8/dist-packages/oslo_concurrency/lockutils.py:386}}
Jun 03 15:43:25.322732 dv-neutron-844310-3-hyperv devstack@n-api.service[125498]: DEBUG oslo_concurrency.lockutils [None req-53275b51-6d34-4424-8648-c4cdc6f17956 tempest-ServersTestJSON-771563134 tempest-ServersTestJSON-771563134-project] Lock "dfb56e30-a084-4274-9faf-46eb84001068" "released" by "nova.context.set_target_cell..get_or_set_cached_cell_and_set_connections" :: held 0.001s {{(pid=125498) inner /usr/local/lib/python3.8/dist-packages/oslo_concurrency/lockutils.py:400}}
Jun 03 15:43:25.783372 dv-neutron-844310-3-hyperv devstack@n-api.service[125498]: INFO nova.api.openstack.requestlog [None req-53275b51-6d34-4424-8648-c4cdc6f17956 tempest-ServersTestJSON-771563134 tempest-ServersTestJSON-771563134-project] 10.222.0.109 "GET /compute/v2.1/servers/e0ec5a8e-9dad-4fcb-816a-04eefa544b3c/os-interface" status: 200 len: 285 microversion: 2.1 time: 0.485898
Jun 03 15:43:25.784413 dv-neutron-844310-3-hyperv devstack@n-api.service[125498]: [pid: 125498|app: 0|req: 26/55] 10.222.0.109 () {58 vars in 1279 bytes} [Fri Jun 3 15:43:25 2022] GET /compute/v2.1/servers/e0ec5a8e-9dad-4fcb-816a-04eefa544b3c/os-interface => generated 285 bytes in 488 msecs (HTTP/1.1 200) 9 headers in 357 bytes (1 switches on core 0)
Jun 03 15:43:25.847463 dv-neutron-844310-3-hyperv devstack@n-api.service[125497]: DEBUG nova.api.openstack.wsgi [None req-64e74d64-9791-482d-a827-45561ecfa895 tempest-ServerActionsTestJSON-1075193422 tempest-ServerActionsTestJSON-1075193422-project] Calling method '>' {{(pid=125497) _process_stack /opt/stack/nova/nova/api/openstack/wsgi.py:513}}
Jun 03 15:43:25.848083 dv-neutron-844310-3-hyperv devstack@n-api.service[125497]: DEBUG nova.compute.api [None req-64e74d64-9791-482d-a827-45561ecfa895 tempest-ServerActionsTestJSON-1075193422 tempest-ServerActionsTestJSON-1075193422-project] [instance: 5e19e0cd-ec32-4ffb-97ca-03329a9336ff] Fetching instance by UUID {{(pid=125497) get /opt/stack/nova/nova/compute/api.py:2920}}
Jun 03 15:43:25.858346 dv-neutron-844310-3-hyperv devstack@n-api.service[125497]: DEBUG oslo_concurrency.lockutils [None req-64e74d64-9791-482d-a827-45561ecfa895 tempest-ServerActionsTestJSON-1075193422 tempest-ServerActionsTestJSON-1075193422-project] Lock "dfb56e30-a084-4274-9faf-46eb84001068" acquired by "nova.context.set_target_cell..get_or_set_cached_cell_and_set_connections" :: waited 0.000s {{(pid=125497) inner /usr/local/lib/python3.8/dist-packages/oslo_concurrency/lockutils.py:386}}
Jun 03 15:43:25.858801 dv-neutron-844310-3-hyperv devstack@n-api.service[125497]: DEBUG oslo_concurrency.lockutils [None req-64e74d64-9791-482d-a827-45561ecfa895 tempest-ServerActionsTestJSON-1075193422 tempest-ServerActionsTestJSON-1075193422-project] Lock "dfb56e30-a084-4274-9faf-46eb84001068" "released" by "nova.context.set_target_cell..get_or_set_cached_cell_and_set_connections" :: held 0.001s {{(pid=125497) inner /usr/local/lib/python3.8/dist-packages/oslo_concurrency/lockutils.py:400}}
Jun 03 15:43:25.862480 dv-neutron-844310-3-hyperv devstack@n-api.service[125497]: DEBUG oslo_concurrency.lockutils [None req-64e74d64-9791-482d-a827-45561ecfa895 tempest-ServerActionsTestJSON-1075193422 tempest-ServerActionsTestJSON-1075193422-project] Lock "dfb56e30-a084-4274-9faf-46eb84001068" acquired by "nova.context.set_target_cell..get_or_set_cached_cell_and_set_connections" :: waited 0.000s {{(pid=125497) inner /usr/local/lib/python3.8/dist-packages/oslo_concurrency/lockutils.py:386}}
Jun 03 15:43:25.863504 dv-neutron-844310-3-hyperv devstack@n-api.service[125497]: DEBUG oslo_concurrency.lockutils [None req-64e74d64-9791-482d-a827-45561ecfa895 tempest-ServerActionsTestJSON-1075193422 tempest-ServerActionsTestJSON-1075193422-project] Lock "dfb56e30-a084-4274-9faf-46eb84001068" "released" by "nova.context.set_target_cell..get_or_set_cached_cell_and_set_connections" :: held 0.003s {{(pid=125497) inner /usr/local/lib/python3.8/dist-packages/oslo_concurrency/lockutils.py:400}}
Jun 03 15:43:26.848788 dv-neutron-844310-3-hyperv devstack@n-api.service[125497]: DEBUG nova.policy [None req-64e74d64-9791-482d-a827-45561ecfa895 tempest-ServerActionsTestJSON-1075193422 tempest-ServerActionsTestJSON-1075193422-project] Policy check for os_compute_api:os-extended-server-attributes failed with credentials {'is_admin': False, 'user_id': '7e343bf1b0154175827c8c715b5e0c9b', 'user_domain_id': 'default', 'system_scope': None, 'domain_id': None, 'project_id': '2d9c151ba0f248989b03e4adce49ec1a', 'project_domain_id': 'default', 'roles': ['member', 'reader'], 'is_admin_project': True, 'service_user_id': None, 'service_user_domain_id': None, 'service_project_id': None, 'service_project_domain_id': None, 'service_roles': []} {{(pid=125497) authorize /opt/stack/nova/nova/policy.py:199}}
Jun 03 15:43:26.870375 dv-neutron-844310-3-hyperv devstack@n-api.service[125497]: INFO nova.api.openstack.requestlog [None req-64e74d64-9791-482d-a827-45561ecfa895 tempest-ServerActionsTestJSON-1075193422 tempest-ServerActionsTestJSON-1075193422-project] 10.222.0.109 "GET /compute/v2.1/servers/5e19e0cd-ec32-4ffb-97ca-03329a9336ff" status: 200 len: 1368 microversion: 2.1 time: 1.026764
Jun 03 15:43:26.873953 dv-neutron-844310-3-hyperv devstack@n-api.service[125497]: [pid: 125497|app: 0|req: 30/56] 10.222.0.109 () {58 vars in 1240 bytes} [Fri Jun 3 15:43:25 2022] GET /compute/v2.1/servers/5e19e0cd-ec32-4ffb-97ca-03329a9336ff => generated 1368 bytes in 1031 msecs (HTTP/1.1 200) 9 headers in 358 bytes (2 switches on core 0)
Jun 03 15:43:27.913356 dv-neutron-844310-3-hyperv devstack@n-api.service[125498]: DEBUG nova.api.openstack.wsgi [None req-e4d7e01f-0f4d-43d3-8ff9-f492e93cbe6b tempest-ServerActionsTestJSON-1075193422 tempest-ServerActionsTestJSON-1075193422-project] Calling method '>' {{(pid=125498) _process_stack /opt/stack/nova/nova/api/openstack/wsgi.py:513}}
Jun 03 15:43:27.915991 dv-neutron-844310-3-hyperv devstack@n-api.service[125498]: DEBUG nova.compute.api [None req-e4d7e01f-0f4d-43d3-8ff9-f492e93cbe6b tempest-ServerActionsTestJSON-1075193422 tempest-ServerActionsTestJSON-1075193422-project] [instance: 5e19e0cd-ec32-4ffb-97ca-03329a9336ff] Fetching instance by UUID {{(pid=125498) get /opt/stack/nova/nova/compute/api.py:2920}}
Jun 03 15:43:27.931530 dv-neutron-844310-3-hyperv devstack@n-api.service[125498]: DEBUG oslo_concurrency.lockutils [None req-e4d7e01f-0f4d-43d3-8ff9-f492e93cbe6b tempest-ServerActionsTestJSON-1075193422 tempest-ServerActionsTestJSON-1075193422-project] Lock "dfb56e30-a084-4274-9faf-46eb84001068" acquired by "nova.context.set_target_cell..get_or_set_cached_cell_and_set_connections" :: waited 0.000s {{(pid=125498) inner /usr/local/lib/python3.8/dist-packages/oslo_concurrency/lockutils.py:386}}
Jun 03 15:43:27.932798 dv-neutron-844310-3-hyperv devstack@n-api.service[125498]: DEBUG oslo_concurrency.lockutils [None req-e4d7e01f-0f4d-43d3-8ff9-f492e93cbe6b tempest-ServerActionsTestJSON-1075193422 tempest-ServerActionsTestJSON-1075193422-project] Lock "dfb56e30-a084-4274-9faf-46eb84001068" "released" by "nova.context.set_target_cell..get_or_set_cached_cell_and_set_connections" :: held 0.001s {{(pid=125498) inner /usr/local/lib/python3.8/dist-packages/oslo_concurrency/lockutils.py:400}}
Jun 03 15:43:27.934672 dv-neutron-844310-3-hyperv devstack@n-api.service[125498]: DEBUG oslo_concurrency.lockutils [None req-e4d7e01f-0f4d-43d3-8ff9-f492e93cbe6b tempest-ServerActionsTestJSON-1075193422 tempest-ServerActionsTestJSON-1075193422-project] Lock "dfb56e30-a084-4274-9faf-46eb84001068" acquired by "nova.context.set_target_cell..get_or_set_cached_cell_and_set_connections" :: waited 0.000s {{(pid=125498) inner /usr/local/lib/python3.8/dist-packages/oslo_concurrency/lockutils.py:386}}
Jun 03 15:43:27.935589 dv-neutron-844310-3-hyperv devstack@n-api.service[125498]: DEBUG oslo_concurrency.lockutils [None req-e4d7e01f-0f4d-43d3-8ff9-f492e93cbe6b tempest-ServerActionsTestJSON-1075193422 tempest-ServerActionsTestJSON-1075193422-project] Lock "dfb56e30-a084-4274-9faf-46eb84001068" "released" by "nova.context.set_target_cell..get_or_set_cached_cell_and_set_connections" :: held 0.001s {{(pid=125498) inner /usr/local/lib/python3.8/dist-packages/oslo_concurrency/lockutils.py:400}}
Jun 03 15:43:28.603841 dv-neutron-844310-3-hyperv devstack@n-api.service[125498]: DEBUG nova.policy [None req-e4d7e01f-0f4d-43d3-8ff9-f492e93cbe6b tempest-ServerActionsTestJSON-1075193422 tempest-ServerActionsTestJSON-1075193422-project] Policy check for os_compute_api:os-extended-server-attributes failed with credentials {'is_admin': False, 'user_id': '7e343bf1b0154175827c8c715b5e0c9b', 'user_domain_id': 'default', 'system_scope': None, 'domain_id': None, 'project_id': '2d9c151ba0f248989b03e4adce49ec1a', 'project_domain_id': 'default', 'roles': ['member', 'reader'], 'is_admin_project': True, 'service_user_id': None, 'service_user_domain_id': None, 'service_project_id': None, 'service_project_domain_id': None, 'service_roles': []} {{(pid=125498) authorize /opt/stack/nova/nova/policy.py:199}}
Jun 03 15:43:28.612521 dv-neutron-844310-3-hyperv devstack@n-api.service[125498]: INFO nova.api.openstack.requestlog [None req-e4d7e01f-0f4d-43d3-8ff9-f492e93cbe6b tempest-ServerActionsTestJSON-1075193422 tempest-ServerActionsTestJSON-1075193422-project] 10.222.0.109 "GET /compute/v2.1/servers/5e19e0cd-ec32-4ffb-97ca-03329a9336ff" status: 200 len: 1368 microversion: 2.1 time: 0.713409
Jun 03 15:43:28.633298 dv-neutron-844310-3-hyperv devstack@n-api.service[125498]: [pid: 125498|app: 0|req: 27/57] 10.222.0.109 () {58 vars in 1240 bytes} [Fri Jun 3 15:43:27 2022] GET /compute/v2.1/servers/5e19e0cd-ec32-4ffb-97ca-03329a9336ff => generated 1368 bytes in 737 msecs (HTTP/1.1 200) 9 headers in 358 bytes (1 switches on core 0)
Jun 03 15:43:28.659751 dv-neutron-844310-3-hyperv devstack@n-api.service[125497]: DEBUG nova.api.openstack.wsgi [None req-8c614d2e-4141-4f09-a7cb-ad78981e7d04 tempest-ServersTestManualDisk-1275552693 tempest-ServersTestManualDisk-1275552693-project] Calling method '>' {{(pid=125497) _process_stack /opt/stack/nova/nova/api/openstack/wsgi.py:513}}
Jun 03 15:43:28.661578 dv-neutron-844310-3-hyperv devstack@n-api.service[125497]: DEBUG nova.compute.api [None req-8c614d2e-4141-4f09-a7cb-ad78981e7d04 tempest-ServersTestManualDisk-1275552693 tempest-ServersTestManualDisk-1275552693-project] [instance: 59773acf-9487-4800-841c-56912ccf8a53] Fetching instance by UUID {{(pid=125497) get /opt/stack/nova/nova/compute/api.py:2920}}
Jun 03 15:43:28.675200 dv-neutron-844310-3-hyperv devstack@n-api.service[125498]: DEBUG nova.api.openstack.wsgi [req-41b9c2ad-a52a-4c11-add6-a8dcf1128cbc req-957107ca-2024-4622-a1f0-bb08e7686522 service nova] Action: 'create', calling method: >, body: {"events": [{"name": "network-changed", "server_uuid": "59773acf-9487-4800-841c-56912ccf8a53", "tag": "7a21f887-bfc9-4aad-8710-2ab067770db2"}]} {{(pid=125498) _process_stack /opt/stack/nova/nova/api/openstack/wsgi.py:511}}
Jun 03 15:43:28.703678 dv-neutron-844310-3-hyperv devstack@n-api.service[125497]: DEBUG oslo_concurrency.lockutils [None req-8c614d2e-4141-4f09-a7cb-ad78981e7d04 tempest-ServersTestManualDisk-1275552693 tempest-ServersTestManualDisk-1275552693-project] Lock "dfb56e30-a084-4274-9faf-46eb84001068" acquired by "nova.context.set_target_cell..get_or_set_cached_cell_and_set_connections" :: waited 0.000s {{(pid=125497) inner /usr/local/lib/python3.8/dist-packages/oslo_concurrency/lockutils.py:386}}
Jun 03 15:43:28.704450 dv-neutron-844310-3-hyperv devstack@n-api.service[125497]: DEBUG oslo_concurrency.lockutils [None req-8c614d2e-4141-4f09-a7cb-ad78981e7d04 tempest-ServersTestManualDisk-1275552693 tempest-ServersTestManualDisk-1275552693-project] Lock "dfb56e30-a084-4274-9faf-46eb84001068" "released" by "nova.context.set_target_cell..get_or_set_cached_cell_and_set_connections" :: held 0.001s {{(pid=125497) inner /usr/local/lib/python3.8/dist-packages/oslo_concurrency/lockutils.py:400}}
Jun 03 15:43:28.705766 dv-neutron-844310-3-hyperv devstack@n-api.service[125497]: DEBUG oslo_concurrency.lockutils [None req-8c614d2e-4141-4f09-a7cb-ad78981e7d04 tempest-ServersTestManualDisk-1275552693 tempest-ServersTestManualDisk-1275552693-project] Lock "dfb56e30-a084-4274-9faf-46eb84001068" acquired by "nova.context.set_target_cell..get_or_set_cached_cell_and_set_connections" :: waited 0.000s {{(pid=125497) inner /usr/local/lib/python3.8/dist-packages/oslo_concurrency/lockutils.py:386}}
Jun 03 15:43:28.706511 dv-neutron-844310-3-hyperv devstack@n-api.service[125497]: DEBUG oslo_concurrency.lockutils [None req-8c614d2e-4141-4f09-a7cb-ad78981e7d04 tempest-ServersTestManualDisk-1275552693 tempest-ServersTestManualDisk-1275552693-project] Lock "dfb56e30-a084-4274-9faf-46eb84001068" "released" by "nova.context.set_target_cell..get_or_set_cached_cell_and_set_connections" :: held 0.001s {{(pid=125497) inner /usr/local/lib/python3.8/dist-packages/oslo_concurrency/lockutils.py:400}}
Jun 03 15:43:28.715763 dv-neutron-844310-3-hyperv devstack@n-api.service[125498]: DEBUG oslo_concurrency.lockutils [req-41b9c2ad-a52a-4c11-add6-a8dcf1128cbc req-957107ca-2024-4622-a1f0-bb08e7686522 service nova] Lock "dfb56e30-a084-4274-9faf-46eb84001068" acquired by "nova.context.set_target_cell..get_or_set_cached_cell_and_set_connections" :: waited 0.000s {{(pid=125498) inner /usr/local/lib/python3.8/dist-packages/oslo_concurrency/lockutils.py:386}}
Jun 03 15:43:28.720380 dv-neutron-844310-3-hyperv devstack@n-api.service[125498]: DEBUG oslo_concurrency.lockutils [req-41b9c2ad-a52a-4c11-add6-a8dcf1128cbc req-957107ca-2024-4622-a1f0-bb08e7686522 service nova] Lock "dfb56e30-a084-4274-9faf-46eb84001068" "released" by "nova.context.set_target_cell..get_or_set_cached_cell_and_set_connections" :: held 0.005s {{(pid=125498) inner /usr/local/lib/python3.8/dist-packages/oslo_concurrency/lockutils.py:400}}
Jun 03 15:43:28.811635 dv-neutron-844310-3-hyperv devstack@n-api.service[125498]: INFO nova.api.openstack.compute.server_external_events [req-41b9c2ad-a52a-4c11-add6-a8dcf1128cbc req-957107ca-2024-4622-a1f0-bb08e7686522 service nova] Creating event network-changed:7a21f887-bfc9-4aad-8710-2ab067770db2 for instance 59773acf-9487-4800-841c-56912ccf8a53 on hv-neutron-8443
Jun 03 15:43:28.846816 dv-neutron-844310-3-hyperv devstack@n-api.service[125498]: INFO nova.api.openstack.requestlog [req-41b9c2ad-a52a-4c11-add6-a8dcf1128cbc req-957107ca-2024-4622-a1f0-bb08e7686522 service nova] 10.222.0.109 "POST /compute/v2.1/os-server-external-events" status: 200 len: 179 microversion: 2.1 time: 0.178466
Jun 03 15:43:28.851324 dv-neutron-844310-3-hyperv devstack@n-api.service[125498]: [pid: 125498|app: 0|req: 28/58] 10.222.0.109 () {64 vars in 1322 bytes} [Fri Jun 3 15:43:28 2022] POST /compute/v2.1/os-server-external-events => generated 179 bytes in 185 msecs (HTTP/1.1 200) 9 headers in 357 bytes (2 switches on core 0)
Jun 03 15:43:29.581151 dv-neutron-844310-3-hyperv devstack@n-api.service[125498]: DEBUG nova.api.openstack.wsgi [req-8a90966a-48fb-4257-8380-ed6ca9da53ef req-63520c19-afd8-493e-b27e-c581dbdb9eb2 service nova] Action: 'create', calling method: >, body: {"events": [{"server_uuid": "5e19e0cd-ec32-4ffb-97ca-03329a9336ff", "name": "network-vif-plugged", "status": "completed", "tag": "0c4dbcd9-0cc0-4f23-931c-db7c585dbcae"}]} {{(pid=125498) _process_stack /opt/stack/nova/nova/api/openstack/wsgi.py:511}}
Jun 03 15:43:29.645430 dv-neutron-844310-3-hyperv devstack@n-api.service[125498]: DEBUG oslo_concurrency.lockutils [req-8a90966a-48fb-4257-8380-ed6ca9da53ef req-63520c19-afd8-493e-b27e-c581dbdb9eb2 service nova] Lock "dfb56e30-a084-4274-9faf-46eb84001068" acquired by "nova.context.set_target_cell..get_or_set_cached_cell_and_set_connections" :: waited 0.000s {{(pid=125498) inner /usr/local/lib/python3.8/dist-packages/oslo_concurrency/lockutils.py:386}}
Jun 03 15:43:29.652783 dv-neutron-844310-3-hyperv devstack@n-api.service[125498]: DEBUG oslo_concurrency.lockutils [req-8a90966a-48fb-4257-8380-ed6ca9da53ef req-63520c19-afd8-493e-b27e-c581dbdb9eb2 service nova] Lock "dfb56e30-a084-4274-9faf-46eb84001068" "released" by "nova.context.set_target_cell..get_or_set_cached_cell_and_set_connections" :: held 0.001s {{(pid=125498) inner /usr/local/lib/python3.8/dist-packages/oslo_concurrency/lockutils.py:400}}
Jun 03 15:43:29.690475 dv-neutron-844310-3-hyperv devstack@n-api.service[125498]: INFO nova.api.openstack.compute.server_external_events [req-8a90966a-48fb-4257-8380-ed6ca9da53ef req-63520c19-afd8-493e-b27e-c581dbdb9eb2 service nova] Creating event network-vif-plugged:0c4dbcd9-0cc0-4f23-931c-db7c585dbcae for instance 5e19e0cd-ec32-4ffb-97ca-03329a9336ff on hv-neutron-8443
Jun 03 15:43:29.703343 dv-neutron-844310-3-hyperv devstack@n-api.service[125498]: INFO nova.api.openstack.requestlog [req-8a90966a-48fb-4257-8380-ed6ca9da53ef req-63520c19-afd8-493e-b27e-c581dbdb9eb2 service nova] 10.222.0.109 "POST /compute/v2.1/os-server-external-events" status: 200 len: 183 microversion: 2.1 time: 0.140388
Jun 03 15:43:29.705871 dv-neutron-844310-3-hyperv devstack@n-api.service[125498]: [pid: 125498|app: 0|req: 29/59] 10.222.0.109 () {64 vars in 1322 bytes} [Fri Jun 3 15:43:29 2022] POST /compute/v2.1/os-server-external-events => generated 183 bytes in 144 msecs (HTTP/1.1 200) 9 headers in 357 bytes (3 switches on core 0)
Jun 03 15:43:29.717976 dv-neutron-844310-3-hyperv devstack@n-api.service[125498]: DEBUG nova.api.openstack.wsgi [None req-395c4d5f-8953-4e17-af70-f6344336dbf0 tempest-ServerActionsTestJSON-1075193422 tempest-ServerActionsTestJSON-1075193422-project] Calling method '>' {{(pid=125498) _process_stack /opt/stack/nova/nova/api/openstack/wsgi.py:513}}
Jun 03 15:43:29.720869 dv-neutron-844310-3-hyperv devstack@n-api.service[125498]: DEBUG nova.compute.api [None req-395c4d5f-8953-4e17-af70-f6344336dbf0 tempest-ServerActionsTestJSON-1075193422 tempest-ServerActionsTestJSON-1075193422-project] [instance: 5e19e0cd-ec32-4ffb-97ca-03329a9336ff] Fetching instance by UUID {{(pid=125498) get /opt/stack/nova/nova/compute/api.py:2920}}
Jun 03 15:43:29.735611 dv-neutron-844310-3-hyperv devstack@n-api.service[125498]: DEBUG oslo_concurrency.lockutils [None req-395c4d5f-8953-4e17-af70-f6344336dbf0 tempest-ServerActionsTestJSON-1075193422 tempest-ServerActionsTestJSON-1075193422-project] Lock "dfb56e30-a084-4274-9faf-46eb84001068" acquired by "nova.context.set_target_cell..get_or_set_cached_cell_and_set_connections" :: waited 0.000s {{(pid=125498) inner /usr/local/lib/python3.8/dist-packages/oslo_concurrency/lockutils.py:386}}
Jun 03 15:43:29.737170 dv-neutron-844310-3-hyperv devstack@n-api.service[125498]: DEBUG oslo_concurrency.lockutils [None req-395c4d5f-8953-4e17-af70-f6344336dbf0 tempest-ServerActionsTestJSON-1075193422 tempest-ServerActionsTestJSON-1075193422-project] Lock "dfb56e30-a084-4274-9faf-46eb84001068" "released" by "nova.context.set_target_cell..get_or_set_cached_cell_and_set_connections" :: held 0.002s {{(pid=125498) inner /usr/local/lib/python3.8/dist-packages/oslo_concurrency/lockutils.py:400}}
Jun 03 15:43:29.740595 dv-neutron-844310-3-hyperv devstack@n-api.service[125498]: DEBUG oslo_concurrency.lockutils [None req-395c4d5f-8953-4e17-af70-f6344336dbf0 tempest-ServerActionsTestJSON-1075193422 tempest-ServerActionsTestJSON-1075193422-project] Lock "dfb56e30-a084-4274-9faf-46eb84001068" acquired by "nova.context.set_target_cell..get_or_set_cached_cell_and_set_connections" :: waited 0.000s {{(pid=125498) inner /usr/local/lib/python3.8/dist-packages/oslo_concurrency/lockutils.py:386}}
Jun 03 15:43:29.741727 dv-neutron-844310-3-hyperv devstack@n-api.service[125498]: DEBUG oslo_concurrency.lockutils [None req-395c4d5f-8953-4e17-af70-f6344336dbf0 tempest-ServerActionsTestJSON-1075193422 tempest-ServerActionsTestJSON-1075193422-project] Lock "dfb56e30-a084-4274-9faf-46eb84001068" "released" by "nova.context.set_target_cell..get_or_set_cached_cell_and_set_connections" :: held 0.002s {{(pid=125498) inner /usr/local/lib/python3.8/dist-packages/oslo_concurrency/lockutils.py:400}}
Jun 03 15:43:29.909741 dv-neutron-844310-3-hyperv devstack@n-api.service[125497]: DEBUG nova.policy [None req-8c614d2e-4141-4f09-a7cb-ad78981e7d04 tempest-ServersTestManualDisk-1275552693 tempest-ServersTestManualDisk-1275552693-project] Policy check for os_compute_api:os-extended-server-attributes failed with credentials {'is_admin': False, 'user_id': 'eaf77c8cc69e4426884f39593ced57bd', 'user_domain_id': 'default', 'system_scope': None, 'domain_id': None, 'project_id': '21e6c7c84ab247a6b16be87b5365a0fe', 'project_domain_id': 'default', 'roles': ['member', 'reader'], 'is_admin_project': True, 'service_user_id': None, 'service_user_domain_id': None, 'service_project_id': None, 'service_project_domain_id': None, 'service_roles': []} {{(pid=125497) authorize /opt/stack/nova/nova/policy.py:199}}
Jun 03 15:43:29.945995 dv-neutron-844310-3-hyperv devstack@n-api.service[125497]: INFO nova.api.openstack.requestlog [None req-8c614d2e-4141-4f09-a7cb-ad78981e7d04 tempest-ServersTestManualDisk-1275552693 tempest-ServersTestManualDisk-1275552693-project] 10.222.0.109 "GET /compute/v2.1/servers/59773acf-9487-4800-841c-56912ccf8a53" status: 200 len: 1594 microversion: 2.1 time: 1.292445
Jun 03 15:43:29.958148 dv-neutron-844310-3-hyperv devstack@n-api.service[125497]: [pid: 125497|app: 0|req: 31/60] 10.222.0.109 () {58 vars in 1240 bytes} [Fri Jun 3 15:43:28 2022] GET /compute/v2.1/servers/59773acf-9487-4800-841c-56912ccf8a53 => generated 1594 bytes in 1305 msecs (HTTP/1.1 200) 9 headers in 358 bytes (1 switches on core 0)
Jun 03 15:43:29.963586 dv-neutron-844310-3-hyperv devstack@n-api.service[125497]: DEBUG nova.api.openstack.wsgi [None req-d7de0892-7c83-451d-9714-351209436c47 tempest-ServersTestJSON-771563134 tempest-ServersTestJSON-771563134-project] Calling method '>' {{(pid=125497) _process_stack /opt/stack/nova/nova/api/openstack/wsgi.py:513}}
Jun 03 15:43:29.976750 dv-neutron-844310-3-hyperv devstack@n-api.service[125497]: DEBUG nova.compute.api [None req-d7de0892-7c83-451d-9714-351209436c47 tempest-ServersTestJSON-771563134 tempest-ServersTestJSON-771563134-project] [instance: e0ec5a8e-9dad-4fcb-816a-04eefa544b3c] Fetching instance by UUID {{(pid=125497) get /opt/stack/nova/nova/compute/api.py:2920}}
Jun 03 15:43:29.983501 dv-neutron-844310-3-hyperv devstack@n-api.service[125497]: DEBUG oslo_concurrency.lockutils [None req-d7de0892-7c83-451d-9714-351209436c47 tempest-ServersTestJSON-771563134 tempest-ServersTestJSON-771563134-project] Lock "dfb56e30-a084-4274-9faf-46eb84001068" acquired by "nova.context.set_target_cell..get_or_set_cached_cell_and_set_connections" :: waited 0.000s {{(pid=125497) inner /usr/local/lib/python3.8/dist-packages/oslo_concurrency/lockutils.py:386}}
Jun 03 15:43:29.984054 dv-neutron-844310-3-hyperv devstack@n-api.service[125497]: DEBUG oslo_concurrency.lockutils [None req-d7de0892-7c83-451d-9714-351209436c47 tempest-ServersTestJSON-771563134 tempest-ServersTestJSON-771563134-project] Lock "dfb56e30-a084-4274-9faf-46eb84001068" "released" by "nova.context.set_target_cell..get_or_set_cached_cell_and_set_connections" :: held 0.001s {{(pid=125497) inner /usr/local/lib/python3.8/dist-packages/oslo_concurrency/lockutils.py:400}}
Jun 03 15:43:29.984976 dv-neutron-844310-3-hyperv devstack@n-api.service[125497]: DEBUG oslo_concurrency.lockutils [None req-d7de0892-7c83-451d-9714-351209436c47 tempest-ServersTestJSON-771563134 tempest-ServersTestJSON-771563134-project] Lock "dfb56e30-a084-4274-9faf-46eb84001068" acquired by "nova.context.set_target_cell..get_or_set_cached_cell_and_set_connections" :: waited 0.000s {{(pid=125497) inner /usr/local/lib/python3.8/dist-packages/oslo_concurrency/lockutils.py:386}}
Jun 03 15:43:29.985993 dv-neutron-844310-3-hyperv devstack@n-api.service[125497]: DEBUG oslo_concurrency.lockutils [None req-d7de0892-7c83-451d-9714-351209436c47 tempest-ServersTestJSON-771563134 tempest-ServersTestJSON-771563134-project] Lock "dfb56e30-a084-4274-9faf-46eb84001068" "released" by "nova.context.set_target_cell..get_or_set_cached_cell_and_set_connections" :: held 0.000s {{(pid=125497) inner /usr/local/lib/python3.8/dist-packages/oslo_concurrency/lockutils.py:400}}
Jun 03 15:43:29.988892 dv-neutron-844310-3-hyperv devstack@n-api.service[125497]: DEBUG dbcounter [-] [125497] Writing DB stats nova_cell1:SELECT=100 {{(pid=125497) stat_writer /usr/local/lib/python3.8/dist-packages/dbcounter.py:114}}
Jun 03 15:43:30.571611 dv-neutron-844310-3-hyperv devstack@n-api.service[125498]: DEBUG nova.policy [None req-395c4d5f-8953-4e17-af70-f6344336dbf0 tempest-ServerActionsTestJSON-1075193422 tempest-ServerActionsTestJSON-1075193422-project] Policy check for os_compute_api:os-extended-server-attributes failed with credentials {'is_admin': False, 'user_id': '7e343bf1b0154175827c8c715b5e0c9b', 'user_domain_id': 'default', 'system_scope': None, 'domain_id': None, 'project_id': '2d9c151ba0f248989b03e4adce49ec1a', 'project_domain_id': 'default', 'roles': ['member', 'reader'], 'is_admin_project': True, 'service_user_id': None, 'service_user_domain_id': None, 'service_project_id': None, 'service_project_domain_id': None, 'service_roles': []} {{(pid=125498) authorize /opt/stack/nova/nova/policy.py:199}}
Jun 03 15:43:30.597908 dv-neutron-844310-3-hyperv devstack@n-api.service[125498]: INFO nova.api.openstack.requestlog [None req-395c4d5f-8953-4e17-af70-f6344336dbf0 tempest-ServerActionsTestJSON-1075193422 tempest-ServerActionsTestJSON-1075193422-project] 10.222.0.109 "GET /compute/v2.1/servers/5e19e0cd-ec32-4ffb-97ca-03329a9336ff" status: 200 len: 1368 microversion: 2.1 time: 0.889507
Jun 03 15:43:30.635348 dv-neutron-844310-3-hyperv devstack@n-api.service[125498]: [pid: 125498|app: 0|req: 30/61] 10.222.0.109 () {58 vars in 1240 bytes} [Fri Jun 3 15:43:29 2022] GET /compute/v2.1/servers/5e19e0cd-ec32-4ffb-97ca-03329a9336ff => generated 1368 bytes in 929 msecs (HTTP/1.1 200) 9 headers in 358 bytes (1 switches on core 0)
Jun 03 15:43:30.650709 dv-neutron-844310-3-hyperv devstack@n-api.service[125498]: DEBUG nova.api.openstack.wsgi [None req-619d303d-f4e2-47ec-b75f-1adef621b125 tempest-ServersTestManualDisk-1275552693 tempest-ServersTestManualDisk-1275552693-project] Calling method '>' {{(pid=125498) _process_stack /opt/stack/nova/nova/api/openstack/wsgi.py:513}}
Jun 03 15:43:30.687927 dv-neutron-844310-3-hyperv devstack@n-api.service[125498]: INFO nova.api.openstack.requestlog [None req-619d303d-f4e2-47ec-b75f-1adef621b125 tempest-ServersTestManualDisk-1275552693 tempest-ServersTestManualDisk-1275552693-project] 10.222.0.109 "GET /compute/v2.1/flavors/452" status: 200 len: 372 microversion: 2.1 time: 0.050323
Jun 03 15:43:30.691702 dv-neutron-844310-3-hyperv devstack@n-api.service[125498]: [pid: 125498|app: 0|req: 31/62] 10.222.0.109 () {58 vars in 1141 bytes} [Fri Jun 3 15:43:30 2022] GET /compute/v2.1/flavors/452 => generated 372 bytes in 56 msecs (HTTP/1.1 200) 9 headers in 357 bytes (1 switches on core 0)
Jun 03 15:43:30.853041 dv-neutron-844310-3-hyperv devstack@n-api.service[125497]: DEBUG nova.policy [None req-d7de0892-7c83-451d-9714-351209436c47 tempest-ServersTestJSON-771563134 tempest-ServersTestJSON-771563134-project] Policy check for os_compute_api:os-extended-server-attributes failed with credentials {'is_admin': False, 'user_id': 'c3f6ffda32db4761952e363aad87b856', 'user_domain_id': 'default', 'system_scope': None, 'domain_id': None, 'project_id': '3049d6ac17884585bda8140270de7346', 'project_domain_id': 'default', 'roles': ['member', 'reader'], 'is_admin_project': True, 'service_user_id': None, 'service_user_domain_id': None, 'service_project_id': None, 'service_project_domain_id': None, 'service_roles': []} {{(pid=125497) authorize /opt/stack/nova/nova/policy.py:199}}
Jun 03 15:43:30.870329 dv-neutron-844310-3-hyperv devstack@n-api.service[125497]: INFO nova.api.openstack.requestlog [None req-d7de0892-7c83-451d-9714-351209436c47 tempest-ServersTestJSON-771563134 tempest-ServersTestJSON-771563134-project] 10.222.0.109 "GET /compute/v2.1/servers/e0ec5a8e-9dad-4fcb-816a-04eefa544b3c" status: 200 len: 1579 microversion: 2.1 time: 0.910971
Jun 03 15:43:30.884653 dv-neutron-844310-3-hyperv devstack@n-api.service[125497]: [pid: 125497|app: 0|req: 32/63] 10.222.0.109 () {58 vars in 1240 bytes} [Fri Jun 3 15:43:29 2022] GET /compute/v2.1/servers/e0ec5a8e-9dad-4fcb-816a-04eefa544b3c => generated 1579 bytes in 926 msecs (HTTP/1.1 200) 9 headers in 358 bytes (1 switches on core 0)
Jun 03 15:43:30.898481 dv-neutron-844310-3-hyperv devstack@n-api.service[125498]: DEBUG nova.api.openstack.wsgi [None req-e6e2e570-0626-4a50-920d-5daf07c97e63 tempest-ServersTestJSON-771563134 tempest-ServersTestJSON-771563134-project] Calling method '>' {{(pid=125498) _process_stack /opt/stack/nova/nova/api/openstack/wsgi.py:513}}
Jun 03 15:43:30.910874 dv-neutron-844310-3-hyperv devstack@n-api.service[125497]: DEBUG nova.api.openstack.wsgi [req-a825e2e4-34a4-4556-8f3a-e3556222e538 req-a5d11668-7ff0-46a1-827e-92c13e13856a service nova] Action: 'create', calling method: >, body: {"events": [{"name": "network-changed", "server_uuid": "e0ec5a8e-9dad-4fcb-816a-04eefa544b3c", "tag": "35858aa3-30e8-428d-839a-9eb034885fe6"}]} {{(pid=125497) _process_stack /opt/stack/nova/nova/api/openstack/wsgi.py:511}}
Jun 03 15:43:30.932420 dv-neutron-844310-3-hyperv devstack@n-api.service[125497]: DEBUG oslo_concurrency.lockutils [req-a825e2e4-34a4-4556-8f3a-e3556222e538 req-a5d11668-7ff0-46a1-827e-92c13e13856a service nova] Lock "dfb56e30-a084-4274-9faf-46eb84001068" acquired by "nova.context.set_target_cell..get_or_set_cached_cell_and_set_connections" :: waited 0.000s {{(pid=125497) inner /usr/local/lib/python3.8/dist-packages/oslo_concurrency/lockutils.py:386}}
Jun 03 15:43:30.933189 dv-neutron-844310-3-hyperv devstack@n-api.service[125497]: DEBUG oslo_concurrency.lockutils [req-a825e2e4-34a4-4556-8f3a-e3556222e538 req-a5d11668-7ff0-46a1-827e-92c13e13856a service nova] Lock "dfb56e30-a084-4274-9faf-46eb84001068" "released" by "nova.context.set_target_cell..get_or_set_cached_cell_and_set_connections" :: held 0.001s {{(pid=125497) inner /usr/local/lib/python3.8/dist-packages/oslo_concurrency/lockutils.py:400}}
Jun 03 15:43:30.937200 dv-neutron-844310-3-hyperv devstack@n-api.service[125498]: INFO nova.api.openstack.requestlog [None req-e6e2e570-0626-4a50-920d-5daf07c97e63 tempest-ServersTestJSON-771563134 tempest-ServersTestJSON-771563134-project] 10.222.0.109 "GET /compute/v2.1/flavors/452" status: 200 len: 372 microversion: 2.1 time: 0.041883
Jun 03 15:43:30.944684 dv-neutron-844310-3-hyperv devstack@n-api.service[125498]: [pid: 125498|app: 0|req: 32/64] 10.222.0.109 () {58 vars in 1141 bytes} [Fri Jun 3 15:43:30 2022] GET /compute/v2.1/flavors/452 => generated 372 bytes in 49 msecs (HTTP/1.1 200) 9 headers in 357 bytes (1 switches on core 0)
Jun 03 15:43:30.960776 dv-neutron-844310-3-hyperv devstack@n-api.service[125497]: INFO nova.api.openstack.compute.server_external_events [req-a825e2e4-34a4-4556-8f3a-e3556222e538 req-a5d11668-7ff0-46a1-827e-92c13e13856a service nova] Creating event network-changed:35858aa3-30e8-428d-839a-9eb034885fe6 for instance e0ec5a8e-9dad-4fcb-816a-04eefa544b3c on hv-neutron-8443
Jun 03 15:43:30.982134 dv-neutron-844310-3-hyperv devstack@n-api.service[125497]: INFO nova.api.openstack.requestlog [req-a825e2e4-34a4-4556-8f3a-e3556222e538 req-a5d11668-7ff0-46a1-827e-92c13e13856a service nova] 10.222.0.109 "POST /compute/v2.1/os-server-external-events" status: 200 len: 179 microversion: 2.1 time: 0.074884
Jun 03 15:43:30.982770 dv-neutron-844310-3-hyperv devstack@n-api.service[125497]: [pid: 125497|app: 0|req: 33/65] 10.222.0.109 () {64 vars in 1322 bytes} [Fri Jun 3 15:43:30 2022] POST /compute/v2.1/os-server-external-events => generated 179 bytes in 76 msecs (HTTP/1.1 200) 9 headers in 357 bytes (1 switches on core 0)
Jun 03 15:43:31.639066 dv-neutron-844310-3-hyperv devstack@n-api.service[125498]: DEBUG nova.api.openstack.wsgi [None req-2ac999a1-c731-4aa5-8cf8-b36e37811c81 tempest-ServerActionsTestJSON-1075193422 tempest-ServerActionsTestJSON-1075193422-project] Calling method '>' {{(pid=125498) _process_stack /opt/stack/nova/nova/api/openstack/wsgi.py:513}}
Jun 03 15:43:31.643316 dv-neutron-844310-3-hyperv devstack@n-api.service[125498]: DEBUG nova.compute.api [None req-2ac999a1-c731-4aa5-8cf8-b36e37811c81 tempest-ServerActionsTestJSON-1075193422 tempest-ServerActionsTestJSON-1075193422-project] [instance: 5e19e0cd-ec32-4ffb-97ca-03329a9336ff] Fetching instance by UUID {{(pid=125498) get /opt/stack/nova/nova/compute/api.py:2920}}
Jun 03 15:43:31.679258 dv-neutron-844310-3-hyperv devstack@n-api.service[125498]: DEBUG dbcounter [-] [125498] Writing DB stats nova_cell0:SELECT=2 {{(pid=125498) stat_writer /usr/local/lib/python3.8/dist-packages/dbcounter.py:114}}
Jun 03 15:43:31.683952 dv-neutron-844310-3-hyperv devstack@n-api.service[125498]: DEBUG oslo_concurrency.lockutils [None req-2ac999a1-c731-4aa5-8cf8-b36e37811c81 tempest-ServerActionsTestJSON-1075193422 tempest-ServerActionsTestJSON-1075193422-project] Lock "dfb56e30-a084-4274-9faf-46eb84001068" acquired by "nova.context.set_target_cell..get_or_set_cached_cell_and_set_connections" :: waited 0.000s {{(pid=125498) inner /usr/local/lib/python3.8/dist-packages/oslo_concurrency/lockutils.py:386}}
Jun 03 15:43:31.686897 dv-neutron-844310-3-hyperv devstack@n-api.service[125498]: DEBUG oslo_concurrency.lockutils [None req-2ac999a1-c731-4aa5-8cf8-b36e37811c81 tempest-ServerActionsTestJSON-1075193422 tempest-ServerActionsTestJSON-1075193422-project] Lock "dfb56e30-a084-4274-9faf-46eb84001068" "released" by "nova.context.set_target_cell..get_or_set_cached_cell_and_set_connections" :: held 0.004s {{(pid=125498) inner /usr/local/lib/python3.8/dist-packages/oslo_concurrency/lockutils.py:400}}
Jun 03 15:43:31.691641 dv-neutron-844310-3-hyperv devstack@n-api.service[125498]: DEBUG oslo_concurrency.lockutils [None req-2ac999a1-c731-4aa5-8cf8-b36e37811c81 tempest-ServerActionsTestJSON-1075193422 tempest-ServerActionsTestJSON-1075193422-project] Lock "dfb56e30-a084-4274-9faf-46eb84001068" acquired by "nova.context.set_target_cell..get_or_set_cached_cell_and_set_connections" :: waited 0.000s {{(pid=125498) inner /usr/local/lib/python3.8/dist-packages/oslo_concurrency/lockutils.py:386}}
Jun 03 15:43:31.697333 dv-neutron-844310-3-hyperv devstack@n-api.service[125498]: DEBUG oslo_concurrency.lockutils [None req-2ac999a1-c731-4aa5-8cf8-b36e37811c81 tempest-ServerActionsTestJSON-1075193422 tempest-ServerActionsTestJSON-1075193422-project] Lock "dfb56e30-a084-4274-9faf-46eb84001068" "released" by "nova.context.set_target_cell..get_or_set_cached_cell_and_set_connections" :: held 0.006s {{(pid=125498) inner /usr/local/lib/python3.8/dist-packages/oslo_concurrency/lockutils.py:400}}
Jun 03 15:43:32.110555 dv-neutron-844310-3-hyperv devstack@n-api.service[125498]: DEBUG nova.policy [None req-2ac999a1-c731-4aa5-8cf8-b36e37811c81 tempest-ServerActionsTestJSON-1075193422 tempest-ServerActionsTestJSON-1075193422-project] Policy check for os_compute_api:os-extended-server-attributes failed with credentials {'is_admin': False, 'user_id': '7e343bf1b0154175827c8c715b5e0c9b', 'user_domain_id': 'default', 'system_scope': None, 'domain_id': None, 'project_id': '2d9c151ba0f248989b03e4adce49ec1a', 'project_domain_id': 'default', 'roles': ['member', 'reader'], 'is_admin_project': True, 'service_user_id': None, 'service_user_domain_id': None, 'service_project_id': None, 'service_project_domain_id': None, 'service_roles': []} {{(pid=125498) authorize /opt/stack/nova/nova/policy.py:199}}
Jun 03 15:43:32.125430 dv-neutron-844310-3-hyperv devstack@n-api.service[125498]: INFO nova.api.openstack.requestlog [None req-2ac999a1-c731-4aa5-8cf8-b36e37811c81 tempest-ServerActionsTestJSON-1075193422 tempest-ServerActionsTestJSON-1075193422-project] 10.222.0.109 "GET /compute/v2.1/servers/5e19e0cd-ec32-4ffb-97ca-03329a9336ff" status: 200 len: 1368 microversion: 2.1 time: 0.495372
Jun 03 15:43:32.126028 dv-neutron-844310-3-hyperv devstack@n-api.service[125498]: [pid: 125498|app: 0|req: 33/66] 10.222.0.109 () {58 vars in 1240 bytes} [Fri Jun 3 15:43:31 2022] GET /compute/v2.1/servers/5e19e0cd-ec32-4ffb-97ca-03329a9336ff => generated 1368 bytes in 498 msecs (HTTP/1.1 200) 9 headers in 358 bytes (1 switches on core 0)
Jun 03 15:43:33.150213 dv-neutron-844310-3-hyperv devstack@n-api.service[125497]: DEBUG nova.api.openstack.wsgi [None req-6f4afe3d-52fb-4354-9ad1-432528b52db5 tempest-ServerActionsTestJSON-1075193422 tempest-ServerActionsTestJSON-1075193422-project] Calling method '>' {{(pid=125497) _process_stack /opt/stack/nova/nova/api/openstack/wsgi.py:513}}
Jun 03 15:43:33.151685 dv-neutron-844310-3-hyperv devstack@n-api.service[125497]: DEBUG nova.compute.api [None req-6f4afe3d-52fb-4354-9ad1-432528b52db5 tempest-ServerActionsTestJSON-1075193422 tempest-ServerActionsTestJSON-1075193422-project] [instance: 5e19e0cd-ec32-4ffb-97ca-03329a9336ff] Fetching instance by UUID {{(pid=125497) get /opt/stack/nova/nova/compute/api.py:2920}}
Jun 03 15:43:33.158759 dv-neutron-844310-3-hyperv devstack@n-api.service[125497]: DEBUG oslo_concurrency.lockutils [None req-6f4afe3d-52fb-4354-9ad1-432528b52db5 tempest-ServerActionsTestJSON-1075193422 tempest-ServerActionsTestJSON-1075193422-project] Lock "dfb56e30-a084-4274-9faf-46eb84001068" acquired by "nova.context.set_target_cell..get_or_set_cached_cell_and_set_connections" :: waited 0.000s {{(pid=125497) inner /usr/local/lib/python3.8/dist-packages/oslo_concurrency/lockutils.py:386}}
Jun 03 15:43:33.159561 dv-neutron-844310-3-hyperv devstack@n-api.service[125497]: DEBUG oslo_concurrency.lockutils [None req-6f4afe3d-52fb-4354-9ad1-432528b52db5 tempest-ServerActionsTestJSON-1075193422 tempest-ServerActionsTestJSON-1075193422-project] Lock "dfb56e30-a084-4274-9faf-46eb84001068" "released" by "nova.context.set_target_cell..get_or_set_cached_cell_and_set_connections" :: held 0.001s {{(pid=125497) inner /usr/local/lib/python3.8/dist-packages/oslo_concurrency/lockutils.py:400}}
Jun 03 15:43:33.161086 dv-neutron-844310-3-hyperv devstack@n-api.service[125497]: DEBUG oslo_concurrency.lockutils [None req-6f4afe3d-52fb-4354-9ad1-432528b52db5 tempest-ServerActionsTestJSON-1075193422 tempest-ServerActionsTestJSON-1075193422-project] Lock "dfb56e30-a084-4274-9faf-46eb84001068" acquired by "nova.context.set_target_cell..get_or_set_cached_cell_and_set_connections" :: waited 0.000s {{(pid=125497) inner /usr/local/lib/python3.8/dist-packages/oslo_concurrency/lockutils.py:386}}
Jun 03 15:43:33.161390 dv-neutron-844310-3-hyperv devstack@n-api.service[125497]: DEBUG oslo_concurrency.lockutils [None req-6f4afe3d-52fb-4354-9ad1-432528b52db5 tempest-ServerActionsTestJSON-1075193422 tempest-ServerActionsTestJSON-1075193422-project] Lock "dfb56e30-a084-4274-9faf-46eb84001068" "released" by "nova.context.set_target_cell..get_or_set_cached_cell_and_set_connections" :: held 0.000s {{(pid=125497) inner /usr/local/lib/python3.8/dist-packages/oslo_concurrency/lockutils.py:400}}
Jun 03 15:43:33.918012 dv-neutron-844310-3-hyperv devstack@n-api.service[125497]: DEBUG nova.policy [None req-6f4afe3d-52fb-4354-9ad1-432528b52db5 tempest-ServerActionsTestJSON-1075193422 tempest-ServerActionsTestJSON-1075193422-project] Policy check for os_compute_api:os-extended-server-attributes failed with credentials {'is_admin': False, 'user_id': '7e343bf1b0154175827c8c715b5e0c9b', 'user_domain_id': 'default', 'system_scope': None, 'domain_id': None, 'project_id': '2d9c151ba0f248989b03e4adce49ec1a', 'project_domain_id': 'default', 'roles': ['member', 'reader'], 'is_admin_project': True, 'service_user_id': None, 'service_user_domain_id': None, 'service_project_id': None, 'service_project_domain_id': None, 'service_roles': []} {{(pid=125497) authorize /opt/stack/nova/nova/policy.py:199}}
Jun 03 15:43:33.930526 dv-neutron-844310-3-hyperv devstack@n-api.service[125497]: INFO nova.api.openstack.requestlog [None req-6f4afe3d-52fb-4354-9ad1-432528b52db5 tempest-ServerActionsTestJSON-1075193422 tempest-ServerActionsTestJSON-1075193422-project] 10.222.0.109 "GET /compute/v2.1/servers/5e19e0cd-ec32-4ffb-97ca-03329a9336ff" status: 200 len: 1554 microversion: 2.1 time: 0.784250
Jun 03 15:43:33.931469 dv-neutron-844310-3-hyperv devstack@n-api.service[125497]: [pid: 125497|app: 0|req: 34/67] 10.222.0.109 () {58 vars in 1240 bytes} [Fri Jun 3 15:43:33 2022] GET /compute/v2.1/servers/5e19e0cd-ec32-4ffb-97ca-03329a9336ff => generated 1554 bytes in 786 msecs (HTTP/1.1 200) 9 headers in 358 bytes (2 switches on core 0)
Jun 03 15:43:33.948672 dv-neutron-844310-3-hyperv devstack@n-api.service[125498]: DEBUG nova.api.openstack.wsgi [None req-67c2c209-c4db-4675-824b-c4ae455016e4 tempest-ServerActionsTestJSON-1075193422 tempest-ServerActionsTestJSON-1075193422-project] Calling method '>' {{(pid=125498) _process_stack /opt/stack/nova/nova/api/openstack/wsgi.py:513}}
Jun 03 15:43:33.949781 dv-neutron-844310-3-hyperv devstack@n-api.service[125498]: DEBUG nova.compute.api [None req-67c2c209-c4db-4675-824b-c4ae455016e4 tempest-ServerActionsTestJSON-1075193422 tempest-ServerActionsTestJSON-1075193422-project] [instance: 5e19e0cd-ec32-4ffb-97ca-03329a9336ff] Fetching instance by UUID {{(pid=125498) get /opt/stack/nova/nova/compute/api.py:2920}}
Jun 03 15:43:33.956550 dv-neutron-844310-3-hyperv devstack@n-api.service[125498]: DEBUG oslo_concurrency.lockutils [None req-67c2c209-c4db-4675-824b-c4ae455016e4 tempest-ServerActionsTestJSON-1075193422 tempest-ServerActionsTestJSON-1075193422-project] Lock "dfb56e30-a084-4274-9faf-46eb84001068" acquired by "nova.context.set_target_cell..get_or_set_cached_cell_and_set_connections" :: waited 0.000s {{(pid=125498) inner /usr/local/lib/python3.8/dist-packages/oslo_concurrency/lockutils.py:386}}
Jun 03 15:43:33.957233 dv-neutron-844310-3-hyperv devstack@n-api.service[125498]: DEBUG oslo_concurrency.lockutils [None req-67c2c209-c4db-4675-824b-c4ae455016e4 tempest-ServerActionsTestJSON-1075193422 tempest-ServerActionsTestJSON-1075193422-project] Lock "dfb56e30-a084-4274-9faf-46eb84001068" "released" by "nova.context.set_target_cell..get_or_set_cached_cell_and_set_connections" :: held 0.001s {{(pid=125498) inner /usr/local/lib/python3.8/dist-packages/oslo_concurrency/lockutils.py:400}}
Jun 03 15:43:33.958209 dv-neutron-844310-3-hyperv devstack@n-api.service[125498]: DEBUG oslo_concurrency.lockutils [None req-67c2c209-c4db-4675-824b-c4ae455016e4 tempest-ServerActionsTestJSON-1075193422 tempest-ServerActionsTestJSON-1075193422-project] Lock "dfb56e30-a084-4274-9faf-46eb84001068" acquired by "nova.context.set_target_cell..get_or_set_cached_cell_and_set_connections" :: waited 0.000s {{(pid=125498) inner /usr/local/lib/python3.8/dist-packages/oslo_concurrency/lockutils.py:386}}
Jun 03 15:43:33.958706 dv-neutron-844310-3-hyperv devstack@n-api.service[125498]: DEBUG oslo_concurrency.lockutils [None req-67c2c209-c4db-4675-824b-c4ae455016e4 tempest-ServerActionsTestJSON-1075193422 tempest-ServerActionsTestJSON-1075193422-project] Lock "dfb56e30-a084-4274-9faf-46eb84001068" "released" by "nova.context.set_target_cell..get_or_set_cached_cell_and_set_connections" :: held 0.000s {{(pid=125498) inner /usr/local/lib/python3.8/dist-packages/oslo_concurrency/lockutils.py:400}}
Jun 03 15:43:34.206630 dv-neutron-844310-3-hyperv devstack@n-api.service[125498]: INFO nova.api.openstack.requestlog [None req-67c2c209-c4db-4675-824b-c4ae455016e4 tempest-ServerActionsTestJSON-1075193422 tempest-ServerActionsTestJSON-1075193422-project] 10.222.0.109 "GET /compute/v2.1/servers/5e19e0cd-ec32-4ffb-97ca-03329a9336ff/os-interface" status: 200 len: 284 microversion: 2.1 time: 0.261682
Jun 03 15:43:34.207829 dv-neutron-844310-3-hyperv devstack@n-api.service[125498]: [pid: 125498|app: 0|req: 34/68] 10.222.0.109 () {58 vars in 1279 bytes} [Fri Jun 3 15:43:33 2022] GET /compute/v2.1/servers/5e19e0cd-ec32-4ffb-97ca-03329a9336ff/os-interface => generated 284 bytes in 264 msecs (HTTP/1.1 200) 9 headers in 357 bytes (2 switches on core 0)
Jun 03 15:43:39.834762 dv-neutron-844310-3-hyperv devstack@n-api.service[125498]: DEBUG nova.api.openstack.wsgi [req-e23b331c-cd74-4cc5-8a64-8ae8fa4f1a1e req-a2a00a54-fc97-4391-8f5e-8697e89b0635 service nova] Action: 'create', calling method: >, body: {"events": [{"name": "network-changed", "server_uuid": "5e19e0cd-ec32-4ffb-97ca-03329a9336ff", "tag": "0c4dbcd9-0cc0-4f23-931c-db7c585dbcae"}]} {{(pid=125498) _process_stack /opt/stack/nova/nova/api/openstack/wsgi.py:511}}
Jun 03 15:43:39.841804 dv-neutron-844310-3-hyperv devstack@n-api.service[125497]: DEBUG nova.api.openstack.wsgi [None req-d297d5c6-50b5-4884-9a8e-56790352b805 tempest-ServerActionsTestJSON-1075193422 tempest-ServerActionsTestJSON-1075193422-project] Calling method '>' {{(pid=125497) _process_stack /opt/stack/nova/nova/api/openstack/wsgi.py:513}}
Jun 03 15:43:39.844175 dv-neutron-844310-3-hyperv devstack@n-api.service[125497]: DEBUG nova.compute.api [None req-d297d5c6-50b5-4884-9a8e-56790352b805 tempest-ServerActionsTestJSON-1075193422 tempest-ServerActionsTestJSON-1075193422-project] [instance: 5e19e0cd-ec32-4ffb-97ca-03329a9336ff] Fetching instance by UUID {{(pid=125497) get /opt/stack/nova/nova/compute/api.py:2920}}
Jun 03 15:43:39.851466 dv-neutron-844310-3-hyperv devstack@n-api.service[125497]: DEBUG dbcounter [-] [125497] Writing DB stats nova_api:SELECT=44 {{(pid=125497) stat_writer /usr/local/lib/python3.8/dist-packages/dbcounter.py:114}}
Jun 03 15:43:39.860655 dv-neutron-844310-3-hyperv devstack@n-api.service[125498]: DEBUG oslo_concurrency.lockutils [req-e23b331c-cd74-4cc5-8a64-8ae8fa4f1a1e req-a2a00a54-fc97-4391-8f5e-8697e89b0635 service nova] Lock "dfb56e30-a084-4274-9faf-46eb84001068" acquired by "nova.context.set_target_cell..get_or_set_cached_cell_and_set_connections" :: waited 0.000s {{(pid=125498) inner /usr/local/lib/python3.8/dist-packages/oslo_concurrency/lockutils.py:386}}
