Jun 01 16:17:06.542832 dv-neutron-844310-2-hyperv neutron-server[104812]: DEBUG neutron.services.segments.db [None req-11531733-da53-4d61-938a-303f28605f69 tempest-ExternalNetworksTestJSON-583424334 tempest-ExternalNetworksTestJSON-583424334-project-admin] neutron.services.segments.plugin.Plugin method get_segments called with arguments (,) {'filters': {'network_id': ['0cd51ac3-e943-490d-a6f0-236512fc91ad']}} {{(pid=104812) wrapper /usr/local/lib/python3.8/dist-packages/oslo_log/helpers.py:65}}
Jun 01 16:17:06.568089 dv-neutron-844310-2-hyperv neutron-server[104813]: DEBUG neutron.scheduler.dhcp_agent_scheduler [None req-d8b9bb84-90a0-462d-9ebf-123add4e226c admin admin] Network da74b1b2-6ce1-4799-bbc5-b3eee51abb76 is already hosted by enough agents. {{(pid=104813) _get_dhcp_agents_hosting_network /opt/stack/neutron/neutron/scheduler/dhcp_agent_scheduler.py:275}}
Jun 01 16:17:06.572118 dv-neutron-844310-2-hyperv neutron-server[104813]: DEBUG neutron_lib.callbacks.manager [None req-34bd317d-9960-4414-8c54-362932853564 tempest-QuotasNegativeTest-1433700420 tempest-QuotasNegativeTest-1433700420-project-admin] Publish callbacks [] for security_group (c412b29a-bbe9-4b04-8551-934663f39e0a), before_delete {{(pid=104813) _notify_loop /usr/local/lib/python3.8/dist-packages/neutron_lib/callbacks/manager.py:176}}
Jun 01 16:17:06.585225 dv-neutron-844310-2-hyperv neutron-server[104812]: DEBUG neutron.services.segments.db [None req-11531733-da53-4d61-938a-303f28605f69 tempest-ExternalNetworksTestJSON-583424334 tempest-ExternalNetworksTestJSON-583424334-project-admin] neutron.services.segments.plugin.Plugin method delete_segment called with arguments (, '2a7d4f15-16bb-4885-b567-163afc95174e') {'for_net_delete': True} {{(pid=104812) wrapper /usr/local/lib/python3.8/dist-packages/oslo_log/helpers.py:65}}
Jun 01 16:17:06.585225 dv-neutron-844310-2-hyperv neutron-server[104812]: DEBUG neutron.services.segments.db [None req-11531733-da53-4d61-938a-303f28605f69 tempest-ExternalNetworksTestJSON-583424334 tempest-ExternalNetworksTestJSON-583424334-project-admin] neutron.services.segments.plugin.Plugin method get_segment called with arguments (, '2a7d4f15-16bb-4885-b567-163afc95174e') {} {{(pid=104812) wrapper /usr/local/lib/python3.8/dist-packages/oslo_log/helpers.py:65}}
Jun 01 16:17:06.592645 dv-neutron-844310-2-hyperv neutron-server[104812]: DEBUG neutron.scheduler.dhcp_agent_scheduler [None req-b55b81d8-220f-4f8f-8a4c-0f088e056890 admin admin] Network da0109ad-00c6-4a82-82f5-d94e4e7edaef is already hosted by enough agents. {{(pid=104812) _get_dhcp_agents_hosting_network /opt/stack/neutron/neutron/scheduler/dhcp_agent_scheduler.py:275}}
Jun 01 16:17:06.595369 dv-neutron-844310-2-hyperv neutron-server[104813]: DEBUG neutron.pecan_wsgi.hooks.quota_enforcement [None req-ebc774ab-cc95-4ceb-8ab1-4fab5a0afcd0 tempest-DHCPAgentSchedulersTestJSON-1358911874 tempest-DHCPAgentSchedulersTestJSON-1358911874-project] Made reservation on behalf of 74fe56cc45b0406f958f0703f5fbd02a for: {'port': 1} {{(pid=104813) before /opt/stack/neutron/neutron/pecan_wsgi/hooks/quota_enforcement.py:53}}
Jun 01 16:17:06.599180 dv-neutron-844310-2-hyperv neutron-server[104813]: DEBUG neutron_lib.callbacks.manager [None req-ebc774ab-cc95-4ceb-8ab1-4fab5a0afcd0 tempest-DHCPAgentSchedulersTestJSON-1358911874 tempest-DHCPAgentSchedulersTestJSON-1358911874-project] Publish callbacks ['neutron.plugins.ml2.plugin.SecurityGroupDbMixin._ensure_default_security_group_handler-1794284'] for port (None), before_create {{(pid=104813) _notify_loop /usr/local/lib/python3.8/dist-packages/neutron_lib/callbacks/manager.py:176}}
Jun 01 16:17:06.601712 dv-neutron-844310-2-hyperv neutron-server[104813]: DEBUG neutron.scheduler.base_scheduler [None req-d8b9bb84-90a0-462d-9ebf-123add4e226c admin admin] Resources bound (agent type, host, resource id): {{(pid=104813) schedule /opt/stack/neutron/neutron/scheduler/base_scheduler.py:57}}
Jun 01 16:17:06.622430 dv-neutron-844310-2-hyperv neutron-server[104813]: DEBUG neutron.db.l3_dvrscheduler_db [None req-d8b9bb84-90a0-462d-9ebf-123add4e226c admin admin] Received port after_create {{(pid=104813) _notify_l3_agent_new_port /opt/stack/neutron/neutron/db/l3_dvrscheduler_db.py:542}}
Jun 01 16:17:06.623132 dv-neutron-844310-2-hyperv neutron-server[104813]: DEBUG neutron_lib.callbacks.manager [None req-d8b9bb84-90a0-462d-9ebf-123add4e226c admin admin] Publish callbacks ['neutron.services.l3_router.l3_router_plugin.DVRResourceOperationHandler._add_csnat_on_interface_create-647034'] for router_interface (0e0b452a-3c50-4881-9ebc-127ac427afbc), before_create {{(pid=104813) _notify_loop /usr/local/lib/python3.8/dist-packages/neutron_lib/callbacks/manager.py:176}}
Jun 01 16:17:06.629843 dv-neutron-844310-2-hyperv neutron-server[104812]: DEBUG dbcounter [-] [104812] Writing DB stats neutron:SELECT=93,neutron:UPDATE=3,neutron:INSERT=3,neutron:DELETE=1 {{(pid=104812) stat_writer /usr/local/lib/python3.8/dist-packages/dbcounter.py:114}}
Jun 01 16:17:06.642081 dv-neutron-844310-2-hyperv neutron-server[104812]: DEBUG neutron_lib.callbacks.manager [None req-11531733-da53-4d61-938a-303f28605f69 tempest-ExternalNetworksTestJSON-583424334 tempest-ExternalNetworksTestJSON-583424334-project-admin] Publish callbacks ['neutron.plugins.ml2.db._prevent_segment_delete_with_port_bound-8753657778086', 'neutron.services.segments.plugin.Plugin._prevent_segment_delete_with_subnet_associated-10262811'] for segment (2a7d4f15-16bb-4885-b567-163afc95174e), before_delete {{(pid=104812) _notify_loop /usr/local/lib/python3.8/dist-packages/neutron_lib/callbacks/manager.py:176}}
Jun 01 16:17:06.647856 dv-neutron-844310-2-hyperv neutron-server[104812]: DEBUG neutron.scheduler.base_scheduler [None req-b55b81d8-220f-4f8f-8a4c-0f088e056890 admin admin] Resources bound (agent type, host, resource id): {{(pid=104812) schedule /opt/stack/neutron/neutron/scheduler/base_scheduler.py:57}}
Jun 01 16:17:06.652907 dv-neutron-844310-2-hyperv neutron-server[104812]: DEBUG neutron.db.l3_dvrscheduler_db [None req-b55b81d8-220f-4f8f-8a4c-0f088e056890 admin admin] Received port after_create {{(pid=104812) _notify_l3_agent_new_port /opt/stack/neutron/neutron/db/l3_dvrscheduler_db.py:542}}
Jun 01 16:17:06.691315 dv-neutron-844310-2-hyperv neutron-server[104813]: DEBUG neutron.api.rpc.handlers.resources_rpc [None req-d8b9bb84-90a0-462d-9ebf-123add4e226c admin admin] Pushing event updated for resources: {'Port': ['ID=7e40d86c-da22-40af-ae7f-dd1396a2cfe8,revision_number=1']} {{(pid=104813) push /opt/stack/neutron/neutron/api/rpc/handlers/resources_rpc.py:237}}
Jun 01 16:17:06.692346 dv-neutron-844310-2-hyperv neutron-server[104814]: DEBUG neutron.db.provisioning_blocks [None req-db34b22a-5438-4d66-9c26-6f462df86c7c None None] Provisioning complete for port 96eb43ab-97f3-4e30-9cd1-b1471ffac53c triggered by entity L2. {{(pid=104814) provisioning_complete /opt/stack/neutron/neutron/db/provisioning_blocks.py:145}}
Jun 01 16:17:06.692808 dv-neutron-844310-2-hyperv neutron-server[104814]: DEBUG neutron_lib.callbacks.manager [None req-db34b22a-5438-4d66-9c26-6f462df86c7c None None] Publish callbacks ['neutron.plugins.ml2.plugin.Ml2Plugin._port_provisioned-1714711'] for port (96eb43ab-97f3-4e30-9cd1-b1471ffac53c), provisioning_complete {{(pid=104814) _notify_loop /usr/local/lib/python3.8/dist-packages/neutron_lib/callbacks/manager.py:176}}
Jun 01 16:17:06.714255 dv-neutron-844310-2-hyperv neutron-server[104812]: DEBUG neutron.api.rpc.handlers.resources_rpc [None req-b55b81d8-220f-4f8f-8a4c-0f088e056890 admin admin] Pushing event updated for resources: {'Port': ['ID=4daae127-02d8-4765-ad66-aa4ebd4560e6,revision_number=1']} {{(pid=104812) push /opt/stack/neutron/neutron/api/rpc/handlers/resources_rpc.py:237}}
Jun 01 16:17:06.745606 dv-neutron-844310-2-hyperv neutron-server[104813]: DEBUG neutron_lib.callbacks.manager [None req-34bd317d-9960-4414-8c54-362932853564 tempest-QuotasNegativeTest-1433700420 tempest-QuotasNegativeTest-1433700420-project-admin] Publish callbacks [] for security_group (c412b29a-bbe9-4b04-8551-934663f39e0a), precommit_delete {{(pid=104813) _notify_loop /usr/local/lib/python3.8/dist-packages/neutron_lib/callbacks/manager.py:176}}
Jun 01 16:17:06.772110 dv-neutron-844310-2-hyperv neutron-server[104814]: DEBUG neutron.db.db_base_plugin_common [None req-f0a6f411-bfa3-444e-b29a-df2a357d6093 None None] Allocated IP 172.20.0.2 (3494ced0-86e8-4806-af5c-3c6a13eafbac/c627a8c0-1af5-4acc-b889-348220aa298e/15655306-f761-46cd-8011-6210603cbe65) {{(pid=104814) _store_ip_allocation /opt/stack/neutron/neutron/db/db_base_plugin_common.py:131}}
Jun 01 16:17:06.812574 dv-neutron-844310-2-hyperv neutron-server[104813]: DEBUG neutron.notifiers.nova [None req-ebc774ab-cc95-4ceb-8ab1-4fab5a0afcd0 tempest-DHCPAgentSchedulersTestJSON-1358911874 tempest-DHCPAgentSchedulersTestJSON-1358911874-project] device_id is not set on port 801a661a-c930-462b-831b-aac394644e1b yet. {{(pid=104813) _can_notify /opt/stack/neutron/neutron/notifiers/nova.py:199}}
Jun 01 16:17:06.819835 dv-neutron-844310-2-hyperv neutron-server[104813]: DEBUG neutron.pecan_wsgi.hooks.quota_enforcement [None req-afbee42b-1fe2-4a9f-a793-b1bf080d7bc8 tempest-NetworksTestDHCPv6-2072351186 tempest-NetworksTestDHCPv6-2072351186-project] Made reservation on behalf of 797934c3ea364d838a8368f61802de69 for: {'port': 1} {{(pid=104813) before /opt/stack/neutron/neutron/pecan_wsgi/hooks/quota_enforcement.py:53}}
Jun 01 16:17:06.823655 dv-neutron-844310-2-hyperv neutron-server[104813]: DEBUG neutron_lib.callbacks.manager [None req-afbee42b-1fe2-4a9f-a793-b1bf080d7bc8 tempest-NetworksTestDHCPv6-2072351186 tempest-NetworksTestDHCPv6-2072351186-project] Publish callbacks ['neutron.plugins.ml2.plugin.SecurityGroupDbMixin._ensure_default_security_group_handler-1794284'] for port (None), before_create {{(pid=104813) _notify_loop /usr/local/lib/python3.8/dist-packages/neutron_lib/callbacks/manager.py:176}}
Jun 01 16:17:06.829708 dv-neutron-844310-2-hyperv neutron-server[104814]: DEBUG neutron.db.l3_hamode_db [None req-629e049f-8e86-464c-9876-bee6e918ba6c None None] neutron.services.l3_router.l3_router_plugin.L3RouterPlugin method _process_sync_ha_data called with arguments (, [{'id': '133993aa-f19c-4957-a06c-138c44bd75aa', 'name': 'tempest-ServersTestJSON-1854088534-router', 'tenant_id': 'ca3e0fe8c80443b396e08ca3aa3f3439', 'admin_state_up': True, 'status': 'ACTIVE', 'external_gateway_info': {'network_id': 'da0109ad-00c6-4a82-82f5-d94e4e7edaef', 'external_fixed_ips': [{'subnet_id': '8bbc0600-0aa1-4355-bb3a-f6b4892a2b5c', 'ip_address': '172.26.1.135'}], 'enable_snat': True}, 'gw_port_id': '9b0d8890-9f2a-4cfd-a64d-68070fe26794', 'description': '', 'availability_zones': ['nova'], 'distributed': False, 'ha': False, 'ha_vr_id': 0, 'availability_zone_hints': [], 'routes': [], 'flavor_id': None, 'tags': [], 'created_at': '2022-06-01T16:16:58Z', 'updated_at': '2022-06-01T16:17:01Z', 'revision_number': 3, 'project_id': 'ca3e0fe8c80443b396e08ca3aa3f3439', 'gw_port': {'id': '9b0d8890-9f2a-4cfd-a64d-68070fe26794', 'name': '', 'network_id': 'da0109ad-00c6-4a82-82f5-d94e4e7edaef', 'tenant_id': '', 'mac_address': 'fa:16:3e:7c:d0:41', 'admin_state_up': True, 'status': 'DOWN', 'device_id': '133993aa-f19c-4957-a06c-138c44bd75aa', 'device_owner': 'network:router_gateway', 'standard_attr_id': 67, 'fixed_ips': [{'subnet_id': '8bbc0600-0aa1-4355-bb3a-f6b4892a2b5c', 'ip_address': '172.26.1.135', 'prefixlen': 24}], 'allowed_address_pairs': [], 'extra_dhcp_opts': [], 'security_groups': [], 'description': '', 'binding:vnic_type': 'normal', 'binding:profile': {}, 'binding:host_id': '', 'binding:vif_type': 'unbound', 'binding:vif_details': {}, 'port_security_enabled': False, 'tags': [], 'created_at': '2022-06-01T16:16:59Z', 'updated_at': '2022-06-01T16:16:59Z', 'revision_number': 1, 'project_id': '', 'subnets': [{'id': '8bbc0600-0aa1-4355-bb3a-f6b4892a2b5c', 'cidr': '172.26.1.0/24', 'gateway_ip': '172.26.1.1', 'dns_nameservers': [], 'ipv6_ra_mode': None, 'subnetpool_id': None}], 'extra_subnets': [], 'address_scopes': {4: None, 6: None}, 'mtu': 1500}, 'enable_snat': True, 'gw_port_host': 'dv-neutron-844310-2-hyperv'}], 'dv-neutron-844310-2-hyperv', False) {} {{(pid=104814) wrapper /usr/local/lib/python3.8/dist-packages/oslo_log/helpers.py:65}}
Jun 01 16:17:06.883163 dv-neutron-844310-2-hyperv neutron-server[104813]: DEBUG dbcounter [-] [104813] Writing DB stats neutron:SELECT=95,neutron:INSERT=5 {{(pid=104813) stat_writer /usr/local/lib/python3.8/dist-packages/dbcounter.py:114}}
Jun 01 16:17:06.996625 dv-neutron-844310-2-hyperv neutron-server[104814]: DEBUG neutron.api.rpc.handlers.l3_rpc [None req-629e049f-8e86-464c-9876-bee6e918ba6c None None] Checking router: 133993aa-f19c-4957-a06c-138c44bd75aa for host: dv-neutron-844310-2-hyperv {{(pid=104814) _ensure_host_set_on_ports /opt/stack/neutron/neutron/api/rpc/handlers/l3_rpc.py:155}}
Jun 01 16:17:06.996972 dv-neutron-844310-2-hyperv neutron-server[104814]: DEBUG neutron.api.rpc.handlers.l3_rpc [None req-629e049f-8e86-464c-9876-bee6e918ba6c None None] Updating router 133993aa-f19c-4957-a06c-138c44bd75aa port 9b0d8890-9f2a-4cfd-a64d-68070fe26794 binding host dv-neutron-844310-2-hyperv {{(pid=104814) _ensure_host_set_on_port /opt/stack/neutron/neutron/api/rpc/handlers/l3_rpc.py:205}}
Jun 01 16:17:07.003651 dv-neutron-844310-2-hyperv neutron-server[104814]: DEBUG dbcounter [-] [104814] Writing DB stats neutron:SELECT=92,neutron:INSERT=3,neutron:UPDATE=5 {{(pid=104814) stat_writer /usr/local/lib/python3.8/dist-packages/dbcounter.py:114}}
Jun 01 16:17:07.052344 dv-neutron-844310-2-hyperv neutron-server[104812]: DEBUG neutron_lib.callbacks.manager [None req-11531733-da53-4d61-938a-303f28605f69 tempest-ExternalNetworksTestJSON-583424334 tempest-ExternalNetworksTestJSON-583424334-project-admin] Publish callbacks ['neutron.plugins.ml2.plugin.Ml2Plugin._handle_segment_change-1723386'] for segment (2a7d4f15-16bb-4885-b567-163afc95174e), precommit_delete {{(pid=104812) _notify_loop /usr/local/lib/python3.8/dist-packages/neutron_lib/callbacks/manager.py:176}}
Jun 01 16:17:07.065334 dv-neutron-844310-2-hyperv neutron-server[104812]: DEBUG neutron.db.l3_dvrscheduler_db [None req-b6e10f7e-a391-4665-b5f1-fe027bef02d8 tempest-RoutersTestDVR-1739338042 tempest-RoutersTestDVR-1739338042-project-admin] Hosts for router 13b357cd-24d7-4077-8222-4c3228461c31: [] {{(pid=104812) _get_dvr_hosts_for_router /opt/stack/neutron/neutron/db/l3_dvrscheduler_db.py:330}}
Jun 01 16:17:07.068063 dv-neutron-844310-2-hyperv neutron-server[104812]: DEBUG neutron.plugins.ml2.drivers.type_vlan [None req-11531733-da53-4d61-938a-303f28605f69 tempest-ExternalNetworksTestJSON-583424334 tempest-ExternalNetworksTestJSON-583424334-project-admin] Releasing vlan 303 on physical network physnet1 to pool {{(pid=104812) release_segment /opt/stack/neutron/neutron/plugins/ml2/drivers/type_vlan.py:304}}
Jun 01 16:17:07.069698 dv-neutron-844310-2-hyperv neutron-server[104812]: DEBUG neutron_lib.callbacks.manager [None req-11531733-da53-4d61-938a-303f28605f69 tempest-ExternalNetworksTestJSON-583424334 tempest-ExternalNetworksTestJSON-583424334-project-admin] Publish callbacks ['neutron.plugins.ml2.plugin.Ml2Plugin._handle_segment_change-1723386', 'neutron.services.segments.plugin.NovaSegmentNotifier._notify_segment_deleted-10166458'] for segment (2a7d4f15-16bb-4885-b567-163afc95174e), after_delete {{(pid=104812) _notify_loop /usr/local/lib/python3.8/dist-packages/neutron_lib/callbacks/manager.py:176}}
Jun 01 16:17:07.070978 dv-neutron-844310-2-hyperv neutron-server[104813]: DEBUG neutron.notifiers.nova [None req-afbee42b-1fe2-4a9f-a793-b1bf080d7bc8 tempest-NetworksTestDHCPv6-2072351186 tempest-NetworksTestDHCPv6-2072351186-project] device_id is not set on port bf43461d-d734-47c4-bb20-22dd19f674ff yet. {{(pid=104813) _can_notify /opt/stack/neutron/neutron/notifiers/nova.py:199}}
Jun 01 16:17:07.106061 dv-neutron-844310-2-hyperv neutron-server[104814]: DEBUG neutron.db.db_base_plugin_common [None req-77b44cb6-0a20-454b-b47f-02f8ba142579 None None] Allocated IP 2001:db8::2 (3df8be5a-6b3c-4602-afda-5ada75a744ee/7b2a50f8-7686-478b-aeeb-333c3a3c5e4f/fbddae3a-cbb3-4609-9b54-73267e612a98) {{(pid=104814) _store_ip_allocation /opt/stack/neutron/neutron/db/db_base_plugin_common.py:131}}
Jun 01 16:17:07.115218 dv-neutron-844310-2-hyperv neutron-server[104814]: DEBUG dbcounter [-] [104814] Writing DB stats neutron:SELECT=95,neutron:INSERT=5 {{(pid=104814) stat_writer /usr/local/lib/python3.8/dist-packages/dbcounter.py:114}}
Jun 01 16:17:07.116452 dv-neutron-844310-2-hyperv neutron-server[104814]: DEBUG neutron_lib.callbacks.manager [None req-629e049f-8e86-464c-9876-bee6e918ba6c None None] Publish callbacks ['neutron.plugins.ml2.plugin.SecurityGroupDbMixin._ensure_default_security_group_handler-1794284'] for port (9b0d8890-9f2a-4cfd-a64d-68070fe26794), before_update {{(pid=104814) _notify_loop /usr/local/lib/python3.8/dist-packages/neutron_lib/callbacks/manager.py:176}}
Jun 01 16:17:07.198496 dv-neutron-844310-2-hyperv neutron-server[104814]: DEBUG neutron.db.provisioning_blocks [None req-4b46ebe4-1d8e-4f7e-9c8f-0627178cdfe9 None None] Provisioning complete for port 7e40d86c-da22-40af-ae7f-dd1396a2cfe8 triggered by entity DHCP. {{(pid=104814) provisioning_complete /opt/stack/neutron/neutron/db/provisioning_blocks.py:145}}
Jun 01 16:17:07.198997 dv-neutron-844310-2-hyperv neutron-server[104814]: DEBUG neutron_lib.callbacks.manager [None req-4b46ebe4-1d8e-4f7e-9c8f-0627178cdfe9 None None] Publish callbacks ['neutron.plugins.ml2.plugin.Ml2Plugin._port_provisioned-1714711'] for port (7e40d86c-da22-40af-ae7f-dd1396a2cfe8), provisioning_complete {{(pid=104814) _notify_loop /usr/local/lib/python3.8/dist-packages/neutron_lib/callbacks/manager.py:176}}
Jun 01 16:17:07.234096 dv-neutron-844310-2-hyperv neutron-server[104812]: DEBUG neutron.db.l3_dvrscheduler_db [None req-b6e10f7e-a391-4665-b5f1-fe027bef02d8 tempest-RoutersTestDVR-1739338042 tempest-RoutersTestDVR-1739338042-project-admin] Hosts for other DVR routers connected to router 13b357cd-24d7-4077-8222-4c3228461c31: set() {{(pid=104812) _get_other_dvr_hosts /opt/stack/neutron/neutron/db/l3_dvrscheduler_db.py:347}}
Jun 01 16:17:07.237519 dv-neutron-844310-2-hyperv neutron-server[104812]: DEBUG neutron_lib.callbacks.manager [None req-b6e10f7e-a391-4665-b5f1-fe027bef02d8 tempest-RoutersTestDVR-1739338042 tempest-RoutersTestDVR-1739338042-project-admin] Publish callbacks [] for router (None), before_response {{(pid=104812) _notify_loop /usr/local/lib/python3.8/dist-packages/neutron_lib/callbacks/manager.py:176}}
Jun 01 16:17:07.238966 dv-neutron-844310-2-hyperv neutron-server[104812]: INFO neutron.wsgi [None req-b6e10f7e-a391-4665-b5f1-fe027bef02d8 tempest-RoutersTestDVR-1739338042 tempest-RoutersTestDVR-1739338042-project-admin] 10.222.0.15 "PUT /v2.0/routers/13b357cd-24d7-4077-8222-4c3228461c31 HTTP/1.1" status: 200 len: 717 time: 2.1670275
Jun 01 16:17:07.245676 dv-neutron-844310-2-hyperv neutron-server[104812]: DEBUG neutron.wsgi [-] (104812) accepted ('10.222.0.15', 33002) {{(pid=104812) server /usr/local/lib/python3.8/dist-packages/eventlet/wsgi.py:1004}}
Jun 01 16:17:07.250125 dv-neutron-844310-2-hyperv neutron-server[104814]: DEBUG neutron.plugins.ml2.plugin [None req-4b46ebe4-1d8e-4f7e-9c8f-0627178cdfe9 None None] Port 7e40d86c-da22-40af-ae7f-dd1396a2cfe8 cannot update to ACTIVE because it is not bound. {{(pid=104814) _port_provisioned /opt/stack/neutron/neutron/plugins/ml2/plugin.py:354}}
Jun 01 16:17:07.262843 dv-neutron-844310-2-hyperv neutron-server[104813]: DEBUG neutron_lib.callbacks.manager [None req-34bd317d-9960-4414-8c54-362932853564 tempest-QuotasNegativeTest-1433700420 tempest-QuotasNegativeTest-1433700420-project-admin] Publish callbacks ['neutron.plugins.ml2.ovo_rpc._ObjectChangeHandler.handle_event-749784'] for security_group (c412b29a-bbe9-4b04-8551-934663f39e0a), after_delete {{(pid=104813) _notify_loop /usr/local/lib/python3.8/dist-packages/neutron_lib/callbacks/manager.py:176}}
Jun 01 16:17:07.265142 dv-neutron-844310-2-hyperv neutron-server[104813]: DEBUG neutron_lib.callbacks.manager [None req-34bd317d-9960-4414-8c54-362932853564 tempest-QuotasNegativeTest-1433700420 tempest-QuotasNegativeTest-1433700420-project-admin] Publish callbacks [] for security_group (None), before_response {{(pid=104813) _notify_loop /usr/local/lib/python3.8/dist-packages/neutron_lib/callbacks/manager.py:176}}
Jun 01 16:17:07.266379 dv-neutron-844310-2-hyperv neutron-server[104813]: INFO neutron.wsgi [None req-34bd317d-9960-4414-8c54-362932853564 tempest-QuotasNegativeTest-1433700420 tempest-QuotasNegativeTest-1433700420-project-admin] 10.222.0.15 "DELETE /v2.0/security-groups/c412b29a-bbe9-4b04-8551-934663f39e0a HTTP/1.1" status: 204 len: 168 time: 1.4803836
Jun 01 16:17:07.272875 dv-neutron-844310-2-hyperv neutron-server[104814]: DEBUG neutron.plugins.ml2.plugin [None req-db34b22a-5438-4d66-9c26-6f462df86c7c None None] Current status of the port 96eb43ab-97f3-4e30-9cd1-b1471ffac53c is: ACTIVE; New status is: ACTIVE {{(pid=104814) _update_individual_port_db_status /opt/stack/neutron/neutron/plugins/ml2/plugin.py:2298}}
Jun 01 16:17:07.274002 dv-neutron-844310-2-hyperv neutron-server[104814]: DEBUG neutron.plugins.ml2.rpc [None req-db34b22a-5438-4d66-9c26-6f462df86c7c None None] Device e1a6f832-6725-4f98-921f-34b770839974 up at agent ovs-agent-dv-neutron-844310-2-hyperv {{(pid=104814) update_device_up /opt/stack/neutron/neutron/plugins/ml2/rpc.py:296}}
Jun 01 16:17:07.281569 dv-neutron-844310-2-hyperv neutron-server[104812]: DEBUG neutron.wsgi [-] (104812) accepted ('10.222.0.15', 33004) {{(pid=104812) server /usr/local/lib/python3.8/dist-packages/eventlet/wsgi.py:1004}}
Jun 01 16:17:07.339890 dv-neutron-844310-2-hyperv neutron-server[104813]: DEBUG neutron.api.rpc.handlers.resources_rpc [None req-34bd317d-9960-4414-8c54-362932853564 tempest-QuotasNegativeTest-1433700420 tempest-QuotasNegativeTest-1433700420-project-admin] Pushing event deleted for resources: {'SecurityGroup': ['ID=c412b29a-bbe9-4b04-8551-934663f39e0a,revision_number=None']} {{(pid=104813) push /opt/stack/neutron/neutron/api/rpc/handlers/resources_rpc.py:237}}
Jun 01 16:17:07.367080 dv-neutron-844310-2-hyperv neutron-server[104813]: DEBUG neutron_lib.callbacks.manager [None req-d8b9bb84-90a0-462d-9ebf-123add4e226c admin admin] Publish callbacks ['neutron.plugins.ml2.plugin.SecurityGroupDbMixin._ensure_default_security_group_handler-1794284'] for port (7e40d86c-da22-40af-ae7f-dd1396a2cfe8), before_update {{(pid=104813) _notify_loop /usr/local/lib/python3.8/dist-packages/neutron_lib/callbacks/manager.py:176}}
Jun 01 16:17:07.402310 dv-neutron-844310-2-hyperv neutron-server[104812]: DEBUG dbcounter [-] [104812] Writing DB stats neutron:SELECT=91,neutron:DELETE=6,neutron:UPDATE=3 {{(pid=104812) stat_writer /usr/local/lib/python3.8/dist-packages/dbcounter.py:114}}
Jun 01 16:17:07.439905 dv-neutron-844310-2-hyperv neutron-server[104812]: DEBUG neutron_lib.callbacks.manager [None req-11531733-da53-4d61-938a-303f28605f69 tempest-ExternalNetworksTestJSON-583424334 tempest-ExternalNetworksTestJSON-583424334-project-admin] Publish callbacks ['neutron.plugins.ml2.plugin.Ml2Plugin._network_delete_after_delete_handler-1726705', 'neutron.plugins.ml2.ovo_rpc._ObjectChangeHandler.handle_event-695310', 'neutron.api.rpc.agentnotifiers.dhcp_rpc_agent_api.DhcpAgentNotifyAPI._native_event_send_dhcp_notification-562758', 'neutron.services.l3_router.l3_router_plugin.DVRResourceOperationHandler.delete_fip_namespaces_for_ext_net-647114'] for network (0cd51ac3-e943-490d-a6f0-236512fc91ad), after_delete {{(pid=104812) _notify_loop /usr/local/lib/python3.8/dist-packages/neutron_lib/callbacks/manager.py:176}}
Jun 01 16:17:07.453778 dv-neutron-844310-2-hyperv neutron-server[104812]: INFO neutron.wsgi [None req-0f04ad78-203b-46db-915d-d63ef335dc60 tempest-RoutersTestDVR-1739338042 tempest-RoutersTestDVR-1739338042-project-admin] 10.222.0.15 "GET /v2.0/routers/13b357cd-24d7-4077-8222-4c3228461c31 HTTP/1.1" status: 200 len: 717 time: 0.2066679
Jun 01 16:17:07.462438 dv-neutron-844310-2-hyperv neutron-server[104813]: DEBUG neutron.wsgi [-] (104813) accepted ('10.222.0.15', 33012) {{(pid=104813) server /usr/local/lib/python3.8/dist-packages/eventlet/wsgi.py:1004}}
Jun 01 16:17:07.502697 dv-neutron-844310-2-hyperv neutron-server[104812]: DEBUG neutron.api.rpc.agentnotifiers.l3_rpc_agent_api [None req-11531733-da53-4d61-938a-303f28605f69 tempest-ExternalNetworksTestJSON-583424334 tempest-ExternalNetworksTestJSON-583424334-project-admin] Fanout notify agent at l3_agent the message fipnamespace_delete_on_ext_net for external_network 0cd51ac3-e943-490d-a6f0-236512fc91ad {{(pid=104812) _notification_fanout /opt/stack/neutron/neutron/api/rpc/agentnotifiers/l3_rpc_agent_api.py:120}}
Jun 01 16:17:07.521754 dv-neutron-844310-2-hyperv neutron-server[104812]: DEBUG neutron_lib.callbacks.manager [None req-11531733-da53-4d61-938a-303f28605f69 tempest-ExternalNetworksTestJSON-583424334 tempest-ExternalNetworksTestJSON-583424334-project-admin] Publish callbacks ['neutron.api.rpc.agentnotifiers.dhcp_rpc_agent_api.DhcpAgentNotifyAPI._send_dhcp_notification-562772'] for network (None), before_response {{(pid=104812) _notify_loop /usr/local/lib/python3.8/dist-packages/neutron_lib/callbacks/manager.py:176}}
Jun 01 16:17:07.525142 dv-neutron-844310-2-hyperv neutron-server[104812]: INFO neutron.wsgi [None req-11531733-da53-4d61-938a-303f28605f69 tempest-ExternalNetworksTestJSON-583424334 tempest-ExternalNetworksTestJSON-583424334-project-admin] 10.222.0.15 "DELETE /v2.0/networks/0cd51ac3-e943-490d-a6f0-236512fc91ad HTTP/1.1" status: 204 len: 168 time: 2.1736124
Jun 01 16:17:07.526390 dv-neutron-844310-2-hyperv neutron-server[104812]: DEBUG neutron.api.rpc.handlers.resources_rpc [None req-11531733-da53-4d61-938a-303f28605f69 tempest-ExternalNetworksTestJSON-583424334 tempest-ExternalNetworksTestJSON-583424334-project-admin] Pushing event deleted for resources: {'Network': ['ID=0cd51ac3-e943-490d-a6f0-236512fc91ad,revision_number=None']} {{(pid=104812) push /opt/stack/neutron/neutron/api/rpc/handlers/resources_rpc.py:237}}
Jun 01 16:17:07.533587 dv-neutron-844310-2-hyperv neutron-server[104812]: DEBUG neutron.wsgi [-] (104812) accepted ('10.222.0.15', 33016) {{(pid=104812) server /usr/local/lib/python3.8/dist-packages/eventlet/wsgi.py:1004}}
Jun 01 16:17:07.535050 dv-neutron-844310-2-hyperv neutron-server[104813]: DEBUG neutron_lib.callbacks.manager [None req-f8485c96-abbd-4763-9fb2-f56f14ed3fae admin admin] Publish callbacks ['neutron.plugins.ml2.plugin.SecurityGroupDbMixin._ensure_default_security_group_handler-1794284'] for port (None), before_create {{(pid=104813) _notify_loop /usr/local/lib/python3.8/dist-packages/neutron_lib/callbacks/manager.py:176}}
Jun 01 16:17:07.540011 dv-neutron-844310-2-hyperv neutron-server[104812]: DEBUG neutron.api.v2.base [None req-bf3fe04b-2c55-4731-b481-a856e95dc8a7 tempest-ExternalNetworksTestJSON-583424334 tempest-ExternalNetworksTestJSON-583424334-project-admin] Request body: {'network': {'router:external': True}} {{(pid=104812) prepare_request_body /opt/stack/neutron/neutron/api/v2/base.py:730}}
Jun 01 16:17:07.568570 dv-neutron-844310-2-hyperv neutron-server[104812]: DEBUG neutron_lib.callbacks.manager [None req-01b58a21-8c86-4969-aa45-c63b46d5a3b4 tempest-QuotasNegativeTest-1433700420 tempest-QuotasNegativeTest-1433700420-project-admin] Publish callbacks ['neutron.plugins.ml2.plugin.External_net_db_mixin._before_network_delete_handler-1769331'] for network (a1c0d5e7-093c-45a5-ae7b-9d4d1506968b), before_delete {{(pid=104812) _notify_loop /usr/local/lib/python3.8/dist-packages/neutron_lib/callbacks/manager.py:176}}
Jun 01 16:17:07.569650 dv-neutron-844310-2-hyperv neutron-server[104814]: DEBUG neutron.db.provisioning_blocks [None req-db34b22a-5438-4d66-9c26-6f462df86c7c None None] Provisioning complete for port e1a6f832-6725-4f98-921f-34b770839974 triggered by entity L2. {{(pid=104814) provisioning_complete /opt/stack/neutron/neutron/db/provisioning_blocks.py:145}}
Jun 01 16:17:07.570032 dv-neutron-844310-2-hyperv neutron-server[104814]: DEBUG neutron_lib.callbacks.manager [None req-db34b22a-5438-4d66-9c26-6f462df86c7c None None] Publish callbacks ['neutron.plugins.ml2.plugin.Ml2Plugin._port_provisioned-1714711'] for port (e1a6f832-6725-4f98-921f-34b770839974), provisioning_complete {{(pid=104814) _notify_loop /usr/local/lib/python3.8/dist-packages/neutron_lib/callbacks/manager.py:176}}
Jun 01 16:17:07.581370 dv-neutron-844310-2-hyperv neutron-server[104813]: DEBUG dbcounter [-] [104813] Writing DB stats neutron:SELECT=92,neutron:INSERT=3,neutron:DELETE=3,neutron:UPDATE=2 {{(pid=104813) stat_writer /usr/local/lib/python3.8/dist-packages/dbcounter.py:114}}
Jun 01 16:17:07.614096 dv-neutron-844310-2-hyperv neutron-server[104814]: DEBUG neutron_lib.callbacks.manager [None req-f0a6f411-bfa3-444e-b29a-df2a357d6093 None None] Publish callbacks [] for port (15655306-f761-46cd-8011-6210603cbe65), precommit_create {{(pid=104814) _notify_loop /usr/local/lib/python3.8/dist-packages/neutron_lib/callbacks/manager.py:176}}
Jun 01 16:17:07.674538 dv-neutron-844310-2-hyperv neutron-server[104812]: INFO neutron.services.segments.plugin [-] Segment 2a7d4f15-16bb-4885-b567-163afc95174e resource provider aggregate not found
Jun 01 16:17:07.684562 dv-neutron-844310-2-hyperv neutron-server[104814]: DEBUG neutron_lib.callbacks.manager [None req-f0a6f411-bfa3-444e-b29a-df2a357d6093 None None] Publish callbacks ['neutron.plugins.ml2.plugin.SecurityGroupServerNotifierRpcMixin._notify_sg_on_port_change-1794093', 'neutron.plugins.ml2.ovo_rpc._ObjectChangeHandler.handle_event-48431', 'neutron.api.rpc.agentnotifiers.dhcp_rpc_agent_api.DhcpAgentNotifyAPI._native_event_send_dhcp_notification-562758', 'neutron.db.l3_dvrscheduler_db._notify_l3_agent_new_port-8753657322783'] for port (15655306-f761-46cd-8011-6210603cbe65), after_create {{(pid=104814) _notify_loop /usr/local/lib/python3.8/dist-packages/neutron_lib/callbacks/manager.py:176}}
Jun 01 16:17:07.726289 dv-neutron-844310-2-hyperv neutron-server[104812]: INFO neutron.services.segments.plugin [-] Segment 2a7d4f15-16bb-4885-b567-163afc95174e resource provider not found; error: Placement Client Error (4xx): {"errors": [{"status": 404, "title": "Not Found", "detail": "The resource could not be found.\n\n No resource provider with uuid 2a7d4f15-16bb-4885-b567-163afc95174e found for delete ", "request_id": "req-af222e43-4e97-46ac-a105-3d6ade527c0d"}]}
Jun 01 16:17:07.738568 dv-neutron-844310-2-hyperv neutron-server[104814]: DEBUG neutron.scheduler.dhcp_agent_scheduler [None req-f0a6f411-bfa3-444e-b29a-df2a357d6093 None None] Network 3494ced0-86e8-4806-af5c-3c6a13eafbac is already hosted by enough agents. {{(pid=104814) _get_dhcp_agents_hosting_network /opt/stack/neutron/neutron/scheduler/dhcp_agent_scheduler.py:275}}
Jun 01 16:17:07.742985 dv-neutron-844310-2-hyperv neutron-server[104812]: DEBUG neutron_lib.callbacks.manager [None req-b55b81d8-220f-4f8f-8a4c-0f088e056890 admin admin] Publish callbacks [] for router_gateway (ba52c718-5fed-4295-8789-2bc42e1eeb16), after_create {{(pid=104812) _notify_loop /usr/local/lib/python3.8/dist-packages/neutron_lib/callbacks/manager.py:176}}
Jun 01 16:17:07.754311 dv-neutron-844310-2-hyperv neutron-server[104814]: DEBUG neutron.scheduler.base_scheduler [None req-f0a6f411-bfa3-444e-b29a-df2a357d6093 None None] Resources bound (agent type, host, resource id): {{(pid=104814) schedule /opt/stack/neutron/neutron/scheduler/base_scheduler.py:57}}
Jun 01 16:17:07.776043 dv-neutron-844310-2-hyperv neutron-server[104814]: DEBUG neutron.db.l3_dvrscheduler_db [None req-f0a6f411-bfa3-444e-b29a-df2a357d6093 None None] Received port after_create {{(pid=104814) _notify_l3_agent_new_port /opt/stack/neutron/neutron/db/l3_dvrscheduler_db.py:542}}
Jun 01 16:17:07.826679 dv-neutron-844310-2-hyperv neutron-server[104812]: DEBUG neutron.pecan_wsgi.hooks.quota_enforcement [None req-bf3fe04b-2c55-4731-b481-a856e95dc8a7 tempest-ExternalNetworksTestJSON-583424334 tempest-ExternalNetworksTestJSON-583424334-project-admin] Made reservation on behalf of dad69ad399bc49fb86d4de54987d3316 for: {'network': 1} {{(pid=104812) before /opt/stack/neutron/neutron/pecan_wsgi/hooks/quota_enforcement.py:53}}
Jun 01 16:17:07.829177 dv-neutron-844310-2-hyperv neutron-server[104812]: DEBUG neutron_lib.callbacks.manager [None req-bf3fe04b-2c55-4731-b481-a856e95dc8a7 tempest-ExternalNetworksTestJSON-583424334 tempest-ExternalNetworksTestJSON-583424334-project-admin] Publish callbacks ['neutron.plugins.ml2.plugin.SecurityGroupDbMixin._ensure_default_security_group_handler-1794284'] for network (None), before_create {{(pid=104812) _notify_loop /usr/local/lib/python3.8/dist-packages/neutron_lib/callbacks/manager.py:176}}
Jun 01 16:17:07.872758 dv-neutron-844310-2-hyperv neutron-server[104814]: DEBUG neutron.plugins.ml2.plugin [None req-db34b22a-5438-4d66-9c26-6f462df86c7c None None] Current status of the port e1a6f832-6725-4f98-921f-34b770839974 is: DOWN; New status is: ACTIVE {{(pid=104814) _update_individual_port_db_status /opt/stack/neutron/neutron/plugins/ml2/plugin.py:2298}}
Jun 01 16:17:07.873315 dv-neutron-844310-2-hyperv neutron-server[104814]: DEBUG neutron_lib.callbacks.manager [None req-db34b22a-5438-4d66-9c26-6f462df86c7c None None] Publish callbacks ['neutron.plugins.ml2.plugin.SecurityGroupDbMixin._ensure_default_security_group_handler-1794284'] for port (e1a6f832-6725-4f98-921f-34b770839974), before_update {{(pid=104814) _notify_loop /usr/local/lib/python3.8/dist-packages/neutron_lib/callbacks/manager.py:176}}
Jun 01 16:17:07.914591 dv-neutron-844310-2-hyperv neutron-server[104812]: DEBUG neutron_lib.callbacks.manager [None req-01b58a21-8c86-4969-aa45-c63b46d5a3b4 tempest-QuotasNegativeTest-1433700420 tempest-QuotasNegativeTest-1433700420-project-admin] Publish callbacks ['neutron.plugins.ml2.plugin.Ml2Plugin._network_delete_precommit_handler-1726714', 'neutron.services.segments.db._delete_segments_for_network-8753657772957'] for network (a1c0d5e7-093c-45a5-ae7b-9d4d1506968b), precommit_delete {{(pid=104812) _notify_loop /usr/local/lib/python3.8/dist-packages/neutron_lib/callbacks/manager.py:176}}
Jun 01 16:17:07.930866 dv-neutron-844310-2-hyperv neutron-server[104814]: DEBUG dbcounter [-] [104814] Writing DB stats neutron:SELECT=91,neutron:INSERT=3,neutron:UPDATE=6 {{(pid=104814) stat_writer /usr/local/lib/python3.8/dist-packages/dbcounter.py:114}}
Jun 01 16:17:07.955758 dv-neutron-844310-2-hyperv neutron-server[104812]: DEBUG neutron.plugins.ml2.drivers.helpers [None req-bf3fe04b-2c55-4731-b481-a856e95dc8a7 tempest-ExternalNetworksTestJSON-583424334 tempest-ExternalNetworksTestJSON-583424334-project-admin] vlan segment allocate from pool success with {'vlan_id': 346, 'physical_network': 'physnet1'} {{(pid=104812) allocate_partially_specified_segment /opt/stack/neutron/neutron/plugins/ml2/drivers/helpers.py:153}}
Jun 01 16:17:07.956156 dv-neutron-844310-2-hyperv neutron-server[104813]: DEBUG neutron.db.db_base_plugin_common [None req-ebc774ab-cc95-4ceb-8ab1-4fab5a0afcd0 tempest-DHCPAgentSchedulersTestJSON-1358911874 tempest-DHCPAgentSchedulersTestJSON-1358911874-project] Allocated IP 172.20.0.10 (3494ced0-86e8-4806-af5c-3c6a13eafbac/c627a8c0-1af5-4acc-b889-348220aa298e/801a661a-c930-462b-831b-aac394644e1b) {{(pid=104813) _store_ip_allocation /opt/stack/neutron/neutron/db/db_base_plugin_common.py:131}}
Jun 01 16:17:07.956414 dv-neutron-844310-2-hyperv neutron-server[104814]: DEBUG neutron.plugins.ml2.managers [None req-f0a6f411-bfa3-444e-b29a-df2a357d6093 None None] Attempting to bind port 15655306-f761-46cd-8011-6210603cbe65 on host dv-neutron-844310-2-hyperv for vnic_type normal with profile {{(pid=104814) bind_port /opt/stack/neutron/neutron/plugins/ml2/managers.py:811}}
Jun 01 16:17:07.956926 dv-neutron-844310-2-hyperv neutron-server[104814]: DEBUG neutron.plugins.ml2.managers [None req-f0a6f411-bfa3-444e-b29a-df2a357d6093 None None] Attempting to bind port 15655306-f761-46cd-8011-6210603cbe65 by drivers openvswitch,hyperv on host dv-neutron-844310-2-hyperv at level 0 using segments [{'id': '3afbdf9f-47bb-4ac7-8528-45037f398e01', 'network_type': 'vlan', 'physical_network': 'physnet1', 'segmentation_id': 336, 'network_id': '3494ced0-86e8-4806-af5c-3c6a13eafbac'}] {{(pid=104814) _bind_port_level /opt/stack/neutron/neutron/plugins/ml2/managers.py:836}}
Jun 01 16:17:07.957341 dv-neutron-844310-2-hyperv neutron-server[104814]: DEBUG neutron.plugins.ml2.drivers.mech_agent [None req-f0a6f411-bfa3-444e-b29a-df2a357d6093 None None] Attempting to bind port 15655306-f761-46cd-8011-6210603cbe65 on network 3494ced0-86e8-4806-af5c-3c6a13eafbac {{(pid=104814) bind_port /opt/stack/neutron/neutron/plugins/ml2/drivers/mech_agent.py:91}}
Jun 01 16:17:07.968802 dv-neutron-844310-2-hyperv neutron-server[104814]: DEBUG neutron.plugins.ml2.drivers.mech_agent [None req-f0a6f411-bfa3-444e-b29a-df2a357d6093 None None] Checking agent: {'id': 'cde9384a-e477-44f0-b70a-f347859fcf81', 'agent_type': 'Open vSwitch agent', 'binary': 'neutron-openvswitch-agent', 'topic': 'N/A', 'host': 'dv-neutron-844310-2-hyperv', 'admin_state_up': True, 'created_at': datetime.datetime(2022, 6, 1, 16, 9, 4), 'started_at': datetime.datetime(2022, 6, 1, 16, 9, 34), 'heartbeat_timestamp': datetime.datetime(2022, 6, 1, 16, 17, 4), 'description': None, 'resources_synced': None, 'availability_zone': None, 'alive': True, 'configurations': {'arp_responder_enabled': False, 'baremetal_smartnic': False, 'bridge_mappings': {'physnet1': 'br-data'}, 'datapath_type': 'system', 'devices': 0, 'enable_distributed_routing': False, 'extensions': [], 'in_distributed_mode': False, 'integration_bridge': 'br-int', 'l2_population': False, 'log_agent_heartbeats': False, 'ovs_capabilities': {'datapath_types': ['netdev', 'system'], 'iface_types': ['erspan', 'geneve', 'gre', 'internal', 'ip6erspan', 'ip6gre', 'lisp', 'patch', 'stt', 'system', 'tap', 'vxlan']}, 'ovs_hybrid_plug': False, 'resource_provider_bandwidths': {}, 'resource_provider_hypervisors': {'br-data': 'dv-neutron-844310-2-hyperv'}, 'resource_provider_inventory_defaults': {'allocation_ratio': 1.0, 'min_unit': 1, 'step_size': 1, 'reserved': 0}, 'resource_provider_packet_processing_inventory_defaults': {'allocation_ratio': 1.0, 'min_unit': 1, 'step_size': 1, 'reserved': 0}, 'resource_provider_packet_processing_with_direction': {}, 'resource_provider_packet_processing_without_direction': {}, 'tunnel_types': [], 'tunneling_ip': None, 'vhostuser_socket_dir': '/var/run/openvswitch'}, 'resource_versions': {'AddressGroup': '1.2', 'Agent': '1.1', 'ConntrackHelper': '1.0', 'LocalIPAssociation': '1.0', 'Log': '1.0', 'NDPProxy': '1.0', 'Network': '1.1', 'Port': '1.7', 'PortForwarding': '1.3', 'QosPolicy': '1.10', 'SecurityGroup': '1.5', 'SecurityGroupRule': '1.2', 'SubPort': '1.0', 'Subnet': '1.1', 'Trunk': '1.1'}} {{(pid=104814) bind_port /opt/stack/neutron/neutron/plugins/ml2/drivers/mech_agent.py:110}}
Jun 01 16:17:07.969224 dv-neutron-844310-2-hyperv neutron-server[104814]: DEBUG neutron.plugins.ml2.drivers.mech_agent [None req-f0a6f411-bfa3-444e-b29a-df2a357d6093 None None] Checking segment: {'id': '3afbdf9f-47bb-4ac7-8528-45037f398e01', 'network_type': 'vlan', 'physical_network': 'physnet1', 'segmentation_id': 336, 'network_id': '3494ced0-86e8-4806-af5c-3c6a13eafbac'} for mappings: {'physnet1': 'br-data'} with network types: ['local', 'flat', 'vlan'] {{(pid=104814) check_segment_for_agent /opt/stack/neutron/neutron/plugins/ml2/drivers/mech_agent.py:373}}
Jun 01 16:17:07.969627 dv-neutron-844310-2-hyperv neutron-server[104814]: DEBUG neutron_lib.callbacks.manager [None req-f0a6f411-bfa3-444e-b29a-df2a357d6093 None None] Publish callbacks [] for ovs_bridge_name (None), before_read {{(pid=104814) _notify_loop /usr/local/lib/python3.8/dist-packages/neutron_lib/callbacks/manager.py:176}}
Jun 01 16:17:07.970004 dv-neutron-844310-2-hyperv neutron-server[104814]: DEBUG neutron.plugins.ml2.drivers.mech_agent [None req-f0a6f411-bfa3-444e-b29a-df2a357d6093 None None] Bound using segment: {'id': '3afbdf9f-47bb-4ac7-8528-45037f398e01', 'network_type': 'vlan', 'physical_network': 'physnet1', 'segmentation_id': 336, 'network_id': '3494ced0-86e8-4806-af5c-3c6a13eafbac'} {{(pid=104814) bind_port /opt/stack/neutron/neutron/plugins/ml2/drivers/mech_agent.py:120}}
Jun 01 16:17:07.970601 dv-neutron-844310-2-hyperv neutron-server[104814]: DEBUG neutron.plugins.ml2.managers [None req-f0a6f411-bfa3-444e-b29a-df2a357d6093 None None] Bound port: 15655306-f761-46cd-8011-6210603cbe65, host: dv-neutron-844310-2-hyperv, vif_type: ovs, vif_details: {"connectivity": "l2", "port_filter": true, "ovs_hybrid_plug": false, "datapath_type": "system", "bridge_name": "br-int"}, binding_levels: [{'bound_driver': 'openvswitch', 'bound_segment': {'id': '3afbdf9f-47bb-4ac7-8528-45037f398e01', 'network_type': 'vlan', 'physical_network': 'physnet1', 'segmentation_id': 336, 'network_id': '3494ced0-86e8-4806-af5c-3c6a13eafbac'}}] {{(pid=104814) _bind_port_level /opt/stack/neutron/neutron/plugins/ml2/managers.py:948}}
Jun 01 16:17:07.971055 dv-neutron-844310-2-hyperv neutron-server[104814]: DEBUG neutron_lib.callbacks.manager [None req-f0a6f411-bfa3-444e-b29a-df2a357d6093 None None] Publish callbacks ['neutron.plugins.ml2.plugin.SecurityGroupDbMixin._ensure_default_security_group_handler-1794284'] for port (15655306-f761-46cd-8011-6210603cbe65), before_update {{(pid=104814) _notify_loop /usr/local/lib/python3.8/dist-packages/neutron_lib/callbacks/manager.py:176}}
Jun 01 16:17:07.981050 dv-neutron-844310-2-hyperv neutron-server[104812]: DEBUG neutron.services.segments.db [None req-01b58a21-8c86-4969-aa45-c63b46d5a3b4 tempest-QuotasNegativeTest-1433700420 tempest-QuotasNegativeTest-1433700420-project-admin] neutron.services.segments.plugin.Plugin method get_segments called with arguments (,) {'filters': {'network_id': ['a1c0d5e7-093c-45a5-ae7b-9d4d1506968b']}} {{(pid=104812) wrapper /usr/local/lib/python3.8/dist-packages/oslo_log/helpers.py:65}}
Jun 01 16:17:07.991861 dv-neutron-844310-2-hyperv neutron-server[104814]: DEBUG neutron.api.rpc.handlers.resources_rpc [None req-f0a6f411-bfa3-444e-b29a-df2a357d6093 None None] Pushing event updated for resources: {'Port': ['ID=15655306-f761-46cd-8011-6210603cbe65,revision_number=1']} {{(pid=104814) push /opt/stack/neutron/neutron/api/rpc/handlers/resources_rpc.py:237}}
Jun 01 16:17:07.994292 dv-neutron-844310-2-hyperv neutron-server[104812]: DEBUG neutron_lib.callbacks.manager [None req-bf3fe04b-2c55-4731-b481-a856e95dc8a7 tempest-ExternalNetworksTestJSON-583424334 tempest-ExternalNetworksTestJSON-583424334-project-admin] Publish callbacks ['neutron.plugins.ml2.plugin.Ml2Plugin._handle_segment_change-1723386'] for segment (725a9d4a-ec81-4219-83e6-35d10447461c), precommit_create {{(pid=104812) _notify_loop /usr/local/lib/python3.8/dist-packages/neutron_lib/callbacks/manager.py:176}}
Jun 01 16:17:07.994425 dv-neutron-844310-2-hyperv neutron-server[104812]: INFO neutron.db.segments_db [None req-bf3fe04b-2c55-4731-b481-a856e95dc8a7 tempest-ExternalNetworksTestJSON-583424334 tempest-ExternalNetworksTestJSON-583424334-project-admin] Added segment 725a9d4a-ec81-4219-83e6-35d10447461c of type vlan for network 158bb8de-90e8-42e9-a8c0-91033a82bf1c
Jun 01 16:17:08.002281 dv-neutron-844310-2-hyperv neutron-server[104814]: DEBUG neutron.plugins.ml2.db [None req-db34b22a-5438-4d66-9c26-6f462df86c7c None None] For port e1a6f832-6725-4f98-921f-34b770839974, host dv-neutron-844310-2-hyperv, got binding levels [PortBindingLevel(driver='openvswitch',host='dv-neutron-844310-2-hyperv',level=0,port_id=e1a6f832-6725-4f98-921f-34b770839974,segment=NetworkSegment(2c609a3b-495b-4ba0-a222-b0b36db5a104),segment_id=2c609a3b-495b-4ba0-a222-b0b36db5a104)] {{(pid=104814) get_binding_level_objs /opt/stack/neutron/neutron/plugins/ml2/db.py:74}}
Jun 01 16:17:08.005840 dv-neutron-844310-2-hyperv neutron-server[104812]: DEBUG neutron.services.segments.db [None req-01b58a21-8c86-4969-aa45-c63b46d5a3b4 tempest-QuotasNegativeTest-1433700420 tempest-QuotasNegativeTest-1433700420-project-admin] neutron.services.segments.plugin.Plugin method delete_segment called with arguments (, '6375fe9f-1801-4ed8-8b3f-045646de84af') {'for_net_delete': True} {{(pid=104812) wrapper /usr/local/lib/python3.8/dist-packages/oslo_log/helpers.py:65}}
Jun 01 16:17:08.006255 dv-neutron-844310-2-hyperv neutron-server[104812]: DEBUG neutron.services.segments.db [None req-01b58a21-8c86-4969-aa45-c63b46d5a3b4 tempest-QuotasNegativeTest-1433700420 tempest-QuotasNegativeTest-1433700420-project-admin] neutron.services.segments.plugin.Plugin method get_segment called with arguments (, '6375fe9f-1801-4ed8-8b3f-045646de84af') {} {{(pid=104812) wrapper /usr/local/lib/python3.8/dist-packages/oslo_log/helpers.py:65}}
Jun 01 16:17:08.020338 dv-neutron-844310-2-hyperv neutron-server[104812]: DEBUG neutron_lib.callbacks.manager [None req-01b58a21-8c86-4969-aa45-c63b46d5a3b4 tempest-QuotasNegativeTest-1433700420 tempest-QuotasNegativeTest-1433700420-project-admin] Publish callbacks ['neutron.plugins.ml2.db._prevent_segment_delete_with_port_bound-8753657778086', 'neutron.services.segments.plugin.Plugin._prevent_segment_delete_with_subnet_associated-10262811'] for segment (6375fe9f-1801-4ed8-8b3f-045646de84af), before_delete {{(pid=104812) _notify_loop /usr/local/lib/python3.8/dist-packages/neutron_lib/callbacks/manager.py:176}}
Jun 01 16:17:08.035906 dv-neutron-844310-2-hyperv neutron-server[104814]: DEBUG neutron_lib.callbacks.manager [None req-db34b22a-5438-4d66-9c26-6f462df86c7c None None] Publish callbacks ['neutron.plugins.ml2.plugin.SecurityGroupServerNotifierRpcMixin._notify_sg_on_port_change-1794093', 'neutron.plugins.ml2.ovo_rpc._ObjectChangeHandler.handle_event-48431', 'neutron.api.rpc.agentnotifiers.dhcp_rpc_agent_api.DhcpAgentNotifyAPI._native_event_send_dhcp_notification-562758', 'neutron.db.l3_db.L3RpcNotifierMixin._notify_gateway_port_ip_changed-8753657854419', 'neutron.db.l3_dvrscheduler_db._notify_l3_agent_port_update-8753657322801', 'neutron.db.l3_hascheduler_db._notify_l3_agent_ha_port_update-8753657322819'] for port (e1a6f832-6725-4f98-921f-34b770839974), after_update {{(pid=104814) _notify_loop /usr/local/lib/python3.8/dist-packages/neutron_lib/callbacks/manager.py:176}}
Jun 01 16:17:08.036806 dv-neutron-844310-2-hyperv neutron-server[104814]: DEBUG neutron.plugins.ml2.rpc [None req-db34b22a-5438-4d66-9c26-6f462df86c7c None None] Device 06ebeaf7-28af-4f0f-9716-89c67ed31d79 up at agent ovs-agent-dv-neutron-844310-2-hyperv {{(pid=104814) update_device_up /opt/stack/neutron/neutron/plugins/ml2/rpc.py:296}}
Jun 01 16:17:08.069112 dv-neutron-844310-2-hyperv neutron-server[104813]: DEBUG dbcounter [-] [104813] Writing DB stats neutron:SELECT=87,neutron:INSERT=7,neutron:DELETE=1,neutron:UPDATE=5 {{(pid=104813) stat_writer /usr/local/lib/python3.8/dist-packages/dbcounter.py:114}}
Jun 01 16:17:08.075299 dv-neutron-844310-2-hyperv neutron-server[104813]: INFO neutron.wsgi [None req-72128ac6-f83b-49d1-8810-4d4c1bfac51b tempest-RoutersTestDVR-1892993017 tempest-RoutersTestDVR-1892993017-project] 10.222.0.15 "GET /v2.0/routers/13b357cd-24d7-4077-8222-4c3228461c31 HTTP/1.1" status: 200 len: 683 time: 0.6117604
Jun 01 16:17:08.079894 dv-neutron-844310-2-hyperv neutron-server[104812]: DEBUG neutron.wsgi [-] (104812) accepted ('10.222.0.15', 33020) {{(pid=104812) server /usr/local/lib/python3.8/dist-packages/eventlet/wsgi.py:1004}}
Jun 01 16:17:08.132755 dv-neutron-844310-2-hyperv neutron-server[104812]: DEBUG neutron_lib.callbacks.manager [None req-01b58a21-8c86-4969-aa45-c63b46d5a3b4 tempest-QuotasNegativeTest-1433700420 tempest-QuotasNegativeTest-1433700420-project-admin] Publish callbacks ['neutron.plugins.ml2.plugin.Ml2Plugin._handle_segment_change-1723386'] for segment (6375fe9f-1801-4ed8-8b3f-045646de84af), precommit_delete {{(pid=104812) _notify_loop /usr/local/lib/python3.8/dist-packages/neutron_lib/callbacks/manager.py:176}}
Jun 01 16:17:08.138296 dv-neutron-844310-2-hyperv neutron-server[104814]: DEBUG neutron_lib.callbacks.manager [None req-77b44cb6-0a20-454b-b47f-02f8ba142579 None None] Publish callbacks [] for port (fbddae3a-cbb3-4609-9b54-73267e612a98), precommit_create {{(pid=104814) _notify_loop /usr/local/lib/python3.8/dist-packages/neutron_lib/callbacks/manager.py:176}}
Jun 01 16:17:08.150896 dv-neutron-844310-2-hyperv neutron-server[104814]: DEBUG neutron.api.rpc.handlers.resources_rpc [None req-db34b22a-5438-4d66-9c26-6f462df86c7c None None] Pushing event updated for resources: {'Port': ['ID=e1a6f832-6725-4f98-921f-34b770839974,revision_number=4']} {{(pid=104814) push /opt/stack/neutron/neutron/api/rpc/handlers/resources_rpc.py:237}}
Jun 01 16:17:08.155926 dv-neutron-844310-2-hyperv neutron-server[104812]: DEBUG neutron.plugins.ml2.drivers.type_vlan [None req-01b58a21-8c86-4969-aa45-c63b46d5a3b4 tempest-QuotasNegativeTest-1433700420 tempest-QuotasNegativeTest-1433700420-project-admin] Releasing vlan 315 on physical network physnet1 to pool {{(pid=104812) release_segment /opt/stack/neutron/neutron/plugins/ml2/drivers/type_vlan.py:304}}
Jun 01 16:17:08.156323 dv-neutron-844310-2-hyperv neutron-server[104812]: DEBUG neutron_lib.callbacks.manager [None req-01b58a21-8c86-4969-aa45-c63b46d5a3b4 tempest-QuotasNegativeTest-1433700420 tempest-QuotasNegativeTest-1433700420-project-admin] Publish callbacks ['neutron.plugins.ml2.plugin.Ml2Plugin._handle_segment_change-1723386', 'neutron.services.segments.plugin.NovaSegmentNotifier._notify_segment_deleted-10166458'] for segment (6375fe9f-1801-4ed8-8b3f-045646de84af), after_delete {{(pid=104812) _notify_loop /usr/local/lib/python3.8/dist-packages/neutron_lib/callbacks/manager.py:176}}
