Jun 01 16:02:46.185665 dv-neutron-844310-2-hyperv devstack@keystone.service[80768]: DEBUG keystone.server.flask.request_processing.middleware.auth_context [None req-99ab18de-adaf-4a61-b7f9-1da5ae17fd66 None admin] Authenticating user token {{(pid=80768) process_request /usr/local/lib/python3.8/dist-packages/keystonemiddleware/auth_token/__init__.py:407}}
Jun 01 16:02:46.188356 dv-neutron-844310-2-hyperv devstack@keystone.service[80767]: DEBUG dbcounter [-] [80767] Writing DB stats keystone:SELECT=99,keystone:INSERT=1 {{(pid=80767) stat_writer /usr/local/lib/python3.8/dist-packages/dbcounter.py:114}}
Jun 01 16:02:46.276219 dv-neutron-844310-2-hyperv devstack@keystone.service[80767]: DEBUG keystone.server.flask.request_processing.middleware.auth_context [None req-9f3ff518-328a-4e7f-ae66-4099cc09fd0a None None] Validating token access rules against request {{(pid=80767) validate_allowed_request /usr/local/lib/python3.8/dist-packages/keystonemiddleware/auth_token/__init__.py:545}}
Jun 01 16:02:46.316070 dv-neutron-844310-2-hyperv devstack@keystone.service[80767]: DEBUG keystone.server.flask.request_processing.middleware.auth_context [None req-fd9f6c73-b3cf-4618-b78b-9779e3c6d82e None admin] RBAC: auth_context: {'token': , 'domain_id': None, 'trust_id': None, 'trustor_id': None, 'trustee_id': None, 'domain_name': None, 'group_ids': [], 'user_id': 'ec78f694667b4bcc91a0f928e13994d2', 'user_domain_id': 'default', 'system_scope': 'all', 'project_id': None, 'project_domain_id': None, 'roles': ['admin', 'member', 'reader'], 'is_admin_project': True, 'service_user_id': None, 'service_user_domain_id': None, 'service_project_id': None, 'service_project_domain_id': None, 'service_roles': []} {{(pid=80767) fill_context /opt/stack/keystone/keystone/server/flask/request_processing/middleware/auth_context.py:478}}
Jun 01 16:02:46.317014 dv-neutron-844310-2-hyperv devstack@keystone.service[80767]: DEBUG keystone.server.flask.request_processing.req_logging [None req-fd9f6c73-b3cf-4618-b78b-9779e3c6d82e None admin] REQUEST_METHOD: `POST` {{(pid=80767) log_request_info /opt/stack/keystone/keystone/server/flask/request_processing/req_logging.py:27}}
Jun 01 16:02:46.317359 dv-neutron-844310-2-hyperv devstack@keystone.service[80767]: DEBUG keystone.server.flask.request_processing.req_logging [None req-fd9f6c73-b3cf-4618-b78b-9779e3c6d82e None admin] SCRIPT_NAME: `/identity` {{(pid=80767) log_request_info /opt/stack/keystone/keystone/server/flask/request_processing/req_logging.py:28}}
Jun 01 16:02:46.317706 dv-neutron-844310-2-hyperv devstack@keystone.service[80767]: DEBUG keystone.server.flask.request_processing.req_logging [None req-fd9f6c73-b3cf-4618-b78b-9779e3c6d82e None admin] PATH_INFO: `/v3/roles` {{(pid=80767) log_request_info /opt/stack/keystone/keystone/server/flask/request_processing/req_logging.py:29}}
Jun 01 16:02:46.318553 dv-neutron-844310-2-hyperv devstack@keystone.service[80767]: DEBUG keystone.common.rbac_enforcer.enforcer [None req-fd9f6c73-b3cf-4618-b78b-9779e3c6d82e None admin] RBAC: Authorizing `identity:create_role()` {{(pid=80767) enforce_call /opt/stack/keystone/keystone/common/rbac_enforcer/enforcer.py:449}}
Jun 01 16:02:46.320177 dv-neutron-844310-2-hyperv devstack@keystone.service[80767]: DEBUG keystone.common.rbac_enforcer.enforcer [None req-fd9f6c73-b3cf-4618-b78b-9779e3c6d82e None admin] RBAC: Authorization granted {{(pid=80767) enforce_call /opt/stack/keystone/keystone/common/rbac_enforcer/enforcer.py:457}}
Jun 01 16:02:46.322758 dv-neutron-844310-2-hyperv devstack@keystone.service[80768]: DEBUG keystone.server.flask.request_processing.middleware.auth_context [None req-99ab18de-adaf-4a61-b7f9-1da5ae17fd66 None admin] Validating token access rules against request {{(pid=80768) validate_allowed_request /usr/local/lib/python3.8/dist-packages/keystonemiddleware/auth_token/__init__.py:545}}
Jun 01 16:02:46.347719 dv-neutron-844310-2-hyperv devstack@keystone.service[80767]: [pid: 80767|app: 0|req: 22/41] 10.222.0.15 () {60 vars in 1131 bytes} [Wed Jun 1 16:02:46 2022] POST /identity/v3/roles => generated 223 bytes in 227 msecs (HTTP/1.1 201) 5 headers in 182 bytes (1 switches on core 0)
Jun 01 16:02:46.347719 dv-neutron-844310-2-hyperv devstack@keystone.service[80767]: DEBUG keystone.server.flask.request_processing.req_logging [None req-ea0a31eb-f385-4c05-b543-dee0cd4c1ec0 None None] REQUEST_METHOD: `POST` {{(pid=80767) log_request_info /opt/stack/keystone/keystone/server/flask/request_processing/req_logging.py:27}}
Jun 01 16:02:46.347719 dv-neutron-844310-2-hyperv devstack@keystone.service[80767]: DEBUG keystone.server.flask.request_processing.req_logging [None req-ea0a31eb-f385-4c05-b543-dee0cd4c1ec0 None None] SCRIPT_NAME: `/identity` {{(pid=80767) log_request_info /opt/stack/keystone/keystone/server/flask/request_processing/req_logging.py:28}}
Jun 01 16:02:46.347719 dv-neutron-844310-2-hyperv devstack@keystone.service[80767]: DEBUG keystone.server.flask.request_processing.req_logging [None req-ea0a31eb-f385-4c05-b543-dee0cd4c1ec0 None None] PATH_INFO: `/v3/auth/tokens` {{(pid=80767) log_request_info /opt/stack/keystone/keystone/server/flask/request_processing/req_logging.py:29}}
Jun 01 16:02:46.375887 dv-neutron-844310-2-hyperv devstack@keystone.service[80768]: DEBUG keystone.server.flask.request_processing.middleware.auth_context [None req-8afad11a-c7ce-49ea-b804-48fa7d641057 None admin] RBAC: auth_context: {'token': , 'domain_id': None, 'trust_id': None, 'trustor_id': None, 'trustee_id': None, 'domain_name': None, 'group_ids': [], 'user_id': 'ec78f694667b4bcc91a0f928e13994d2', 'user_domain_id': 'default', 'system_scope': 'all', 'project_id': None, 'project_domain_id': None, 'roles': ['admin', 'member', 'reader'], 'is_admin_project': True, 'service_user_id': None, 'service_user_domain_id': None, 'service_project_id': None, 'service_project_domain_id': None, 'service_roles': []} {{(pid=80768) fill_context /opt/stack/keystone/keystone/server/flask/request_processing/middleware/auth_context.py:478}}
Jun 01 16:02:46.376894 dv-neutron-844310-2-hyperv devstack@keystone.service[80768]: DEBUG keystone.server.flask.request_processing.req_logging [None req-8afad11a-c7ce-49ea-b804-48fa7d641057 None admin] REQUEST_METHOD: `GET` {{(pid=80768) log_request_info /opt/stack/keystone/keystone/server/flask/request_processing/req_logging.py:27}}
Jun 01 16:02:46.377256 dv-neutron-844310-2-hyperv devstack@keystone.service[80768]: DEBUG keystone.server.flask.request_processing.req_logging [None req-8afad11a-c7ce-49ea-b804-48fa7d641057 None admin] SCRIPT_NAME: `/identity` {{(pid=80768) log_request_info /opt/stack/keystone/keystone/server/flask/request_processing/req_logging.py:28}}
Jun 01 16:02:46.377608 dv-neutron-844310-2-hyperv devstack@keystone.service[80768]: DEBUG keystone.server.flask.request_processing.req_logging [None req-8afad11a-c7ce-49ea-b804-48fa7d641057 None admin] PATH_INFO: `/v3/domains/default` {{(pid=80768) log_request_info /opt/stack/keystone/keystone/server/flask/request_processing/req_logging.py:29}}
Jun 01 16:02:46.379836 dv-neutron-844310-2-hyperv devstack@keystone.service[80767]: DEBUG keystone.auth.core [None req-ea0a31eb-f385-4c05-b543-dee0cd4c1ec0 None None] MFA Rules not processed for user `ec78f694667b4bcc91a0f928e13994d2`. Rule list: `[]` (Enabled: `True`). {{(pid=80767) check_auth_methods_against_rules /opt/stack/keystone/keystone/auth/core.py:438}}
Jun 01 16:02:46.380086 dv-neutron-844310-2-hyperv devstack@keystone.service[80768]: DEBUG keystone.common.rbac_enforcer.enforcer [None req-8afad11a-c7ce-49ea-b804-48fa7d641057 None admin] RBAC: Authorizing `identity:get_domain(domain_id=default)` {{(pid=80768) enforce_call /opt/stack/keystone/keystone/common/rbac_enforcer/enforcer.py:449}}
Jun 01 16:02:46.381566 dv-neutron-844310-2-hyperv devstack@keystone.service[80767]: DEBUG keystone.common.fernet_utils [None req-ea0a31eb-f385-4c05-b543-dee0cd4c1ec0 None None] Loaded 2 Fernet keys from /etc/keystone/fernet-keys/, but `[fernet_tokens] max_active_keys = 3`; perhaps there have not been enough key rotations to reach `max_active_keys` yet? {{(pid=80767) load_keys /opt/stack/keystone/keystone/common/fernet_utils.py:286}}
Jun 01 16:02:46.381934 dv-neutron-844310-2-hyperv devstack@keystone.service[80768]: DEBUG keystone.common.rbac_enforcer.enforcer [None req-8afad11a-c7ce-49ea-b804-48fa7d641057 None admin] RBAC: Authorization granted {{(pid=80768) enforce_call /opt/stack/keystone/keystone/common/rbac_enforcer/enforcer.py:457}}
Jun 01 16:02:46.384095 dv-neutron-844310-2-hyperv devstack@keystone.service[80768]: [pid: 80768|app: 0|req: 20/42] 10.222.0.15 () {56 vars in 1108 bytes} [Wed Jun 1 16:02:46 2022] GET /identity/v3/domains/default => generated 199 bytes in 199 msecs (HTTP/1.1 200) 5 headers in 177 bytes (1 switches on core 0)
Jun 01 16:02:46.390236 dv-neutron-844310-2-hyperv devstack@keystone.service[80768]: DEBUG keystone.server.flask.request_processing.middleware.auth_context [None req-8afad11a-c7ce-49ea-b804-48fa7d641057 None admin] Authenticating user token {{(pid=80768) process_request /usr/local/lib/python3.8/dist-packages/keystonemiddleware/auth_token/__init__.py:407}}
Jun 01 16:02:46.405693 dv-neutron-844310-2-hyperv devstack@keystone.service[80768]: DEBUG dbcounter [-] [80768] Writing DB stats keystone:SELECT=99,keystone:INSERT=1 {{(pid=80768) stat_writer /usr/local/lib/python3.8/dist-packages/dbcounter.py:114}}
Jun 01 16:02:46.506433 dv-neutron-844310-2-hyperv devstack@keystone.service[80767]: [pid: 80767|app: 0|req: 23/43] 10.222.0.15 () {58 vars in 1023 bytes} [Wed Jun 1 16:02:46 2022] POST /identity/v3/auth/tokens => generated 799 bytes in 164 msecs (HTTP/1.1 201) 6 headers in 363 bytes (1 switches on core 0)
Jun 01 16:02:46.531422 dv-neutron-844310-2-hyperv devstack@keystone.service[80767]: DEBUG keystone.server.flask.request_processing.middleware.auth_context [None req-ea0a31eb-f385-4c05-b543-dee0cd4c1ec0 None None] Authenticating user token {{(pid=80767) process_request /usr/local/lib/python3.8/dist-packages/keystonemiddleware/auth_token/__init__.py:407}}
Jun 01 16:02:46.544387 dv-neutron-844310-2-hyperv devstack@keystone.service[80768]: DEBUG keystone.server.flask.request_processing.middleware.auth_context [None req-8afad11a-c7ce-49ea-b804-48fa7d641057 None admin] Validating token access rules against request {{(pid=80768) validate_allowed_request /usr/local/lib/python3.8/dist-packages/keystonemiddleware/auth_token/__init__.py:545}}
Jun 01 16:02:46.577287 dv-neutron-844310-2-hyperv devstack@keystone.service[80767]: DEBUG dbcounter [-] [80767] Writing DB stats keystone:SELECT=99,keystone:INSERT=1 {{(pid=80767) stat_writer /usr/local/lib/python3.8/dist-packages/dbcounter.py:114}}
Jun 01 16:02:46.593228 dv-neutron-844310-2-hyperv devstack@keystone.service[80768]: DEBUG keystone.server.flask.request_processing.middleware.auth_context [None req-027dca5f-6c92-4888-ab90-5576f8af65a3 None admin] RBAC: auth_context: {'token': , 'domain_id': None, 'trust_id': None, 'trustor_id': None, 'trustee_id': None, 'domain_name': None, 'group_ids': [], 'user_id': 'ec78f694667b4bcc91a0f928e13994d2', 'user_domain_id': 'default', 'system_scope': 'all', 'project_id': None, 'project_domain_id': None, 'roles': ['admin', 'member', 'reader'], 'is_admin_project': True, 'service_user_id': None, 'service_user_domain_id': None, 'service_project_id': None, 'service_project_domain_id': None, 'service_roles': []} {{(pid=80768) fill_context /opt/stack/keystone/keystone/server/flask/request_processing/middleware/auth_context.py:478}}
Jun 01 16:02:46.594242 dv-neutron-844310-2-hyperv devstack@keystone.service[80768]: DEBUG keystone.server.flask.request_processing.req_logging [None req-027dca5f-6c92-4888-ab90-5576f8af65a3 None admin] REQUEST_METHOD: `PUT` {{(pid=80768) log_request_info /opt/stack/keystone/keystone/server/flask/request_processing/req_logging.py:27}}
Jun 01 16:02:46.594637 dv-neutron-844310-2-hyperv devstack@keystone.service[80768]: DEBUG keystone.server.flask.request_processing.req_logging [None req-027dca5f-6c92-4888-ab90-5576f8af65a3 None admin] SCRIPT_NAME: `/identity` {{(pid=80768) log_request_info /opt/stack/keystone/keystone/server/flask/request_processing/req_logging.py:28}}
Jun 01 16:02:46.594798 dv-neutron-844310-2-hyperv devstack@keystone.service[80768]: DEBUG keystone.server.flask.request_processing.req_logging [None req-027dca5f-6c92-4888-ab90-5576f8af65a3 None admin] PATH_INFO: `/v3/domains/default/users/ec78f694667b4bcc91a0f928e13994d2/roles/5816cecc1f954a94a7da5f22a9ae7390` {{(pid=80768) log_request_info /opt/stack/keystone/keystone/server/flask/request_processing/req_logging.py:29}}
Jun 01 16:02:46.598408 dv-neutron-844310-2-hyperv devstack@keystone.service[80768]: DEBUG keystone.common.rbac_enforcer.enforcer [None req-027dca5f-6c92-4888-ab90-5576f8af65a3 None admin] RBAC: Authorizing `identity:create_grant(domain_id=default, user_id=ec78f694667b4bcc91a0f928e13994d2, role_id=5816cecc1f954a94a7da5f22a9ae7390)` {{(pid=80768) enforce_call /opt/stack/keystone/keystone/common/rbac_enforcer/enforcer.py:449}}
Jun 01 16:02:46.599951 dv-neutron-844310-2-hyperv devstack@keystone.service[80768]: DEBUG keystone.common.rbac_enforcer.enforcer [None req-027dca5f-6c92-4888-ab90-5576f8af65a3 None admin] RBAC: Authorization granted {{(pid=80768) enforce_call /opt/stack/keystone/keystone/common/rbac_enforcer/enforcer.py:457}}
Jun 01 16:02:46.621289 dv-neutron-844310-2-hyperv devstack@keystone.service[80768]: [pid: 80768|app: 0|req: 21/44] 10.222.0.15 () {58 vars in 1361 bytes} [Wed Jun 1 16:02:46 2022] PUT /identity/v3/domains/default/users/ec78f694667b4bcc91a0f928e13994d2/roles/5816cecc1f954a94a7da5f22a9ae7390 => generated 0 bytes in 231 msecs (HTTP/1.1 204) 3 headers in 132 bytes (1 switches on core 0)
Jun 01 16:02:46.671620 dv-neutron-844310-2-hyperv devstack@keystone.service[80767]: DEBUG keystone.server.flask.request_processing.middleware.auth_context [None req-ea0a31eb-f385-4c05-b543-dee0cd4c1ec0 None None] Validating token access rules against request {{(pid=80767) validate_allowed_request /usr/local/lib/python3.8/dist-packages/keystonemiddleware/auth_token/__init__.py:545}}
Jun 01 16:02:46.710642 dv-neutron-844310-2-hyperv devstack@keystone.service[80767]: DEBUG keystone.server.flask.request_processing.middleware.auth_context [None req-fe2380e2-6a59-4e41-8a4a-600a2e957bdb None admin] RBAC: auth_context: {'token': , 'domain_id': None, 'trust_id': None, 'trustor_id': None, 'trustee_id': None, 'domain_name': None, 'group_ids': [], 'user_id': 'ec78f694667b4bcc91a0f928e13994d2', 'user_domain_id': 'default', 'system_scope': 'all', 'project_id': None, 'project_domain_id': None, 'roles': ['admin', 'member', 'reader'], 'is_admin_project': True, 'service_user_id': None, 'service_user_domain_id': None, 'service_project_id': None, 'service_project_domain_id': None, 'service_roles': []} {{(pid=80767) fill_context /opt/stack/keystone/keystone/server/flask/request_processing/middleware/auth_context.py:478}}
Jun 01 16:02:46.711478 dv-neutron-844310-2-hyperv devstack@keystone.service[80767]: DEBUG keystone.server.flask.request_processing.req_logging [None req-fe2380e2-6a59-4e41-8a4a-600a2e957bdb None admin] REQUEST_METHOD: `GET` {{(pid=80767) log_request_info /opt/stack/keystone/keystone/server/flask/request_processing/req_logging.py:27}}
Jun 01 16:02:46.711808 dv-neutron-844310-2-hyperv devstack@keystone.service[80767]: DEBUG keystone.server.flask.request_processing.req_logging [None req-fe2380e2-6a59-4e41-8a4a-600a2e957bdb None admin] SCRIPT_NAME: `/identity` {{(pid=80767) log_request_info /opt/stack/keystone/keystone/server/flask/request_processing/req_logging.py:28}}
Jun 01 16:02:46.712088 dv-neutron-844310-2-hyperv devstack@keystone.service[80767]: DEBUG keystone.server.flask.request_processing.req_logging [None req-fe2380e2-6a59-4e41-8a4a-600a2e957bdb None admin] PATH_INFO: `/v3/domains/default` {{(pid=80767) log_request_info /opt/stack/keystone/keystone/server/flask/request_processing/req_logging.py:29}}
Jun 01 16:02:46.713430 dv-neutron-844310-2-hyperv devstack@keystone.service[80767]: DEBUG keystone.common.rbac_enforcer.enforcer [None req-fe2380e2-6a59-4e41-8a4a-600a2e957bdb None admin] RBAC: Authorizing `identity:get_domain(domain_id=default)` {{(pid=80767) enforce_call /opt/stack/keystone/keystone/common/rbac_enforcer/enforcer.py:449}}
Jun 01 16:02:46.714955 dv-neutron-844310-2-hyperv devstack@keystone.service[80767]: DEBUG keystone.common.rbac_enforcer.enforcer [None req-fe2380e2-6a59-4e41-8a4a-600a2e957bdb None admin] RBAC: Authorization granted {{(pid=80767) enforce_call /opt/stack/keystone/keystone/common/rbac_enforcer/enforcer.py:457}}
Jun 01 16:02:46.716705 dv-neutron-844310-2-hyperv devstack@keystone.service[80767]: [pid: 80767|app: 0|req: 24/45] 10.222.0.15 () {56 vars in 1108 bytes} [Wed Jun 1 16:02:46 2022] GET /identity/v3/domains/default => generated 199 bytes in 186 msecs (HTTP/1.1 200) 5 headers in 177 bytes (2 switches on core 0)
Jun 01 16:02:46.722972 dv-neutron-844310-2-hyperv devstack@keystone.service[80768]: DEBUG keystone.server.flask.request_processing.middleware.auth_context [None req-027dca5f-6c92-4888-ab90-5576f8af65a3 None admin] Authenticating user token {{(pid=80768) process_request /usr/local/lib/python3.8/dist-packages/keystonemiddleware/auth_token/__init__.py:407}}
Jun 01 16:02:46.800933 dv-neutron-844310-2-hyperv devstack@keystone.service[80768]: DEBUG dbcounter [-] [80768] Writing DB stats keystone:SELECT=99,keystone:INSERT=1 {{(pid=80768) stat_writer /usr/local/lib/python3.8/dist-packages/dbcounter.py:114}}
Jun 01 16:02:46.846880 dv-neutron-844310-2-hyperv devstack@keystone.service[80768]: DEBUG keystone.server.flask.request_processing.middleware.auth_context [None req-027dca5f-6c92-4888-ab90-5576f8af65a3 None admin] Validating token access rules against request {{(pid=80768) validate_allowed_request /usr/local/lib/python3.8/dist-packages/keystonemiddleware/auth_token/__init__.py:545}}
Jun 01 16:02:46.893644 dv-neutron-844310-2-hyperv devstack@keystone.service[80768]: DEBUG keystone.server.flask.request_processing.middleware.auth_context [None req-35b9d969-3a2a-48e1-a791-e6af0ad9e8f3 None admin] RBAC: auth_context: {'token': , 'domain_id': None, 'trust_id': None, 'trustor_id': None, 'trustee_id': None, 'domain_name': None, 'group_ids': [], 'user_id': 'ec78f694667b4bcc91a0f928e13994d2', 'user_domain_id': 'default', 'system_scope': 'all', 'project_id': None, 'project_domain_id': None, 'roles': ['admin', 'member', 'reader'], 'is_admin_project': True, 'service_user_id': None, 'service_user_domain_id': None, 'service_project_id': None, 'service_project_domain_id': None, 'service_roles': []} {{(pid=80768) fill_context /opt/stack/keystone/keystone/server/flask/request_processing/middleware/auth_context.py:478}}
Jun 01 16:02:46.894692 dv-neutron-844310-2-hyperv devstack@keystone.service[80768]: DEBUG keystone.server.flask.request_processing.req_logging [None req-35b9d969-3a2a-48e1-a791-e6af0ad9e8f3 None admin] REQUEST_METHOD: `POST` {{(pid=80768) log_request_info /opt/stack/keystone/keystone/server/flask/request_processing/req_logging.py:27}}
Jun 01 16:02:46.895143 dv-neutron-844310-2-hyperv devstack@keystone.service[80768]: DEBUG keystone.server.flask.request_processing.req_logging [None req-35b9d969-3a2a-48e1-a791-e6af0ad9e8f3 None admin] SCRIPT_NAME: `/identity` {{(pid=80768) log_request_info /opt/stack/keystone/keystone/server/flask/request_processing/req_logging.py:28}}
Jun 01 16:02:46.895572 dv-neutron-844310-2-hyperv devstack@keystone.service[80768]: DEBUG keystone.server.flask.request_processing.req_logging [None req-35b9d969-3a2a-48e1-a791-e6af0ad9e8f3 None admin] PATH_INFO: `/v3/projects` {{(pid=80768) log_request_info /opt/stack/keystone/keystone/server/flask/request_processing/req_logging.py:29}}
Jun 01 16:02:46.896809 dv-neutron-844310-2-hyperv devstack@keystone.service[80768]: DEBUG keystone.common.rbac_enforcer.enforcer [None req-35b9d969-3a2a-48e1-a791-e6af0ad9e8f3 None admin] RBAC: Authorizing `identity:create_project()` {{(pid=80768) enforce_call /opt/stack/keystone/keystone/common/rbac_enforcer/enforcer.py:449}}
Jun 01 16:02:46.899437 dv-neutron-844310-2-hyperv devstack@keystone.service[80768]: DEBUG keystone.common.rbac_enforcer.enforcer [None req-35b9d969-3a2a-48e1-a791-e6af0ad9e8f3 None admin] RBAC: Authorization granted {{(pid=80768) enforce_call /opt/stack/keystone/keystone/common/rbac_enforcer/enforcer.py:457}}
Jun 01 16:02:46.934970 dv-neutron-844310-2-hyperv devstack@keystone.service[80768]: [pid: 80768|app: 0|req: 22/46] 10.222.0.15 () {60 vars in 1141 bytes} [Wed Jun 1 16:02:46 2022] POST /identity/v3/projects => generated 312 bytes in 213 msecs (HTTP/1.1 201) 5 headers in 182 bytes (1 switches on core 0)
Jun 01 16:02:48.924926 dv-neutron-844310-2-hyperv devstack@keystone.service[80767]: DEBUG keystone.server.flask.request_processing.req_logging [None req-7f6847ef-d34a-4681-aea4-849591cb3559 None None] REQUEST_METHOD: `GET` {{(pid=80767) log_request_info /opt/stack/keystone/keystone/server/flask/request_processing/req_logging.py:27}}
Jun 01 16:02:48.925672 dv-neutron-844310-2-hyperv devstack@keystone.service[80767]: DEBUG keystone.server.flask.request_processing.req_logging [None req-7f6847ef-d34a-4681-aea4-849591cb3559 None None] SCRIPT_NAME: `/identity` {{(pid=80767) log_request_info /opt/stack/keystone/keystone/server/flask/request_processing/req_logging.py:28}}
Jun 01 16:02:48.925672 dv-neutron-844310-2-hyperv devstack@keystone.service[80767]: DEBUG keystone.server.flask.request_processing.req_logging [None req-7f6847ef-d34a-4681-aea4-849591cb3559 None None] PATH_INFO: `/` {{(pid=80767) log_request_info /opt/stack/keystone/keystone/server/flask/request_processing/req_logging.py:29}}
Jun 01 16:02:48.926892 dv-neutron-844310-2-hyperv devstack@keystone.service[80767]: [pid: 80767|app: 0|req: 25/47] 10.222.0.15 () {54 vars in 926 bytes} [Wed Jun 1 16:02:48 2022] GET /identity => generated 270 bytes in 4 msecs (HTTP/1.1 300) 6 headers in 234 bytes (1 switches on core 0)
Jun 01 16:02:48.932532 dv-neutron-844310-2-hyperv devstack@keystone.service[80768]: DEBUG keystone.server.flask.request_processing.req_logging [None req-4889b2b3-aa07-4ce8-9fee-995397f96cdf None None] REQUEST_METHOD: `POST` {{(pid=80768) log_request_info /opt/stack/keystone/keystone/server/flask/request_processing/req_logging.py:27}}
Jun 01 16:02:48.933107 dv-neutron-844310-2-hyperv devstack@keystone.service[80768]: DEBUG keystone.server.flask.request_processing.req_logging [None req-4889b2b3-aa07-4ce8-9fee-995397f96cdf None None] SCRIPT_NAME: `/identity` {{(pid=80768) log_request_info /opt/stack/keystone/keystone/server/flask/request_processing/req_logging.py:28}}
Jun 01 16:02:48.933107 dv-neutron-844310-2-hyperv devstack@keystone.service[80768]: DEBUG keystone.server.flask.request_processing.req_logging [None req-4889b2b3-aa07-4ce8-9fee-995397f96cdf None None] PATH_INFO: `/v3/auth/tokens` {{(pid=80768) log_request_info /opt/stack/keystone/keystone/server/flask/request_processing/req_logging.py:29}}
Jun 01 16:02:48.950764 dv-neutron-844310-2-hyperv devstack@keystone.service[80768]: DEBUG keystone.auth.core [None req-4889b2b3-aa07-4ce8-9fee-995397f96cdf None None] MFA Rules not processed for user `ec78f694667b4bcc91a0f928e13994d2`. Rule list: `[]` (Enabled: `True`). {{(pid=80768) check_auth_methods_against_rules /opt/stack/keystone/keystone/auth/core.py:438}}
Jun 01 16:02:48.952057 dv-neutron-844310-2-hyperv devstack@keystone.service[80768]: DEBUG keystone.common.fernet_utils [None req-4889b2b3-aa07-4ce8-9fee-995397f96cdf None None] Loaded 2 Fernet keys from /etc/keystone/fernet-keys/, but `[fernet_tokens] max_active_keys = 3`; perhaps there have not been enough key rotations to reach `max_active_keys` yet? {{(pid=80768) load_keys /opt/stack/keystone/keystone/common/fernet_utils.py:286}}
Jun 01 16:02:49.023095 dv-neutron-844310-2-hyperv devstack@keystone.service[80768]: [pid: 80768|app: 0|req: 23/48] 10.222.0.15 () {58 vars in 1023 bytes} [Wed Jun 1 16:02:48 2022] POST /identity/v3/auth/tokens => generated 799 bytes in 91 msecs (HTTP/1.1 201) 6 headers in 363 bytes (1 switches on core 0)
Jun 01 16:02:49.047405 dv-neutron-844310-2-hyperv devstack@keystone.service[80767]: DEBUG keystone.server.flask.request_processing.middleware.auth_context [None req-7f6847ef-d34a-4681-aea4-849591cb3559 None None] Authenticating user token {{(pid=80767) process_request /usr/local/lib/python3.8/dist-packages/keystonemiddleware/auth_token/__init__.py:407}}
Jun 01 16:02:49.165140 dv-neutron-844310-2-hyperv devstack@keystone.service[80767]: DEBUG keystone.server.flask.request_processing.middleware.auth_context [None req-7f6847ef-d34a-4681-aea4-849591cb3559 None None] Validating token access rules against request {{(pid=80767) validate_allowed_request /usr/local/lib/python3.8/dist-packages/keystonemiddleware/auth_token/__init__.py:545}}
Jun 01 16:02:49.166978 dv-neutron-844310-2-hyperv devstack@keystone.service[80767]: DEBUG dbcounter [-] [80767] Writing DB stats keystone:SELECT=100 {{(pid=80767) stat_writer /usr/local/lib/python3.8/dist-packages/dbcounter.py:114}}
Jun 01 16:02:49.212994 dv-neutron-844310-2-hyperv devstack@keystone.service[80767]: DEBUG keystone.server.flask.request_processing.middleware.auth_context [None req-e4590376-5a97-4401-9781-773339816acd None admin] RBAC: auth_context: {'token': , 'domain_id': None, 'trust_id': None, 'trustor_id': None, 'trustee_id': None, 'domain_name': None, 'group_ids': [], 'user_id': 'ec78f694667b4bcc91a0f928e13994d2', 'user_domain_id': 'default', 'system_scope': 'all', 'project_id': None, 'project_domain_id': None, 'roles': ['admin', 'member', 'reader'], 'is_admin_project': True, 'service_user_id': None, 'service_user_domain_id': None, 'service_project_id': None, 'service_project_domain_id': None, 'service_roles': []} {{(pid=80767) fill_context /opt/stack/keystone/keystone/server/flask/request_processing/middleware/auth_context.py:478}}
Jun 01 16:02:49.213730 dv-neutron-844310-2-hyperv devstack@keystone.service[80767]: DEBUG keystone.server.flask.request_processing.req_logging [None req-e4590376-5a97-4401-9781-773339816acd None admin] REQUEST_METHOD: `GET` {{(pid=80767) log_request_info /opt/stack/keystone/keystone/server/flask/request_processing/req_logging.py:27}}
Jun 01 16:02:49.214012 dv-neutron-844310-2-hyperv devstack@keystone.service[80767]: DEBUG keystone.server.flask.request_processing.req_logging [None req-e4590376-5a97-4401-9781-773339816acd None admin] SCRIPT_NAME: `/identity` {{(pid=80767) log_request_info /opt/stack/keystone/keystone/server/flask/request_processing/req_logging.py:28}}
Jun 01 16:02:49.214293 dv-neutron-844310-2-hyperv devstack@keystone.service[80767]: DEBUG keystone.server.flask.request_processing.req_logging [None req-e4590376-5a97-4401-9781-773339816acd None admin] PATH_INFO: `/v3/roles/admin` {{(pid=80767) log_request_info /opt/stack/keystone/keystone/server/flask/request_processing/req_logging.py:29}}
Jun 01 16:02:49.226229 dv-neutron-844310-2-hyperv devstack@keystone.service[80768]: DEBUG keystone.server.flask.request_processing.req_logging [None req-ac92c039-0dc8-4287-86d4-1faa9d893b4d None None] REQUEST_METHOD: `GET` {{(pid=80768) log_request_info /opt/stack/keystone/keystone/server/flask/request_processing/req_logging.py:27}}
Jun 01 16:02:49.226534 dv-neutron-844310-2-hyperv devstack@keystone.service[80768]: DEBUG keystone.server.flask.request_processing.req_logging [None req-ac92c039-0dc8-4287-86d4-1faa9d893b4d None None] SCRIPT_NAME: `/identity` {{(pid=80768) log_request_info /opt/stack/keystone/keystone/server/flask/request_processing/req_logging.py:28}}
Jun 01 16:02:49.226822 dv-neutron-844310-2-hyperv devstack@keystone.service[80768]: DEBUG keystone.server.flask.request_processing.req_logging [None req-ac92c039-0dc8-4287-86d4-1faa9d893b4d None None] PATH_INFO: `/` {{(pid=80768) log_request_info /opt/stack/keystone/keystone/server/flask/request_processing/req_logging.py:29}}
Jun 01 16:02:49.228227 dv-neutron-844310-2-hyperv devstack@keystone.service[80768]: [pid: 80768|app: 0|req: 24/49] 10.222.0.15 () {54 vars in 926 bytes} [Wed Jun 1 16:02:49 2022] GET /identity => generated 270 bytes in 3 msecs (HTTP/1.1 300) 6 headers in 234 bytes (1 switches on core 0)
Jun 01 16:02:49.230257 dv-neutron-844310-2-hyperv devstack@keystone.service[80767]: DEBUG keystone.common.rbac_enforcer.enforcer [None req-e4590376-5a97-4401-9781-773339816acd None admin] Extracting inferred target data resulted in "NOT FOUND (404)". {{(pid=80767) enforce_call /opt/stack/keystone/keystone/common/rbac_enforcer/enforcer.py:409}}
Jun 01 16:02:49.233513 dv-neutron-844310-2-hyperv devstack@keystone.service[80768]: DEBUG keystone.server.flask.request_processing.req_logging [None req-cf325edd-a136-42e6-9df3-63178460bcf8 None None] REQUEST_METHOD: `POST` {{(pid=80768) log_request_info /opt/stack/keystone/keystone/server/flask/request_processing/req_logging.py:27}}
Jun 01 16:02:49.233809 dv-neutron-844310-2-hyperv devstack@keystone.service[80768]: DEBUG keystone.server.flask.request_processing.req_logging [None req-cf325edd-a136-42e6-9df3-63178460bcf8 None None] SCRIPT_NAME: `/identity` {{(pid=80768) log_request_info /opt/stack/keystone/keystone/server/flask/request_processing/req_logging.py:28}}
Jun 01 16:02:49.234093 dv-neutron-844310-2-hyperv devstack@keystone.service[80768]: DEBUG keystone.server.flask.request_processing.req_logging [None req-cf325edd-a136-42e6-9df3-63178460bcf8 None None] PATH_INFO: `/v3/auth/tokens` {{(pid=80768) log_request_info /opt/stack/keystone/keystone/server/flask/request_processing/req_logging.py:29}}
Jun 01 16:02:49.238320 dv-neutron-844310-2-hyperv devstack@keystone.service[80767]: ERROR keystone.server.flask.application [None req-e4590376-5a97-4401-9781-773339816acd None admin] Could not find role: admin.: keystone.exception.RoleNotFound: Could not find role: admin.
Jun 01 16:02:49.238320 dv-neutron-844310-2-hyperv devstack@keystone.service[80767]: ERROR keystone.server.flask.application
Traceback (most recent call last):
Jun 01 16:02:49.238320 dv-neutron-844310-2-hyperv devstack@keystone.service[80767]: ERROR keystone.server.flask.application
File "/usr/local/lib/python3.8/dist-packages/flask/app.py", line 1523, in full_dispatch_request
Jun 01 16:02:49.238320 dv-neutron-844310-2-hyperv devstack@keystone.service[80767]: ERROR keystone.server.flask.application rv = self.dispatch_request()
Jun 01 16:02:49.238320 dv-neutron-844310-2-hyperv devstack@keystone.service[80767]: ERROR keystone.server.flask.application
File "/usr/local/lib/python3.8/dist-packages/flask/app.py", line 1509, in dispatch_request
Jun 01 16:02:49.238320 dv-neutron-844310-2-hyperv devstack@keystone.service[80767]: ERROR keystone.server.flask.application return self.ensure_sync(self.view_functions[rule.endpoint])(**req.view_args)
Jun 01 16:02:49.238320 dv-neutron-844310-2-hyperv devstack@keystone.service[80767]: ERROR keystone.server.flask.application
File "/usr/local/lib/python3.8/dist-packages/flask_restful/__init__.py", line 467, in wrapper
Jun 01 16:02:49.238320 dv-neutron-844310-2-hyperv devstack@keystone.service[80767]: ERROR keystone.server.flask.application resp = resource(*args, **kwargs)
Jun 01 16:02:49.238320 dv-neutron-844310-2-hyperv devstack@keystone.service[80767]: ERROR keystone.server.flask.application
File "/usr/local/lib/python3.8/dist-packages/flask/views.py", line 84, in view
Jun 01 16:02:49.238320 dv-neutron-844310-2-hyperv devstack@keystone.service[80767]: ERROR keystone.server.flask.application return current_app.ensure_sync(self.dispatch_request)(*args, **kwargs)
Jun 01 16:02:49.238320 dv-neutron-844310-2-hyperv devstack@keystone.service[80767]: ERROR keystone.server.flask.application
File "/usr/local/lib/python3.8/dist-packages/flask_restful/__init__.py", line 582, in dispatch_request
Jun 01 16:02:49.238320 dv-neutron-844310-2-hyperv devstack@keystone.service[80767]: ERROR keystone.server.flask.application resp = meth(*args, **kwargs)
Jun 01 16:02:49.238320 dv-neutron-844310-2-hyperv devstack@keystone.service[80767]: ERROR keystone.server.flask.application
File "/opt/stack/keystone/keystone/api/roles.py", line 50, in get
Jun 01 16:02:49.238320 dv-neutron-844310-2-hyperv devstack@keystone.service[80767]: ERROR keystone.server.flask.application return self._get_role(role_id)
Jun 01 16:02:49.238320 dv-neutron-844310-2-hyperv devstack@keystone.service[80767]: ERROR keystone.server.flask.application
File "/opt/stack/keystone/keystone/api/roles.py", line 70, in _get_role
Jun 01 16:02:49.238320 dv-neutron-844310-2-hyperv devstack@keystone.service[80767]: ERROR keystone.server.flask.application ENFORCER.enforce_call(action='identity:get_role')
Jun 01 16:02:49.239157 dv-neutron-844310-2-hyperv devstack@keystone.service[80767]: ERROR keystone.server.flask.application
File "/opt/stack/keystone/keystone/common/rbac_enforcer/enforcer.py", line 402, in enforce_call
Jun 01 16:02:49.239157 dv-neutron-844310-2-hyperv devstack@keystone.service[80767]: ERROR keystone.server.flask.application policy_dict.update(cls._extract_member_target_data(
Jun 01 16:02:49.239157 dv-neutron-844310-2-hyperv devstack@keystone.service[80767]: ERROR keystone.server.flask.application
File "/opt/stack/keystone/keystone/common/rbac_enforcer/enforcer.py", line 234, in _extract_member_target_data
Jun 01 16:02:49.239157 dv-neutron-844310-2-hyperv devstack@keystone.service[80767]: ERROR keystone.server.flask.application member_name: func(flask.request.view_args[key])
Jun 01 16:02:49.239157 dv-neutron-844310-2-hyperv devstack@keystone.service[80767]: ERROR keystone.server.flask.application
File "/opt/stack/keystone/keystone/common/manager.py", line 115, in wrapped
Jun 01 16:02:49.239157 dv-neutron-844310-2-hyperv devstack@keystone.service[80767]: ERROR keystone.server.flask.application __ret_val = __f(*args, **kwargs)
Jun 01 16:02:49.239157 dv-neutron-844310-2-hyperv devstack@keystone.service[80767]: ERROR keystone.server.flask.application
File "/usr/local/lib/python3.8/dist-packages/decorator.py", line 232, in fun
Jun 01 16:02:49.239157 dv-neutron-844310-2-hyperv devstack@keystone.service[80767]: ERROR keystone.server.flask.application return caller(func, *(extras + args), **kw)
Jun 01 16:02:49.239157 dv-neutron-844310-2-hyperv devstack@keystone.service[80767]: ERROR keystone.server.flask.application
File "/usr/local/lib/python3.8/dist-packages/dogpile/cache/region.py", line 1577, in get_or_create_for_user_func
Jun 01 16:02:49.239157 dv-neutron-844310-2-hyperv devstack@keystone.service[80767]: ERROR keystone.server.flask.application return self.get_or_create(
Jun 01 16:02:49.239157 dv-neutron-844310-2-hyperv devstack@keystone.service[80767]: ERROR keystone.server.flask.application
File "/usr/local/lib/python3.8/dist-packages/dogpile/cache/region.py", line 1042, in get_or_create
Jun 01 16:02:49.239157 dv-neutron-844310-2-hyperv devstack@keystone.service[80767]: ERROR keystone.server.flask.application with Lock(
Jun 01 16:02:49.239157 dv-neutron-844310-2-hyperv devstack@keystone.service[80767]: ERROR keystone.server.flask.application
File "/usr/local/lib/python3.8/dist-packages/dogpile/lock.py", line 185, in __enter__
Jun 01 16:02:49.239157 dv-neutron-844310-2-hyperv devstack@keystone.service[80767]: ERROR keystone.server.flask.application return self._enter()
Jun 01 16:02:49.239157 dv-neutron-844310-2-hyperv devstack@keystone.service[80767]: ERROR keystone.server.flask.application
File "/usr/local/lib/python3.8/dist-packages/dogpile/lock.py", line 94, in _enter
Jun 01 16:02:49.239157 dv-neutron-844310-2-hyperv devstack@keystone.service[80767]: ERROR keystone.server.flask.application generated = self._enter_create(value, createdtime)
Jun 01 16:02:49.239942 dv-neutron-844310-2-hyperv devstack@keystone.service[80767]: ERROR keystone.server.flask.application
File "/usr/local/lib/python3.8/dist-packages/dogpile/lock.py", line 178, in _enter_create
Jun 01 16:02:49.239942 dv-neutron-844310-2-hyperv devstack@keystone.service[80767]: ERROR keystone.server.flask.application return self.creator()
Jun 01 16:02:49.239942 dv-neutron-844310-2-hyperv devstack@keystone.service[80767]: ERROR keystone.server.flask.application
File "/usr/local/lib/python3.8/dist-packages/dogpile/cache/region.py", line 995, in gen_value
Jun 01 16:02:49.239942 dv-neutron-844310-2-hyperv devstack@keystone.service[80767]: ERROR keystone.server.flask.application created_value = creator(
Jun 01 16:02:49.239942 dv-neutron-844310-2-hyperv devstack@keystone.service[80767]: ERROR keystone.server.flask.application
File "/opt/stack/keystone/keystone/assignment/core.py", line 1276, in get_role
Jun 01 16:02:49.239942 dv-neutron-844310-2-hyperv devstack@keystone.service[80767]: ERROR keystone.server.flask.application return self.driver.get_role(role_id)
Jun 01 16:02:49.239942 dv-neutron-844310-2-hyperv devstack@keystone.service[80767]: ERROR keystone.server.flask.application
File "/opt/stack/keystone/keystone/assignment/role_backends/sql.py", line 70, in get_role
Jun 01 16:02:49.239942 dv-neutron-844310-2-hyperv devstack@keystone.service[80767]: ERROR keystone.server.flask.application return self._get_role(session, role_id).to_dict()
Jun 01 16:02:49.239942 dv-neutron-844310-2-hyperv devstack@keystone.service[80767]: ERROR keystone.server.flask.application
File "/opt/stack/keystone/keystone/assignment/role_backends/sql.py", line 65, in _get_role
Jun 01 16:02:49.239942 dv-neutron-844310-2-hyperv devstack@keystone.service[80767]: ERROR keystone.server.flask.application raise exception.RoleNotFound(role_id=role_id)
Jun 01 16:02:49.239942 dv-neutron-844310-2-hyperv devstack@keystone.service[80767]: ERROR keystone.server.flask.application keystone.exception.RoleNotFound: Could not find role: admin.
Jun 01 16:02:49.239942 dv-neutron-844310-2-hyperv devstack@keystone.service[80767]: ERROR keystone.server.flask.application
Jun 01 16:02:49.239942 dv-neutron-844310-2-hyperv devstack@keystone.service[80767]: [pid: 80767|app: 0|req: 26/50] 10.222.0.15 () {56 vars in 1096 bytes} [Wed Jun 1 16:02:49 2022] GET /identity/v3/roles/admin => generated 83 bytes in 193 msecs (HTTP/1.1 404) 5 headers in 183 bytes (1 switches on core 0)
Jun 01 16:02:49.245700 dv-neutron-844310-2-hyperv devstack@keystone.service[80767]: DEBUG keystone.server.flask.request_processing.middleware.auth_context [None req-e4590376-5a97-4401-9781-773339816acd None admin] Authenticating user token {{(pid=80767) process_request /usr/local/lib/python3.8/dist-packages/keystonemiddleware/auth_token/__init__.py:407}}
Jun 01 16:02:49.256073 dv-neutron-844310-2-hyperv devstack@keystone.service[80768]: DEBUG keystone.auth.core [None req-cf325edd-a136-42e6-9df3-63178460bcf8 None None] MFA Rules not processed for user `ec78f694667b4bcc91a0f928e13994d2`. Rule list: `[]` (Enabled: `True`). {{(pid=80768) check_auth_methods_against_rules /opt/stack/keystone/keystone/auth/core.py:438}}
Jun 01 16:02:49.257295 dv-neutron-844310-2-hyperv devstack@keystone.service[80768]: DEBUG keystone.common.fernet_utils [None req-cf325edd-a136-42e6-9df3-63178460bcf8 None None] Loaded 2 Fernet keys from /etc/keystone/fernet-keys/, but `[fernet_tokens] max_active_keys = 3`; perhaps there have not been enough key rotations to reach `max_active_keys` yet? {{(pid=80768) load_keys /opt/stack/keystone/keystone/common/fernet_utils.py:286}}
Jun 01 16:02:49.312529 dv-neutron-844310-2-hyperv devstack@keystone.service[80768]: DEBUG dbcounter [-] [80768] Writing DB stats keystone:SELECT=99,keystone:INSERT=1 {{(pid=80768) stat_writer /usr/local/lib/python3.8/dist-packages/dbcounter.py:114}}
Jun 01 16:02:49.340253 dv-neutron-844310-2-hyperv devstack@keystone.service[80768]: [pid: 80768|app: 0|req: 25/51] 10.222.0.15 () {58 vars in 1023 bytes} [Wed Jun 1 16:02:49 2022] POST /identity/v3/auth/tokens => generated 799 bytes in 107 msecs (HTTP/1.1 201) 6 headers in 363 bytes (1 switches on core 0)
Jun 01 16:02:49.362916 dv-neutron-844310-2-hyperv devstack@keystone.service[80767]: DEBUG keystone.server.flask.request_processing.middleware.auth_context [None req-e4590376-5a97-4401-9781-773339816acd None admin] Validating token access rules against request {{(pid=80767) validate_allowed_request /usr/local/lib/python3.8/dist-packages/keystonemiddleware/auth_token/__init__.py:545}}
Jun 01 16:02:49.365997 dv-neutron-844310-2-hyperv devstack@keystone.service[80768]: DEBUG keystone.server.flask.request_processing.middleware.auth_context [None req-cf325edd-a136-42e6-9df3-63178460bcf8 None None] Authenticating user token {{(pid=80768) process_request /usr/local/lib/python3.8/dist-packages/keystonemiddleware/auth_token/__init__.py:407}}
Jun 01 16:02:49.403539 dv-neutron-844310-2-hyperv devstack@keystone.service[80767]: DEBUG keystone.server.flask.request_processing.middleware.auth_context [None req-46c6bf05-8448-44ec-9ea1-b19c769c8e70 None admin] RBAC: auth_context: {'token': , 'domain_id': None, 'trust_id': None, 'trustor_id': None, 'trustee_id': None, 'domain_name': None, 'group_ids': [], 'user_id': 'ec78f694667b4bcc91a0f928e13994d2', 'user_domain_id': 'default', 'system_scope': 'all', 'project_id': None, 'project_domain_id': None, 'roles': ['admin', 'member', 'reader'], 'is_admin_project': True, 'service_user_id': None, 'service_user_domain_id': None, 'service_project_id': None, 'service_project_domain_id': None, 'service_roles': []} {{(pid=80767) fill_context /opt/stack/keystone/keystone/server/flask/request_processing/middleware/auth_context.py:478}}
Jun 01 16:02:49.404279 dv-neutron-844310-2-hyperv devstack@keystone.service[80767]: DEBUG keystone.server.flask.request_processing.req_logging [None req-46c6bf05-8448-44ec-9ea1-b19c769c8e70 None admin] REQUEST_METHOD: `GET` {{(pid=80767) log_request_info /opt/stack/keystone/keystone/server/flask/request_processing/req_logging.py:27}}
Jun 01 16:02:49.404574 dv-neutron-844310-2-hyperv devstack@keystone.service[80767]: DEBUG keystone.server.flask.request_processing.req_logging [None req-46c6bf05-8448-44ec-9ea1-b19c769c8e70 None admin] SCRIPT_NAME: `/identity` {{(pid=80767) log_request_info /opt/stack/keystone/keystone/server/flask/request_processing/req_logging.py:28}}
Jun 01 16:02:49.404843 dv-neutron-844310-2-hyperv devstack@keystone.service[80767]: DEBUG keystone.server.flask.request_processing.req_logging [None req-46c6bf05-8448-44ec-9ea1-b19c769c8e70 None admin] PATH_INFO: `/v3/roles` {{(pid=80767) log_request_info /opt/stack/keystone/keystone/server/flask/request_processing/req_logging.py:29}}
Jun 01 16:02:49.406324 dv-neutron-844310-2-hyperv devstack@keystone.service[80767]: DEBUG keystone.common.rbac_enforcer.enforcer [None req-46c6bf05-8448-44ec-9ea1-b19c769c8e70 None admin] RBAC: Adding query filter params (name=admin) {{(pid=80767) _extract_filter_values /opt/stack/keystone/keystone/common/rbac_enforcer/enforcer.py:167}}
Jun 01 16:02:49.406324 dv-neutron-844310-2-hyperv devstack@keystone.service[80767]: DEBUG keystone.common.rbac_enforcer.enforcer [None req-46c6bf05-8448-44ec-9ea1-b19c769c8e70 None admin] RBAC: Authorizing `identity:list_roles()` {{(pid=80767) enforce_call /opt/stack/keystone/keystone/common/rbac_enforcer/enforcer.py:449}}
Jun 01 16:02:49.407353 dv-neutron-844310-2-hyperv devstack@keystone.service[80767]: DEBUG keystone.common.rbac_enforcer.enforcer [None req-46c6bf05-8448-44ec-9ea1-b19c769c8e70 None admin] RBAC: Authorization granted {{(pid=80767) enforce_call /opt/stack/keystone/keystone/common/rbac_enforcer/enforcer.py:457}}
Jun 01 16:02:49.418024 dv-neutron-844310-2-hyperv devstack@keystone.service[80767]: [pid: 80767|app: 0|req: 27/52] 10.222.0.15 () {56 vars in 1099 bytes} [Wed Jun 1 16:02:49 2022] GET /identity/v3/roles?name=admin => generated 339 bytes in 173 msecs (HTTP/1.1 200) 5 headers in 177 bytes (1 switches on core 0)
Jun 01 16:02:49.425033 dv-neutron-844310-2-hyperv devstack@keystone.service[80767]: DEBUG keystone.server.flask.request_processing.middleware.auth_context [None req-46c6bf05-8448-44ec-9ea1-b19c769c8e70 None admin] Authenticating user token {{(pid=80767) process_request /usr/local/lib/python3.8/dist-packages/keystonemiddleware/auth_token/__init__.py:407}}
Jun 01 16:02:49.452170 dv-neutron-844310-2-hyperv devstack@keystone.service[80767]: DEBUG dbcounter [-] [80767] Writing DB stats keystone:SELECT=100 {{(pid=80767) stat_writer /usr/local/lib/python3.8/dist-packages/dbcounter.py:114}}
Jun 01 16:02:49.477943 dv-neutron-844310-2-hyperv devstack@keystone.service[80768]: DEBUG keystone.server.flask.request_processing.middleware.auth_context [None req-cf325edd-a136-42e6-9df3-63178460bcf8 None None] Validating token access rules against request {{(pid=80768) validate_allowed_request /usr/local/lib/python3.8/dist-packages/keystonemiddleware/auth_token/__init__.py:545}}
Jun 01 16:02:49.512684 dv-neutron-844310-2-hyperv devstack@keystone.service[80768]: DEBUG keystone.server.flask.request_processing.middleware.auth_context [None req-9b1b770b-8451-4f4b-bf25-b3d63a909e9f None admin] RBAC: auth_context: {'token': , 'domain_id': None, 'trust_id': None, 'trustor_id': None, 'trustee_id': None, 'domain_name': None, 'group_ids': [], 'user_id': 'ec78f694667b4bcc91a0f928e13994d2', 'user_domain_id': 'default', 'system_scope': 'all', 'project_id': None, 'project_domain_id': None, 'roles': ['admin', 'member', 'reader'], 'is_admin_project': True, 'service_user_id': None, 'service_user_domain_id': None, 'service_project_id': None, 'service_project_domain_id': None, 'service_roles': []} {{(pid=80768) fill_context /opt/stack/keystone/keystone/server/flask/request_processing/middleware/auth_context.py:478}}
Jun 01 16:02:49.513509 dv-neutron-844310-2-hyperv devstack@keystone.service[80768]: DEBUG keystone.server.flask.request_processing.req_logging [None req-9b1b770b-8451-4f4b-bf25-b3d63a909e9f None admin] REQUEST_METHOD: `GET` {{(pid=80768) log_request_info /opt/stack/keystone/keystone/server/flask/request_processing/req_logging.py:27}}
Jun 01 16:02:49.513800 dv-neutron-844310-2-hyperv devstack@keystone.service[80768]: DEBUG keystone.server.flask.request_processing.req_logging [None req-9b1b770b-8451-4f4b-bf25-b3d63a909e9f None admin] SCRIPT_NAME: `/identity` {{(pid=80768) log_request_info /opt/stack/keystone/keystone/server/flask/request_processing/req_logging.py:28}}
Jun 01 16:02:49.514080 dv-neutron-844310-2-hyperv devstack@keystone.service[80768]: DEBUG keystone.server.flask.request_processing.req_logging [None req-9b1b770b-8451-4f4b-bf25-b3d63a909e9f None admin] PATH_INFO: `/v3/domains/default` {{(pid=80768) log_request_info /opt/stack/keystone/keystone/server/flask/request_processing/req_logging.py:29}}
Jun 01 16:02:49.515272 dv-neutron-844310-2-hyperv devstack@keystone.service[80768]: DEBUG keystone.common.rbac_enforcer.enforcer [None req-9b1b770b-8451-4f4b-bf25-b3d63a909e9f None admin] RBAC: Authorizing `identity:get_domain(domain_id=default)` {{(pid=80768) enforce_call /opt/stack/keystone/keystone/common/rbac_enforcer/enforcer.py:449}}
Jun 01 16:02:49.516775 dv-neutron-844310-2-hyperv devstack@keystone.service[80768]: DEBUG keystone.common.rbac_enforcer.enforcer [None req-9b1b770b-8451-4f4b-bf25-b3d63a909e9f None admin] RBAC: Authorization granted {{(pid=80768) enforce_call /opt/stack/keystone/keystone/common/rbac_enforcer/enforcer.py:457}}
Jun 01 16:02:49.518670 dv-neutron-844310-2-hyperv devstack@keystone.service[80768]: [pid: 80768|app: 0|req: 26/53] 10.222.0.15 () {56 vars in 1108 bytes} [Wed Jun 1 16:02:49 2022] GET /identity/v3/domains/default => generated 199 bytes in 153 msecs (HTTP/1.1 200) 5 headers in 177 bytes (2 switches on core 0)
Jun 01 16:02:49.524307 dv-neutron-844310-2-hyperv devstack@keystone.service[80768]: DEBUG keystone.server.flask.request_processing.middleware.auth_context [None req-9b1b770b-8451-4f4b-bf25-b3d63a909e9f None admin] Authenticating user token {{(pid=80768) process_request /usr/local/lib/python3.8/dist-packages/keystonemiddleware/auth_token/__init__.py:407}}
Jun 01 16:02:49.530324 dv-neutron-844310-2-hyperv devstack@keystone.service[80767]: DEBUG keystone.server.flask.request_processing.middleware.auth_context [None req-46c6bf05-8448-44ec-9ea1-b19c769c8e70 None admin] Validating token access rules against request {{(pid=80767) validate_allowed_request /usr/local/lib/python3.8/dist-packages/keystonemiddleware/auth_token/__init__.py:545}}
Jun 01 16:02:49.565055 dv-neutron-844310-2-hyperv devstack@keystone.service[80767]: DEBUG keystone.server.flask.request_processing.middleware.auth_context [None req-b82ed9b4-d4cb-433a-81dc-845f9777bc1c None admin] RBAC: auth_context: {'token': , 'domain_id': None, 'trust_id': None, 'trustor_id': None, 'trustee_id': None, 'domain_name': None, 'group_ids': [], 'user_id': 'ec78f694667b4bcc91a0f928e13994d2', 'user_domain_id': 'default', 'system_scope': 'all', 'project_id': None, 'project_domain_id': None, 'roles': ['admin', 'member', 'reader'], 'is_admin_project': True, 'service_user_id': None, 'service_user_domain_id': None, 'service_project_id': None, 'service_project_domain_id': None, 'service_roles': []} {{(pid=80767) fill_context /opt/stack/keystone/keystone/server/flask/request_processing/middleware/auth_context.py:478}}
Jun 01 16:02:49.565955 dv-neutron-844310-2-hyperv devstack@keystone.service[80767]: DEBUG keystone.server.flask.request_processing.req_logging [None req-b82ed9b4-d4cb-433a-81dc-845f9777bc1c None admin] REQUEST_METHOD: `GET` {{(pid=80767) log_request_info /opt/stack/keystone/keystone/server/flask/request_processing/req_logging.py:27}}
Jun 01 16:02:49.566240 dv-neutron-844310-2-hyperv devstack@keystone.service[80767]: DEBUG keystone.server.flask.request_processing.req_logging [None req-b82ed9b4-d4cb-433a-81dc-845f9777bc1c None admin] SCRIPT_NAME: `/identity` {{(pid=80767) log_request_info /opt/stack/keystone/keystone/server/flask/request_processing/req_logging.py:28}}
