Jun 01 20:31:09.126561 dv-neutron-844297-1-hyperv devstack@keystone.service[80847]: DEBUG keystone.server.flask.request_processing.req_logging [None req-ef76bf3b-3b42-4cca-bb22-8da8f4113c59 None admin] PATH_INFO: `/v3/roles` {{(pid=80847) log_request_info /opt/stack/keystone/keystone/server/flask/request_processing/req_logging.py:29}}
Jun 01 20:31:09.127227 dv-neutron-844297-1-hyperv devstack@keystone.service[80847]: DEBUG keystone.common.rbac_enforcer.enforcer [None req-ef76bf3b-3b42-4cca-bb22-8da8f4113c59 None admin] RBAC: Adding query filter params (name=admin) {{(pid=80847) _extract_filter_values /opt/stack/keystone/keystone/common/rbac_enforcer/enforcer.py:167}}
Jun 01 20:31:09.127553 dv-neutron-844297-1-hyperv devstack@keystone.service[80847]: DEBUG keystone.common.rbac_enforcer.enforcer [None req-ef76bf3b-3b42-4cca-bb22-8da8f4113c59 None admin] RBAC: Authorizing `identity:list_roles()` {{(pid=80847) enforce_call /opt/stack/keystone/keystone/common/rbac_enforcer/enforcer.py:449}}
Jun 01 20:31:09.129060 dv-neutron-844297-1-hyperv devstack@keystone.service[80847]: DEBUG keystone.common.rbac_enforcer.enforcer [None req-ef76bf3b-3b42-4cca-bb22-8da8f4113c59 None admin] RBAC: Authorization granted {{(pid=80847) enforce_call /opt/stack/keystone/keystone/common/rbac_enforcer/enforcer.py:457}}
Jun 01 20:31:09.138016 dv-neutron-844297-1-hyperv devstack@keystone.service[80847]: [pid: 80847|app: 0|req: 91/186] 10.222.0.61 () {56 vars in 1099 bytes} [Wed Jun 1 20:31:08 2022] GET /identity/v3/roles?name=admin => generated 339 bytes in 178 msecs (HTTP/1.1 200) 5 headers in 177 bytes (2 switches on core 0)
Jun 01 20:31:09.143632 dv-neutron-844297-1-hyperv devstack@keystone.service[80847]: DEBUG keystone.server.flask.request_processing.middleware.auth_context [None req-ef76bf3b-3b42-4cca-bb22-8da8f4113c59 None admin] Authenticating user token {{(pid=80847) process_request /usr/local/lib/python3.8/dist-packages/keystonemiddleware/auth_token/__init__.py:407}}
Jun 01 20:31:09.152249 dv-neutron-844297-1-hyperv devstack@keystone.service[80848]: DEBUG keystone.server.flask.request_processing.middleware.auth_context [None req-e1fde9ab-43ce-4ff1-91c9-cdde25a73e3d None None] Validating token access rules against request {{(pid=80848) validate_allowed_request /usr/local/lib/python3.8/dist-packages/keystonemiddleware/auth_token/__init__.py:545}}
Jun 01 20:31:09.193020 dv-neutron-844297-1-hyperv devstack@keystone.service[80848]: DEBUG keystone.server.flask.request_processing.middleware.auth_context [None req-e88b7fb2-ae56-4d23-a1d1-e0780c157f52 None admin] RBAC: auth_context: {'token': , 'domain_id': None, 'trust_id': None, 'trustor_id': None, 'trustee_id': None, 'domain_name': None, 'group_ids': [], 'user_id': '643ac0ef7edd487f92582b3586345eed', 'user_domain_id': 'default', 'system_scope': 'all', 'project_id': None, 'project_domain_id': None, 'roles': ['admin', 'member', 'reader'], 'is_admin_project': True, 'service_user_id': None, 'service_user_domain_id': None, 'service_project_id': None, 'service_project_domain_id': None, 'service_roles': []} {{(pid=80848) fill_context /opt/stack/keystone/keystone/server/flask/request_processing/middleware/auth_context.py:478}}
Jun 01 20:31:09.194114 dv-neutron-844297-1-hyperv devstack@keystone.service[80848]: DEBUG keystone.server.flask.request_processing.req_logging [None req-e88b7fb2-ae56-4d23-a1d1-e0780c157f52 None admin] REQUEST_METHOD: `GET` {{(pid=80848) log_request_info /opt/stack/keystone/keystone/server/flask/request_processing/req_logging.py:27}}
Jun 01 20:31:09.194537 dv-neutron-844297-1-hyperv devstack@keystone.service[80848]: DEBUG keystone.server.flask.request_processing.req_logging [None req-e88b7fb2-ae56-4d23-a1d1-e0780c157f52 None admin] SCRIPT_NAME: `/identity` {{(pid=80848) log_request_info /opt/stack/keystone/keystone/server/flask/request_processing/req_logging.py:28}}
Jun 01 20:31:09.195092 dv-neutron-844297-1-hyperv devstack@keystone.service[80848]: DEBUG keystone.server.flask.request_processing.req_logging [None req-e88b7fb2-ae56-4d23-a1d1-e0780c157f52 None admin] PATH_INFO: `/v3/domains/default` {{(pid=80848) log_request_info /opt/stack/keystone/keystone/server/flask/request_processing/req_logging.py:29}}
Jun 01 20:31:09.196602 dv-neutron-844297-1-hyperv devstack@keystone.service[80848]: DEBUG keystone.common.rbac_enforcer.enforcer [None req-e88b7fb2-ae56-4d23-a1d1-e0780c157f52 None admin] RBAC: Authorizing `identity:get_domain(domain_id=default)` {{(pid=80848) enforce_call /opt/stack/keystone/keystone/common/rbac_enforcer/enforcer.py:449}}
Jun 01 20:31:09.198280 dv-neutron-844297-1-hyperv devstack@keystone.service[80848]: DEBUG keystone.common.rbac_enforcer.enforcer [None req-e88b7fb2-ae56-4d23-a1d1-e0780c157f52 None admin] RBAC: Authorization granted {{(pid=80848) enforce_call /opt/stack/keystone/keystone/common/rbac_enforcer/enforcer.py:457}}
Jun 01 20:31:09.200183 dv-neutron-844297-1-hyperv devstack@keystone.service[80848]: [pid: 80848|app: 0|req: 96/187] 10.222.0.61 () {56 vars in 1108 bytes} [Wed Jun 1 20:31:09 2022] GET /identity/v3/domains/default => generated 199 bytes in 184 msecs (HTTP/1.1 200) 5 headers in 177 bytes (2 switches on core 0)
Jun 01 20:31:09.205771 dv-neutron-844297-1-hyperv devstack@keystone.service[80848]: DEBUG keystone.server.flask.request_processing.req_logging [None req-455703f7-79d5-42b4-a8ce-08ee920e71f9 None None] REQUEST_METHOD: `GET` {{(pid=80848) log_request_info /opt/stack/keystone/keystone/server/flask/request_processing/req_logging.py:27}}
Jun 01 20:31:09.206391 dv-neutron-844297-1-hyperv devstack@keystone.service[80848]: DEBUG keystone.server.flask.request_processing.req_logging [None req-455703f7-79d5-42b4-a8ce-08ee920e71f9 None None] SCRIPT_NAME: `/identity` {{(pid=80848) log_request_info /opt/stack/keystone/keystone/server/flask/request_processing/req_logging.py:28}}
Jun 01 20:31:09.206845 dv-neutron-844297-1-hyperv devstack@keystone.service[80848]: DEBUG keystone.server.flask.request_processing.req_logging [None req-455703f7-79d5-42b4-a8ce-08ee920e71f9 None None] PATH_INFO: `/` {{(pid=80848) log_request_info /opt/stack/keystone/keystone/server/flask/request_processing/req_logging.py:29}}
Jun 01 20:31:09.208513 dv-neutron-844297-1-hyperv devstack@keystone.service[80848]: [pid: 80848|app: 0|req: 97/188] 10.222.0.61 () {54 vars in 926 bytes} [Wed Jun 1 20:31:09 2022] GET /identity => generated 270 bytes in 4 msecs (HTTP/1.1 300) 6 headers in 234 bytes (1 switches on core 0)
Jun 01 20:31:09.209459 dv-neutron-844297-1-hyperv devstack@keystone.service[80848]: DEBUG keystone.server.flask.request_processing.middleware.auth_context [None req-455703f7-79d5-42b4-a8ce-08ee920e71f9 None None] Authenticating user token {{(pid=80848) process_request /usr/local/lib/python3.8/dist-packages/keystonemiddleware/auth_token/__init__.py:407}}
Jun 01 20:31:09.216570 dv-neutron-844297-1-hyperv devstack@keystone.service[80847]: DEBUG dbcounter [-] [80847] Writing DB stats keystone:SELECT=100 {{(pid=80847) stat_writer /usr/local/lib/python3.8/dist-packages/dbcounter.py:114}}
Jun 01 20:31:09.259770 dv-neutron-844297-1-hyperv devstack@keystone.service[80847]: DEBUG keystone.server.flask.request_processing.middleware.auth_context [None req-ef76bf3b-3b42-4cca-bb22-8da8f4113c59 None admin] Validating token access rules against request {{(pid=80847) validate_allowed_request /usr/local/lib/python3.8/dist-packages/keystonemiddleware/auth_token/__init__.py:545}}
Jun 01 20:31:09.297640 dv-neutron-844297-1-hyperv devstack@keystone.service[80847]: DEBUG keystone.server.flask.request_processing.middleware.auth_context [None req-1acbaeab-0006-48ca-8b4d-ab0ef8cff2a2 None admin] RBAC: auth_context: {'token': , 'domain_id': None, 'trust_id': None, 'trustor_id': None, 'trustee_id': None, 'domain_name': None, 'group_ids': [], 'user_id': '643ac0ef7edd487f92582b3586345eed', 'user_domain_id': 'default', 'system_scope': 'all', 'project_id': None, 'project_domain_id': None, 'roles': ['admin', 'member', 'reader'], 'is_admin_project': True, 'service_user_id': None, 'service_user_domain_id': None, 'service_project_id': None, 'service_project_domain_id': None, 'service_roles': []} {{(pid=80847) fill_context /opt/stack/keystone/keystone/server/flask/request_processing/middleware/auth_context.py:478}}
Jun 01 20:31:09.299174 dv-neutron-844297-1-hyperv devstack@keystone.service[80847]: DEBUG keystone.server.flask.request_processing.req_logging [None req-1acbaeab-0006-48ca-8b4d-ab0ef8cff2a2 None admin] REQUEST_METHOD: `GET` {{(pid=80847) log_request_info /opt/stack/keystone/keystone/server/flask/request_processing/req_logging.py:27}}
Jun 01 20:31:09.299669 dv-neutron-844297-1-hyperv devstack@keystone.service[80847]: DEBUG keystone.server.flask.request_processing.req_logging [None req-1acbaeab-0006-48ca-8b4d-ab0ef8cff2a2 None admin] SCRIPT_NAME: `/identity` {{(pid=80847) log_request_info /opt/stack/keystone/keystone/server/flask/request_processing/req_logging.py:28}}
Jun 01 20:31:09.300037 dv-neutron-844297-1-hyperv devstack@keystone.service[80847]: DEBUG keystone.server.flask.request_processing.req_logging [None req-1acbaeab-0006-48ca-8b4d-ab0ef8cff2a2 None admin] PATH_INFO: `/v3/users/b8903fa48b7b4173bfa9d7ac1f891c54` {{(pid=80847) log_request_info /opt/stack/keystone/keystone/server/flask/request_processing/req_logging.py:29}}
Jun 01 20:31:09.320072 dv-neutron-844297-1-hyperv devstack@keystone.service[80847]: DEBUG keystone.common.rbac_enforcer.enforcer [None req-1acbaeab-0006-48ca-8b4d-ab0ef8cff2a2 None admin] RBAC: Authorizing `identity:get_user(user_id=b8903fa48b7b4173bfa9d7ac1f891c54)` {{(pid=80847) enforce_call /opt/stack/keystone/keystone/common/rbac_enforcer/enforcer.py:449}}
Jun 01 20:31:09.321618 dv-neutron-844297-1-hyperv devstack@keystone.service[80847]: DEBUG keystone.common.rbac_enforcer.enforcer [None req-1acbaeab-0006-48ca-8b4d-ab0ef8cff2a2 None admin] RBAC: Authorization granted {{(pid=80847) enforce_call /opt/stack/keystone/keystone/common/rbac_enforcer/enforcer.py:457}}
Jun 01 20:31:09.323591 dv-neutron-844297-1-hyperv devstack@keystone.service[80847]: [pid: 80847|app: 0|req: 92/189] 10.222.0.61 () {56 vars in 1177 bytes} [Wed Jun 1 20:31:09 2022] GET /identity/v3/users/b8903fa48b7b4173bfa9d7ac1f891c54 => generated 283 bytes in 180 msecs (HTTP/1.1 200) 5 headers in 177 bytes (2 switches on core 0)
Jun 01 20:31:09.324805 dv-neutron-844297-1-hyperv devstack@keystone.service[80847]: DEBUG keystone.server.flask.request_processing.req_logging [None req-2b9fb94f-d5bf-4cf4-901c-859fb7f52eae None None] REQUEST_METHOD: `POST` {{(pid=80847) log_request_info /opt/stack/keystone/keystone/server/flask/request_processing/req_logging.py:27}}
Jun 01 20:31:09.325091 dv-neutron-844297-1-hyperv devstack@keystone.service[80847]: DEBUG keystone.server.flask.request_processing.req_logging [None req-2b9fb94f-d5bf-4cf4-901c-859fb7f52eae None None] SCRIPT_NAME: `/identity` {{(pid=80847) log_request_info /opt/stack/keystone/keystone/server/flask/request_processing/req_logging.py:28}}
Jun 01 20:31:09.325368 dv-neutron-844297-1-hyperv devstack@keystone.service[80847]: DEBUG keystone.server.flask.request_processing.req_logging [None req-2b9fb94f-d5bf-4cf4-901c-859fb7f52eae None None] PATH_INFO: `/v3/auth/tokens` {{(pid=80847) log_request_info /opt/stack/keystone/keystone/server/flask/request_processing/req_logging.py:29}}
Jun 01 20:31:09.333449 dv-neutron-844297-1-hyperv devstack@keystone.service[80848]: DEBUG keystone.server.flask.request_processing.middleware.auth_context [None req-455703f7-79d5-42b4-a8ce-08ee920e71f9 None None] Validating token access rules against request {{(pid=80848) validate_allowed_request /usr/local/lib/python3.8/dist-packages/keystonemiddleware/auth_token/__init__.py:545}}
Jun 01 20:31:09.343616 dv-neutron-844297-1-hyperv devstack@keystone.service[80847]: DEBUG keystone.auth.core [None req-2b9fb94f-d5bf-4cf4-901c-859fb7f52eae None None] MFA Rules not processed for user `643ac0ef7edd487f92582b3586345eed`. Rule list: `[]` (Enabled: `True`). {{(pid=80847) check_auth_methods_against_rules /opt/stack/keystone/keystone/auth/core.py:438}}
Jun 01 20:31:09.345231 dv-neutron-844297-1-hyperv devstack@keystone.service[80847]: DEBUG keystone.common.fernet_utils [None req-2b9fb94f-d5bf-4cf4-901c-859fb7f52eae None None] Loaded 2 Fernet keys from /etc/keystone/fernet-keys/, but `[fernet_tokens] max_active_keys = 3`; perhaps there have not been enough key rotations to reach `max_active_keys` yet? {{(pid=80847) load_keys /opt/stack/keystone/keystone/common/fernet_utils.py:286}}
Jun 01 20:31:09.346465 dv-neutron-844297-1-hyperv devstack@keystone.service[80848]: DEBUG dbcounter [-] [80848] Writing DB stats keystone:SELECT=100 {{(pid=80848) stat_writer /usr/local/lib/python3.8/dist-packages/dbcounter.py:114}}
Jun 01 20:31:09.372142 dv-neutron-844297-1-hyperv devstack@keystone.service[80848]: DEBUG keystone.server.flask.request_processing.middleware.auth_context [None req-dff756e2-5e18-4ca6-a5d0-82f6d1ab9e36 None admin] RBAC: auth_context: {'token': , 'domain_id': None, 'trust_id': None, 'trustor_id': None, 'trustee_id': None, 'domain_name': None, 'group_ids': [], 'user_id': '643ac0ef7edd487f92582b3586345eed', 'user_domain_id': 'default', 'system_scope': 'all', 'project_id': None, 'project_domain_id': None, 'roles': ['admin', 'member', 'reader'], 'is_admin_project': True, 'service_user_id': None, 'service_user_domain_id': None, 'service_project_id': None, 'service_project_domain_id': None, 'service_roles': []} {{(pid=80848) fill_context /opt/stack/keystone/keystone/server/flask/request_processing/middleware/auth_context.py:478}}
Jun 01 20:31:09.372814 dv-neutron-844297-1-hyperv devstack@keystone.service[80848]: DEBUG keystone.server.flask.request_processing.req_logging [None req-dff756e2-5e18-4ca6-a5d0-82f6d1ab9e36 None admin] REQUEST_METHOD: `POST` {{(pid=80848) log_request_info /opt/stack/keystone/keystone/server/flask/request_processing/req_logging.py:27}}
Jun 01 20:31:09.373092 dv-neutron-844297-1-hyperv devstack@keystone.service[80848]: DEBUG keystone.server.flask.request_processing.req_logging [None req-dff756e2-5e18-4ca6-a5d0-82f6d1ab9e36 None admin] SCRIPT_NAME: `/identity` {{(pid=80848) log_request_info /opt/stack/keystone/keystone/server/flask/request_processing/req_logging.py:28}}
Jun 01 20:31:09.373434 dv-neutron-844297-1-hyperv devstack@keystone.service[80848]: DEBUG keystone.server.flask.request_processing.req_logging [None req-dff756e2-5e18-4ca6-a5d0-82f6d1ab9e36 None admin] PATH_INFO: `/v3/users` {{(pid=80848) log_request_info /opt/stack/keystone/keystone/server/flask/request_processing/req_logging.py:29}}
Jun 01 20:31:09.374100 dv-neutron-844297-1-hyperv devstack@keystone.service[80848]: DEBUG keystone.common.rbac_enforcer.enforcer [None req-dff756e2-5e18-4ca6-a5d0-82f6d1ab9e36 None admin] RBAC: Authorizing `identity:create_user()` {{(pid=80848) enforce_call /opt/stack/keystone/keystone/common/rbac_enforcer/enforcer.py:449}}
Jun 01 20:31:09.375646 dv-neutron-844297-1-hyperv devstack@keystone.service[80848]: DEBUG keystone.common.rbac_enforcer.enforcer [None req-dff756e2-5e18-4ca6-a5d0-82f6d1ab9e36 None admin] RBAC: Authorization granted {{(pid=80848) enforce_call /opt/stack/keystone/keystone/common/rbac_enforcer/enforcer.py:457}}
Jun 01 20:31:09.406940 dv-neutron-844297-1-hyperv devstack@keystone.service[80848]: [pid: 80848|app: 0|req: 98/190] 10.222.0.61 () {60 vars in 1132 bytes} [Wed Jun 1 20:31:09 2022] POST /identity/v3/users => generated 297 bytes in 197 msecs (HTTP/1.1 201) 5 headers in 182 bytes (1 switches on core 0)
Jun 01 20:31:09.407714 dv-neutron-844297-1-hyperv devstack@keystone.service[80848]: DEBUG keystone.server.flask.request_processing.middleware.auth_context [None req-dff756e2-5e18-4ca6-a5d0-82f6d1ab9e36 None admin] Authenticating user token {{(pid=80848) process_request /usr/local/lib/python3.8/dist-packages/keystonemiddleware/auth_token/__init__.py:407}}
Jun 01 20:31:09.439813 dv-neutron-844297-1-hyperv devstack@keystone.service[80847]: [pid: 80847|app: 0|req: 93/191] 10.222.0.61 () {58 vars in 1023 bytes} [Wed Jun 1 20:31:09 2022] POST /identity/v3/auth/tokens => generated 799 bytes in 116 msecs (HTTP/1.1 201) 6 headers in 363 bytes (1 switches on core 0)
Jun 01 20:31:09.472941 dv-neutron-844297-1-hyperv devstack@keystone.service[80847]: DEBUG keystone.server.flask.request_processing.middleware.auth_context [None req-2b9fb94f-d5bf-4cf4-901c-859fb7f52eae None None] Authenticating user token {{(pid=80847) process_request /usr/local/lib/python3.8/dist-packages/keystonemiddleware/auth_token/__init__.py:407}}
Jun 01 20:31:09.546013 dv-neutron-844297-1-hyperv devstack@keystone.service[80848]: DEBUG keystone.server.flask.request_processing.middleware.auth_context [None req-dff756e2-5e18-4ca6-a5d0-82f6d1ab9e36 None admin] Validating token access rules against request {{(pid=80848) validate_allowed_request /usr/local/lib/python3.8/dist-packages/keystonemiddleware/auth_token/__init__.py:545}}
Jun 01 20:31:09.552678 dv-neutron-844297-1-hyperv devstack@keystone.service[80847]: DEBUG dbcounter [-] [80847] Writing DB stats keystone:SELECT=100 {{(pid=80847) stat_writer /usr/local/lib/python3.8/dist-packages/dbcounter.py:114}}
Jun 01 20:31:09.599643 dv-neutron-844297-1-hyperv devstack@keystone.service[80848]: DEBUG keystone.server.flask.request_processing.middleware.auth_context [None req-1fe951fe-7880-4af0-bffe-1a6d3c6e0137 None admin] RBAC: auth_context: {'token': , 'domain_id': None, 'trust_id': None, 'trustor_id': None, 'trustee_id': None, 'domain_name': None, 'group_ids': [], 'user_id': '643ac0ef7edd487f92582b3586345eed', 'user_domain_id': 'default', 'system_scope': 'all', 'project_id': None, 'project_domain_id': None, 'roles': ['admin', 'member', 'reader'], 'is_admin_project': True, 'service_user_id': None, 'service_user_domain_id': None, 'service_project_id': None, 'service_project_domain_id': None, 'service_roles': []} {{(pid=80848) fill_context /opt/stack/keystone/keystone/server/flask/request_processing/middleware/auth_context.py:478}}
Jun 01 20:31:09.600327 dv-neutron-844297-1-hyperv devstack@keystone.service[80848]: DEBUG keystone.server.flask.request_processing.req_logging [None req-1fe951fe-7880-4af0-bffe-1a6d3c6e0137 None admin] REQUEST_METHOD: `GET` {{(pid=80848) log_request_info /opt/stack/keystone/keystone/server/flask/request_processing/req_logging.py:27}}
Jun 01 20:31:09.600854 dv-neutron-844297-1-hyperv devstack@keystone.service[80848]: DEBUG keystone.server.flask.request_processing.req_logging [None req-1fe951fe-7880-4af0-bffe-1a6d3c6e0137 None admin] SCRIPT_NAME: `/identity` {{(pid=80848) log_request_info /opt/stack/keystone/keystone/server/flask/request_processing/req_logging.py:28}}
Jun 01 20:31:09.601145 dv-neutron-844297-1-hyperv devstack@keystone.service[80848]: DEBUG keystone.server.flask.request_processing.req_logging [None req-1fe951fe-7880-4af0-bffe-1a6d3c6e0137 None admin] PATH_INFO: `/v3/auth/tokens` {{(pid=80848) log_request_info /opt/stack/keystone/keystone/server/flask/request_processing/req_logging.py:29}}
Jun 01 20:31:09.627346 dv-neutron-844297-1-hyperv devstack@keystone.service[80847]: DEBUG keystone.server.flask.request_processing.middleware.auth_context [None req-2b9fb94f-d5bf-4cf4-901c-859fb7f52eae None None] Validating token access rules against request {{(pid=80847) validate_allowed_request /usr/local/lib/python3.8/dist-packages/keystonemiddleware/auth_token/__init__.py:545}}
Jun 01 20:31:09.645950 dv-neutron-844297-1-hyperv devstack@keystone.service[80848]: DEBUG dbcounter [-] [80848] Writing DB stats keystone:SELECT=97,keystone:INSERT=3 {{(pid=80848) stat_writer /usr/local/lib/python3.8/dist-packages/dbcounter.py:114}}
Jun 01 20:31:09.671891 dv-neutron-844297-1-hyperv devstack@keystone.service[80847]: DEBUG keystone.server.flask.request_processing.middleware.auth_context [None req-d77c7ace-d295-4dc1-ac90-631d5c78ee4f None admin] RBAC: auth_context: {'token': , 'domain_id': None, 'trust_id': None, 'trustor_id': None, 'trustee_id': None, 'domain_name': None, 'group_ids': [], 'user_id': '643ac0ef7edd487f92582b3586345eed', 'user_domain_id': 'default', 'system_scope': 'all', 'project_id': None, 'project_domain_id': None, 'roles': ['admin', 'member', 'reader'], 'is_admin_project': True, 'service_user_id': None, 'service_user_domain_id': None, 'service_project_id': None, 'service_project_domain_id': None, 'service_roles': []} {{(pid=80847) fill_context /opt/stack/keystone/keystone/server/flask/request_processing/middleware/auth_context.py:478}}
Jun 01 20:31:09.672723 dv-neutron-844297-1-hyperv devstack@keystone.service[80847]: DEBUG keystone.server.flask.request_processing.req_logging [None req-d77c7ace-d295-4dc1-ac90-631d5c78ee4f None admin] REQUEST_METHOD: `GET` {{(pid=80847) log_request_info /opt/stack/keystone/keystone/server/flask/request_processing/req_logging.py:27}}
Jun 01 20:31:09.673114 dv-neutron-844297-1-hyperv devstack@keystone.service[80847]: DEBUG keystone.server.flask.request_processing.req_logging [None req-d77c7ace-d295-4dc1-ac90-631d5c78ee4f None admin] SCRIPT_NAME: `/identity` {{(pid=80847) log_request_info /opt/stack/keystone/keystone/server/flask/request_processing/req_logging.py:28}}
Jun 01 20:31:09.673414 dv-neutron-844297-1-hyperv devstack@keystone.service[80847]: DEBUG keystone.server.flask.request_processing.req_logging [None req-d77c7ace-d295-4dc1-ac90-631d5c78ee4f None admin] PATH_INFO: `/v3/roles/anotherrole` {{(pid=80847) log_request_info /opt/stack/keystone/keystone/server/flask/request_processing/req_logging.py:29}}
Jun 01 20:31:09.687728 dv-neutron-844297-1-hyperv devstack@keystone.service[80847]: DEBUG keystone.common.rbac_enforcer.enforcer [None req-d77c7ace-d295-4dc1-ac90-631d5c78ee4f None admin] Extracting inferred target data resulted in "NOT FOUND (404)". {{(pid=80847) enforce_call /opt/stack/keystone/keystone/common/rbac_enforcer/enforcer.py:409}}
Jun 01 20:31:09.696634 dv-neutron-844297-1-hyperv devstack@keystone.service[80847]: ERROR keystone.server.flask.application [None req-d77c7ace-d295-4dc1-ac90-631d5c78ee4f None admin] Could not find role: anotherrole.: keystone.exception.RoleNotFound: Could not find role: anotherrole.
Jun 01 20:31:09.696634 dv-neutron-844297-1-hyperv devstack@keystone.service[80847]: ERROR keystone.server.flask.application
Traceback (most recent call last):
Jun 01 20:31:09.696634 dv-neutron-844297-1-hyperv devstack@keystone.service[80847]: ERROR keystone.server.flask.application
File "/usr/local/lib/python3.8/dist-packages/flask/app.py", line 1523, in full_dispatch_request
Jun 01 20:31:09.696634 dv-neutron-844297-1-hyperv devstack@keystone.service[80847]: ERROR keystone.server.flask.application rv = self.dispatch_request()
Jun 01 20:31:09.696634 dv-neutron-844297-1-hyperv devstack@keystone.service[80847]: ERROR keystone.server.flask.application
File "/usr/local/lib/python3.8/dist-packages/flask/app.py", line 1509, in dispatch_request
Jun 01 20:31:09.696634 dv-neutron-844297-1-hyperv devstack@keystone.service[80847]: ERROR keystone.server.flask.application return self.ensure_sync(self.view_functions[rule.endpoint])(**req.view_args)
Jun 01 20:31:09.696634 dv-neutron-844297-1-hyperv devstack@keystone.service[80847]: ERROR keystone.server.flask.application
File "/usr/local/lib/python3.8/dist-packages/flask_restful/__init__.py", line 467, in wrapper
Jun 01 20:31:09.696634 dv-neutron-844297-1-hyperv devstack@keystone.service[80847]: ERROR keystone.server.flask.application resp = resource(*args, **kwargs)
Jun 01 20:31:09.696634 dv-neutron-844297-1-hyperv devstack@keystone.service[80847]: ERROR keystone.server.flask.application
File "/usr/local/lib/python3.8/dist-packages/flask/views.py", line 84, in view
Jun 01 20:31:09.696634 dv-neutron-844297-1-hyperv devstack@keystone.service[80847]: ERROR keystone.server.flask.application return current_app.ensure_sync(self.dispatch_request)(*args, **kwargs)
Jun 01 20:31:09.696634 dv-neutron-844297-1-hyperv devstack@keystone.service[80847]: ERROR keystone.server.flask.application
File "/usr/local/lib/python3.8/dist-packages/flask_restful/__init__.py", line 582, in dispatch_request
Jun 01 20:31:09.696634 dv-neutron-844297-1-hyperv devstack@keystone.service[80847]: ERROR keystone.server.flask.application resp = meth(*args, **kwargs)
Jun 01 20:31:09.696634 dv-neutron-844297-1-hyperv devstack@keystone.service[80847]: ERROR keystone.server.flask.application
File "/opt/stack/keystone/keystone/api/roles.py", line 50, in get
Jun 01 20:31:09.696634 dv-neutron-844297-1-hyperv devstack@keystone.service[80847]: ERROR keystone.server.flask.application return self._get_role(role_id)
Jun 01 20:31:09.696634 dv-neutron-844297-1-hyperv devstack@keystone.service[80847]: ERROR keystone.server.flask.application
File "/opt/stack/keystone/keystone/api/roles.py", line 70, in _get_role
Jun 01 20:31:09.696634 dv-neutron-844297-1-hyperv devstack@keystone.service[80847]: ERROR keystone.server.flask.application ENFORCER.enforce_call(action='identity:get_role')
Jun 01 20:31:09.697583 dv-neutron-844297-1-hyperv devstack@keystone.service[80847]: ERROR keystone.server.flask.application
File "/opt/stack/keystone/keystone/common/rbac_enforcer/enforcer.py", line 402, in enforce_call
Jun 01 20:31:09.697583 dv-neutron-844297-1-hyperv devstack@keystone.service[80847]: ERROR keystone.server.flask.application policy_dict.update(cls._extract_member_target_data(
Jun 01 20:31:09.697583 dv-neutron-844297-1-hyperv devstack@keystone.service[80847]: ERROR keystone.server.flask.application
File "/opt/stack/keystone/keystone/common/rbac_enforcer/enforcer.py", line 234, in _extract_member_target_data
Jun 01 20:31:09.697583 dv-neutron-844297-1-hyperv devstack@keystone.service[80847]: ERROR keystone.server.flask.application member_name: func(flask.request.view_args[key])
Jun 01 20:31:09.697583 dv-neutron-844297-1-hyperv devstack@keystone.service[80847]: ERROR keystone.server.flask.application
File "/opt/stack/keystone/keystone/common/manager.py", line 115, in wrapped
Jun 01 20:31:09.697583 dv-neutron-844297-1-hyperv devstack@keystone.service[80847]: ERROR keystone.server.flask.application __ret_val = __f(*args, **kwargs)
Jun 01 20:31:09.697583 dv-neutron-844297-1-hyperv devstack@keystone.service[80847]: ERROR keystone.server.flask.application
File "/usr/local/lib/python3.8/dist-packages/decorator.py", line 232, in fun
Jun 01 20:31:09.697583 dv-neutron-844297-1-hyperv devstack@keystone.service[80847]: ERROR keystone.server.flask.application return caller(func, *(extras + args), **kw)
Jun 01 20:31:09.697583 dv-neutron-844297-1-hyperv devstack@keystone.service[80847]: ERROR keystone.server.flask.application
File "/usr/local/lib/python3.8/dist-packages/dogpile/cache/region.py", line 1577, in get_or_create_for_user_func
Jun 01 20:31:09.697583 dv-neutron-844297-1-hyperv devstack@keystone.service[80847]: ERROR keystone.server.flask.application return self.get_or_create(
Jun 01 20:31:09.697583 dv-neutron-844297-1-hyperv devstack@keystone.service[80847]: ERROR keystone.server.flask.application
File "/usr/local/lib/python3.8/dist-packages/dogpile/cache/region.py", line 1042, in get_or_create
Jun 01 20:31:09.697583 dv-neutron-844297-1-hyperv devstack@keystone.service[80847]: ERROR keystone.server.flask.application with Lock(
Jun 01 20:31:09.697583 dv-neutron-844297-1-hyperv devstack@keystone.service[80847]: ERROR keystone.server.flask.application
File "/usr/local/lib/python3.8/dist-packages/dogpile/lock.py", line 185, in __enter__
Jun 01 20:31:09.697583 dv-neutron-844297-1-hyperv devstack@keystone.service[80847]: ERROR keystone.server.flask.application return self._enter()
Jun 01 20:31:09.697583 dv-neutron-844297-1-hyperv devstack@keystone.service[80847]: ERROR keystone.server.flask.application
File "/usr/local/lib/python3.8/dist-packages/dogpile/lock.py", line 94, in _enter
Jun 01 20:31:09.697583 dv-neutron-844297-1-hyperv devstack@keystone.service[80847]: ERROR keystone.server.flask.application generated = self._enter_create(value, createdtime)
Jun 01 20:31:09.698414 dv-neutron-844297-1-hyperv devstack@keystone.service[80847]: ERROR keystone.server.flask.application
File "/usr/local/lib/python3.8/dist-packages/dogpile/lock.py", line 178, in _enter_create
Jun 01 20:31:09.698414 dv-neutron-844297-1-hyperv devstack@keystone.service[80847]: ERROR keystone.server.flask.application return self.creator()
Jun 01 20:31:09.698414 dv-neutron-844297-1-hyperv devstack@keystone.service[80847]: ERROR keystone.server.flask.application
File "/usr/local/lib/python3.8/dist-packages/dogpile/cache/region.py", line 995, in gen_value
Jun 01 20:31:09.698414 dv-neutron-844297-1-hyperv devstack@keystone.service[80847]: ERROR keystone.server.flask.application created_value = creator(
Jun 01 20:31:09.698414 dv-neutron-844297-1-hyperv devstack@keystone.service[80847]: ERROR keystone.server.flask.application
File "/opt/stack/keystone/keystone/assignment/core.py", line 1276, in get_role
Jun 01 20:31:09.698414 dv-neutron-844297-1-hyperv devstack@keystone.service[80847]: ERROR keystone.server.flask.application return self.driver.get_role(role_id)
Jun 01 20:31:09.698414 dv-neutron-844297-1-hyperv devstack@keystone.service[80847]: ERROR keystone.server.flask.application
File "/opt/stack/keystone/keystone/assignment/role_backends/sql.py", line 70, in get_role
Jun 01 20:31:09.698414 dv-neutron-844297-1-hyperv devstack@keystone.service[80847]: ERROR keystone.server.flask.application return self._get_role(session, role_id).to_dict()
Jun 01 20:31:09.698414 dv-neutron-844297-1-hyperv devstack@keystone.service[80847]: ERROR keystone.server.flask.application
File "/opt/stack/keystone/keystone/assignment/role_backends/sql.py", line 65, in _get_role
Jun 01 20:31:09.698414 dv-neutron-844297-1-hyperv devstack@keystone.service[80847]: ERROR keystone.server.flask.application raise exception.RoleNotFound(role_id=role_id)
Jun 01 20:31:09.698414 dv-neutron-844297-1-hyperv devstack@keystone.service[80847]: ERROR keystone.server.flask.application keystone.exception.RoleNotFound: Could not find role: anotherrole.
Jun 01 20:31:09.698414 dv-neutron-844297-1-hyperv devstack@keystone.service[80847]: ERROR keystone.server.flask.application
Jun 01 20:31:09.698414 dv-neutron-844297-1-hyperv devstack@keystone.service[80847]: [pid: 80847|app: 0|req: 94/192] 10.222.0.61 () {56 vars in 1114 bytes} [Wed Jun 1 20:31:09 2022] GET /identity/v3/roles/anotherrole => generated 89 bytes in 226 msecs (HTTP/1.1 404) 5 headers in 183 bytes (2 switches on core 0)
Jun 01 20:31:09.704168 dv-neutron-844297-1-hyperv devstack@keystone.service[80847]: DEBUG keystone.server.flask.request_processing.middleware.auth_context [None req-d77c7ace-d295-4dc1-ac90-631d5c78ee4f None admin] Authenticating user token {{(pid=80847) process_request /usr/local/lib/python3.8/dist-packages/keystonemiddleware/auth_token/__init__.py:407}}
Jun 01 20:31:09.706278 dv-neutron-844297-1-hyperv devstack@keystone.service[80848]: DEBUG keystone.common.rbac_enforcer.enforcer [None req-1fe951fe-7880-4af0-bffe-1a6d3c6e0137 None admin] RBAC: Authorizing `identity:validate_token()` {{(pid=80848) enforce_call /opt/stack/keystone/keystone/common/rbac_enforcer/enforcer.py:449}}
Jun 01 20:31:09.709534 dv-neutron-844297-1-hyperv devstack@keystone.service[80848]: DEBUG keystone.common.rbac_enforcer.enforcer [None req-1fe951fe-7880-4af0-bffe-1a6d3c6e0137 None admin] RBAC: Authorization granted {{(pid=80848) enforce_call /opt/stack/keystone/keystone/common/rbac_enforcer/enforcer.py:457}}
Jun 01 20:31:09.831327 dv-neutron-844297-1-hyperv devstack@keystone.service[80847]: DEBUG keystone.server.flask.request_processing.middleware.auth_context [None req-d77c7ace-d295-4dc1-ac90-631d5c78ee4f None admin] Validating token access rules against request {{(pid=80847) validate_allowed_request /usr/local/lib/python3.8/dist-packages/keystonemiddleware/auth_token/__init__.py:545}}
Jun 01 20:31:09.839100 dv-neutron-844297-1-hyperv devstack@keystone.service[80848]: [pid: 80848|app: 0|req: 99/193] 10.222.0.61 () {58 vars in 1282 bytes} [Wed Jun 1 20:31:09 2022] GET /identity/v3/auth/tokens => generated 799 bytes in 432 msecs (HTTP/1.1 200) 6 headers in 358 bytes (1 switches on core 0)
Jun 01 20:31:09.847571 dv-neutron-844297-1-hyperv devstack@keystone.service[80847]: DEBUG dbcounter [-] [80847] Writing DB stats keystone:SELECT=100 {{(pid=80847) stat_writer /usr/local/lib/python3.8/dist-packages/dbcounter.py:114}}
Jun 01 20:31:09.849580 dv-neutron-844297-1-hyperv devstack@keystone.service[80848]: DEBUG keystone.server.flask.request_processing.middleware.auth_context [None req-1fe951fe-7880-4af0-bffe-1a6d3c6e0137 None admin] Authenticating user token {{(pid=80848) process_request /usr/local/lib/python3.8/dist-packages/keystonemiddleware/auth_token/__init__.py:407}}
Jun 01 20:31:09.881840 dv-neutron-844297-1-hyperv devstack@keystone.service[80847]: DEBUG keystone.server.flask.request_processing.middleware.auth_context [None req-4e0bf651-5da9-4102-80dc-c8131d1d4629 None admin] RBAC: auth_context: {'token': , 'domain_id': None, 'trust_id': None, 'trustor_id': None, 'trustee_id': None, 'domain_name': None, 'group_ids': [], 'user_id': '643ac0ef7edd487f92582b3586345eed', 'user_domain_id': 'default', 'system_scope': 'all', 'project_id': None, 'project_domain_id': None, 'roles': ['admin', 'member', 'reader'], 'is_admin_project': True, 'service_user_id': None, 'service_user_domain_id': None, 'service_project_id': None, 'service_project_domain_id': None, 'service_roles': []} {{(pid=80847) fill_context /opt/stack/keystone/keystone/server/flask/request_processing/middleware/auth_context.py:478}}
Jun 01 20:31:09.882485 dv-neutron-844297-1-hyperv devstack@keystone.service[80847]: DEBUG keystone.server.flask.request_processing.req_logging [None req-4e0bf651-5da9-4102-80dc-c8131d1d4629 None admin] REQUEST_METHOD: `GET` {{(pid=80847) log_request_info /opt/stack/keystone/keystone/server/flask/request_processing/req_logging.py:27}}
Jun 01 20:31:09.882766 dv-neutron-844297-1-hyperv devstack@keystone.service[80847]: DEBUG keystone.server.flask.request_processing.req_logging [None req-4e0bf651-5da9-4102-80dc-c8131d1d4629 None admin] SCRIPT_NAME: `/identity` {{(pid=80847) log_request_info /opt/stack/keystone/keystone/server/flask/request_processing/req_logging.py:28}}
Jun 01 20:31:09.883039 dv-neutron-844297-1-hyperv devstack@keystone.service[80847]: DEBUG keystone.server.flask.request_processing.req_logging [None req-4e0bf651-5da9-4102-80dc-c8131d1d4629 None admin] PATH_INFO: `/v3/roles` {{(pid=80847) log_request_info /opt/stack/keystone/keystone/server/flask/request_processing/req_logging.py:29}}
Jun 01 20:31:09.883813 dv-neutron-844297-1-hyperv devstack@keystone.service[80847]: DEBUG keystone.common.rbac_enforcer.enforcer [None req-4e0bf651-5da9-4102-80dc-c8131d1d4629 None admin] RBAC: Adding query filter params (name=anotherrole) {{(pid=80847) _extract_filter_values /opt/stack/keystone/keystone/common/rbac_enforcer/enforcer.py:167}}
Jun 01 20:31:09.884114 dv-neutron-844297-1-hyperv devstack@keystone.service[80847]: DEBUG keystone.common.rbac_enforcer.enforcer [None req-4e0bf651-5da9-4102-80dc-c8131d1d4629 None admin] RBAC: Authorizing `identity:list_roles()` {{(pid=80847) enforce_call /opt/stack/keystone/keystone/common/rbac_enforcer/enforcer.py:449}}
Jun 01 20:31:09.885726 dv-neutron-844297-1-hyperv devstack@keystone.service[80847]: DEBUG keystone.common.rbac_enforcer.enforcer [None req-4e0bf651-5da9-4102-80dc-c8131d1d4629 None admin] RBAC: Authorization granted {{(pid=80847) enforce_call /opt/stack/keystone/keystone/common/rbac_enforcer/enforcer.py:457}}
Jun 01 20:31:09.895493 dv-neutron-844297-1-hyperv devstack@keystone.service[80847]: [pid: 80847|app: 0|req: 95/194] 10.222.0.61 () {56 vars in 1111 bytes} [Wed Jun 1 20:31:09 2022] GET /identity/v3/roles?name=anotherrole => generated 334 bytes in 192 msecs (HTTP/1.1 200) 5 headers in 177 bytes (2 switches on core 0)
Jun 01 20:31:09.903182 dv-neutron-844297-1-hyperv devstack@keystone.service[80847]: DEBUG keystone.server.flask.request_processing.middleware.auth_context [None req-4e0bf651-5da9-4102-80dc-c8131d1d4629 None admin] Authenticating user token {{(pid=80847) process_request /usr/local/lib/python3.8/dist-packages/keystonemiddleware/auth_token/__init__.py:407}}
Jun 01 20:31:09.937396 dv-neutron-844297-1-hyperv devstack@keystone.service[80848]: DEBUG dbcounter [-] [80848] Writing DB stats keystone:SELECT=100 {{(pid=80848) stat_writer /usr/local/lib/python3.8/dist-packages/dbcounter.py:114}}
Jun 01 20:31:09.988827 dv-neutron-844297-1-hyperv devstack@keystone.service[80848]: DEBUG keystone.server.flask.request_processing.middleware.auth_context [None req-1fe951fe-7880-4af0-bffe-1a6d3c6e0137 None admin] Validating token access rules against request {{(pid=80848) validate_allowed_request /usr/local/lib/python3.8/dist-packages/keystonemiddleware/auth_token/__init__.py:545}}
Jun 01 20:31:10.016883 dv-neutron-844297-1-hyperv devstack@keystone.service[80847]: DEBUG keystone.server.flask.request_processing.middleware.auth_context [None req-4e0bf651-5da9-4102-80dc-c8131d1d4629 None admin] Validating token access rules against request {{(pid=80847) validate_allowed_request /usr/local/lib/python3.8/dist-packages/keystonemiddleware/auth_token/__init__.py:545}}
Jun 01 20:31:10.035506 dv-neutron-844297-1-hyperv devstack@keystone.service[80848]: DEBUG keystone.server.flask.request_processing.middleware.auth_context [None req-731b29d1-37d0-48b5-8d78-a8c281cd1a62 None admin] RBAC: auth_context: {'token': , 'domain_id': None, 'trust_id': None, 'trustor_id': None, 'trustee_id': None, 'domain_name': None, 'group_ids': [], 'user_id': '643ac0ef7edd487f92582b3586345eed', 'user_domain_id': 'default', 'system_scope': 'all', 'project_id': None, 'project_domain_id': None, 'roles': ['admin', 'member', 'reader'], 'is_admin_project': True, 'service_user_id': None, 'service_user_domain_id': None, 'service_project_id': None, 'service_project_domain_id': None, 'service_roles': []} {{(pid=80848) fill_context /opt/stack/keystone/keystone/server/flask/request_processing/middleware/auth_context.py:478}}
Jun 01 20:31:10.036799 dv-neutron-844297-1-hyperv devstack@keystone.service[80848]: DEBUG keystone.server.flask.request_processing.req_logging [None req-731b29d1-37d0-48b5-8d78-a8c281cd1a62 None admin] REQUEST_METHOD: `GET` {{(pid=80848) log_request_info /opt/stack/keystone/keystone/server/flask/request_processing/req_logging.py:27}}
Jun 01 20:31:10.037321 dv-neutron-844297-1-hyperv devstack@keystone.service[80848]: DEBUG keystone.server.flask.request_processing.req_logging [None req-731b29d1-37d0-48b5-8d78-a8c281cd1a62 None admin] SCRIPT_NAME: `/identity` {{(pid=80848) log_request_info /opt/stack/keystone/keystone/server/flask/request_processing/req_logging.py:28}}
Jun 01 20:31:10.037778 dv-neutron-844297-1-hyperv devstack@keystone.service[80848]: DEBUG keystone.server.flask.request_processing.req_logging [None req-731b29d1-37d0-48b5-8d78-a8c281cd1a62 None admin] PATH_INFO: `/v3/projects/7f0ff389d1864e7dac21db8a23f9a3bf` {{(pid=80848) log_request_info /opt/stack/keystone/keystone/server/flask/request_processing/req_logging.py:29}}
Jun 01 20:31:10.039689 dv-neutron-844297-1-hyperv devstack@keystone.service[80848]: DEBUG keystone.common.rbac_enforcer.enforcer [None req-731b29d1-37d0-48b5-8d78-a8c281cd1a62 None admin] RBAC: Authorizing `identity:get_project(project_id=7f0ff389d1864e7dac21db8a23f9a3bf)` {{(pid=80848) enforce_call /opt/stack/keystone/keystone/common/rbac_enforcer/enforcer.py:449}}
Jun 01 20:31:10.041768 dv-neutron-844297-1-hyperv devstack@keystone.service[80848]: DEBUG keystone.common.rbac_enforcer.enforcer [None req-731b29d1-37d0-48b5-8d78-a8c281cd1a62 None admin] RBAC: Authorization granted {{(pid=80848) enforce_call /opt/stack/keystone/keystone/common/rbac_enforcer/enforcer.py:457}}
Jun 01 20:31:10.045082 dv-neutron-844297-1-hyperv devstack@keystone.service[80848]: [pid: 80848|app: 0|req: 100/195] 10.222.0.61 () {56 vars in 1186 bytes} [Wed Jun 1 20:31:09 2022] GET /identity/v3/projects/7f0ff389d1864e7dac21db8a23f9a3bf => generated 302 bytes in 197 msecs (HTTP/1.1 200) 5 headers in 177 bytes (1 switches on core 0)
Jun 01 20:31:10.050783 dv-neutron-844297-1-hyperv devstack@keystone.service[80848]: DEBUG keystone.server.flask.request_processing.middleware.auth_context [None req-731b29d1-37d0-48b5-8d78-a8c281cd1a62 None admin] Authenticating user token {{(pid=80848) process_request /usr/local/lib/python3.8/dist-packages/keystonemiddleware/auth_token/__init__.py:407}}
Jun 01 20:31:10.058952 dv-neutron-844297-1-hyperv devstack@keystone.service[80847]: DEBUG keystone.server.flask.request_processing.middleware.auth_context [None req-6e7aec59-490f-4dbb-8c87-96c4e1c27833 None admin] RBAC: auth_context: {'token': , 'domain_id': None, 'trust_id': None, 'trustor_id': None, 'trustee_id': None, 'domain_name': None, 'group_ids': [], 'user_id': '643ac0ef7edd487f92582b3586345eed', 'user_domain_id': 'default', 'system_scope': 'all', 'project_id': None, 'project_domain_id': None, 'roles': ['admin', 'member', 'reader'], 'is_admin_project': True, 'service_user_id': None, 'service_user_domain_id': None, 'service_project_id': None, 'service_project_domain_id': None, 'service_roles': []} {{(pid=80847) fill_context /opt/stack/keystone/keystone/server/flask/request_processing/middleware/auth_context.py:478}}
Jun 01 20:31:10.059963 dv-neutron-844297-1-hyperv devstack@keystone.service[80847]: DEBUG keystone.server.flask.request_processing.req_logging [None req-6e7aec59-490f-4dbb-8c87-96c4e1c27833 None admin] REQUEST_METHOD: `GET` {{(pid=80847) log_request_info /opt/stack/keystone/keystone/server/flask/request_processing/req_logging.py:27}}
Jun 01 20:31:10.060306 dv-neutron-844297-1-hyperv devstack@keystone.service[80847]: DEBUG keystone.server.flask.request_processing.req_logging [None req-6e7aec59-490f-4dbb-8c87-96c4e1c27833 None admin] SCRIPT_NAME: `/identity` {{(pid=80847) log_request_info /opt/stack/keystone/keystone/server/flask/request_processing/req_logging.py:28}}
Jun 01 20:31:10.060639 dv-neutron-844297-1-hyperv devstack@keystone.service[80847]: DEBUG keystone.server.flask.request_processing.req_logging [None req-6e7aec59-490f-4dbb-8c87-96c4e1c27833 None admin] PATH_INFO: `/v3/users/b8903fa48b7b4173bfa9d7ac1f891c54` {{(pid=80847) log_request_info /opt/stack/keystone/keystone/server/flask/request_processing/req_logging.py:29}}
Jun 01 20:31:10.061924 dv-neutron-844297-1-hyperv devstack@keystone.service[80847]: DEBUG keystone.common.rbac_enforcer.enforcer [None req-6e7aec59-490f-4dbb-8c87-96c4e1c27833 None admin] RBAC: Authorizing `identity:get_user(user_id=b8903fa48b7b4173bfa9d7ac1f891c54)` {{(pid=80847) enforce_call /opt/stack/keystone/keystone/common/rbac_enforcer/enforcer.py:449}}
Jun 01 20:31:10.063501 dv-neutron-844297-1-hyperv devstack@keystone.service[80847]: DEBUG keystone.common.rbac_enforcer.enforcer [None req-6e7aec59-490f-4dbb-8c87-96c4e1c27833 None admin] RBAC: Authorization granted {{(pid=80847) enforce_call /opt/stack/keystone/keystone/common/rbac_enforcer/enforcer.py:457}}
Jun 01 20:31:10.065386 dv-neutron-844297-1-hyperv devstack@keystone.service[80847]: [pid: 80847|app: 0|req: 96/196] 10.222.0.61 () {56 vars in 1177 bytes} [Wed Jun 1 20:31:09 2022] GET /identity/v3/users/b8903fa48b7b4173bfa9d7ac1f891c54 => generated 283 bytes in 163 msecs (HTTP/1.1 200) 5 headers in 177 bytes (1 switches on core 0)
Jun 01 20:31:10.070794 dv-neutron-844297-1-hyperv devstack@keystone.service[80847]: DEBUG keystone.server.flask.request_processing.middleware.auth_context [None req-6e7aec59-490f-4dbb-8c87-96c4e1c27833 None admin] Authenticating user token {{(pid=80847) process_request /usr/local/lib/python3.8/dist-packages/keystonemiddleware/auth_token/__init__.py:407}}
Jun 01 20:31:10.117526 dv-neutron-844297-1-hyperv devstack@keystone.service[80847]: DEBUG dbcounter [-] [80847] Writing DB stats keystone:SELECT=100 {{(pid=80847) stat_writer /usr/local/lib/python3.8/dist-packages/dbcounter.py:114}}
Jun 01 20:31:10.183068 dv-neutron-844297-1-hyperv devstack@keystone.service[80848]: DEBUG keystone.server.flask.request_processing.middleware.auth_context [None req-731b29d1-37d0-48b5-8d78-a8c281cd1a62 None admin] Validating token access rules against request {{(pid=80848) validate_allowed_request /usr/local/lib/python3.8/dist-packages/keystonemiddleware/auth_token/__init__.py:545}}
Jun 01 20:31:10.191446 dv-neutron-844297-1-hyperv devstack@keystone.service[80847]: DEBUG keystone.server.flask.request_processing.middleware.auth_context [None req-6e7aec59-490f-4dbb-8c87-96c4e1c27833 None admin] Validating token access rules against request {{(pid=80847) validate_allowed_request /usr/local/lib/python3.8/dist-packages/keystonemiddleware/auth_token/__init__.py:545}}
Jun 01 20:31:10.229180 dv-neutron-844297-1-hyperv devstack@keystone.service[80847]: DEBUG keystone.server.flask.request_processing.middleware.auth_context [None req-b224c30a-3c87-481d-bbd3-eea667b2dfdb None admin] RBAC: auth_context: {'token': , 'domain_id': None, 'trust_id': None, 'trustor_id': None, 'trustee_id': None, 'domain_name': None, 'group_ids': [], 'user_id': '643ac0ef7edd487f92582b3586345eed', 'user_domain_id': 'default', 'system_scope': 'all', 'project_id': None, 'project_domain_id': None, 'roles': ['admin', 'member', 'reader'], 'is_admin_project': True, 'service_user_id': None, 'service_user_domain_id': None, 'service_project_id': None, 'service_project_domain_id': None, 'service_roles': []} {{(pid=80847) fill_context /opt/stack/keystone/keystone/server/flask/request_processing/middleware/auth_context.py:478}}
Jun 01 20:31:10.230139 dv-neutron-844297-1-hyperv devstack@keystone.service[80847]: DEBUG keystone.server.flask.request_processing.req_logging [None req-b224c30a-3c87-481d-bbd3-eea667b2dfdb None admin] REQUEST_METHOD: `GET` {{(pid=80847) log_request_info /opt/stack/keystone/keystone/server/flask/request_processing/req_logging.py:27}}
Jun 01 20:31:10.230491 dv-neutron-844297-1-hyperv devstack@keystone.service[80847]: DEBUG keystone.server.flask.request_processing.req_logging [None req-b224c30a-3c87-481d-bbd3-eea667b2dfdb None admin] SCRIPT_NAME: `/identity` {{(pid=80847) log_request_info /opt/stack/keystone/keystone/server/flask/request_processing/req_logging.py:28}}
Jun 01 20:31:10.230904 dv-neutron-844297-1-hyperv devstack@keystone.service[80847]: DEBUG keystone.server.flask.request_processing.req_logging [None req-b224c30a-3c87-481d-bbd3-eea667b2dfdb None admin] PATH_INFO: `/v3/auth/tokens` {{(pid=80847) log_request_info /opt/stack/keystone/keystone/server/flask/request_processing/req_logging.py:29}}
Jun 01 20:31:10.232819 dv-neutron-844297-1-hyperv devstack@keystone.service[80848]: DEBUG keystone.server.flask.request_processing.middleware.auth_context [None req-3406f5f1-6976-422c-88f9-2cde7527302c None admin] RBAC: auth_context: {'token': , 'domain_id': None, 'trust_id': None, 'trustor_id': None, 'trustee_id': None, 'domain_name': None, 'group_ids': [], 'user_id': '643ac0ef7edd487f92582b3586345eed', 'user_domain_id': 'default', 'system_scope': 'all', 'project_id': None, 'project_domain_id': None, 'roles': ['admin', 'member', 'reader'], 'is_admin_project': True, 'service_user_id': None, 'service_user_domain_id': None, 'service_project_id': None, 'service_project_domain_id': None, 'service_roles': []} {{(pid=80848) fill_context /opt/stack/keystone/keystone/server/flask/request_processing/middleware/auth_context.py:478}}
Jun 01 20:31:10.233696 dv-neutron-844297-1-hyperv devstack@keystone.service[80848]: DEBUG keystone.server.flask.request_processing.req_logging [None req-3406f5f1-6976-422c-88f9-2cde7527302c None admin] REQUEST_METHOD: `GET` {{(pid=80848) log_request_info /opt/stack/keystone/keystone/server/flask/request_processing/req_logging.py:27}}
Jun 01 20:31:10.234339 dv-neutron-844297-1-hyperv devstack@keystone.service[80848]: DEBUG keystone.server.flask.request_processing.req_logging [None req-3406f5f1-6976-422c-88f9-2cde7527302c None admin] SCRIPT_NAME: `/identity` {{(pid=80848) log_request_info /opt/stack/keystone/keystone/server/flask/request_processing/req_logging.py:28}}
Jun 01 20:31:10.236226 dv-neutron-844297-1-hyperv devstack@keystone.service[80848]: DEBUG keystone.server.flask.request_processing.req_logging [None req-3406f5f1-6976-422c-88f9-2cde7527302c None admin] PATH_INFO: `/v3/role_assignments` {{(pid=80848) log_request_info /opt/stack/keystone/keystone/server/flask/request_processing/req_logging.py:29}}
Jun 01 20:31:10.236688 dv-neutron-844297-1-hyperv devstack@keystone.service[80848]: DEBUG keystone.common.rbac_enforcer.enforcer [None req-3406f5f1-6976-422c-88f9-2cde7527302c None admin] RBAC: Adding query filter params (role.id=17a0da705654407c826d2bf59ed95577, scope.project.id=7f0ff389d1864e7dac21db8a23f9a3bf, user.id=b8903fa48b7b4173bfa9d7ac1f891c54) {{(pid=80848) _extract_filter_values /opt/stack/keystone/keystone/common/rbac_enforcer/enforcer.py:167}}
Jun 01 20:31:10.237001 dv-neutron-844297-1-hyperv devstack@keystone.service[80848]: DEBUG keystone.common.rbac_enforcer.enforcer [None req-3406f5f1-6976-422c-88f9-2cde7527302c None admin] RBAC: Authorizing `identity:list_role_assignments()` {{(pid=80848) enforce_call /opt/stack/keystone/keystone/common/rbac_enforcer/enforcer.py:449}}
Jun 01 20:31:10.238550 dv-neutron-844297-1-hyperv devstack@keystone.service[80848]: DEBUG keystone.common.rbac_enforcer.enforcer [None req-3406f5f1-6976-422c-88f9-2cde7527302c None admin] RBAC: Authorization granted {{(pid=80848) enforce_call /opt/stack/keystone/keystone/common/rbac_enforcer/enforcer.py:457}}
Jun 01 20:31:10.240901 dv-neutron-844297-1-hyperv devstack@keystone.service[80848]: DEBUG dbcounter [-] [80848] Writing DB stats keystone:SELECT=100 {{(pid=80848) stat_writer /usr/local/lib/python3.8/dist-packages/dbcounter.py:114}}
