Jun 01 16:49:47.437343 dv-neutron-844274-3-hyperv neutron-server[111742]: DEBUG neutron_lib.callbacks.manager [None req-93d76eb0-de74-432a-b765-0e85a68f3074 tempest-ExternalNetworksAdminNegativeTestJSON-947619765 tempest-ExternalNetworksAdminNegativeTestJSON-947619765-project-admin] Publish callbacks [] for security_group (3325564d-12e2-451b-9d31-754f874b3644), precommit_create {{(pid=111742) _notify_loop /usr/local/lib/python3.8/dist-packages/neutron_lib/callbacks/manager.py:176}}
Jun 01 16:49:47.456201 dv-neutron-844274-3-hyperv neutron-server[111743]: DEBUG neutron_lib.callbacks.manager [None req-885b0448-b5ed-4972-b8bc-e3e047b731b7 None None] Publish callbacks ['neutron.plugins.ml2.plugin.SecurityGroupServerNotifierRpcMixin._notify_sg_on_port_change-697902', 'neutron.plugins.ml2.ovo_rpc._ObjectChangeHandler.handle_event-191539', 'neutron.api.rpc.agentnotifiers.dhcp_rpc_agent_api.DhcpAgentNotifyAPI._native_event_send_dhcp_notification-1615174', 'neutron.db.l3_db.L3RpcNotifierMixin._notify_gateway_port_ip_changed-8784811862227', 'neutron.db.l3_dvrscheduler_db._notify_l3_agent_port_update-8784811313219', 'neutron.db.l3_hascheduler_db._notify_l3_agent_ha_port_update-8784811313237'] for port (ceff5713-35a0-4214-9379-835156544d76), after_update {{(pid=111743) _notify_loop /usr/local/lib/python3.8/dist-packages/neutron_lib/callbacks/manager.py:176}}
Jun 01 16:49:47.457883 dv-neutron-844274-3-hyperv neutron-server[111741]: DEBUG neutron_lib.callbacks.manager [None req-7cf7e123-5fd6-4412-a446-8add2b09d161 admin admin] Publish callbacks [] for router_gateway (a6a96ea8-259c-46fc-a569-21ad6b375bd8), after_create {{(pid=111741) _notify_loop /usr/local/lib/python3.8/dist-packages/neutron_lib/callbacks/manager.py:176}}
Jun 01 16:49:47.474438 dv-neutron-844274-3-hyperv neutron-server[111741]: DEBUG neutron_lib.callbacks.manager [None req-e7bbf71d-20d0-437a-bfd8-283c352d83de admin admin] Publish callbacks ['neutron.plugins.ml2.plugin.SecurityGroupServerNotifierRpcMixin._notify_sg_on_port_change-697902', 'neutron.plugins.ml2.ovo_rpc._ObjectChangeHandler.handle_event-191539', 'neutron.api.rpc.agentnotifiers.dhcp_rpc_agent_api.DhcpAgentNotifyAPI._native_event_send_dhcp_notification-1615174', 'neutron.db.l3_dvrscheduler_db._notify_l3_agent_new_port-8784811313201'] for port (ac53925f-bfd7-4981-a84d-f18f8a71ac47), after_create {{(pid=111741) _notify_loop /usr/local/lib/python3.8/dist-packages/neutron_lib/callbacks/manager.py:176}}
Jun 01 16:49:47.486213 dv-neutron-844274-3-hyperv neutron-server[111742]: DEBUG neutron_lib.callbacks.manager [None req-5f189dfd-3a5f-4400-9de7-af8da2fcde1f tempest-ExtraDHCPOptionsIpV6TestJSON-174876570 tempest-ExtraDHCPOptionsIpV6TestJSON-174876570-project] Publish callbacks [] for port (3b2d1741-5d93-446d-924a-15ff33489e84), precommit_update {{(pid=111742) _notify_loop /usr/local/lib/python3.8/dist-packages/neutron_lib/callbacks/manager.py:176}}
Jun 01 16:49:47.504305 dv-neutron-844274-3-hyperv neutron-server[111742]: DEBUG neutron_lib.callbacks.manager [None req-93d76eb0-de74-432a-b765-0e85a68f3074 tempest-ExternalNetworksAdminNegativeTestJSON-947619765 tempest-ExternalNetworksAdminNegativeTestJSON-947619765-project-admin] Publish callbacks ['neutron.plugins.ml2.ovo_rpc._ObjectChangeHandler.handle_event-1811928'] for security_group (3325564d-12e2-451b-9d31-754f874b3644), after_create {{(pid=111742) _notify_loop /usr/local/lib/python3.8/dist-packages/neutron_lib/callbacks/manager.py:176}}
Jun 01 16:49:47.512685 dv-neutron-844274-3-hyperv neutron-server[111742]: DEBUG neutron.notifiers.nova [None req-93d76eb0-de74-432a-b765-0e85a68f3074 tempest-ExternalNetworksAdminNegativeTestJSON-947619765 tempest-ExternalNetworksAdminNegativeTestJSON-947619765-project-admin] device_id is not set on port 8c78565b-88f3-485b-b04b-40878428f06c yet. {{(pid=111742) _can_notify /opt/stack/neutron/neutron/notifiers/nova.py:199}}
Jun 01 16:49:47.542702 dv-neutron-844274-3-hyperv neutron-server[111743]: DEBUG neutron.db.provisioning_blocks [None req-62f0a0c4-e810-4474-abed-6bcdb0aa54bf None None] Provisioning complete for port 8a52128f-4450-4991-bada-a6226d8ea00e triggered by entity L2. {{(pid=111743) provisioning_complete /opt/stack/neutron/neutron/db/provisioning_blocks.py:145}}
Jun 01 16:49:47.543084 dv-neutron-844274-3-hyperv neutron-server[111743]: DEBUG neutron_lib.callbacks.manager [None req-62f0a0c4-e810-4474-abed-6bcdb0aa54bf None None] Publish callbacks ['neutron.plugins.ml2.plugin.Ml2Plugin._port_provisioned-759316'] for port (8a52128f-4450-4991-bada-a6226d8ea00e), provisioning_complete {{(pid=111743) _notify_loop /usr/local/lib/python3.8/dist-packages/neutron_lib/callbacks/manager.py:176}}
Jun 01 16:49:47.569944 dv-neutron-844274-3-hyperv neutron-server[111741]: INFO neutron.wsgi [None req-96119e7d-3a4f-4e59-8de8-dde2ef63495d tempest-MeteringIpV6TestJSON-1883195244 tempest-MeteringIpV6TestJSON-1883195244-project-admin] 10.222.0.17 "GET /v2.0/metering/metering-labels?id=33 HTTP/1.1" status: 200 len: 216 time: 0.1659081
Jun 01 16:49:47.575269 dv-neutron-844274-3-hyperv neutron-server[111743]: DEBUG neutron.api.rpc.handlers.resources_rpc [None req-885b0448-b5ed-4972-b8bc-e3e047b731b7 None None] Pushing event updated for resources: {'Port': ['ID=ceff5713-35a0-4214-9379-835156544d76,revision_number=2']} {{(pid=111743) push /opt/stack/neutron/neutron/api/rpc/handlers/resources_rpc.py:237}}
Jun 01 16:49:47.589760 dv-neutron-844274-3-hyperv neutron-server[111743]: DEBUG neutron.plugins.ml2.plugin [None req-7e984801-ebe8-4b55-add2-dd48ccccc80d None None] Current status of the port f3011e54-8455-45bc-b00b-786efc32cf17 is: ACTIVE; New status is: ACTIVE {{(pid=111743) _update_individual_port_db_status /opt/stack/neutron/neutron/plugins/ml2/plugin.py:2298}}
Jun 01 16:49:47.600934 dv-neutron-844274-3-hyperv neutron-server[111741]: DEBUG neutron.wsgi [-] (111741) accepted ('10.222.0.17', 36810) {{(pid=111741) server /usr/local/lib/python3.8/dist-packages/eventlet/wsgi.py:1004}}
Jun 01 16:49:47.602098 dv-neutron-844274-3-hyperv neutron-server[111742]: DEBUG neutron_lib.callbacks.manager [None req-5f189dfd-3a5f-4400-9de7-af8da2fcde1f tempest-ExtraDHCPOptionsIpV6TestJSON-174876570 tempest-ExtraDHCPOptionsIpV6TestJSON-174876570-project] Publish callbacks ['neutron.plugins.ml2.plugin.SecurityGroupServerNotifierRpcMixin._notify_sg_on_port_change-697902', 'neutron.plugins.ml2.ovo_rpc._ObjectChangeHandler.handle_event-191539', 'neutron.api.rpc.agentnotifiers.dhcp_rpc_agent_api.DhcpAgentNotifyAPI._native_event_send_dhcp_notification-1615174', 'neutron.db.l3_db.L3RpcNotifierMixin._notify_gateway_port_ip_changed-8784811862227', 'neutron.db.l3_dvrscheduler_db._notify_l3_agent_port_update-8784811313219', 'neutron.db.l3_hascheduler_db._notify_l3_agent_ha_port_update-8784811313237'] for port (3b2d1741-5d93-446d-924a-15ff33489e84), after_update {{(pid=111742) _notify_loop /usr/local/lib/python3.8/dist-packages/neutron_lib/callbacks/manager.py:176}}
Jun 01 16:49:47.606631 dv-neutron-844274-3-hyperv neutron-server[111743]: DEBUG neutron.db.provisioning_blocks [None req-7e984801-ebe8-4b55-add2-dd48ccccc80d None None] Provisioning complete for port 3b2d1741-5d93-446d-924a-15ff33489e84 triggered by entity DHCP. {{(pid=111743) provisioning_complete /opt/stack/neutron/neutron/db/provisioning_blocks.py:145}}
Jun 01 16:49:47.607016 dv-neutron-844274-3-hyperv neutron-server[111743]: DEBUG neutron_lib.callbacks.manager [None req-7e984801-ebe8-4b55-add2-dd48ccccc80d None None] Publish callbacks ['neutron.plugins.ml2.plugin.Ml2Plugin._port_provisioned-759316'] for port (3b2d1741-5d93-446d-924a-15ff33489e84), provisioning_complete {{(pid=111743) _notify_loop /usr/local/lib/python3.8/dist-packages/neutron_lib/callbacks/manager.py:176}}
Jun 01 16:49:47.650587 dv-neutron-844274-3-hyperv neutron-server[111743]: DEBUG neutron.plugins.ml2.plugin [None req-7e984801-ebe8-4b55-add2-dd48ccccc80d None None] Port 3b2d1741-5d93-446d-924a-15ff33489e84 cannot update to ACTIVE because it is not bound. {{(pid=111743) _port_provisioned /opt/stack/neutron/neutron/plugins/ml2/plugin.py:354}}
Jun 01 16:49:47.667478 dv-neutron-844274-3-hyperv neutron-server[111742]: DEBUG neutron.api.rpc.handlers.resources_rpc [None req-93d76eb0-de74-432a-b765-0e85a68f3074 tempest-ExternalNetworksAdminNegativeTestJSON-947619765 tempest-ExternalNetworksAdminNegativeTestJSON-947619765-project-admin] Pushing event updated for resources: {'SecurityGroup': ['ID=3325564d-12e2-451b-9d31-754f874b3644,revision_number=1']} {{(pid=111742) push /opt/stack/neutron/neutron/api/rpc/handlers/resources_rpc.py:237}}
Jun 01 16:49:47.686628 dv-neutron-844274-3-hyperv neutron-server[111743]: DEBUG neutron.plugins.ml2.plugin [None req-62f0a0c4-e810-4474-abed-6bcdb0aa54bf None None] Current status of the port 8a52128f-4450-4991-bada-a6226d8ea00e is: ACTIVE; New status is: ACTIVE {{(pid=111743) _update_individual_port_db_status /opt/stack/neutron/neutron/plugins/ml2/plugin.py:2298}}
Jun 01 16:49:47.694010 dv-neutron-844274-3-hyperv neutron-server[111741]: DEBUG neutron.notifiers.nova [None req-655b8c64-b437-482f-acde-54d8d5fb197b tempest-PortsAdminExtendedAttrsTestJSON-313091825 tempest-PortsAdminExtendedAttrsTestJSON-313091825-project-admin] device_id is not set on port e2427287-dfea-4228-b318-d60a2c01b8c3 yet. {{(pid=111741) _can_notify /opt/stack/neutron/neutron/notifiers/nova.py:199}}
Jun 01 16:49:47.701639 dv-neutron-844274-3-hyperv neutron-server[111741]: DEBUG neutron.scheduler.dhcp_agent_scheduler [None req-e7bbf71d-20d0-437a-bfd8-283c352d83de admin admin] Network aafc5d09-249d-417b-938f-4a67728e9c63 is already hosted by enough agents. {{(pid=111741) _get_dhcp_agents_hosting_network /opt/stack/neutron/neutron/scheduler/dhcp_agent_scheduler.py:275}}
Jun 01 16:49:47.705471 dv-neutron-844274-3-hyperv neutron-server[111742]: DEBUG neutron.plugins.ml2.plugin [None req-5f189dfd-3a5f-4400-9de7-af8da2fcde1f tempest-ExtraDHCPOptionsIpV6TestJSON-174876570 tempest-ExtraDHCPOptionsIpV6TestJSON-174876570-project] In _notify_port_updated(), no bound segment for port 3b2d1741-5d93-446d-924a-15ff33489e84 on network e6a2ca5c-c2d3-4b3a-b8fc-45c0d4455fd1 {{(pid=111742) _notify_port_updated /opt/stack/neutron/neutron/plugins/ml2/plugin.py:937}}
Jun 01 16:49:47.713036 dv-neutron-844274-3-hyperv neutron-server[111742]: DEBUG neutron.pecan_wsgi.hooks.policy_enforcement [None req-5f189dfd-3a5f-4400-9de7-af8da2fcde1f tempest-ExtraDHCPOptionsIpV6TestJSON-174876570 tempest-ExtraDHCPOptionsIpV6TestJSON-174876570-project] Attributes excluded by policy engine: ['standard_attr_id', 'binding:profile', 'binding:host_id', 'binding:vif_type', 'binding:vif_details'] {{(pid=111742) _exclude_attributes_by_policy /opt/stack/neutron/neutron/pecan_wsgi/hooks/policy_enforcement.py:259}}
Jun 01 16:49:47.713036 dv-neutron-844274-3-hyperv neutron-server[111742]: DEBUG neutron_lib.callbacks.manager [None req-5f189dfd-3a5f-4400-9de7-af8da2fcde1f tempest-ExtraDHCPOptionsIpV6TestJSON-174876570 tempest-ExtraDHCPOptionsIpV6TestJSON-174876570-project] Publish callbacks ['neutron.notifiers.nova.Notifier._send_nova_notification-142889'] for port (None), before_response {{(pid=111742) _notify_loop /usr/local/lib/python3.8/dist-packages/neutron_lib/callbacks/manager.py:176}}
Jun 01 16:49:47.713036 dv-neutron-844274-3-hyperv neutron-server[111742]: INFO neutron.wsgi [None req-5f189dfd-3a5f-4400-9de7-af8da2fcde1f tempest-ExtraDHCPOptionsIpV6TestJSON-174876570 tempest-ExtraDHCPOptionsIpV6TestJSON-174876570-project] 10.222.0.17 "PUT /v2.0/ports/3b2d1741-5d93-446d-924a-15ff33489e84 HTTP/1.1" status: 200 len: 1129 time: 0.7145493
Jun 01 16:49:47.719508 dv-neutron-844274-3-hyperv neutron-server[111742]: DEBUG neutron.api.rpc.handlers.resources_rpc [None req-5f189dfd-3a5f-4400-9de7-af8da2fcde1f tempest-ExtraDHCPOptionsIpV6TestJSON-174876570 tempest-ExtraDHCPOptionsIpV6TestJSON-174876570-project] Pushing event updated for resources: {'Port': ['ID=3b2d1741-5d93-446d-924a-15ff33489e84,revision_number=2']} {{(pid=111742) push /opt/stack/neutron/neutron/api/rpc/handlers/resources_rpc.py:237}}
Jun 01 16:49:47.722100 dv-neutron-844274-3-hyperv neutron-server[111742]: DEBUG neutron.wsgi [-] (111742) accepted ('10.222.0.17', 36812) {{(pid=111742) server /usr/local/lib/python3.8/dist-packages/eventlet/wsgi.py:1004}}
Jun 01 16:49:47.728970 dv-neutron-844274-3-hyperv neutron-server[111741]: DEBUG dbcounter [-] [111741] Writing DB stats neutron:SELECT=82,neutron:INSERT=15,neutron:UPDATE=3 {{(pid=111741) stat_writer /usr/local/lib/python3.8/dist-packages/dbcounter.py:114}}
Jun 01 16:49:47.733893 dv-neutron-844274-3-hyperv neutron-server[111741]: DEBUG neutron_lib.callbacks.manager [None req-655b8c64-b437-482f-acde-54d8d5fb197b tempest-PortsAdminExtendedAttrsTestJSON-313091825 tempest-PortsAdminExtendedAttrsTestJSON-313091825-project-admin] Publish callbacks [] for port (e2427287-dfea-4228-b318-d60a2c01b8c3), precommit_create {{(pid=111741) _notify_loop /usr/local/lib/python3.8/dist-packages/neutron_lib/callbacks/manager.py:176}}
Jun 01 16:49:47.783018 dv-neutron-844274-3-hyperv neutron-server[111743]: DEBUG neutron.db.provisioning_blocks [None req-6df8432f-ff5b-4ccf-ad21-4b0754e01884 None None] Provisioning complete for port f3011e54-8455-45bc-b00b-786efc32cf17 triggered by entity DHCP. {{(pid=111743) provisioning_complete /opt/stack/neutron/neutron/db/provisioning_blocks.py:145}}
Jun 01 16:49:47.783473 dv-neutron-844274-3-hyperv neutron-server[111743]: DEBUG neutron_lib.callbacks.manager [None req-6df8432f-ff5b-4ccf-ad21-4b0754e01884 None None] Publish callbacks ['neutron.plugins.ml2.plugin.Ml2Plugin._port_provisioned-759316'] for port (f3011e54-8455-45bc-b00b-786efc32cf17), provisioning_complete {{(pid=111743) _notify_loop /usr/local/lib/python3.8/dist-packages/neutron_lib/callbacks/manager.py:176}}
Jun 01 16:49:47.804953 dv-neutron-844274-3-hyperv neutron-server[111741]: DEBUG neutron.scheduler.base_scheduler [None req-e7bbf71d-20d0-437a-bfd8-283c352d83de admin admin] Resources bound (agent type, host, resource id): {{(pid=111741) schedule /opt/stack/neutron/neutron/scheduler/base_scheduler.py:57}}
Jun 01 16:49:47.835007 dv-neutron-844274-3-hyperv neutron-server[111741]: DEBUG neutron_lib.callbacks.manager [None req-f10ad6e8-4829-444b-9ef3-cc01780a4fdd tempest-ExternalNetworksTestJSON-350410995 tempest-ExternalNetworksTestJSON-350410995-project-admin] Publish callbacks ['neutron.plugins.ml2.plugin.Ml2Plugin._network_delete_precommit_handler-756473', 'neutron.services.segments.db._delete_segments_for_network-8784811763613'] for network (4c0234f5-3873-46de-a3d0-5a2f7acbd7ab), precommit_delete {{(pid=111741) _notify_loop /usr/local/lib/python3.8/dist-packages/neutron_lib/callbacks/manager.py:176}}
Jun 01 16:49:47.835679 dv-neutron-844274-3-hyperv neutron-server[111742]: DEBUG neutron.pecan_wsgi.hooks.policy_enforcement [None req-67050091-4975-41e6-b025-c8693619322f tempest-ExtraDHCPOptionsIpV6TestJSON-174876570 tempest-ExtraDHCPOptionsIpV6TestJSON-174876570-project] Attributes excluded by policy engine: ['standard_attr_id', 'binding:profile', 'binding:host_id', 'binding:vif_type', 'binding:vif_details'] {{(pid=111742) _exclude_attributes_by_policy /opt/stack/neutron/neutron/pecan_wsgi/hooks/policy_enforcement.py:259}}
Jun 01 16:49:47.837455 dv-neutron-844274-3-hyperv neutron-server[111742]: INFO neutron.wsgi [None req-67050091-4975-41e6-b025-c8693619322f tempest-ExtraDHCPOptionsIpV6TestJSON-174876570 tempest-ExtraDHCPOptionsIpV6TestJSON-174876570-project] 10.222.0.17 "GET /v2.0/ports/3b2d1741-5d93-446d-924a-15ff33489e84 HTTP/1.1" status: 200 len: 1129 time: 0.1121397
Jun 01 16:49:47.855379 dv-neutron-844274-3-hyperv neutron-server[111742]: DEBUG neutron.wsgi [-] (111742) accepted ('10.222.0.17', 36814) {{(pid=111742) server /usr/local/lib/python3.8/dist-packages/eventlet/wsgi.py:1004}}
Jun 01 16:49:47.886776 dv-neutron-844274-3-hyperv neutron-server[111741]: DEBUG neutron.db.l3_dvrscheduler_db [None req-e7bbf71d-20d0-437a-bfd8-283c352d83de admin admin] Received port after_create {{(pid=111741) _notify_l3_agent_new_port /opt/stack/neutron/neutron/db/l3_dvrscheduler_db.py:542}}
Jun 01 16:49:47.896000 dv-neutron-844274-3-hyperv neutron-server[111741]: INFO neutron.wsgi [None req-dc40c149-1e0d-40eb-94ec-52bb2e1719ff tempest-MeteringIpV6TestJSON-1883195244 tempest-MeteringIpV6TestJSON-1883195244-project-admin] 10.222.0.17 "GET /v2.0/metering/metering-labels/a77c948c-4dbf-4686-abf1-cbc030c358e3 HTTP/1.1" status: 200 len: 472 time: 0.2818336
Jun 01 16:49:47.918853 dv-neutron-844274-3-hyperv neutron-server[111741]: DEBUG neutron_lib.callbacks.manager [None req-655b8c64-b437-482f-acde-54d8d5fb197b tempest-PortsAdminExtendedAttrsTestJSON-313091825 tempest-PortsAdminExtendedAttrsTestJSON-313091825-project-admin] Publish callbacks ['neutron.plugins.ml2.plugin.SecurityGroupServerNotifierRpcMixin._notify_sg_on_port_change-697902', 'neutron.plugins.ml2.ovo_rpc._ObjectChangeHandler.handle_event-191539', 'neutron.api.rpc.agentnotifiers.dhcp_rpc_agent_api.DhcpAgentNotifyAPI._native_event_send_dhcp_notification-1615174', 'neutron.db.l3_dvrscheduler_db._notify_l3_agent_new_port-8784811313201'] for port (e2427287-dfea-4228-b318-d60a2c01b8c3), after_create {{(pid=111741) _notify_loop /usr/local/lib/python3.8/dist-packages/neutron_lib/callbacks/manager.py:176}}
Jun 01 16:49:47.920501 dv-neutron-844274-3-hyperv neutron-server[111741]: DEBUG neutron.wsgi [-] (111741) accepted ('10.222.0.17', 36816) {{(pid=111741) server /usr/local/lib/python3.8/dist-packages/eventlet/wsgi.py:1004}}
Jun 01 16:49:47.990222 dv-neutron-844274-3-hyperv neutron-server[111743]: DEBUG neutron.plugins.ml2.rpc [None req-62f0a0c4-e810-4474-abed-6bcdb0aa54bf None None] Device f3011e54-8455-45bc-b00b-786efc32cf17 up at agent ovs-agent-dv-neutron-844274-3-hyperv {{(pid=111743) update_device_up /opt/stack/neutron/neutron/plugins/ml2/rpc.py:296}}
Jun 01 16:49:48.029395 dv-neutron-844274-3-hyperv neutron-server[111741]: DEBUG neutron.api.rpc.handlers.resources_rpc [None req-e7bbf71d-20d0-437a-bfd8-283c352d83de admin admin] Pushing event updated for resources: {'Port': ['ID=ac53925f-bfd7-4981-a84d-f18f8a71ac47,revision_number=1']} {{(pid=111741) push /opt/stack/neutron/neutron/api/rpc/handlers/resources_rpc.py:237}}
Jun 01 16:49:48.052347 dv-neutron-844274-3-hyperv neutron-server[111743]: DEBUG neutron.plugins.ml2.plugin [None req-6df8432f-ff5b-4ccf-ad21-4b0754e01884 None None] Current status of the port f3011e54-8455-45bc-b00b-786efc32cf17 is: ACTIVE; New status is: ACTIVE {{(pid=111743) _update_individual_port_db_status /opt/stack/neutron/neutron/plugins/ml2/plugin.py:2298}}
Jun 01 16:49:48.067297 dv-neutron-844274-3-hyperv neutron-server[111743]: DEBUG neutron.db.provisioning_blocks [None req-62f0a0c4-e810-4474-abed-6bcdb0aa54bf None None] Provisioning complete for port f3011e54-8455-45bc-b00b-786efc32cf17 triggered by entity L2. {{(pid=111743) provisioning_complete /opt/stack/neutron/neutron/db/provisioning_blocks.py:145}}
Jun 01 16:49:48.067886 dv-neutron-844274-3-hyperv neutron-server[111743]: DEBUG neutron_lib.callbacks.manager [None req-62f0a0c4-e810-4474-abed-6bcdb0aa54bf None None] Publish callbacks ['neutron.plugins.ml2.plugin.Ml2Plugin._port_provisioned-759316'] for port (f3011e54-8455-45bc-b00b-786efc32cf17), provisioning_complete {{(pid=111743) _notify_loop /usr/local/lib/python3.8/dist-packages/neutron_lib/callbacks/manager.py:176}}
Jun 01 16:49:48.087192 dv-neutron-844274-3-hyperv neutron-server[111742]: DEBUG neutron.plugins.ml2.plugin [None req-95f2611b-39e2-4330-9eeb-25a5960a1137 tempest-ExtraDHCPOptionsIpV6TestJSON-174876570 tempest-ExtraDHCPOptionsIpV6TestJSON-174876570-project] Deleting port 3b2d1741-5d93-446d-924a-15ff33489e84 {{(pid=111742) _pre_delete_port /opt/stack/neutron/neutron/plugins/ml2/plugin.py:2043}}
Jun 01 16:49:48.087531 dv-neutron-844274-3-hyperv neutron-server[111742]: DEBUG neutron_lib.callbacks.manager [None req-95f2611b-39e2-4330-9eeb-25a5960a1137 tempest-ExtraDHCPOptionsIpV6TestJSON-174876570 tempest-ExtraDHCPOptionsIpV6TestJSON-174876570-project] Publish callbacks ['neutron.db.l3_db.L3_NAT_dbonly_mixin._prevent_l3_port_delete_callback-8784811856770'] for port (3b2d1741-5d93-446d-924a-15ff33489e84), before_delete {{(pid=111742) _notify_loop /usr/local/lib/python3.8/dist-packages/neutron_lib/callbacks/manager.py:176}}
Jun 01 16:49:48.096878 dv-neutron-844274-3-hyperv neutron-server[111741]: DEBUG neutron_lib.callbacks.manager [None req-f10ad6e8-4829-444b-9ef3-cc01780a4fdd tempest-ExternalNetworksTestJSON-350410995 tempest-ExternalNetworksTestJSON-350410995-project-admin] Subscribe: > segment before_delete 55550000 {{(pid=111741) subscribe /usr/local/lib/python3.8/dist-packages/neutron_lib/callbacks/manager.py:45}}
Jun 01 16:49:48.097251 dv-neutron-844274-3-hyperv neutron-server[111741]: DEBUG neutron_lib.callbacks.manager [None req-f10ad6e8-4829-444b-9ef3-cc01780a4fdd tempest-ExternalNetworksTestJSON-350410995 tempest-ExternalNetworksTestJSON-350410995-project-admin] Subscribe: > subnet precommit_delete_associations 55550000 {{(pid=111741) subscribe /usr/local/lib/python3.8/dist-packages/neutron_lib/callbacks/manager.py:45}}
Jun 01 16:49:48.098807 dv-neutron-844274-3-hyperv neutron-server[111741]: DEBUG neutron_lib.callbacks.manager [None req-f10ad6e8-4829-444b-9ef3-cc01780a4fdd tempest-ExternalNetworksTestJSON-350410995 tempest-ExternalNetworksTestJSON-350410995-project-admin] Subscribe: > segment_host_mapping after_create 55550000 {{(pid=111741) subscribe /usr/local/lib/python3.8/dist-packages/neutron_lib/callbacks/manager.py:45}}
Jun 01 16:49:48.098807 dv-neutron-844274-3-hyperv neutron-server[111741]: DEBUG neutron_lib.callbacks.manager [None req-f10ad6e8-4829-444b-9ef3-cc01780a4fdd tempest-ExternalNetworksTestJSON-350410995 tempest-ExternalNetworksTestJSON-350410995-project-admin] Subscribe: > port after_create 55550000 {{(pid=111741) subscribe /usr/local/lib/python3.8/dist-packages/neutron_lib/callbacks/manager.py:45}}
Jun 01 16:49:48.099029 dv-neutron-844274-3-hyperv neutron-server[111741]: DEBUG neutron_lib.callbacks.manager [None req-f10ad6e8-4829-444b-9ef3-cc01780a4fdd tempest-ExternalNetworksTestJSON-350410995 tempest-ExternalNetworksTestJSON-350410995-project-admin] Subscribe: > port after_delete 55550000 {{(pid=111741) subscribe /usr/local/lib/python3.8/dist-packages/neutron_lib/callbacks/manager.py:45}}
Jun 01 16:49:48.099345 dv-neutron-844274-3-hyperv neutron-server[111741]: DEBUG neutron_lib.callbacks.manager [None req-f10ad6e8-4829-444b-9ef3-cc01780a4fdd tempest-ExternalNetworksTestJSON-350410995 tempest-ExternalNetworksTestJSON-350410995-project-admin] Subscribe: > port after_update 55550000 {{(pid=111741) subscribe /usr/local/lib/python3.8/dist-packages/neutron_lib/callbacks/manager.py:45}}
Jun 01 16:49:48.099672 dv-neutron-844274-3-hyperv neutron-server[111741]: DEBUG neutron_lib.callbacks.manager [None req-f10ad6e8-4829-444b-9ef3-cc01780a4fdd tempest-ExternalNetworksTestJSON-350410995 tempest-ExternalNetworksTestJSON-350410995-project-admin] Subscribe: > segment after_delete 55550000 {{(pid=111741) subscribe /usr/local/lib/python3.8/dist-packages/neutron_lib/callbacks/manager.py:45}}
Jun 01 16:49:48.099971 dv-neutron-844274-3-hyperv neutron-server[111741]: DEBUG neutron_lib.callbacks.manager [None req-f10ad6e8-4829-444b-9ef3-cc01780a4fdd tempest-ExternalNetworksTestJSON-350410995 tempest-ExternalNetworksTestJSON-350410995-project-admin] Subscribe: > subnet after_create 55550000 {{(pid=111741) subscribe /usr/local/lib/python3.8/dist-packages/neutron_lib/callbacks/manager.py:45}}
Jun 01 16:49:48.100285 dv-neutron-844274-3-hyperv neutron-server[111741]: DEBUG neutron_lib.callbacks.manager [None req-f10ad6e8-4829-444b-9ef3-cc01780a4fdd tempest-ExternalNetworksTestJSON-350410995 tempest-ExternalNetworksTestJSON-350410995-project-admin] Subscribe: > subnet after_delete 55550000 {{(pid=111741) subscribe /usr/local/lib/python3.8/dist-packages/neutron_lib/callbacks/manager.py:45}}
Jun 01 16:49:48.100599 dv-neutron-844274-3-hyperv neutron-server[111741]: DEBUG neutron_lib.callbacks.manager [None req-f10ad6e8-4829-444b-9ef3-cc01780a4fdd tempest-ExternalNetworksTestJSON-350410995 tempest-ExternalNetworksTestJSON-350410995-project-admin] Subscribe: > subnet after_update 55550000 {{(pid=111741) subscribe /usr/local/lib/python3.8/dist-packages/neutron_lib/callbacks/manager.py:45}}
Jun 01 16:49:48.146933 dv-neutron-844274-3-hyperv neutron-server[111742]: INFO neutron.pecan_wsgi.hooks.translation [None req-93d76eb0-de74-432a-b765-0e85a68f3074 tempest-ExternalNetworksAdminNegativeTestJSON-947619765 tempest-ExternalNetworksAdminNegativeTestJSON-947619765-project-admin] POST failed (client error): There was a conflict when trying to complete your request.
Jun 01 16:49:48.148106 dv-neutron-844274-3-hyperv neutron-server[111742]: DEBUG neutron.pecan_wsgi.hooks.notifier [None req-93d76eb0-de74-432a-b765-0e85a68f3074 tempest-ExternalNetworksAdminNegativeTestJSON-947619765 tempest-ExternalNetworksAdminNegativeTestJSON-947619765-project-admin] No notification will be sent due to unsuccessful status code: 409 {{(pid=111742) after /opt/stack/neutron/neutron/pecan_wsgi/hooks/notifier.py:78}}
Jun 01 16:49:48.150079 dv-neutron-844274-3-hyperv neutron-server[111743]: DEBUG dbcounter [-] [111743] Writing DB stats neutron:SELECT=96,neutron:UPDATE=4 {{(pid=111743) stat_writer /usr/local/lib/python3.8/dist-packages/dbcounter.py:114}}
Jun 01 16:49:48.172072 dv-neutron-844274-3-hyperv neutron-server[111743]: DEBUG dbcounter [-] [111743] Writing DB stats neutron:SELECT=97,neutron:UPDATE=2,neutron:INSERT=1 {{(pid=111743) stat_writer /usr/local/lib/python3.8/dist-packages/dbcounter.py:114}}
Jun 01 16:49:48.173506 dv-neutron-844274-3-hyperv neutron-server[111743]: DEBUG neutron.plugins.ml2.plugin [None req-62f0a0c4-e810-4474-abed-6bcdb0aa54bf None None] Current status of the port f3011e54-8455-45bc-b00b-786efc32cf17 is: ACTIVE; New status is: ACTIVE {{(pid=111743) _update_individual_port_db_status /opt/stack/neutron/neutron/plugins/ml2/plugin.py:2298}}
Jun 01 16:49:48.174054 dv-neutron-844274-3-hyperv neutron-server[111743]: DEBUG neutron.plugins.ml2.rpc [None req-62f0a0c4-e810-4474-abed-6bcdb0aa54bf None None] Device 7d23b2b9-acd7-4f51-ac8a-3b82b563261a up at agent ovs-agent-dv-neutron-844274-3-hyperv {{(pid=111743) update_device_up /opt/stack/neutron/neutron/plugins/ml2/rpc.py:296}}
Jun 01 16:49:48.203486 dv-neutron-844274-3-hyperv neutron-server[111743]: DEBUG neutron.db.provisioning_blocks [None req-fc01b1a8-3964-47ae-af7e-59d02b82f4d8 None None] Provisioning complete for port 3b2d1741-5d93-446d-924a-15ff33489e84 triggered by entity DHCP. {{(pid=111743) provisioning_complete /opt/stack/neutron/neutron/db/provisioning_blocks.py:145}}
Jun 01 16:49:48.203872 dv-neutron-844274-3-hyperv neutron-server[111743]: DEBUG neutron_lib.callbacks.manager [None req-fc01b1a8-3964-47ae-af7e-59d02b82f4d8 None None] Publish callbacks ['neutron.plugins.ml2.plugin.Ml2Plugin._port_provisioned-759316'] for port (3b2d1741-5d93-446d-924a-15ff33489e84), provisioning_complete {{(pid=111743) _notify_loop /usr/local/lib/python3.8/dist-packages/neutron_lib/callbacks/manager.py:176}}
Jun 01 16:49:48.210150 dv-neutron-844274-3-hyperv neutron-server[111742]: DEBUG neutron_lib.callbacks.manager [None req-95f2611b-39e2-4330-9eeb-25a5960a1137 tempest-ExtraDHCPOptionsIpV6TestJSON-174876570 tempest-ExtraDHCPOptionsIpV6TestJSON-174876570-project] Publish callbacks ['neutron.services.l3_router.l3_router_plugin.L3_NAT_dbonly_mixin._precommit_delete_port_callback-1591423'] for port (3b2d1741-5d93-446d-924a-15ff33489e84), precommit_delete {{(pid=111742) _notify_loop /usr/local/lib/python3.8/dist-packages/neutron_lib/callbacks/manager.py:176}}
Jun 01 16:49:48.216234 dv-neutron-844274-3-hyperv neutron-server[111742]: INFO neutron.wsgi [None req-93d76eb0-de74-432a-b765-0e85a68f3074 tempest-ExternalNetworksAdminNegativeTestJSON-947619765 tempest-ExternalNetworksAdminNegativeTestJSON-947619765-project-admin] 10.222.0.17 "POST /v2.0/ports HTTP/1.1" status: 409 len: 372 time: 1.3038456
Jun 01 16:49:48.221738 dv-neutron-844274-3-hyperv neutron-server[111742]: DEBUG neutron.wsgi [-] (111742) accepted ('10.222.0.17', 36818) {{(pid=111742) server /usr/local/lib/python3.8/dist-packages/eventlet/wsgi.py:1004}}
Jun 01 16:49:48.290986 dv-neutron-844274-3-hyperv neutron-server[111742]: DEBUG neutron.plugins.ml2.plugin [None req-95f2611b-39e2-4330-9eeb-25a5960a1137 tempest-ExtraDHCPOptionsIpV6TestJSON-174876570 tempest-ExtraDHCPOptionsIpV6TestJSON-174876570-project] Calling delete_port for 3b2d1741-5d93-446d-924a-15ff33489e84 owned by {{(pid=111742) delete_port /opt/stack/neutron/neutron/plugins/ml2/plugin.py:2122}}
Jun 01 16:49:48.364974 dv-neutron-844274-3-hyperv neutron-server[111743]: DEBUG neutron.plugins.ml2.plugin [None req-fc01b1a8-3964-47ae-af7e-59d02b82f4d8 None None] Port 3b2d1741-5d93-446d-924a-15ff33489e84 cannot update to ACTIVE because it is not bound. {{(pid=111743) _port_provisioned /opt/stack/neutron/neutron/plugins/ml2/plugin.py:354}}
Jun 01 16:49:48.366347 dv-neutron-844274-3-hyperv neutron-server[111743]: DEBUG neutron.db.provisioning_blocks [None req-62f0a0c4-e810-4474-abed-6bcdb0aa54bf None None] Provisioning complete for port 7d23b2b9-acd7-4f51-ac8a-3b82b563261a triggered by entity L2. {{(pid=111743) provisioning_complete /opt/stack/neutron/neutron/db/provisioning_blocks.py:145}}
Jun 01 16:49:48.366725 dv-neutron-844274-3-hyperv neutron-server[111743]: DEBUG neutron_lib.callbacks.manager [None req-62f0a0c4-e810-4474-abed-6bcdb0aa54bf None None] Publish callbacks ['neutron.plugins.ml2.plugin.Ml2Plugin._port_provisioned-759316'] for port (7d23b2b9-acd7-4f51-ac8a-3b82b563261a), provisioning_complete {{(pid=111743) _notify_loop /usr/local/lib/python3.8/dist-packages/neutron_lib/callbacks/manager.py:176}}
Jun 01 16:49:48.381475 dv-neutron-844274-3-hyperv neutron-server[111742]: DEBUG dbcounter [-] [111742] Writing DB stats neutron:SELECT=88,neutron:DELETE=3,neutron:INSERT=7,neutron:UPDATE=2 {{(pid=111742) stat_writer /usr/local/lib/python3.8/dist-packages/dbcounter.py:114}}
Jun 01 16:49:48.404491 dv-neutron-844274-3-hyperv neutron-server[111741]: DEBUG neutron_lib.callbacks.manager [None req-f10ad6e8-4829-444b-9ef3-cc01780a4fdd tempest-ExternalNetworksTestJSON-350410995 tempest-ExternalNetworksTestJSON-350410995-project-admin] Subscribe: > subnet after_create 55550000 {{(pid=111741) subscribe /usr/local/lib/python3.8/dist-packages/neutron_lib/callbacks/manager.py:45}}
Jun 01 16:49:48.404974 dv-neutron-844274-3-hyperv neutron-server[111741]: DEBUG neutron_lib.callbacks.manager [None req-f10ad6e8-4829-444b-9ef3-cc01780a4fdd tempest-ExternalNetworksTestJSON-350410995 tempest-ExternalNetworksTestJSON-350410995-project-admin] Subscribe: > subnet after_delete 55550000 {{(pid=111741) subscribe /usr/local/lib/python3.8/dist-packages/neutron_lib/callbacks/manager.py:45}}
Jun 01 16:49:48.405486 dv-neutron-844274-3-hyperv neutron-server[111741]: DEBUG neutron_lib.callbacks.manager [None req-f10ad6e8-4829-444b-9ef3-cc01780a4fdd tempest-ExternalNetworksTestJSON-350410995 tempest-ExternalNetworksTestJSON-350410995-project-admin] Subscribe: > subnet before_create 55550000 {{(pid=111741) subscribe /usr/local/lib/python3.8/dist-packages/neutron_lib/callbacks/manager.py:45}}
Jun 01 16:49:48.405847 dv-neutron-844274-3-hyperv neutron-server[111741]: DEBUG neutron_lib.callbacks.manager [None req-f10ad6e8-4829-444b-9ef3-cc01780a4fdd tempest-ExternalNetworksTestJSON-350410995 tempest-ExternalNetworksTestJSON-350410995-project-admin] Subscribe: > subnet before_update 55550000 {{(pid=111741) subscribe /usr/local/lib/python3.8/dist-packages/neutron_lib/callbacks/manager.py:45}}
Jun 01 16:49:48.406317 dv-neutron-844274-3-hyperv neutron-server[111741]: DEBUG neutron.services.segments.db [None req-f10ad6e8-4829-444b-9ef3-cc01780a4fdd tempest-ExternalNetworksTestJSON-350410995 tempest-ExternalNetworksTestJSON-350410995-project-admin] neutron.services.segments.plugin.Plugin method get_segments called with arguments (,) {'filters': {'network_id': ['4c0234f5-3873-46de-a3d0-5a2f7acbd7ab']}} {{(pid=111741) wrapper /usr/local/lib/python3.8/dist-packages/oslo_log/helpers.py:65}}
Jun 01 16:49:48.434671 dv-neutron-844274-3-hyperv neutron-server[111742]: DEBUG neutron.plugins.ml2.plugin [None req-5b8c91df-8997-418f-b488-40e581ef54d1 tempest-ExternalNetworksAdminNegativeTestJSON-947619765 tempest-ExternalNetworksAdminNegativeTestJSON-947619765-project-admin] Deleting port 9495a4fc-b5e0-40a7-bcdc-fae9c2f00790 {{(pid=111742) _pre_delete_port /opt/stack/neutron/neutron/plugins/ml2/plugin.py:2043}}
Jun 01 16:49:48.435006 dv-neutron-844274-3-hyperv neutron-server[111742]: DEBUG neutron_lib.callbacks.manager [None req-5b8c91df-8997-418f-b488-40e581ef54d1 tempest-ExternalNetworksAdminNegativeTestJSON-947619765 tempest-ExternalNetworksAdminNegativeTestJSON-947619765-project-admin] Publish callbacks ['neutron.db.l3_db.L3_NAT_dbonly_mixin._prevent_l3_port_delete_callback-8784811856770'] for port (9495a4fc-b5e0-40a7-bcdc-fae9c2f00790), before_delete {{(pid=111742) _notify_loop /usr/local/lib/python3.8/dist-packages/neutron_lib/callbacks/manager.py:176}}
Jun 01 16:49:48.440079 dv-neutron-844274-3-hyperv neutron-server[111743]: DEBUG neutron.plugins.ml2.plugin [None req-62f0a0c4-e810-4474-abed-6bcdb0aa54bf None None] Current status of the port 7d23b2b9-acd7-4f51-ac8a-3b82b563261a is: ACTIVE; New status is: ACTIVE {{(pid=111743) _update_individual_port_db_status /opt/stack/neutron/neutron/plugins/ml2/plugin.py:2298}}
Jun 01 16:49:48.478004 dv-neutron-844274-3-hyperv neutron-server[111741]: DEBUG neutron.services.segments.db [None req-f10ad6e8-4829-444b-9ef3-cc01780a4fdd tempest-ExternalNetworksTestJSON-350410995 tempest-ExternalNetworksTestJSON-350410995-project-admin] neutron.services.segments.plugin.Plugin method delete_segment called with arguments (, 'eb87096a-19cf-499a-9ec1-fe7d891a2d8c') {'for_net_delete': True} {{(pid=111741) wrapper /usr/local/lib/python3.8/dist-packages/oslo_log/helpers.py:65}}
Jun 01 16:49:48.478583 dv-neutron-844274-3-hyperv neutron-server[111741]: DEBUG neutron.services.segments.db [None req-f10ad6e8-4829-444b-9ef3-cc01780a4fdd tempest-ExternalNetworksTestJSON-350410995 tempest-ExternalNetworksTestJSON-350410995-project-admin] neutron.services.segments.plugin.Plugin method get_segment called with arguments (, 'eb87096a-19cf-499a-9ec1-fe7d891a2d8c') {} {{(pid=111741) wrapper /usr/local/lib/python3.8/dist-packages/oslo_log/helpers.py:65}}
Jun 01 16:49:48.489094 dv-neutron-844274-3-hyperv neutron-server[111741]: INFO neutron.wsgi [None req-3576a4e1-c9c5-4343-8741-7a519825ff1f tempest-MeteringIpV6TestJSON-1883195244 tempest-MeteringIpV6TestJSON-1883195244-project-admin] 10.222.0.17 "GET /v2.0/metering/metering-label-rules/78687f0e-5f40-4182-8a9e-468635709145 HTTP/1.1" status: 200 len: 459 time: 0.4761989
Jun 01 16:49:48.492793 dv-neutron-844274-3-hyperv neutron-server[111742]: DEBUG dbcounter [-] [111742] Writing DB stats neutron:UPDATE=1,neutron:SELECT=88,neutron:INSERT=11 {{(pid=111742) stat_writer /usr/local/lib/python3.8/dist-packages/dbcounter.py:114}}
Jun 01 16:49:48.496216 dv-neutron-844274-3-hyperv neutron-server[111742]: DEBUG neutron.wsgi [-] (111742) accepted ('10.222.0.17', 36820) {{(pid=111742) server /usr/local/lib/python3.8/dist-packages/eventlet/wsgi.py:1004}}
Jun 01 16:49:48.512224 dv-neutron-844274-3-hyperv neutron-server[111741]: DEBUG neutron.db.db_base_plugin_common [None req-8f139cec-4a18-4d61-97c0-68e85213d88b tempest-DHCPAgentSchedulersTestJSON-898280772 tempest-DHCPAgentSchedulersTestJSON-898280772-project] Allocated IP 172.20.0.11 (a86e1324-2f6e-4da3-93ea-7424faa7886d/b4b7f7b2-da4c-444d-bee4-7e7db287f92b/964fd689-78f9-42bb-b99a-e82a0aaacdf6) {{(pid=111741) _store_ip_allocation /opt/stack/neutron/neutron/db/db_base_plugin_common.py:131}}
Jun 01 16:49:48.525117 dv-neutron-844274-3-hyperv neutron-server[111741]: DEBUG neutron_lib.callbacks.manager [None req-f10ad6e8-4829-444b-9ef3-cc01780a4fdd tempest-ExternalNetworksTestJSON-350410995 tempest-ExternalNetworksTestJSON-350410995-project-admin] Publish callbacks ['neutron.plugins.ml2.db._prevent_segment_delete_with_port_bound-8784811768486', 'neutron.services.segments.plugin.Plugin._prevent_segment_delete_with_subnet_associated-13487983'] for segment (eb87096a-19cf-499a-9ec1-fe7d891a2d8c), before_delete {{(pid=111741) _notify_loop /usr/local/lib/python3.8/dist-packages/neutron_lib/callbacks/manager.py:176}}
Jun 01 16:49:48.572885 dv-neutron-844274-3-hyperv neutron-server[111742]: DEBUG neutron_lib.callbacks.manager [None req-5b8c91df-8997-418f-b488-40e581ef54d1 tempest-ExternalNetworksAdminNegativeTestJSON-947619765 tempest-ExternalNetworksAdminNegativeTestJSON-947619765-project-admin] Publish callbacks ['neutron.services.l3_router.l3_router_plugin.L3_NAT_dbonly_mixin._precommit_delete_port_callback-1591423'] for port (9495a4fc-b5e0-40a7-bcdc-fae9c2f00790), precommit_delete {{(pid=111742) _notify_loop /usr/local/lib/python3.8/dist-packages/neutron_lib/callbacks/manager.py:176}}
Jun 01 16:49:48.573216 dv-neutron-844274-3-hyperv neutron-server[111742]: DEBUG neutron_lib.callbacks.manager [None req-5b8c91df-8997-418f-b488-40e581ef54d1 tempest-ExternalNetworksAdminNegativeTestJSON-947619765 tempest-ExternalNetworksAdminNegativeTestJSON-947619765-project-admin] Publish callbacks [] for floatingip (9495a4fc-b5e0-40a7-bcdc-fae9c2f00790), precommit_delete {{(pid=111742) _notify_loop /usr/local/lib/python3.8/dist-packages/neutron_lib/callbacks/manager.py:176}}
Jun 01 16:49:48.596460 dv-neutron-844274-3-hyperv neutron-server[111742]: DEBUG neutron.plugins.ml2.plugin [None req-5b8c91df-8997-418f-b488-40e581ef54d1 tempest-ExternalNetworksAdminNegativeTestJSON-947619765 tempest-ExternalNetworksAdminNegativeTestJSON-947619765-project-admin] Calling delete_port for 9495a4fc-b5e0-40a7-bcdc-fae9c2f00790 owned by network:floatingip {{(pid=111742) delete_port /opt/stack/neutron/neutron/plugins/ml2/plugin.py:2122}}
Jun 01 16:49:48.596680 dv-neutron-844274-3-hyperv neutron-server[111743]: DEBUG dbcounter [-] [111743] Writing DB stats neutron:SELECT=100 {{(pid=111743) stat_writer /usr/local/lib/python3.8/dist-packages/dbcounter.py:114}}
Jun 01 16:49:48.618508 dv-neutron-844274-3-hyperv neutron-server[111741]: DEBUG neutron_lib.callbacks.manager [None req-f10ad6e8-4829-444b-9ef3-cc01780a4fdd tempest-ExternalNetworksTestJSON-350410995 tempest-ExternalNetworksTestJSON-350410995-project-admin] Publish callbacks ['neutron.plugins.ml2.plugin.Ml2Plugin._handle_segment_change-785401'] for segment (eb87096a-19cf-499a-9ec1-fe7d891a2d8c), precommit_delete {{(pid=111741) _notify_loop /usr/local/lib/python3.8/dist-packages/neutron_lib/callbacks/manager.py:176}}
Jun 01 16:49:48.628409 dv-neutron-844274-3-hyperv neutron-server[111741]: DEBUG neutron.api.rpc.handlers.resources_rpc [None req-655b8c64-b437-482f-acde-54d8d5fb197b tempest-PortsAdminExtendedAttrsTestJSON-313091825 tempest-PortsAdminExtendedAttrsTestJSON-313091825-project-admin] Pushing event updated for resources: {'Port': ['ID=e2427287-dfea-4228-b318-d60a2c01b8c3,revision_number=1']} {{(pid=111741) push /opt/stack/neutron/neutron/api/rpc/handlers/resources_rpc.py:237}}
Jun 01 16:49:48.640827 dv-neutron-844274-3-hyperv neutron-server[111741]: DEBUG neutron.plugins.ml2.drivers.type_vlan [None req-f10ad6e8-4829-444b-9ef3-cc01780a4fdd tempest-ExternalNetworksTestJSON-350410995 tempest-ExternalNetworksTestJSON-350410995-project-admin] Releasing vlan 187 on physical network physnet1 to pool {{(pid=111741) release_segment /opt/stack/neutron/neutron/plugins/ml2/drivers/type_vlan.py:304}}
Jun 01 16:49:48.641285 dv-neutron-844274-3-hyperv neutron-server[111741]: DEBUG neutron_lib.callbacks.manager [None req-f10ad6e8-4829-444b-9ef3-cc01780a4fdd tempest-ExternalNetworksTestJSON-350410995 tempest-ExternalNetworksTestJSON-350410995-project-admin] Publish callbacks ['neutron.plugins.ml2.plugin.Ml2Plugin._handle_segment_change-785401', 'neutron.services.segments.plugin.NovaSegmentNotifier._notify_segment_deleted-13473105'] for segment (eb87096a-19cf-499a-9ec1-fe7d891a2d8c), after_delete {{(pid=111741) _notify_loop /usr/local/lib/python3.8/dist-packages/neutron_lib/callbacks/manager.py:176}}
Jun 01 16:49:48.865856 dv-neutron-844274-3-hyperv neutron-server[111742]: DEBUG neutron_lib.callbacks.manager [None req-95f2611b-39e2-4330-9eeb-25a5960a1137 tempest-ExtraDHCPOptionsIpV6TestJSON-174876570 tempest-ExtraDHCPOptionsIpV6TestJSON-174876570-project] Publish callbacks ['neutron.plugins.ml2.plugin.SecurityGroupServerNotifierRpcMixin._notify_sg_on_port_change-697902', 'neutron.plugins.ml2.ovo_rpc._ObjectChangeHandler.handle_event-191539', 'neutron.api.rpc.agentnotifiers.dhcp_rpc_agent_api.DhcpAgentNotifyAPI._native_event_send_dhcp_notification-1615174', 'neutron.db.l3_db.L3RpcNotifierMixin._notify_routers_callback-8784811862209', 'neutron.db.l3_dvrscheduler_db._notify_port_delete-8784811313210'] for port (3b2d1741-5d93-446d-924a-15ff33489e84), after_delete {{(pid=111742) _notify_loop /usr/local/lib/python3.8/dist-packages/neutron_lib/callbacks/manager.py:176}}
Jun 01 16:49:48.889321 dv-neutron-844274-3-hyperv neutron-server[111741]: DEBUG dbcounter [-] [111741] Writing DB stats neutron:SELECT=82,neutron:INSERT=14,neutron:UPDATE=4 {{(pid=111741) stat_writer /usr/local/lib/python3.8/dist-packages/dbcounter.py:114}}
Jun 01 16:49:48.911042 dv-neutron-844274-3-hyperv neutron-server[111743]: DEBUG neutron.api.rpc.handlers.dhcp_rpc [None req-5ccb2c45-7303-4af9-84cb-63b7644f77e6 None None] Network a86e1324-2f6e-4da3-93ea-7424faa7886d requested from dv-neutron-844274-3-hyperv {{(pid=111743) get_network_info /opt/stack/neutron/neutron/api/rpc/handlers/dhcp_rpc.py:191}}
Jun 01 16:49:48.921016 dv-neutron-844274-3-hyperv neutron-server[111741]: DEBUG neutron.plugins.ml2.drivers.mech_agent [None req-655b8c64-b437-482f-acde-54d8d5fb197b tempest-PortsAdminExtendedAttrsTestJSON-313091825 tempest-PortsAdminExtendedAttrsTestJSON-313091825-project-admin] Checking segment: {'id': '6ae2042c-b302-482b-a232-29b2952cfff1', 'network_type': 'vlan', 'physical_network': 'physnet1', 'segmentation_id': 173, 'network_id': '5db926fa-8662-4fb3-a91f-a7a278841bd0'} for mappings: {'physnet1': 'br-data'} with network types: ['local', 'flat', 'vlan'] {{(pid=111741) check_segment_for_agent /opt/stack/neutron/neutron/plugins/ml2/drivers/mech_agent.py:373}}
Jun 01 16:49:48.921379 dv-neutron-844274-3-hyperv neutron-server[111741]: DEBUG neutron.scheduler.dhcp_agent_scheduler [None req-655b8c64-b437-482f-acde-54d8d5fb197b tempest-PortsAdminExtendedAttrsTestJSON-313091825 tempest-PortsAdminExtendedAttrsTestJSON-313091825-project-admin] Network hostable DHCP agents. Network: 5db926fa-8662-4fb3-a91f-a7a278841bd0, hostable agents: ['c27c1d5e-320e-4d16-8062-cbef07c888ad'], hosted agents: [] {{(pid=111741) _get_network_hostable_dhcp_agents /opt/stack/neutron/neutron/scheduler/dhcp_agent_scheduler.py:329}}
Jun 01 16:49:48.942541 dv-neutron-844274-3-hyperv neutron-server[111742]: DEBUG neutron.api.rpc.handlers.resources_rpc [None req-95f2611b-39e2-4330-9eeb-25a5960a1137 tempest-ExtraDHCPOptionsIpV6TestJSON-174876570 tempest-ExtraDHCPOptionsIpV6TestJSON-174876570-project] Pushing event deleted for resources: {'Port': ['ID=3b2d1741-5d93-446d-924a-15ff33489e84,revision_number=None']} {{(pid=111742) push /opt/stack/neutron/neutron/api/rpc/handlers/resources_rpc.py:237}}
Jun 01 16:49:48.946452 dv-neutron-844274-3-hyperv neutron-server[111742]: DEBUG neutron_lib.callbacks.manager [None req-1ae0b69d-0ff4-4b84-8933-b14c0c6a7e63 tempest-MeteringIpV6TestJSON-1883195244 tempest-MeteringIpV6TestJSON-1883195244-project-admin] Publish callbacks [] for metering_label_rule (None), before_response {{(pid=111742) _notify_loop /usr/local/lib/python3.8/dist-packages/neutron_lib/callbacks/manager.py:176}}
Jun 01 16:49:48.950911 dv-neutron-844274-3-hyperv neutron-server[111742]: INFO neutron.wsgi [None req-1ae0b69d-0ff4-4b84-8933-b14c0c6a7e63 tempest-MeteringIpV6TestJSON-1883195244 tempest-MeteringIpV6TestJSON-1883195244-project-admin] 10.222.0.17 "DELETE /v2.0/metering/metering-label-rules/78687f0e-5f40-4182-8a9e-468635709145 HTTP/1.1" status: 204 len: 168 time: 0.4537282
Jun 01 16:49:48.951552 dv-neutron-844274-3-hyperv neutron-server[111742]: DEBUG neutron.wsgi [-] (111742) accepted ('10.222.0.17', 36826) {{(pid=111742) server /usr/local/lib/python3.8/dist-packages/eventlet/wsgi.py:1004}}
Jun 01 16:49:49.019605 dv-neutron-844274-3-hyperv neutron-server[111743]: DEBUG neutron.db.provisioning_blocks [None req-2fa743d7-b09a-4987-b685-e93dd3d497f9 None None] Provisioning complete for port ceff5713-35a0-4214-9379-835156544d76 triggered by entity DHCP. {{(pid=111743) provisioning_complete /opt/stack/neutron/neutron/db/provisioning_blocks.py:145}}
Jun 01 16:49:49.020123 dv-neutron-844274-3-hyperv neutron-server[111743]: DEBUG neutron_lib.callbacks.manager [None req-2fa743d7-b09a-4987-b685-e93dd3d497f9 None None] Publish callbacks ['neutron.plugins.ml2.plugin.Ml2Plugin._port_provisioned-759316'] for port (ceff5713-35a0-4214-9379-835156544d76), provisioning_complete {{(pid=111743) _notify_loop /usr/local/lib/python3.8/dist-packages/neutron_lib/callbacks/manager.py:176}}
Jun 01 16:49:49.058877 dv-neutron-844274-3-hyperv neutron-server[111742]: DEBUG neutron_lib.callbacks.manager [None req-95f2611b-39e2-4330-9eeb-25a5960a1137 tempest-ExtraDHCPOptionsIpV6TestJSON-174876570 tempest-ExtraDHCPOptionsIpV6TestJSON-174876570-project] Publish callbacks ['neutron.notifiers.nova.Notifier._send_nova_notification-142889'] for port (None), before_response {{(pid=111742) _notify_loop /usr/local/lib/python3.8/dist-packages/neutron_lib/callbacks/manager.py:176}}
Jun 01 16:49:49.064876 dv-neutron-844274-3-hyperv neutron-server[111742]: INFO neutron.wsgi [None req-95f2611b-39e2-4330-9eeb-25a5960a1137 tempest-ExtraDHCPOptionsIpV6TestJSON-174876570 tempest-ExtraDHCPOptionsIpV6TestJSON-174876570-project] 10.222.0.17 "DELETE /v2.0/ports/3b2d1741-5d93-446d-924a-15ff33489e84 HTTP/1.1" status: 204 len: 168 time: 1.2064064
Jun 01 16:49:49.065507 dv-neutron-844274-3-hyperv neutron-server[111742]: DEBUG neutron.wsgi [-] (111742) accepted ('10.222.0.17', 36834) {{(pid=111742) server /usr/local/lib/python3.8/dist-packages/eventlet/wsgi.py:1004}}
Jun 01 16:49:49.081598 dv-neutron-844274-3-hyperv neutron-server[111741]: DEBUG neutron_lib.callbacks.manager [None req-7cf7e123-5fd6-4412-a446-8add2b09d161 admin admin] Publish callbacks ['neutron.services.l3_router.l3_router_plugin.L3_HA_NAT_db_mixin._after_router_create-1603057', 'neutron.services.l3_router.l3_router_plugin.DVRResourceOperationHandler._create_snat_interfaces_after_change-1599507'] for router (a6a96ea8-259c-46fc-a569-21ad6b375bd8), after_create {{(pid=111741) _notify_loop /usr/local/lib/python3.8/dist-packages/neutron_lib/callbacks/manager.py:176}}
Jun 01 16:49:49.096857 dv-neutron-844274-3-hyperv neutron-server[111741]: DEBUG neutron_lib.callbacks.manager [None req-f10ad6e8-4829-444b-9ef3-cc01780a4fdd tempest-ExternalNetworksTestJSON-350410995 tempest-ExternalNetworksTestJSON-350410995-project-admin] Publish callbacks ['neutron.plugins.ml2.plugin.Ml2Plugin._network_delete_after_delete_handler-756466', 'neutron.plugins.ml2.ovo_rpc._ObjectChangeHandler.handle_event-1804302', 'neutron.api.rpc.agentnotifiers.dhcp_rpc_agent_api.DhcpAgentNotifyAPI._native_event_send_dhcp_notification-1615174', 'neutron.services.l3_router.l3_router_plugin.DVRResourceOperationHandler.delete_fip_namespaces_for_ext_net-1600463'] for network (4c0234f5-3873-46de-a3d0-5a2f7acbd7ab), after_delete {{(pid=111741) _notify_loop /usr/local/lib/python3.8/dist-packages/neutron_lib/callbacks/manager.py:176}}
Jun 01 16:49:49.153192 dv-neutron-844274-3-hyperv neutron-server[111743]: DEBUG dbcounter [-] [111743] Writing DB stats neutron:SELECT=100 {{(pid=111743) stat_writer /usr/local/lib/python3.8/dist-packages/dbcounter.py:114}}
Jun 01 16:49:49.198019 dv-neutron-844274-3-hyperv neutron-server[111741]: DEBUG neutron.api.rpc.agentnotifiers.l3_rpc_agent_api [None req-f10ad6e8-4829-444b-9ef3-cc01780a4fdd tempest-ExternalNetworksTestJSON-350410995 tempest-ExternalNetworksTestJSON-350410995-project-admin] Fanout notify agent at l3_agent the message fipnamespace_delete_on_ext_net for external_network 4c0234f5-3873-46de-a3d0-5a2f7acbd7ab {{(pid=111741) _notification_fanout /opt/stack/neutron/neutron/api/rpc/agentnotifiers/l3_rpc_agent_api.py:120}}
Jun 01 16:49:49.205290 dv-neutron-844274-3-hyperv neutron-server[111741]: INFO neutron.services.segments.plugin [-] Segment eb87096a-19cf-499a-9ec1-fe7d891a2d8c resource provider aggregate not found
Jun 01 16:49:49.234528 dv-neutron-844274-3-hyperv neutron-server[111743]: DEBUG neutron.plugins.ml2.plugin [None req-2fa743d7-b09a-4987-b685-e93dd3d497f9 None None] Current status of the port ceff5713-35a0-4214-9379-835156544d76 is: DOWN; New status is: ACTIVE {{(pid=111743) _update_individual_port_db_status /opt/stack/neutron/neutron/plugins/ml2/plugin.py:2298}}
Jun 01 16:49:49.234931 dv-neutron-844274-3-hyperv neutron-server[111743]: DEBUG neutron_lib.callbacks.manager [None req-2fa743d7-b09a-4987-b685-e93dd3d497f9 None None] Publish callbacks ['neutron.plugins.ml2.plugin.SecurityGroupDbMixin._ensure_default_security_group_handler-698095'] for port (ceff5713-35a0-4214-9379-835156544d76), before_update {{(pid=111743) _notify_loop /usr/local/lib/python3.8/dist-packages/neutron_lib/callbacks/manager.py:176}}
