Jun 08 08:30:36.106190 dv-neutron-844205-2-hyperv neutron-server[88971]: DEBUG neutron_lib.callbacks.manager [None req-e5deebc3-3078-49fd-91a2-76dd60a8873f tempest-FloatingIPAdminTestJSON-2138834432 tempest-FloatingIPAdminTestJSON-2138834432-project] Notify callbacks ['neutron.plugins.ml2.plugin.SecurityGroupDbMixin._ensure_default_security_group_handler-1786785'] for port, before_create {{(pid=88971) _notify_loop /usr/local/lib/python3.8/dist-packages/neutron_lib/callbacks/manager.py:192}}
Jun 08 08:30:36.216823 dv-neutron-844205-2-hyperv neutron-server[88973]: DEBUG neutron.plugins.ml2.db [None req-b6f190d5-3691-4f0e-b293-0b93e0f41029 None None] For port 2e9f103a-c4e5-4783-8377-a0002c002456, host dv-neutron-844205-2-hyperv, got binding levels [PortBindingLevel(driver='openvswitch',host='dv-neutron-844205-2-hyperv',level=0,port_id=2e9f103a-c4e5-4783-8377-a0002c002456,segment=NetworkSegment(d4e76d08-99c3-428a-a382-85d098580105),segment_id=d4e76d08-99c3-428a-a382-85d098580105)] {{(pid=88973) get_binding_level_objs /opt/stack/neutron/neutron/plugins/ml2/db.py:75}}
Jun 08 08:30:36.233294 dv-neutron-844205-2-hyperv neutron-server[88973]: DEBUG neutron_lib.callbacks.manager [None req-b6f190d5-3691-4f0e-b293-0b93e0f41029 None None] Notify callbacks ['neutron.plugins.ml2.plugin.SecurityGroupServerNotifierRpcMixin.notify_sg_on_port_change-1786720', 'neutron.plugins.ml2.ovo_rpc._ObjectChangeHandler.handle_event-45186', 'neutron.api.rpc.agentnotifiers.dhcp_rpc_agent_api.DhcpAgentNotifyAPI._native_event_send_dhcp_notification-749110', 'neutron.db.l3_db.L3RpcNotifierMixin._notify_gateway_port_ip_changed-8739235542649', 'neutron.db.l3_dvrscheduler_db._notify_l3_agent_port_update-8739235167883', 'neutron.db.l3_hascheduler_db._notify_l3_agent_ha_port_update-8739235167928'] for port, after_update {{(pid=88973) _notify_loop /usr/local/lib/python3.8/dist-packages/neutron_lib/callbacks/manager.py:192}}
Jun 08 08:30:36.323638 dv-neutron-844205-2-hyperv neutron-server[88971]: DEBUG neutron.wsgi [-] (88971) accepted ('10.222.0.17', 34824) {{(pid=88971) server /usr/local/lib/python3.8/dist-packages/eventlet/wsgi.py:992}}
Jun 08 08:30:36.384146 dv-neutron-844205-2-hyperv neutron-server[88973]: DEBUG neutron.api.rpc.handlers.resources_rpc [None req-b6f190d5-3691-4f0e-b293-0b93e0f41029 None None] Pushing event updated for resources: {'Port': ['ID=2e9f103a-c4e5-4783-8377-a0002c002456,revision_number=3']} {{(pid=88973) push /opt/stack/neutron/neutron/api/rpc/handlers/resources_rpc.py:237}}
Jun 08 08:30:36.465549 dv-neutron-844205-2-hyperv neutron-server[88973]: DEBUG neutron.plugins.ml2.rpc [None req-b24acddc-5b2d-4b3a-9039-90c31baad299 None None] Device 5524ef2e-b110-4dea-b5d9-ae28c953a717 up at agent ovs-agent-dv-neutron-844205-2-hyperv {{(pid=88973) update_device_up /opt/stack/neutron/neutron/plugins/ml2/rpc.py:278}}
Jun 08 08:30:36.469833 dv-neutron-844205-2-hyperv neutron-server[88971]: DEBUG neutron_lib.callbacks.manager [None req-d2744522-37f3-4723-a4f9-909f1c0491d5 admin admin] Notify callbacks [] for security_group, before_create {{(pid=88971) _notify_loop /usr/local/lib/python3.8/dist-packages/neutron_lib/callbacks/manager.py:192}}
Jun 08 08:30:36.492938 dv-neutron-844205-2-hyperv neutron-server[88971]: DEBUG neutron.notifiers.nova [None req-e5deebc3-3078-49fd-91a2-76dd60a8873f tempest-FloatingIPAdminTestJSON-2138834432 tempest-FloatingIPAdminTestJSON-2138834432-project] device_id is not set on port 0388f2c1-1fed-41da-87b0-86a868080e52 yet. {{(pid=88971) _can_notify /opt/stack/neutron/neutron/notifiers/nova.py:199}}
Jun 08 08:30:36.497643 dv-neutron-844205-2-hyperv neutron-server[88972]: INFO neutron.wsgi [req-509ae548-6d12-44c8-8ad8-4fa025d09342 req-231558ae-530e-4df5-9dac-a08cab3adacc tempest-ServersTestJSON-906028953 tempest-ServersTestJSON-906028953-project] 10.222.0.17 "GET /v2.0/ports?device_id=98bc85ae-8d6f-45be-933c-c2be81b54d67 HTTP/1.1" status: 200 len: 210 time: 0.1591506
Jun 08 08:30:36.530735 dv-neutron-844205-2-hyperv neutron-server[88971]: DEBUG neutron_lib.callbacks.manager [None req-7130d79c-08e9-4b1e-98db-15dd09120e0b tempest-RoutersAdminTest-1951616290 tempest-RoutersAdminTest-1951616290-project-admin] Notify callbacks ['neutron.services.l3_router.l3_router_plugin.DVRResourceOperationHandler._handle_distributed_migration-395013', 'neutron.services.l3_router.l3_router_plugin.L3_HA_NAT_db_mixin._validate_migration-425221', 'neutron.services.l3_router.service_providers.driver_controller.DriverController._update_router_provider-9433'] for router, precommit_update {{(pid=88971) _notify_loop /usr/local/lib/python3.8/dist-packages/neutron_lib/callbacks/manager.py:192}}
Jun 08 08:30:36.548447 dv-neutron-844205-2-hyperv neutron-server[88973]: DEBUG neutron.db.provisioning_blocks [None req-b24acddc-5b2d-4b3a-9039-90c31baad299 None None] Provisioning complete for port 5524ef2e-b110-4dea-b5d9-ae28c953a717 triggered by entity L2. {{(pid=88973) provisioning_complete /opt/stack/neutron/neutron/db/provisioning_blocks.py:139}}
Jun 08 08:30:36.548673 dv-neutron-844205-2-hyperv neutron-server[88973]: DEBUG neutron_lib.callbacks.manager [None req-b24acddc-5b2d-4b3a-9039-90c31baad299 None None] Notify callbacks ['neutron.plugins.ml2.plugin.Ml2Plugin._port_provisioned-1601454'] for port, provisioning_complete {{(pid=88973) _notify_loop /usr/local/lib/python3.8/dist-packages/neutron_lib/callbacks/manager.py:192}}
Jun 08 08:30:36.577725 dv-neutron-844205-2-hyperv neutron-server[88971]: DEBUG neutron.db.quota.driver [None req-d2744522-37f3-4723-a4f9-909f1c0491d5 admin admin] Resources subnetpool have unlimited quota limit. It is not required to calculate headroom {{(pid=88971) make_reservation /opt/stack/neutron/neutron/db/quota/driver.py:219}}
Jun 08 08:30:36.623429 dv-neutron-844205-2-hyperv neutron-server[88972]: INFO neutron.wsgi [req-5ce1efd3-29c3-461f-a07d-6f4ff6c7aebf req-0b53c46f-ca4f-4c13-8d43-435f4cb0b07f service neutron] 10.222.0.17 "GET /v2.0/networks/d9b7d54a-9249-4bcc-81da-59533ffa6b0a?fields=provider%3Aphysical_network&fields=provider%3Anetwork_type HTTP/1.1" status: 200 len: 281 time: 0.5308716
Jun 08 08:30:36.637036 dv-neutron-844205-2-hyperv neutron-server[88972]: DEBUG neutron_lib.callbacks.manager [None req-106f6eb6-e36e-4c4b-9412-6b3cbaa350cf tempest-NetworksIpV6TestAttrs-2056718945 tempest-NetworksIpV6TestAttrs-2056718945-project] Notify callbacks ['neutron.plugins.ml2.ovo_rpc._ObjectChangeHandler.handle_event-331995', 'neutron.api.rpc.agentnotifiers.dhcp_rpc_agent_api.DhcpAgentNotifyAPI._native_event_send_dhcp_notification-749110', 'neutron.services.segments.plugin.NovaSegmentNotifier._notify_subnet_created-31864723', 'neutron.services.segments.plugin.SegmentHostRoutes.host_routes_after_create-31635862'] for subnet, after_create {{(pid=88972) _notify_loop /usr/local/lib/python3.8/dist-packages/neutron_lib/callbacks/manager.py:192}}
Jun 08 08:30:36.666474 dv-neutron-844205-2-hyperv neutron-server[88971]: DEBUG neutron.quota.resource [None req-d2744522-37f3-4723-a4f9-909f1c0491d5 admin admin] Usage tracker for resource:security_group_rule and tenant:1261229a0e544d16bc769032ebe26953 is out of sync, need to count used quota {{(pid=88971) count_used /opt/stack/neutron/neutron/quota/resource.py:270}}
Jun 08 08:30:36.680939 dv-neutron-844205-2-hyperv neutron-server[88971]: DEBUG neutron.quota.resource [None req-d2744522-37f3-4723-a4f9-909f1c0491d5 admin admin] Quota usage for security_group_rule was recalculated. Used quota:0. {{(pid=88971) count_used /opt/stack/neutron/neutron/quota/resource.py:290}}
Jun 08 08:30:36.706763 dv-neutron-844205-2-hyperv neutron-server[88971]: DEBUG neutron.db.quota.driver [None req-d2744522-37f3-4723-a4f9-909f1c0491d5 admin admin] Attempting to reserve 4 items for resource security_group_rule. Total usage: 0; quota limit: 100; headroom:100 {{(pid=88971) make_reservation /opt/stack/neutron/neutron/db/quota/driver.py:246}}
Jun 08 08:30:36.776450 dv-neutron-844205-2-hyperv neutron-server[88972]: DEBUG neutron.api.rpc.handlers.resources_rpc [None req-106f6eb6-e36e-4c4b-9412-6b3cbaa350cf tempest-NetworksIpV6TestAttrs-2056718945 tempest-NetworksIpV6TestAttrs-2056718945-project] Pushing event updated for resources: {'Subnet': ['ID=cee74ff5-d61e-4e77-89f4-d1211e0ec30f,revision_number=0']} {{(pid=88972) push /opt/stack/neutron/neutron/api/rpc/handlers/resources_rpc.py:237}}
Jun 08 08:30:36.790981 dv-neutron-844205-2-hyperv neutron-server[88972]: DEBUG neutron.plugins.ml2.drivers.mech_agent [None req-106f6eb6-e36e-4c4b-9412-6b3cbaa350cf tempest-NetworksIpV6TestAttrs-2056718945 tempest-NetworksIpV6TestAttrs-2056718945-project] Checking segment: {'id': 'e9a81f0f-af12-42a9-b3dc-d79282b9343a', 'network_type': 'vlan', 'physical_network': 'physnet1', 'segmentation_id': 120, 'network_id': 'bd841e78-5bb8-44f3-b484-8218b9a2d9d4'} for mappings: {'physnet1': 'br-data'} with network types: ['local', 'flat', 'vlan'] {{(pid=88972) check_segment_for_agent /opt/stack/neutron/neutron/plugins/ml2/drivers/mech_agent.py:343}}
Jun 08 08:30:36.792165 dv-neutron-844205-2-hyperv neutron-server[88972]: DEBUG neutron.scheduler.dhcp_agent_scheduler [None req-106f6eb6-e36e-4c4b-9412-6b3cbaa350cf tempest-NetworksIpV6TestAttrs-2056718945 tempest-NetworksIpV6TestAttrs-2056718945-project] Network hostable DHCP agents. Network: bd841e78-5bb8-44f3-b484-8218b9a2d9d4, hostable agents: ['20c9f726-97af-47bf-80e3-fcf9710e3e9f'], hosted agents: [] {{(pid=88972) _get_network_hostable_dhcp_agents /opt/stack/neutron/neutron/scheduler/dhcp_agent_scheduler.py:329}}
Jun 08 08:30:36.844894 dv-neutron-844205-2-hyperv neutron-server[88973]: DEBUG neutron.db.provisioning_blocks [None req-897ebc4c-81e5-4624-ba86-234891bfad64 None None] Provisioning complete for port 2e9f103a-c4e5-4783-8377-a0002c002456 triggered by entity DHCP. {{(pid=88973) provisioning_complete /opt/stack/neutron/neutron/db/provisioning_blocks.py:139}}
Jun 08 08:30:36.845267 dv-neutron-844205-2-hyperv neutron-server[88973]: DEBUG neutron_lib.callbacks.manager [None req-897ebc4c-81e5-4624-ba86-234891bfad64 None None] Notify callbacks ['neutron.plugins.ml2.plugin.Ml2Plugin._port_provisioned-1601454'] for port, provisioning_complete {{(pid=88973) _notify_loop /usr/local/lib/python3.8/dist-packages/neutron_lib/callbacks/manager.py:192}}
Jun 08 08:30:36.882088 dv-neutron-844205-2-hyperv neutron-server[88972]: INFO neutron.wsgi [req-f6d38a6d-14ac-4034-931e-7cf8f9cc2229 req-2557c676-18f2-48ce-ae92-f4d198edfb09 tempest-ServersTestManualDisk-2011868246 tempest-ServersTestManualDisk-2011868246-project] 10.222.0.17 "GET /v2.0/ports?device_id=86428bcc-af93-4cee-97a9-a65e64678d0e HTTP/1.1" status: 200 len: 210 time: 0.0657125
Jun 08 08:30:36.884420 dv-neutron-844205-2-hyperv neutron-server[88972]: DEBUG neutron.scheduler.dhcp_agent_scheduler [None req-106f6eb6-e36e-4c4b-9412-6b3cbaa350cf tempest-NetworksIpV6TestAttrs-2056718945 tempest-NetworksIpV6TestAttrs-2056718945-project] Network bd841e78-5bb8-44f3-b484-8218b9a2d9d4 is scheduled to be hosted by DHCP agent 20c9f726-97af-47bf-80e3-fcf9710e3e9f with binding_index 1 {{(pid=88972) bind /opt/stack/neutron/neutron/scheduler/dhcp_agent_scheduler.py:227}}
Jun 08 08:30:36.887661 dv-neutron-844205-2-hyperv neutron-server[88972]: DEBUG neutron.wsgi [-] (88972) accepted ('10.222.0.41', 57490) {{(pid=88972) server /usr/local/lib/python3.8/dist-packages/eventlet/wsgi.py:992}}
Jun 08 08:30:36.931876 dv-neutron-844205-2-hyperv neutron-server[88973]: DEBUG neutron.plugins.ml2.plugin [None req-b24acddc-5b2d-4b3a-9039-90c31baad299 None None] Current status of the port 5524ef2e-b110-4dea-b5d9-ae28c953a717 is: ACTIVE; New status is: ACTIVE {{(pid=88973) _update_individual_port_db_status /opt/stack/neutron/neutron/plugins/ml2/plugin.py:2165}}
Jun 08 08:30:36.960327 dv-neutron-844205-2-hyperv neutron-server[88972]: DEBUG neutron.scheduler.base_scheduler [None req-106f6eb6-e36e-4c4b-9412-6b3cbaa350cf tempest-NetworksIpV6TestAttrs-2056718945 tempest-NetworksIpV6TestAttrs-2056718945-project] Resources bound (agent type, host, resource id): (DHCP agent, dv-neutron-844205-2-hyperv, bd841e78-5bb8-44f3-b484-8218b9a2d9d4) {{(pid=88972) schedule /opt/stack/neutron/neutron/scheduler/base_scheduler.py:57}}
Jun 08 08:30:36.975785 dv-neutron-844205-2-hyperv neutron-server[88973]: DEBUG neutron.api.rpc.handlers.dhcp_rpc [None req-98c175c5-ff31-4b4c-8836-5d3f7b688f54 None None] Network bd841e78-5bb8-44f3-b484-8218b9a2d9d4 requested from dv-neutron-844205-2-hyperv {{(pid=88973) get_network_info /opt/stack/neutron/neutron/api/rpc/handlers/dhcp_rpc.py:213}}
Jun 08 08:30:37.071859 dv-neutron-844205-2-hyperv neutron-server[88972]: DEBUG neutron.pecan_wsgi.hooks.policy_enforcement [None req-106f6eb6-e36e-4c4b-9412-6b3cbaa350cf tempest-NetworksIpV6TestAttrs-2056718945 tempest-NetworksIpV6TestAttrs-2056718945-project] Attributes excluded by policy engine: ['standard_attr_id', 'shared', 'segment_id', 'network'] {{(pid=88972) _exclude_attributes_by_policy /opt/stack/neutron/neutron/pecan_wsgi/hooks/policy_enforcement.py:259}}
Jun 08 08:30:37.073866 dv-neutron-844205-2-hyperv neutron-server[88972]: DEBUG neutron_lib.callbacks.manager [None req-106f6eb6-e36e-4c4b-9412-6b3cbaa350cf tempest-NetworksIpV6TestAttrs-2056718945 tempest-NetworksIpV6TestAttrs-2056718945-project] Notify callbacks [] for subnet, before_response {{(pid=88972) _notify_loop /usr/local/lib/python3.8/dist-packages/neutron_lib/callbacks/manager.py:192}}
Jun 08 08:30:37.085021 dv-neutron-844205-2-hyperv neutron-server[88971]: DEBUG neutron_lib.callbacks.manager [None req-d9ca3ea8-99e6-4d2b-8939-ee73c90b4e9a tempest-AllowedAddressPairIpV6TestJSON-827396809 tempest-AllowedAddressPairIpV6TestJSON-827396809-project] Notify callbacks [] for port, precommit_create {{(pid=88971) _notify_loop /usr/local/lib/python3.8/dist-packages/neutron_lib/callbacks/manager.py:192}}
Jun 08 08:30:37.098489 dv-neutron-844205-2-hyperv neutron-server[88971]: DEBUG neutron.db.db_base_plugin_common [None req-e5deebc3-3078-49fd-91a2-76dd60a8873f tempest-FloatingIPAdminTestJSON-2138834432 tempest-FloatingIPAdminTestJSON-2138834432-project] Allocated IP 172.20.0.9 (139b2b91-fd4f-4715-ba2b-d33fedc67bac/44577195-b716-4b65-84dc-8a6ba4eb2507/0388f2c1-1fed-41da-87b0-86a868080e52) {{(pid=88971) _store_ip_allocation /opt/stack/neutron/neutron/db/db_base_plugin_common.py:131}}
Jun 08 08:30:37.133486 dv-neutron-844205-2-hyperv neutron-server[88971]: DEBUG neutron.db.provisioning_blocks [None req-d9ca3ea8-99e6-4d2b-8939-ee73c90b4e9a tempest-AllowedAddressPairIpV6TestJSON-827396809 tempest-AllowedAddressPairIpV6TestJSON-827396809-project] Transition to ACTIVE for port object d51f1761-ad16-440b-b27f-3c095c8981f4 will not be triggered until provisioned by entity DHCP. {{(pid=88971) add_provisioning_component /opt/stack/neutron/neutron/db/provisioning_blocks.py:73}}
Jun 08 08:30:37.235935 dv-neutron-844205-2-hyperv neutron-server[88972]: INFO neutron.wsgi [None req-106f6eb6-e36e-4c4b-9412-6b3cbaa350cf tempest-NetworksIpV6TestAttrs-2056718945 tempest-NetworksIpV6TestAttrs-2056718945-project] 10.222.0.17 "POST /v2.0/subnets HTTP/1.1" status: 201 len: 848 time: 2.5286138
Jun 08 08:30:37.239092 dv-neutron-844205-2-hyperv neutron-server[88972]: INFO neutron.wsgi [req-b511f8a3-901f-4878-88a4-0fe074a7e703 req-ea286316-faf4-4a26-bdcf-4b0fa3c8b5d7 tempest-ServerActionsTestJSON-889795210 tempest-ServerActionsTestJSON-889795210-project] 10.222.0.17 "GET /v2.0/ports?device_id=1fd485d3-3d37-4079-ad96-9437de3b0c16 HTTP/1.1" status: 200 len: 210 time: 0.1715477
Jun 08 08:30:37.243613 dv-neutron-844205-2-hyperv neutron-server[88972]: DEBUG neutron.wsgi [-] (88972) accepted ('10.222.0.17', 34838) {{(pid=88972) server /usr/local/lib/python3.8/dist-packages/eventlet/wsgi.py:992}}
Jun 08 08:30:37.249827 dv-neutron-844205-2-hyperv neutron-server[88972]: DEBUG neutron.api.v2.base [None req-a52aa45b-3135-4526-9c6e-271cdae203af tempest-NetworksIpV6TestAttrs-2056718945 tempest-NetworksIpV6TestAttrs-2056718945-project] Request body: {'network': {'name': 'tempest-NetworksIpV6TestAttrs-test-network-2127655405'}} {{(pid=88972) prepare_request_body /opt/stack/neutron/neutron/api/v2/base.py:729}}
Jun 08 08:30:37.270484 dv-neutron-844205-2-hyperv neutron-server[88972]: DEBUG neutron.db.quota.driver [None req-a52aa45b-3135-4526-9c6e-271cdae203af tempest-NetworksIpV6TestAttrs-2056718945 tempest-NetworksIpV6TestAttrs-2056718945-project] Resources subnetpool have unlimited quota limit. It is not required to calculate headroom {{(pid=88972) make_reservation /opt/stack/neutron/neutron/db/quota/driver.py:219}}
Jun 08 08:30:37.279707 dv-neutron-844205-2-hyperv neutron-server[88972]: DEBUG neutron.quota.resource [None req-a52aa45b-3135-4526-9c6e-271cdae203af tempest-NetworksIpV6TestAttrs-2056718945 tempest-NetworksIpV6TestAttrs-2056718945-project] Usage tracker for resource:network and tenant:237113cd0cfd4c30b20c9f9ce00fadc7 is out of sync, need to count used quota {{(pid=88972) count_used /opt/stack/neutron/neutron/quota/resource.py:270}}
Jun 08 08:30:37.290422 dv-neutron-844205-2-hyperv neutron-server[88972]: DEBUG neutron.quota.resource [None req-a52aa45b-3135-4526-9c6e-271cdae203af tempest-NetworksIpV6TestAttrs-2056718945 tempest-NetworksIpV6TestAttrs-2056718945-project] Quota usage for network was recalculated. Used quota:1. {{(pid=88972) count_used /opt/stack/neutron/neutron/quota/resource.py:290}}
Jun 08 08:30:37.291099 dv-neutron-844205-2-hyperv neutron-server[88971]: DEBUG neutron_lib.callbacks.manager [None req-d2744522-37f3-4723-a4f9-909f1c0491d5 admin admin] Notify callbacks [] for security_group, precommit_create {{(pid=88971) _notify_loop /usr/local/lib/python3.8/dist-packages/neutron_lib/callbacks/manager.py:192}}
Jun 08 08:30:37.312337 dv-neutron-844205-2-hyperv neutron-server[88972]: DEBUG neutron.db.quota.driver [None req-a52aa45b-3135-4526-9c6e-271cdae203af tempest-NetworksIpV6TestAttrs-2056718945 tempest-NetworksIpV6TestAttrs-2056718945-project] Attempting to reserve 1 items for resource network. Total usage: 1; quota limit: 100; headroom:99 {{(pid=88972) make_reservation /opt/stack/neutron/neutron/db/quota/driver.py:246}}
Jun 08 08:30:37.346834 dv-neutron-844205-2-hyperv neutron-server[88972]: DEBUG neutron.pecan_wsgi.hooks.policy_enforcement [req-589b9ba2-442b-4d4c-9a44-ffe30abe93e9 req-d57f6cc1-a6d8-44ef-a078-ae23a4a2ba32 tempest-ServersTestJSON-906028953 tempest-ServersTestJSON-906028953-project] Attributes excluded by policy engine: ['standard_attr_id', 'vlan_transparent', 'provider:network_type', 'provider:physical_network', 'provider:segmentation_id'] {{(pid=88972) _exclude_attributes_by_policy /opt/stack/neutron/neutron/pecan_wsgi/hooks/policy_enforcement.py:259}}
Jun 08 08:30:37.349024 dv-neutron-844205-2-hyperv neutron-server[88971]: DEBUG neutron_lib.callbacks.manager [None req-d2744522-37f3-4723-a4f9-909f1c0491d5 admin admin] Notify callbacks ['neutron.plugins.ml2.ovo_rpc._ObjectChangeHandler.handle_event-409184'] for security_group, after_create {{(pid=88971) _notify_loop /usr/local/lib/python3.8/dist-packages/neutron_lib/callbacks/manager.py:192}}
Jun 08 08:30:37.349366 dv-neutron-844205-2-hyperv neutron-server[88972]: INFO neutron.wsgi [req-589b9ba2-442b-4d4c-9a44-ffe30abe93e9 req-d57f6cc1-a6d8-44ef-a078-ae23a4a2ba32 tempest-ServersTestJSON-906028953 tempest-ServersTestJSON-906028953-project] 10.222.0.41 "GET /v2.0/networks?id=336dc5a9-4d2c-4c3d-80a2-822feb4007a1 HTTP/1.1" status: 200 len: 806 time: 0.4599447
Jun 08 08:30:37.351504 dv-neutron-844205-2-hyperv neutron-server[88972]: DEBUG neutron.pecan_wsgi.hooks.quota_enforcement [None req-a52aa45b-3135-4526-9c6e-271cdae203af tempest-NetworksIpV6TestAttrs-2056718945 tempest-NetworksIpV6TestAttrs-2056718945-project] Made reservation on behalf of 237113cd0cfd4c30b20c9f9ce00fadc7 for: {'network': 1} {{(pid=88972) before /opt/stack/neutron/neutron/pecan_wsgi/hooks/quota_enforcement.py:53}}
Jun 08 08:30:37.355097 dv-neutron-844205-2-hyperv neutron-server[88972]: DEBUG neutron_lib.callbacks.manager [None req-a52aa45b-3135-4526-9c6e-271cdae203af tempest-NetworksIpV6TestAttrs-2056718945 tempest-NetworksIpV6TestAttrs-2056718945-project] Notify callbacks ['neutron.plugins.ml2.plugin.SecurityGroupDbMixin._ensure_default_security_group_handler-1786785'] for network, before_create {{(pid=88972) _notify_loop /usr/local/lib/python3.8/dist-packages/neutron_lib/callbacks/manager.py:192}}
Jun 08 08:30:37.392622 dv-neutron-844205-2-hyperv neutron-server[88972]: DEBUG neutron.plugins.ml2.drivers.helpers [None req-a52aa45b-3135-4526-9c6e-271cdae203af tempest-NetworksIpV6TestAttrs-2056718945 tempest-NetworksIpV6TestAttrs-2056718945-project] vlan segment allocate from pool success with {'vlan_id': 140, 'physical_network': 'physnet1'} {{(pid=88972) allocate_partially_specified_segment /opt/stack/neutron/neutron/plugins/ml2/drivers/helpers.py:153}}
Jun 08 08:30:37.404791 dv-neutron-844205-2-hyperv neutron-server[88972]: DEBUG neutron_lib.callbacks.manager [None req-a52aa45b-3135-4526-9c6e-271cdae203af tempest-NetworksIpV6TestAttrs-2056718945 tempest-NetworksIpV6TestAttrs-2056718945-project] Notify callbacks ['neutron.plugins.ml2.plugin.Ml2Plugin._handle_segment_change-1753662'] for segment, precommit_create {{(pid=88972) _notify_loop /usr/local/lib/python3.8/dist-packages/neutron_lib/callbacks/manager.py:192}}
Jun 08 08:30:37.405271 dv-neutron-844205-2-hyperv neutron-server[88972]: INFO neutron.db.segments_db [None req-a52aa45b-3135-4526-9c6e-271cdae203af tempest-NetworksIpV6TestAttrs-2056718945 tempest-NetworksIpV6TestAttrs-2056718945-project] Added segment 358d9519-dee6-4977-94a4-c8fbe655f9bd of type vlan for network 51dcc4bd-d870-456b-aac0-82f64f2b160b
Jun 08 08:30:37.408929 dv-neutron-844205-2-hyperv neutron-server[88973]: DEBUG neutron.plugins.ml2.plugin [None req-897ebc4c-81e5-4624-ba86-234891bfad64 None None] Current status of the port 2e9f103a-c4e5-4783-8377-a0002c002456 is: ACTIVE; New status is: ACTIVE {{(pid=88973) _update_individual_port_db_status /opt/stack/neutron/neutron/plugins/ml2/plugin.py:2165}}
Jun 08 08:30:37.431668 dv-neutron-844205-2-hyperv neutron-server[88971]: DEBUG neutron_lib.callbacks.manager [None req-d9ca3ea8-99e6-4d2b-8939-ee73c90b4e9a tempest-AllowedAddressPairIpV6TestJSON-827396809 tempest-AllowedAddressPairIpV6TestJSON-827396809-project] Notify callbacks ['neutron.plugins.ml2.plugin.SecurityGroupServerNotifierRpcMixin.notify_sg_on_port_change-1786720', 'neutron.plugins.ml2.ovo_rpc._ObjectChangeHandler.handle_event-45186', 'neutron.api.rpc.agentnotifiers.dhcp_rpc_agent_api.DhcpAgentNotifyAPI._native_event_send_dhcp_notification-749110', 'neutron.db.l3_dvrscheduler_db._notify_l3_agent_new_port-8739235167865'] for port, after_create {{(pid=88971) _notify_loop /usr/local/lib/python3.8/dist-packages/neutron_lib/callbacks/manager.py:192}}
Jun 08 08:30:37.439811 dv-neutron-844205-2-hyperv neutron-server[88972]: DEBUG neutron_lib.callbacks.manager [None req-a52aa45b-3135-4526-9c6e-271cdae203af tempest-NetworksIpV6TestAttrs-2056718945 tempest-NetworksIpV6TestAttrs-2056718945-project] Notify callbacks ['neutron.services.auto_allocate.db._ensure_external_network_default_value_callback-8739235189751'] for network, precommit_create {{(pid=88972) _notify_loop /usr/local/lib/python3.8/dist-packages/neutron_lib/callbacks/manager.py:192}}
Jun 08 08:30:37.461319 dv-neutron-844205-2-hyperv neutron-server[88973]: DEBUG neutron.db.provisioning_blocks [None req-897ebc4c-81e5-4624-ba86-234891bfad64 None None] Provisioning for port 7d73ad83-112c-452b-a4f0-334dac94c68e completed by entity DHCP. {{(pid=88973) provisioning_complete /opt/stack/neutron/neutron/db/provisioning_blocks.py:133}}
Jun 08 08:30:37.483546 dv-neutron-844205-2-hyperv neutron-server[88971]: INFO neutron.wsgi [None req-d2744522-37f3-4723-a4f9-909f1c0491d5 admin admin] 10.222.0.17 "GET /v2.0/security-groups?tenant_id=1261229a0e544d16bc769032ebe26953&name=default HTTP/1.1" status: 200 len: 2979 time: 1.1558983
Jun 08 08:30:37.490019 dv-neutron-844205-2-hyperv neutron-server[88973]: DEBUG neutron.db.provisioning_blocks [None req-897ebc4c-81e5-4624-ba86-234891bfad64 None None] Provisioning complete for port 7d73ad83-112c-452b-a4f0-334dac94c68e triggered by entity DHCP. {{(pid=88973) provisioning_complete /opt/stack/neutron/neutron/db/provisioning_blocks.py:139}}
Jun 08 08:30:37.491092 dv-neutron-844205-2-hyperv neutron-server[88973]: DEBUG neutron_lib.callbacks.manager [None req-897ebc4c-81e5-4624-ba86-234891bfad64 None None] Notify callbacks ['neutron.plugins.ml2.plugin.Ml2Plugin._port_provisioned-1601454'] for port, provisioning_complete {{(pid=88973) _notify_loop /usr/local/lib/python3.8/dist-packages/neutron_lib/callbacks/manager.py:192}}
Jun 08 08:30:37.500228 dv-neutron-844205-2-hyperv neutron-server[88972]: DEBUG neutron.wsgi [-] (88972) accepted ('10.222.0.17', 34846) {{(pid=88972) server /usr/local/lib/python3.8/dist-packages/eventlet/wsgi.py:992}}
Jun 08 08:30:37.503473 dv-neutron-844205-2-hyperv neutron-server[88972]: DEBUG neutron_lib.callbacks.manager [None req-a52aa45b-3135-4526-9c6e-271cdae203af tempest-NetworksIpV6TestAttrs-2056718945 tempest-NetworksIpV6TestAttrs-2056718945-project] Notify callbacks ['neutron.plugins.ml2.ovo_rpc._ObjectChangeHandler.handle_event-409139', 'neutron.api.rpc.agentnotifiers.dhcp_rpc_agent_api.DhcpAgentNotifyAPI._native_event_send_dhcp_notification-749110'] for network, after_create {{(pid=88972) _notify_loop /usr/local/lib/python3.8/dist-packages/neutron_lib/callbacks/manager.py:192}}
Jun 08 08:30:37.514471 dv-neutron-844205-2-hyperv neutron-server[88972]: DEBUG neutron.pecan_wsgi.hooks.policy_enforcement [None req-a52aa45b-3135-4526-9c6e-271cdae203af tempest-NetworksIpV6TestAttrs-2056718945 tempest-NetworksIpV6TestAttrs-2056718945-project] Attributes excluded by policy engine: ['standard_attr_id', 'provider:network_type', 'provider:physical_network', 'provider:segmentation_id', 'vlan_transparent'] {{(pid=88972) _exclude_attributes_by_policy /opt/stack/neutron/neutron/pecan_wsgi/hooks/policy_enforcement.py:259}}
Jun 08 08:30:37.515196 dv-neutron-844205-2-hyperv neutron-server[88972]: DEBUG neutron_lib.callbacks.manager [None req-a52aa45b-3135-4526-9c6e-271cdae203af tempest-NetworksIpV6TestAttrs-2056718945 tempest-NetworksIpV6TestAttrs-2056718945-project] Notify callbacks ['neutron.api.rpc.agentnotifiers.dhcp_rpc_agent_api.DhcpAgentNotifyAPI._send_dhcp_notification-749124'] for network, before_response {{(pid=88972) _notify_loop /usr/local/lib/python3.8/dist-packages/neutron_lib/callbacks/manager.py:192}}
Jun 08 08:30:37.566118 dv-neutron-844205-2-hyperv neutron-server[88972]: DEBUG neutron.wsgi [-] (88972) accepted ('10.222.0.41', 57491) {{(pid=88972) server /usr/local/lib/python3.8/dist-packages/eventlet/wsgi.py:992}}
Jun 08 08:30:37.584014 dv-neutron-844205-2-hyperv neutron-server[88971]: DEBUG neutron.api.rpc.handlers.resources_rpc [None req-d2744522-37f3-4723-a4f9-909f1c0491d5 admin admin] Pushing event updated for resources: {'SecurityGroup': ['ID=5c04ced7-6b73-455b-b5fc-e36ca48296da,revision_number=1']} {{(pid=88971) push /opt/stack/neutron/neutron/api/rpc/handlers/resources_rpc.py:237}}
Jun 08 08:30:37.683294 dv-neutron-844205-2-hyperv neutron-server[88971]: DEBUG neutron.scheduler.dhcp_agent_scheduler [None req-d9ca3ea8-99e6-4d2b-8939-ee73c90b4e9a tempest-AllowedAddressPairIpV6TestJSON-827396809 tempest-AllowedAddressPairIpV6TestJSON-827396809-project] Network 73d63a8a-5a8b-4af5-a135-3d692063b9b6 is already hosted by enough agents. {{(pid=88971) _get_dhcp_agents_hosting_network /opt/stack/neutron/neutron/scheduler/dhcp_agent_scheduler.py:275}}
Jun 08 08:30:37.687523 dv-neutron-844205-2-hyperv neutron-server[88973]: DEBUG neutron.api.rpc.handlers.dhcp_rpc [None req-42e4cf1a-db84-4f93-a7e6-44d18cd338eb None None] Create dhcp port {'port': {'name': '', 'admin_state_up': True, 'device_id': 'dhcp45ce6879-df34-51eb-904d-ae599f5bd281-bd841e78-5bb8-44f3-b484-8218b9a2d9d4', 'network_id': 'bd841e78-5bb8-44f3-b484-8218b9a2d9d4', 'tenant_id': '237113cd0cfd4c30b20c9f9ce00fadc7', 'fixed_ips': [{'subnet_id': 'cee74ff5-d61e-4e77-89f4-d1211e0ec30f'}]}} from dv-neutron-844205-2-hyperv. {{(pid=88973) create_dhcp_port /opt/stack/neutron/neutron/api/rpc/handlers/dhcp_rpc.py:279}}
Jun 08 08:30:37.688551 dv-neutron-844205-2-hyperv neutron-server[88973]: DEBUG neutron_lib.callbacks.manager [None req-42e4cf1a-db84-4f93-a7e6-44d18cd338eb None None] Notify callbacks ['neutron.plugins.ml2.plugin.SecurityGroupDbMixin._ensure_default_security_group_handler-1786785'] for port, before_create {{(pid=88973) _notify_loop /usr/local/lib/python3.8/dist-packages/neutron_lib/callbacks/manager.py:192}}
Jun 08 08:30:37.719607 dv-neutron-844205-2-hyperv neutron-server[88973]: DEBUG neutron.plugins.ml2.plugin [None req-897ebc4c-81e5-4624-ba86-234891bfad64 None None] Port 7d73ad83-112c-452b-a4f0-334dac94c68e cannot update to ACTIVE because it is not bound. {{(pid=88973) _port_provisioned /opt/stack/neutron/neutron/plugins/ml2/plugin.py:339}}
Jun 08 08:30:37.727556 dv-neutron-844205-2-hyperv neutron-server[88971]: DEBUG neutron.scheduler.base_scheduler [None req-d9ca3ea8-99e6-4d2b-8939-ee73c90b4e9a tempest-AllowedAddressPairIpV6TestJSON-827396809 tempest-AllowedAddressPairIpV6TestJSON-827396809-project] Resources bound (agent type, host, resource id): {{(pid=88971) schedule /opt/stack/neutron/neutron/scheduler/base_scheduler.py:57}}
Jun 08 08:30:37.746199 dv-neutron-844205-2-hyperv neutron-server[88971]: DEBUG neutron.db.l3_dvrscheduler_db [None req-d9ca3ea8-99e6-4d2b-8939-ee73c90b4e9a tempest-AllowedAddressPairIpV6TestJSON-827396809 tempest-AllowedAddressPairIpV6TestJSON-827396809-project] Received port after_create {{(pid=88971) _notify_l3_agent_new_port /opt/stack/neutron/neutron/db/l3_dvrscheduler_db.py:538}}
Jun 08 08:30:37.751988 dv-neutron-844205-2-hyperv neutron-server[88971]: DEBUG neutron.pecan_wsgi.hooks.policy_enforcement [None req-d9ca3ea8-99e6-4d2b-8939-ee73c90b4e9a tempest-AllowedAddressPairIpV6TestJSON-827396809 tempest-AllowedAddressPairIpV6TestJSON-827396809-project] Attributes excluded by policy engine: ['standard_attr_id', 'binding:profile', 'binding:host_id', 'binding:vif_type', 'binding:vif_details', 'network'] {{(pid=88971) _exclude_attributes_by_policy /opt/stack/neutron/neutron/pecan_wsgi/hooks/policy_enforcement.py:259}}
Jun 08 08:30:37.752766 dv-neutron-844205-2-hyperv neutron-server[88971]: DEBUG neutron_lib.callbacks.manager [None req-d9ca3ea8-99e6-4d2b-8939-ee73c90b4e9a tempest-AllowedAddressPairIpV6TestJSON-827396809 tempest-AllowedAddressPairIpV6TestJSON-827396809-project] Notify callbacks ['neutron.notifiers.nova.Notifier._send_nova_notification-1042533'] for port, before_response {{(pid=88971) _notify_loop /usr/local/lib/python3.8/dist-packages/neutron_lib/callbacks/manager.py:192}}
Jun 08 08:30:37.807267 dv-neutron-844205-2-hyperv neutron-server[88971]: DEBUG neutron.api.rpc.handlers.resources_rpc [None req-d9ca3ea8-99e6-4d2b-8939-ee73c90b4e9a tempest-AllowedAddressPairIpV6TestJSON-827396809 tempest-AllowedAddressPairIpV6TestJSON-827396809-project] Pushing event updated for resources: {'Port': ['ID=d51f1761-ad16-440b-b27f-3c095c8981f4,revision_number=1']} {{(pid=88971) push /opt/stack/neutron/neutron/api/rpc/handlers/resources_rpc.py:237}}
Jun 08 08:30:37.883101 dv-neutron-844205-2-hyperv neutron-server[88971]: DEBUG neutron_lib.callbacks.manager [None req-e5deebc3-3078-49fd-91a2-76dd60a8873f tempest-FloatingIPAdminTestJSON-2138834432 tempest-FloatingIPAdminTestJSON-2138834432-project] Notify callbacks [] for port, precommit_create {{(pid=88971) _notify_loop /usr/local/lib/python3.8/dist-packages/neutron_lib/callbacks/manager.py:192}}
Jun 08 08:30:37.907995 dv-neutron-844205-2-hyperv neutron-server[88972]: INFO neutron.wsgi [None req-a52aa45b-3135-4526-9c6e-271cdae203af tempest-NetworksIpV6TestAttrs-2056718945 tempest-NetworksIpV6TestAttrs-2056718945-project] 10.222.0.17 "POST /v2.0/networks HTTP/1.1" status: 201 len: 789 time: 0.6614347
Jun 08 08:30:37.909172 dv-neutron-844205-2-hyperv neutron-server[88972]: DEBUG neutron.api.rpc.handlers.resources_rpc [None req-a52aa45b-3135-4526-9c6e-271cdae203af tempest-NetworksIpV6TestAttrs-2056718945 tempest-NetworksIpV6TestAttrs-2056718945-project] Pushing event updated for resources: {'Network': ['ID=51dcc4bd-d870-456b-aac0-82f64f2b160b,revision_number=1']} {{(pid=88972) push /opt/stack/neutron/neutron/api/rpc/handlers/resources_rpc.py:237}}
Jun 08 08:30:38.010362 dv-neutron-844205-2-hyperv neutron-server[88973]: DEBUG neutron.plugins.ml2.rpc [None req-b24acddc-5b2d-4b3a-9039-90c31baad299 None None] Network 51dcc4bd-d870-456b-aac0-82f64f2b160b details requested by agent ovs-agent-dv-neutron-844205-2-hyperv with host dv-neutron-844205-2-hyperv {{(pid=88973) get_network_details /opt/stack/neutron/neutron/plugins/ml2/rpc.py:232}}
Jun 08 08:30:38.024202 dv-neutron-844205-2-hyperv neutron-server[88971]: DEBUG neutron.wsgi [-] (88971) accepted ('10.222.0.17', 34868) {{(pid=88971) server /usr/local/lib/python3.8/dist-packages/eventlet/wsgi.py:992}}
Jun 08 08:30:38.076668 dv-neutron-844205-2-hyperv neutron-server[88971]: DEBUG neutron.api.v2.base [None req-1566ce8c-48f0-46ed-816b-b05f4c4c6178 tempest-NetworksIpV6TestAttrs-2056718945 tempest-NetworksIpV6TestAttrs-2056718945-project] Request body: {'subnet': {'network_id': '51dcc4bd-d870-456b-aac0-82f64f2b160b', 'cidr': '2001:db8::/64', 'ip_version': 6, 'gateway_ip': '2001:db8::1', 'ipv6_ra_mode': 'slaac', 'ipv6_address_mode': 'slaac'}} {{(pid=88971) prepare_request_body /opt/stack/neutron/neutron/api/v2/base.py:729}}
Jun 08 08:30:38.097809 dv-neutron-844205-2-hyperv neutron-server[88973]: DEBUG neutron.db.provisioning_blocks [None req-cad7e1b0-e861-4c85-86a9-59db07221241 None None] Provisioning complete for port 7d73ad83-112c-452b-a4f0-334dac94c68e triggered by entity DHCP. {{(pid=88973) provisioning_complete /opt/stack/neutron/neutron/db/provisioning_blocks.py:139}}
Jun 08 08:30:38.098182 dv-neutron-844205-2-hyperv neutron-server[88973]: DEBUG neutron_lib.callbacks.manager [None req-cad7e1b0-e861-4c85-86a9-59db07221241 None None] Notify callbacks ['neutron.plugins.ml2.plugin.Ml2Plugin._port_provisioned-1601454'] for port, provisioning_complete {{(pid=88973) _notify_loop /usr/local/lib/python3.8/dist-packages/neutron_lib/callbacks/manager.py:192}}
Jun 08 08:30:38.182053 dv-neutron-844205-2-hyperv neutron-server[88971]: DEBUG neutron.db.provisioning_blocks [None req-e5deebc3-3078-49fd-91a2-76dd60a8873f tempest-FloatingIPAdminTestJSON-2138834432 tempest-FloatingIPAdminTestJSON-2138834432-project] Transition to ACTIVE for port object 0388f2c1-1fed-41da-87b0-86a868080e52 will not be triggered until provisioned by entity DHCP. {{(pid=88971) add_provisioning_component /opt/stack/neutron/neutron/db/provisioning_blocks.py:73}}
Jun 08 08:30:38.284588 dv-neutron-844205-2-hyperv neutron-server[88972]: INFO neutron.wsgi [req-589b9ba2-442b-4d4c-9a44-ffe30abe93e9 req-dd048df1-6b65-4340-9fb1-bc2a57bb0e3a tempest-ServersTestJSON-906028953 tempest-ServersTestJSON-906028953-project] 10.222.0.41 "GET /v2.0/security-groups?fields=id&fields=name&tenant_id=33de94edb68843ff903bd761f2b1116c HTTP/1.1" status: 200 len: 380 time: 0.8039846
Jun 08 08:30:38.297013 dv-neutron-844205-2-hyperv neutron-server[88973]: DEBUG neutron.plugins.ml2.plugin [None req-cad7e1b0-e861-4c85-86a9-59db07221241 None None] Port 7d73ad83-112c-452b-a4f0-334dac94c68e cannot update to ACTIVE because it is not bound. {{(pid=88973) _port_provisioned /opt/stack/neutron/neutron/plugins/ml2/plugin.py:339}}
Jun 08 08:30:38.331134 dv-neutron-844205-2-hyperv neutron-server[88973]: DEBUG neutron.db.db_base_plugin_common [None req-42e4cf1a-db84-4f93-a7e6-44d18cd338eb None None] Allocated IP 2001:db8:0:ffff::2 (bd841e78-5bb8-44f3-b484-8218b9a2d9d4/cee74ff5-d61e-4e77-89f4-d1211e0ec30f/149d7a81-42f1-4354-800e-4577031c6196) {{(pid=88973) _store_ip_allocation /opt/stack/neutron/neutron/db/db_base_plugin_common.py:131}}
Jun 08 08:30:38.338082 dv-neutron-844205-2-hyperv neutron-server[88971]: DEBUG neutron_lib.callbacks.manager [None req-7130d79c-08e9-4b1e-98db-15dd09120e0b tempest-RoutersAdminTest-1951616290 tempest-RoutersAdminTest-1951616290-project-admin] Notify callbacks [] for router_gateway, before_create {{(pid=88971) _notify_loop /usr/local/lib/python3.8/dist-packages/neutron_lib/callbacks/manager.py:192}}
Jun 08 08:30:38.378763 dv-neutron-844205-2-hyperv neutron-server[88972]: INFO neutron.wsgi [req-34849443-cca5-42ac-9a50-3f3039b24ed8 req-e39919d7-5f95-47b9-bfc8-e96c6c7f20d7 tempest-ServersTestJSON-906028953 tempest-ServersTestJSON-906028953-project] 10.222.0.17 "GET /v2.0/ports?device_id=98bc85ae-8d6f-45be-933c-c2be81b54d67 HTTP/1.1" status: 200 len: 210 time: 0.5528076
Jun 08 08:30:38.383256 dv-neutron-844205-2-hyperv neutron-server[88972]: DEBUG neutron.api.v2.base [req-589b9ba2-442b-4d4c-9a44-ffe30abe93e9 req-6e35d124-611b-41e5-aec4-fe5be8ef25be tempest-ServersTestJSON-906028953 tempest-ServersTestJSON-906028953-project] Request body: {'port': {'device_id': '98bc85ae-8d6f-45be-933c-c2be81b54d67', 'network_id': '336dc5a9-4d2c-4c3d-80a2-822feb4007a1', 'admin_state_up': True, 'tenant_id': '33de94edb68843ff903bd761f2b1116c', 'security_groups': ['3958f45f-41f1-4c5e-b7cc-7a3490b85db1']}} {{(pid=88972) prepare_request_body /opt/stack/neutron/neutron/api/v2/base.py:729}}
Jun 08 08:30:38.479468 dv-neutron-844205-2-hyperv neutron-server[88971]: INFO neutron.wsgi [None req-d9ca3ea8-99e6-4d2b-8939-ee73c90b4e9a tempest-AllowedAddressPairIpV6TestJSON-827396809 tempest-AllowedAddressPairIpV6TestJSON-827396809-project] 10.222.0.17 "POST /v2.0/ports HTTP/1.1" status: 201 len: 1005 time: 6.4047885
Jun 08 08:30:38.484031 dv-neutron-844205-2-hyperv neutron-server[88972]: INFO neutron.wsgi [req-e33498e7-39d4-4bf0-9f70-18f4a7799664 req-cb5898c2-20e4-41ea-8cc6-4fbca4600c35 tempest-ServersTestManualDisk-2011868246 tempest-ServersTestManualDisk-2011868246-project] 10.222.0.17 "GET /v2.0/ports?device_id=86428bcc-af93-4cee-97a9-a65e64678d0e HTTP/1.1" status: 200 len: 210 time: 0.2319391
Jun 08 08:30:38.484647 dv-neutron-844205-2-hyperv neutron-server[88971]: DEBUG neutron.wsgi [-] (88971) accepted ('10.222.0.17', 34894) {{(pid=88971) server /usr/local/lib/python3.8/dist-packages/eventlet/wsgi.py:992}}
Jun 08 08:30:38.490219 dv-neutron-844205-2-hyperv neutron-server[88971]: DEBUG neutron_lib.callbacks.manager [None req-e5deebc3-3078-49fd-91a2-76dd60a8873f tempest-FloatingIPAdminTestJSON-2138834432 tempest-FloatingIPAdminTestJSON-2138834432-project] Notify callbacks ['neutron.plugins.ml2.plugin.SecurityGroupServerNotifierRpcMixin.notify_sg_on_port_change-1786720', 'neutron.plugins.ml2.ovo_rpc._ObjectChangeHandler.handle_event-45186', 'neutron.api.rpc.agentnotifiers.dhcp_rpc_agent_api.DhcpAgentNotifyAPI._native_event_send_dhcp_notification-749110', 'neutron.db.l3_dvrscheduler_db._notify_l3_agent_new_port-8739235167865'] for port, after_create {{(pid=88971) _notify_loop /usr/local/lib/python3.8/dist-packages/neutron_lib/callbacks/manager.py:192}}
Jun 08 08:30:38.492758 dv-neutron-844205-2-hyperv neutron-server[88971]: DEBUG neutron_lib.callbacks.manager [None req-7130d79c-08e9-4b1e-98db-15dd09120e0b tempest-RoutersAdminTest-1951616290 tempest-RoutersAdminTest-1951616290-project-admin] Notify callbacks ['neutron.plugins.ml2.plugin.SecurityGroupDbMixin._ensure_default_security_group_handler-1786785'] for port, before_create {{(pid=88971) _notify_loop /usr/local/lib/python3.8/dist-packages/neutron_lib/callbacks/manager.py:192}}
Jun 08 08:30:38.508537 dv-neutron-844205-2-hyperv neutron-server[88972]: DEBUG neutron_lib.callbacks.manager [None req-6ce0fc9f-5232-45cd-a61d-9592536622c7 admin admin] Notify callbacks [] for security_group, before_delete {{(pid=88972) _notify_loop /usr/local/lib/python3.8/dist-packages/neutron_lib/callbacks/manager.py:192}}
Jun 08 08:30:38.536868 dv-neutron-844205-2-hyperv neutron-server[88973]: DEBUG neutron.plugins.ml2.rpc [None req-b24acddc-5b2d-4b3a-9039-90c31baad299 None None] Device 2e9f103a-c4e5-4783-8377-a0002c002456 up at agent ovs-agent-dv-neutron-844205-2-hyperv {{(pid=88973) update_device_up /opt/stack/neutron/neutron/plugins/ml2/rpc.py:278}}
Jun 08 08:30:38.597588 dv-neutron-844205-2-hyperv neutron-server[88973]: DEBUG neutron.db.provisioning_blocks [None req-ba73a467-8eb9-4ba0-ad80-643fc1190ecd None None] Provisioning for port d51f1761-ad16-440b-b27f-3c095c8981f4 completed by entity DHCP. {{(pid=88973) provisioning_complete /opt/stack/neutron/neutron/db/provisioning_blocks.py:133}}
Jun 08 08:30:38.619692 dv-neutron-844205-2-hyperv neutron-server[88973]: DEBUG neutron.db.provisioning_blocks [None req-ba73a467-8eb9-4ba0-ad80-643fc1190ecd None None] Provisioning complete for port d51f1761-ad16-440b-b27f-3c095c8981f4 triggered by entity DHCP. {{(pid=88973) provisioning_complete /opt/stack/neutron/neutron/db/provisioning_blocks.py:139}}
Jun 08 08:30:38.620061 dv-neutron-844205-2-hyperv neutron-server[88973]: DEBUG neutron_lib.callbacks.manager [None req-ba73a467-8eb9-4ba0-ad80-643fc1190ecd None None] Notify callbacks ['neutron.plugins.ml2.plugin.Ml2Plugin._port_provisioned-1601454'] for port, provisioning_complete {{(pid=88973) _notify_loop /usr/local/lib/python3.8/dist-packages/neutron_lib/callbacks/manager.py:192}}
Jun 08 08:30:38.659255 dv-neutron-844205-2-hyperv neutron-server[88972]: DEBUG neutron.db.quota.driver [req-589b9ba2-442b-4d4c-9a44-ffe30abe93e9 req-6e35d124-611b-41e5-aec4-fe5be8ef25be tempest-ServersTestJSON-906028953 tempest-ServersTestJSON-906028953-project] Resources subnetpool have unlimited quota limit. It is not required to calculate headroom {{(pid=88972) make_reservation /opt/stack/neutron/neutron/db/quota/driver.py:219}}
Jun 08 08:30:38.671957 dv-neutron-844205-2-hyperv neutron-server[88972]: DEBUG neutron.db.quota.driver [req-589b9ba2-442b-4d4c-9a44-ffe30abe93e9 req-6e35d124-611b-41e5-aec4-fe5be8ef25be tempest-ServersTestJSON-906028953 tempest-ServersTestJSON-906028953-project] Attempting to reserve 1 items for resource port. Total usage: 3; quota limit: 500; headroom:497 {{(pid=88972) make_reservation /opt/stack/neutron/neutron/db/quota/driver.py:246}}
Jun 08 08:30:38.727560 dv-neutron-844205-2-hyperv neutron-server[88973]: DEBUG neutron.plugins.ml2.plugin [None req-ba73a467-8eb9-4ba0-ad80-643fc1190ecd None None] Port d51f1761-ad16-440b-b27f-3c095c8981f4 cannot update to ACTIVE because it is not bound. {{(pid=88973) _port_provisioned /opt/stack/neutron/neutron/plugins/ml2/plugin.py:339}}
Jun 08 08:30:38.778018 dv-neutron-844205-2-hyperv neutron-server[88972]: DEBUG neutron.pecan_wsgi.hooks.quota_enforcement [req-589b9ba2-442b-4d4c-9a44-ffe30abe93e9 req-6e35d124-611b-41e5-aec4-fe5be8ef25be tempest-ServersTestJSON-906028953 tempest-ServersTestJSON-906028953-project] Made reservation on behalf of 33de94edb68843ff903bd761f2b1116c for: {'port': 1} {{(pid=88972) before /opt/stack/neutron/neutron/pecan_wsgi/hooks/quota_enforcement.py:53}}
Jun 08 08:30:38.784782 dv-neutron-844205-2-hyperv neutron-server[88972]: DEBUG neutron_lib.callbacks.manager [req-589b9ba2-442b-4d4c-9a44-ffe30abe93e9 req-6e35d124-611b-41e5-aec4-fe5be8ef25be tempest-ServersTestJSON-906028953 tempest-ServersTestJSON-906028953-project] Notify callbacks ['neutron.plugins.ml2.plugin.SecurityGroupDbMixin._ensure_default_security_group_handler-1786785'] for port, before_create {{(pid=88972) _notify_loop /usr/local/lib/python3.8/dist-packages/neutron_lib/callbacks/manager.py:192}}
Jun 08 08:30:38.861400 dv-neutron-844205-2-hyperv neutron-server[88973]: DEBUG neutron.db.provisioning_blocks [None req-b24acddc-5b2d-4b3a-9039-90c31baad299 None None] Provisioning complete for port 2e9f103a-c4e5-4783-8377-a0002c002456 triggered by entity L2. {{(pid=88973) provisioning_complete /opt/stack/neutron/neutron/db/provisioning_blocks.py:139}}
Jun 08 08:30:38.862829 dv-neutron-844205-2-hyperv neutron-server[88972]: INFO neutron.wsgi [req-a30bbe2d-6602-4753-9189-3450a6178990 req-2b6f43f7-15ef-491b-8362-8245bb18a970 tempest-ServerActionsTestJSON-889795210 tempest-ServerActionsTestJSON-889795210-project] 10.222.0.17 "GET /v2.0/ports?device_id=1fd485d3-3d37-4079-ad96-9437de3b0c16 HTTP/1.1" status: 200 len: 210 time: 0.1781344
Jun 08 08:30:38.865568 dv-neutron-844205-2-hyperv neutron-server[88973]: DEBUG neutron_lib.callbacks.manager [None req-b24acddc-5b2d-4b3a-9039-90c31baad299 None None] Notify callbacks ['neutron.plugins.ml2.plugin.Ml2Plugin._port_provisioned-1601454'] for port, provisioning_complete {{(pid=88973) _notify_loop /usr/local/lib/python3.8/dist-packages/neutron_lib/callbacks/manager.py:192}}
Jun 08 08:30:38.886132 dv-neutron-844205-2-hyperv neutron-server[88972]: DEBUG neutron.pecan_wsgi.hooks.policy_enforcement [req-1037caef-47ad-467a-8ade-3a94ffb7adfa req-7253e7b1-4300-48fc-b2e3-cd3739de1865 tempest-ServersTestManualDisk-2011868246 tempest-ServersTestManualDisk-2011868246-project] Attributes excluded by policy engine: ['standard_attr_id', 'vlan_transparent', 'provider:network_type', 'provider:physical_network', 'provider:segmentation_id'] {{(pid=88972) _exclude_attributes_by_policy /opt/stack/neutron/neutron/pecan_wsgi/hooks/policy_enforcement.py:259}}
Jun 08 08:30:38.889124 dv-neutron-844205-2-hyperv neutron-server[88972]: INFO neutron.wsgi [req-1037caef-47ad-467a-8ade-3a94ffb7adfa req-7253e7b1-4300-48fc-b2e3-cd3739de1865 tempest-ServersTestManualDisk-2011868246 tempest-ServersTestManualDisk-2011868246-project] 10.222.0.41 "GET /v2.0/networks?id=01041d25-cebc-431a-9ea9-a47453dcf884 HTTP/1.1" status: 200 len: 811 time: 1.1159596
Jun 08 08:30:38.903773 dv-neutron-844205-2-hyperv neutron-server[88971]: DEBUG neutron.db.quota.driver [None req-1566ce8c-48f0-46ed-816b-b05f4c4c6178 tempest-NetworksIpV6TestAttrs-2056718945 tempest-NetworksIpV6TestAttrs-2056718945-project] Resources subnetpool have unlimited quota limit. It is not required to calculate headroom {{(pid=88971) make_reservation /opt/stack/neutron/neutron/db/quota/driver.py:219}}
Jun 08 08:30:38.933626 dv-neutron-844205-2-hyperv neutron-server[88971]: DEBUG neutron.wsgi [-] (88971) accepted ('10.222.0.41', 57499) {{(pid=88971) server /usr/local/lib/python3.8/dist-packages/eventlet/wsgi.py:992}}
Jun 08 08:30:38.944278 dv-neutron-844205-2-hyperv neutron-server[88973]: DEBUG neutron_lib.callbacks.manager [None req-42e4cf1a-db84-4f93-a7e6-44d18cd338eb None None] Notify callbacks [] for port, precommit_create {{(pid=88973) _notify_loop /usr/local/lib/python3.8/dist-packages/neutron_lib/callbacks/manager.py:192}}
Jun 08 08:30:38.960713 dv-neutron-844205-2-hyperv neutron-server[88971]: DEBUG neutron.quota.resource [None req-1566ce8c-48f0-46ed-816b-b05f4c4c6178 tempest-NetworksIpV6TestAttrs-2056718945 tempest-NetworksIpV6TestAttrs-2056718945-project] Usage tracker for resource:subnet and tenant:237113cd0cfd4c30b20c9f9ce00fadc7 is out of sync, need to count used quota {{(pid=88971) count_used /opt/stack/neutron/neutron/quota/resource.py:270}}
Jun 08 08:30:38.979755 dv-neutron-844205-2-hyperv neutron-server[88971]: DEBUG neutron.quota.resource [None req-1566ce8c-48f0-46ed-816b-b05f4c4c6178 tempest-NetworksIpV6TestAttrs-2056718945 tempest-NetworksIpV6TestAttrs-2056718945-project] Quota usage for subnet was recalculated. Used quota:1. {{(pid=88971) count_used /opt/stack/neutron/neutron/quota/resource.py:290}}
Jun 08 08:30:38.992722 dv-neutron-844205-2-hyperv neutron-server[88973]: DEBUG neutron.db.provisioning_blocks [None req-42e4cf1a-db84-4f93-a7e6-44d18cd338eb None None] Transition to ACTIVE for port object 149d7a81-42f1-4354-800e-4577031c6196 will not be triggered until provisioned by entity L2. {{(pid=88973) add_provisioning_component /opt/stack/neutron/neutron/db/provisioning_blocks.py:73}}
Jun 08 08:30:39.038910 dv-neutron-844205-2-hyperv neutron-server[88973]: DEBUG neutron.db.provisioning_blocks [None req-42e4cf1a-db84-4f93-a7e6-44d18cd338eb None None] Transition to ACTIVE for port object 149d7a81-42f1-4354-800e-4577031c6196 will not be triggered until provisioned by entity DHCP. {{(pid=88973) add_provisioning_component /opt/stack/neutron/neutron/db/provisioning_blocks.py:73}}
Jun 08 08:30:39.108773 dv-neutron-844205-2-hyperv neutron-server[88973]: DEBUG neutron_lib.callbacks.manager [None req-42e4cf1a-db84-4f93-a7e6-44d18cd338eb None None] Notify callbacks ['neutron.plugins.ml2.plugin.SecurityGroupServerNotifierRpcMixin.notify_sg_on_port_change-1786720', 'neutron.plugins.ml2.ovo_rpc._ObjectChangeHandler.handle_event-45186', 'neutron.api.rpc.agentnotifiers.dhcp_rpc_agent_api.DhcpAgentNotifyAPI._native_event_send_dhcp_notification-749110', 'neutron.db.l3_dvrscheduler_db._notify_l3_agent_new_port-8739235167865'] for port, after_create {{(pid=88973) _notify_loop /usr/local/lib/python3.8/dist-packages/neutron_lib/callbacks/manager.py:192}}
Jun 08 08:30:39.161807 dv-neutron-844205-2-hyperv neutron-server[88972]: DEBUG neutron.db.db_base_plugin_common [req-589b9ba2-442b-4d4c-9a44-ffe30abe93e9 req-6e35d124-611b-41e5-aec4-fe5be8ef25be tempest-ServersTestJSON-906028953 tempest-ServersTestJSON-906028953-project] Allocated IP 172.20.0.12 (336dc5a9-4d2c-4c3d-80a2-822feb4007a1/b42e7d8c-5919-41bc-87d4-cd51ded2c83d/5c435f6a-3009-4d23-bd50-23a615349e36) {{(pid=88972) _store_ip_allocation /opt/stack/neutron/neutron/db/db_base_plugin_common.py:131}}
Jun 08 08:30:39.191331 dv-neutron-844205-2-hyperv neutron-server[88971]: DEBUG neutron.pecan_wsgi.hooks.policy_enforcement [req-5ce1efd3-29c3-461f-a07d-6f4ff6c7aebf req-2b8984d3-743a-4c7b-a79d-4660fd6cabcf tempest-ServerActionsTestJSON-889795210 tempest-ServerActionsTestJSON-889795210-project] Attributes excluded by policy engine: ['standard_attr_id', 'vlan_transparent', 'provider:network_type', 'provider:physical_network', 'provider:segmentation_id'] {{(pid=88971) _exclude_attributes_by_policy /opt/stack/neutron/neutron/pecan_wsgi/hooks/policy_enforcement.py:259}}
