Jun 08 10:29:22.362985 dv-neutron-844179-5-hyperv neutron-server[105216]: DEBUG neutron_lib.callbacks.manager [None req-ce851d8e-97b2-4623-b7aa-fb70af88aa36 None None] Publish callbacks ['neutron.plugins.ml2.plugin.SecurityGroupServerNotifierRpcMixin._notify_sg_on_port_change-1655784', 'neutron.plugins.ml2.ovo_rpc._ObjectChangeHandler.handle_event-460846', 'neutron.api.rpc.agentnotifiers.dhcp_rpc_agent_api.DhcpAgentNotifyAPI._native_event_send_dhcp_notification-531292', 'neutron.db.l3_db.L3RpcNotifierMixin._notify_gateway_port_ip_changed-8750658967938', 'neutron.db.l3_dvrscheduler_db._notify_l3_agent_port_update-8750658551839', 'neutron.db.l3_hascheduler_db._notify_l3_agent_ha_port_update-8750658551857'] for port (d7d9b361-f743-46f2-bc57-ec25868ea297), after_update {{(pid=105216) _notify_loop /usr/local/lib/python3.8/dist-packages/neutron_lib/callbacks/manager.py:176}}
Jun 08 10:29:22.363149 dv-neutron-844179-5-hyperv neutron-server[105214]: INFO neutron.wsgi [None req-1bb784a4-3ebd-471f-b880-cf218be7ed64 tempest-FloatingIPAdminTestJSON-1873358432 tempest-FloatingIPAdminTestJSON-1873358432-project] 10.222.0.42 "POST /v2.0/subnets HTTP/1.1" status: 201 len: 801 time: 2.0350530
Jun 08 10:29:22.363149 dv-neutron-844179-5-hyperv neutron-server[105214]: DEBUG neutron.wsgi [-] (105214) accepted ('10.222.0.42', 53672) {{(pid=105214) server /usr/local/lib/python3.8/dist-packages/eventlet/wsgi.py:1004}}
Jun 08 10:29:22.367492 dv-neutron-844179-5-hyperv neutron-server[105214]: DEBUG neutron.api.v2.base [None req-56043672-6d2f-4e52-bf48-4807a003be59 tempest-FloatingIPAdminTestJSON-1873358432 tempest-FloatingIPAdminTestJSON-1873358432-project] Request body: {'router': {'name': 'tempest-FloatingIPAdminTestJSON-router-1803627610', 'external_gateway_info': {'network_id': '34e387ef-de32-44d8-af75-c9ecb644314a'}, 'admin_state_up': False}} {{(pid=105214) prepare_request_body /opt/stack/neutron/neutron/api/v2/base.py:730}}
Jun 08 10:29:22.374969 dv-neutron-844179-5-hyperv neutron-server[105215]: DEBUG neutron_lib.callbacks.manager [None req-b726ea3d-b92b-46a7-886d-b6cad0bb9ec9 tempest-ExtraDHCPOptionsTestJSON-566651761 tempest-ExtraDHCPOptionsTestJSON-566651761-project] Publish callbacks [] for security_group (None), before_create {{(pid=105215) _notify_loop /usr/local/lib/python3.8/dist-packages/neutron_lib/callbacks/manager.py:176}}
Jun 08 10:29:22.388244 dv-neutron-844179-5-hyperv neutron-server[105214]: DEBUG neutron.plugins.ml2.drivers.mech_agent [None req-8140b70d-8e5c-4c77-a718-ec1754e3f9d9 tempest-PortsAdminExtendedAttrsIpV6TestJSON-882115413 tempest-PortsAdminExtendedAttrsIpV6TestJSON-882115413-project-admin] Port 66cdc7cf-13fa-4bda-b228-8714b47ab9f2 on network 00ac7533-5724-4cac-96fa-0c41bfe12297 not bound, no agent of type Open vSwitch agent registered on host hv-neutron-8441 {{(pid=105214) bind_port /opt/stack/neutron/neutron/plugins/ml2/drivers/mech_agent.py:103}}
Jun 08 10:29:22.388658 dv-neutron-844179-5-hyperv neutron-server[105214]: ERROR neutron.plugins.ml2.managers [None req-8140b70d-8e5c-4c77-a718-ec1754e3f9d9 tempest-PortsAdminExtendedAttrsIpV6TestJSON-882115413 tempest-PortsAdminExtendedAttrsIpV6TestJSON-882115413-project-admin] Failed to bind port 66cdc7cf-13fa-4bda-b228-8714b47ab9f2 on host hv-neutron-8441 for vnic_type normal using segments [{'id': '256fb156-99c5-4c8a-a995-ce66f4e6dfe3', 'network_type': 'vlan', 'physical_network': 'physnet1', 'segmentation_id': 549, 'network_id': '00ac7533-5724-4cac-96fa-0c41bfe12297'}]
Jun 08 10:29:22.413879 dv-neutron-844179-5-hyperv neutron-server[105215]: DEBUG neutron.api.rpc.handlers.resources_rpc [None req-3e84fc34-865b-42aa-bd9a-cbcd79f4b09d tempest-ServerActionsTestJSON-90873976 tempest-ServerActionsTestJSON-90873976-project] Pushing event updated for resources: {'SecurityGroup': ['ID=6a4f3804-b444-48af-ba76-352d2b9a7b4f,revision_number=1']} {{(pid=105215) push /opt/stack/neutron/neutron/api/rpc/handlers/resources_rpc.py:237}}
Jun 08 10:29:22.416793 dv-neutron-844179-5-hyperv neutron-server[105214]: INFO neutron.plugins.ml2.plugin [None req-8140b70d-8e5c-4c77-a718-ec1754e3f9d9 tempest-PortsAdminExtendedAttrsIpV6TestJSON-882115413 tempest-PortsAdminExtendedAttrsIpV6TestJSON-882115413-project-admin] Attempt 5 to bind port 66cdc7cf-13fa-4bda-b228-8714b47ab9f2
Jun 08 10:29:22.421894 dv-neutron-844179-5-hyperv neutron-server[105215]: DEBUG neutron.scheduler.dhcp_agent_scheduler [None req-1d2d261f-42a2-47d1-b3bd-7d851329e534 tempest-DHCPAgentSchedulersTestJSON-391245292 tempest-DHCPAgentSchedulersTestJSON-391245292-project-admin] Network 70d47b5d-db42-45f1-b4b3-a62b6753d574 is scheduled to be hosted by DHCP agent 40d9becb-0d4a-4087-9839-3b18e529b400 with binding_index 1 {{(pid=105215) bind /opt/stack/neutron/neutron/scheduler/dhcp_agent_scheduler.py:227}}
Jun 08 10:29:22.449038 dv-neutron-844179-5-hyperv neutron-server[105214]: DEBUG neutron_lib.callbacks.manager [None req-b5180c9b-5576-4455-8f83-28c3c3405e9d admin admin] Publish callbacks ['neutron.plugins.ml2.ovo_rpc._ObjectChangeHandler.handle_event-554532'] for security_group (816f3b40-0da4-429d-a047-931d12341346), after_create {{(pid=105214) _notify_loop /usr/local/lib/python3.8/dist-packages/neutron_lib/callbacks/manager.py:176}}
Jun 08 10:29:22.461897 dv-neutron-844179-5-hyperv neutron-server[105214]: DEBUG neutron.plugins.ml2.managers [None req-8140b70d-8e5c-4c77-a718-ec1754e3f9d9 tempest-PortsAdminExtendedAttrsIpV6TestJSON-882115413 tempest-PortsAdminExtendedAttrsIpV6TestJSON-882115413-project-admin] Attempting to bind port 66cdc7cf-13fa-4bda-b228-8714b47ab9f2 on host hv-neutron-8441 for vnic_type normal with profile {{(pid=105214) bind_port /opt/stack/neutron/neutron/plugins/ml2/managers.py:811}}
Jun 08 10:29:22.462011 dv-neutron-844179-5-hyperv neutron-server[105214]: DEBUG neutron.plugins.ml2.managers [None req-8140b70d-8e5c-4c77-a718-ec1754e3f9d9 tempest-PortsAdminExtendedAttrsIpV6TestJSON-882115413 tempest-PortsAdminExtendedAttrsIpV6TestJSON-882115413-project-admin] Attempting to bind port 66cdc7cf-13fa-4bda-b228-8714b47ab9f2 by drivers openvswitch,hyperv on host hv-neutron-8441 at level 0 using segments [{'id': '256fb156-99c5-4c8a-a995-ce66f4e6dfe3', 'network_type': 'vlan', 'physical_network': 'physnet1', 'segmentation_id': 549, 'network_id': '00ac7533-5724-4cac-96fa-0c41bfe12297'}] {{(pid=105214) _bind_port_level /opt/stack/neutron/neutron/plugins/ml2/managers.py:836}}
Jun 08 10:29:22.462442 dv-neutron-844179-5-hyperv neutron-server[105214]: DEBUG neutron.plugins.ml2.drivers.mech_agent [None req-8140b70d-8e5c-4c77-a718-ec1754e3f9d9 tempest-PortsAdminExtendedAttrsIpV6TestJSON-882115413 tempest-PortsAdminExtendedAttrsIpV6TestJSON-882115413-project-admin] Attempting to bind port 66cdc7cf-13fa-4bda-b228-8714b47ab9f2 on network 00ac7533-5724-4cac-96fa-0c41bfe12297 {{(pid=105214) bind_port /opt/stack/neutron/neutron/plugins/ml2/drivers/mech_agent.py:91}}
Jun 08 10:29:22.471879 dv-neutron-844179-5-hyperv neutron-server[105216]: DEBUG neutron.api.rpc.handlers.resources_rpc [None req-3a19ad98-b3ad-4baa-af9a-551356d62289 None None] Pushing event updated for resources: {'Port': ['ID=d7d9b361-f743-46f2-bc57-ec25868ea297,revision_number=3']} {{(pid=105216) push /opt/stack/neutron/neutron/api/rpc/handlers/resources_rpc.py:237}}
Jun 08 10:29:22.484865 dv-neutron-844179-5-hyperv neutron-server[105216]: DEBUG dbcounter [-] [105216] Writing DB stats neutron:SELECT=95,neutron:UPDATE=3,neutron:INSERT=2 {{(pid=105216) stat_writer /usr/local/lib/python3.8/dist-packages/dbcounter.py:114}}
Jun 08 10:29:22.486476 dv-neutron-844179-5-hyperv neutron-server[105215]: DEBUG neutron_lib.callbacks.manager [None req-30700927-ccb1-495b-9743-8c46d6392223 tempest-RoutersAdminTest-1078506022 tempest-RoutersAdminTest-1078506022-project-admin] Publish callbacks ['neutron.plugins.ml2.plugin.SecurityGroupServerNotifierRpcMixin._notify_sg_on_port_change-1655784', 'neutron.plugins.ml2.ovo_rpc._ObjectChangeHandler.handle_event-460846', 'neutron.api.rpc.agentnotifiers.dhcp_rpc_agent_api.DhcpAgentNotifyAPI._native_event_send_dhcp_notification-531292', 'neutron.db.l3_dvrscheduler_db._notify_l3_agent_new_port-8750658551821', 'neutron.services.segments.plugin.NovaSegmentNotifier._notify_port_created_or_deleted-2129001'] for port (83d7081f-5cfc-44fd-b4e8-e7290cf1b27e), after_create {{(pid=105215) _notify_loop /usr/local/lib/python3.8/dist-packages/neutron_lib/callbacks/manager.py:176}}
Jun 08 10:29:22.505014 dv-neutron-844179-5-hyperv neutron-server[105215]: DEBUG neutron_lib.callbacks.manager [None req-3e84fc34-865b-42aa-bd9a-cbcd79f4b09d tempest-ServerActionsTestJSON-90873976 tempest-ServerActionsTestJSON-90873976-project] Publish callbacks [] for security_group (None), before_response {{(pid=105215) _notify_loop /usr/local/lib/python3.8/dist-packages/neutron_lib/callbacks/manager.py:176}}
Jun 08 10:29:22.506297 dv-neutron-844179-5-hyperv neutron-server[105215]: INFO neutron.wsgi [None req-3e84fc34-865b-42aa-bd9a-cbcd79f4b09d tempest-ServerActionsTestJSON-90873976 tempest-ServerActionsTestJSON-90873976-project] 10.222.0.42 "POST /v2.0/security-groups HTTP/1.1" status: 201 len: 1795 time: 0.9975722
Jun 08 10:29:22.508990 dv-neutron-844179-5-hyperv neutron-server[105214]: DEBUG neutron.plugins.ml2.drivers.mech_agent [None req-8140b70d-8e5c-4c77-a718-ec1754e3f9d9 tempest-PortsAdminExtendedAttrsIpV6TestJSON-882115413 tempest-PortsAdminExtendedAttrsIpV6TestJSON-882115413-project-admin] Port 66cdc7cf-13fa-4bda-b228-8714b47ab9f2 on network 00ac7533-5724-4cac-96fa-0c41bfe12297 not bound, no agent of type Open vSwitch agent registered on host hv-neutron-8441 {{(pid=105214) bind_port /opt/stack/neutron/neutron/plugins/ml2/drivers/mech_agent.py:103}}
Jun 08 10:29:22.508990 dv-neutron-844179-5-hyperv neutron-server[105214]: ERROR neutron.plugins.ml2.managers [None req-8140b70d-8e5c-4c77-a718-ec1754e3f9d9 tempest-PortsAdminExtendedAttrsIpV6TestJSON-882115413 tempest-PortsAdminExtendedAttrsIpV6TestJSON-882115413-project-admin] Failed to bind port 66cdc7cf-13fa-4bda-b228-8714b47ab9f2 on host hv-neutron-8441 for vnic_type normal using segments [{'id': '256fb156-99c5-4c8a-a995-ce66f4e6dfe3', 'network_type': 'vlan', 'physical_network': 'physnet1', 'segmentation_id': 549, 'network_id': '00ac7533-5724-4cac-96fa-0c41bfe12297'}]
Jun 08 10:29:22.513707 dv-neutron-844179-5-hyperv neutron-server[105215]: DEBUG neutron.wsgi [-] (105215) accepted ('10.222.0.42', 53674) {{(pid=105215) server /usr/local/lib/python3.8/dist-packages/eventlet/wsgi.py:1004}}
Jun 08 10:29:22.519139 dv-neutron-844179-5-hyperv neutron-server[105214]: INFO neutron.plugins.ml2.plugin [None req-8140b70d-8e5c-4c77-a718-ec1754e3f9d9 tempest-PortsAdminExtendedAttrsIpV6TestJSON-882115413 tempest-PortsAdminExtendedAttrsIpV6TestJSON-882115413-project-admin] Attempt 6 to bind port 66cdc7cf-13fa-4bda-b228-8714b47ab9f2
Jun 08 10:29:22.542361 dv-neutron-844179-5-hyperv neutron-server[105214]: INFO neutron.wsgi [None req-b5180c9b-5576-4455-8f83-28c3c3405e9d admin admin] 10.222.0.42 "GET /v2.0/security-groups?tenant_id=e789194c0c694da7bd67416866ae54f3&name=default HTTP/1.1" status: 200 len: 2996 time: 0.8485930
Jun 08 10:29:22.542361 dv-neutron-844179-5-hyperv neutron-server[105214]: DEBUG neutron_lib.callbacks.manager [None req-56043672-6d2f-4e52-bf48-4807a003be59 tempest-FloatingIPAdminTestJSON-1873358432 tempest-FloatingIPAdminTestJSON-1873358432-project] Publish callbacks ['neutron.services.l3_router.l3_router_plugin.L3_HA_NAT_db_mixin._before_router_create_handler-1025622', 'neutron.services.l3_router.service_providers.driver_controller.DriverController._check_router_request-3284'] for router (0d555d7f-4fa7-406a-8813-3c19971d2da0), before_create {{(pid=105214) _notify_loop /usr/local/lib/python3.8/dist-packages/neutron_lib/callbacks/manager.py:176}}
Jun 08 10:29:22.542714 dv-neutron-844179-5-hyperv neutron-server[105214]: DEBUG neutron_lib.callbacks.manager [None req-56043672-6d2f-4e52-bf48-4807a003be59 tempest-FloatingIPAdminTestJSON-1873358432 tempest-FloatingIPAdminTestJSON-1873358432-project] Publish callbacks ['neutron.services.l3_router.l3_router_plugin.L3_HA_NAT_db_mixin._precommit_router_create-1025280', 'neutron.services.l3_router.l3_router_plugin.DVRResourceOperationHandler._set_distributed_flag-1016734', 'neutron.services.l3_router.l3_router_plugin.RouterAvailabilityZoneMixin._process_az_request-569405', 'neutron.services.l3_router.service_providers.driver_controller.DriverController._set_router_provider-3245'] for router (0d555d7f-4fa7-406a-8813-3c19971d2da0), precommit_create {{(pid=105214) _notify_loop /usr/local/lib/python3.8/dist-packages/neutron_lib/callbacks/manager.py:176}}
Jun 08 10:29:22.549896 dv-neutron-844179-5-hyperv neutron-server[105214]: DEBUG neutron.wsgi [-] (105214) accepted ('10.222.0.42', 53676) {{(pid=105214) server /usr/local/lib/python3.8/dist-packages/eventlet/wsgi.py:1004}}
Jun 08 10:29:22.551786 dv-neutron-844179-5-hyperv neutron-server[105214]: DEBUG neutron_lib.callbacks.manager [None req-19357fff-aa16-45db-b57c-41ad45b3f184 tempest-ServersTestJSON-1844718131 tempest-ServersTestJSON-1844718131-project] Publish callbacks ['neutron.plugins.ml2.plugin.SecurityGroupDbMixin._ensure_default_security_group_handler-1655593'] for port (None), before_create {{(pid=105214) _notify_loop /usr/local/lib/python3.8/dist-packages/neutron_lib/callbacks/manager.py:176}}
Jun 08 10:29:22.558557 dv-neutron-844179-5-hyperv neutron-server[105216]: DEBUG neutron.api.rpc.handlers.dhcp_rpc [None req-690a4417-f442-4380-8670-e2e8f406bfbe None None] Network 70d47b5d-db42-45f1-b4b3-a62b6753d574 requested from dv-neutron-844179-5-hyperv {{(pid=105216) get_network_info /opt/stack/neutron/neutron/api/rpc/handlers/dhcp_rpc.py:191}}
Jun 08 10:29:22.561225 dv-neutron-844179-5-hyperv neutron-server[105215]: DEBUG neutron.api.v2.base [None req-371dfeef-c015-449e-9707-fda5ae500921 tempest-ServerActionsTestJSON-90873976 tempest-ServerActionsTestJSON-90873976-project] Request body: {'security_group_rule': {'security_group_id': '6a4f3804-b444-48af-ba76-352d2b9a7b4f', 'protocol': 'tcp', 'ethertype': 'IPv4', 'port_range_min': 22, 'port_range_max': 22, 'direction': 'ingress'}} {{(pid=105215) prepare_request_body /opt/stack/neutron/neutron/api/v2/base.py:730}}
Jun 08 10:29:22.561516 dv-neutron-844179-5-hyperv neutron-server[105216]: DEBUG neutron.db.db_base_plugin_common [None req-e0c5c830-ca9d-46dc-96ed-2c6024635373 None None] Allocated IP 172.20.0.2 (6be2cb1b-fdd8-4bb7-8fc2-3db3e0e8f615/c7a6213b-1f26-46fc-8ac8-0409f3a168fb/39f49d3b-1a30-4b74-8f95-13332a2d199d) {{(pid=105216) _store_ip_allocation /opt/stack/neutron/neutron/db/db_base_plugin_common.py:131}}
Jun 08 10:29:22.574330 dv-neutron-844179-5-hyperv neutron-server[105215]: INFO neutron.wsgi [None req-1d2d261f-42a2-47d1-b3bd-7d851329e534 tempest-DHCPAgentSchedulersTestJSON-391245292 tempest-DHCPAgentSchedulersTestJSON-391245292-project-admin] 10.222.0.42 "POST /v2.0/agents/40d9becb-0d4a-4087-9839-3b18e529b400/dhcp-networks HTTP/1.1" status: 201 len: 201 time: 0.2839448
Jun 08 10:29:22.588512 dv-neutron-844179-5-hyperv neutron-server[105215]: DEBUG neutron.wsgi [-] (105215) accepted ('10.222.0.42', 53678) {{(pid=105215) server /usr/local/lib/python3.8/dist-packages/eventlet/wsgi.py:1004}}
Jun 08 10:29:22.617325 dv-neutron-844179-5-hyperv neutron-server[105214]: DEBUG neutron.api.rpc.handlers.resources_rpc [None req-b5180c9b-5576-4455-8f83-28c3c3405e9d admin admin] Pushing event updated for resources: {'SecurityGroup': ['ID=816f3b40-0da4-429d-a047-931d12341346,revision_number=1']} {{(pid=105214) push /opt/stack/neutron/neutron/api/rpc/handlers/resources_rpc.py:237}}
Jun 08 10:29:22.639383 dv-neutron-844179-5-hyperv neutron-server[105214]: DEBUG neutron.plugins.ml2.managers [None req-8140b70d-8e5c-4c77-a718-ec1754e3f9d9 tempest-PortsAdminExtendedAttrsIpV6TestJSON-882115413 tempest-PortsAdminExtendedAttrsIpV6TestJSON-882115413-project-admin] Attempting to bind port 66cdc7cf-13fa-4bda-b228-8714b47ab9f2 on host hv-neutron-8441 for vnic_type normal with profile {{(pid=105214) bind_port /opt/stack/neutron/neutron/plugins/ml2/managers.py:811}}
Jun 08 10:29:22.640036 dv-neutron-844179-5-hyperv neutron-server[105214]: DEBUG neutron.plugins.ml2.managers [None req-8140b70d-8e5c-4c77-a718-ec1754e3f9d9 tempest-PortsAdminExtendedAttrsIpV6TestJSON-882115413 tempest-PortsAdminExtendedAttrsIpV6TestJSON-882115413-project-admin] Attempting to bind port 66cdc7cf-13fa-4bda-b228-8714b47ab9f2 by drivers openvswitch,hyperv on host hv-neutron-8441 at level 0 using segments [{'id': '256fb156-99c5-4c8a-a995-ce66f4e6dfe3', 'network_type': 'vlan', 'physical_network': 'physnet1', 'segmentation_id': 549, 'network_id': '00ac7533-5724-4cac-96fa-0c41bfe12297'}] {{(pid=105214) _bind_port_level /opt/stack/neutron/neutron/plugins/ml2/managers.py:836}}
Jun 08 10:29:22.640560 dv-neutron-844179-5-hyperv neutron-server[105214]: DEBUG neutron.plugins.ml2.drivers.mech_agent [None req-8140b70d-8e5c-4c77-a718-ec1754e3f9d9 tempest-PortsAdminExtendedAttrsIpV6TestJSON-882115413 tempest-PortsAdminExtendedAttrsIpV6TestJSON-882115413-project-admin] Attempting to bind port 66cdc7cf-13fa-4bda-b228-8714b47ab9f2 on network 00ac7533-5724-4cac-96fa-0c41bfe12297 {{(pid=105214) bind_port /opt/stack/neutron/neutron/plugins/ml2/drivers/mech_agent.py:91}}
Jun 08 10:29:22.651871 dv-neutron-844179-5-hyperv neutron-server[105216]: DEBUG neutron.plugins.ml2.managers [None req-ce851d8e-97b2-4623-b7aa-fb70af88aa36 None None] Attempting to bind port d7d9b361-f743-46f2-bc57-ec25868ea297 on host dv-neutron-844179-5-hyperv for vnic_type normal with profile {{(pid=105216) bind_port /opt/stack/neutron/neutron/plugins/ml2/managers.py:811}}
Jun 08 10:29:22.652362 dv-neutron-844179-5-hyperv neutron-server[105216]: DEBUG neutron.plugins.ml2.managers [None req-ce851d8e-97b2-4623-b7aa-fb70af88aa36 None None] Attempting to bind port d7d9b361-f743-46f2-bc57-ec25868ea297 by drivers openvswitch,hyperv on host dv-neutron-844179-5-hyperv at level 0 using segments [{'id': '07ae99f7-f6a7-4a23-98e3-a9c594d7b8a0', 'network_type': 'vlan', 'physical_network': 'physnet1', 'segmentation_id': 517, 'network_id': 'a822b6da-4c9e-45c7-97e4-69f546d8983c'}] {{(pid=105216) _bind_port_level /opt/stack/neutron/neutron/plugins/ml2/managers.py:836}}
Jun 08 10:29:22.652783 dv-neutron-844179-5-hyperv neutron-server[105216]: DEBUG neutron.plugins.ml2.drivers.mech_agent [None req-ce851d8e-97b2-4623-b7aa-fb70af88aa36 None None] Attempting to bind port d7d9b361-f743-46f2-bc57-ec25868ea297 on network a822b6da-4c9e-45c7-97e4-69f546d8983c {{(pid=105216) bind_port /opt/stack/neutron/neutron/plugins/ml2/drivers/mech_agent.py:91}}
Jun 08 10:29:22.676561 dv-neutron-844179-5-hyperv neutron-server[105214]: DEBUG neutron.plugins.ml2.drivers.mech_agent [None req-8140b70d-8e5c-4c77-a718-ec1754e3f9d9 tempest-PortsAdminExtendedAttrsIpV6TestJSON-882115413 tempest-PortsAdminExtendedAttrsIpV6TestJSON-882115413-project-admin] Port 66cdc7cf-13fa-4bda-b228-8714b47ab9f2 on network 00ac7533-5724-4cac-96fa-0c41bfe12297 not bound, no agent of type Open vSwitch agent registered on host hv-neutron-8441 {{(pid=105214) bind_port /opt/stack/neutron/neutron/plugins/ml2/drivers/mech_agent.py:103}}
Jun 08 10:29:22.676561 dv-neutron-844179-5-hyperv neutron-server[105214]: ERROR neutron.plugins.ml2.managers [None req-8140b70d-8e5c-4c77-a718-ec1754e3f9d9 tempest-PortsAdminExtendedAttrsIpV6TestJSON-882115413 tempest-PortsAdminExtendedAttrsIpV6TestJSON-882115413-project-admin] Failed to bind port 66cdc7cf-13fa-4bda-b228-8714b47ab9f2 on host hv-neutron-8441 for vnic_type normal using segments [{'id': '256fb156-99c5-4c8a-a995-ce66f4e6dfe3', 'network_type': 'vlan', 'physical_network': 'physnet1', 'segmentation_id': 549, 'network_id': '00ac7533-5724-4cac-96fa-0c41bfe12297'}]
Jun 08 10:29:22.687054 dv-neutron-844179-5-hyperv neutron-server[105214]: INFO neutron.plugins.ml2.plugin [None req-8140b70d-8e5c-4c77-a718-ec1754e3f9d9 tempest-PortsAdminExtendedAttrsIpV6TestJSON-882115413 tempest-PortsAdminExtendedAttrsIpV6TestJSON-882115413-project-admin] Attempt 7 to bind port 66cdc7cf-13fa-4bda-b228-8714b47ab9f2
Jun 08 10:29:22.705268 dv-neutron-844179-5-hyperv neutron-server[105215]: DEBUG neutron.scheduler.dhcp_agent_scheduler [None req-30700927-ccb1-495b-9743-8c46d6392223 tempest-RoutersAdminTest-1078506022 tempest-RoutersAdminTest-1078506022-project-admin] Network 7f568459-99c8-4046-bb9e-4ba1aefd56fe is already hosted by enough agents. {{(pid=105215) _get_dhcp_agents_hosting_network /opt/stack/neutron/neutron/scheduler/dhcp_agent_scheduler.py:275}}
Jun 08 10:29:22.709265 dv-neutron-844179-5-hyperv neutron-server[105215]: DEBUG neutron_lib.callbacks.manager [None req-b726ea3d-b92b-46a7-886d-b6cad0bb9ec9 tempest-ExtraDHCPOptionsTestJSON-566651761 tempest-ExtraDHCPOptionsTestJSON-566651761-project] Publish callbacks [] for security_group (65f2d36b-7b8c-4bf6-bb30-3a81d8e38625), precommit_create {{(pid=105215) _notify_loop /usr/local/lib/python3.8/dist-packages/neutron_lib/callbacks/manager.py:176}}
Jun 08 10:29:22.710237 dv-neutron-844179-5-hyperv neutron-server[105215]: DEBUG neutron.api.rpc.handlers.resources_rpc [None req-30700927-ccb1-495b-9743-8c46d6392223 tempest-RoutersAdminTest-1078506022 tempest-RoutersAdminTest-1078506022-project-admin] Pushing event updated for resources: {'Port': ['ID=83d7081f-5cfc-44fd-b4e8-e7290cf1b27e,revision_number=1']} {{(pid=105215) push /opt/stack/neutron/neutron/api/rpc/handlers/resources_rpc.py:237}}
Jun 08 10:29:22.724713 dv-neutron-844179-5-hyperv neutron-server[105215]: DEBUG neutron.scheduler.base_scheduler [None req-30700927-ccb1-495b-9743-8c46d6392223 tempest-RoutersAdminTest-1078506022 tempest-RoutersAdminTest-1078506022-project-admin] Resources bound (agent type, host, resource id): {{(pid=105215) schedule /opt/stack/neutron/neutron/scheduler/base_scheduler.py:57}}
Jun 08 10:29:22.730125 dv-neutron-844179-5-hyperv neutron-server[105215]: DEBUG neutron.db.l3_dvrscheduler_db [None req-30700927-ccb1-495b-9743-8c46d6392223 tempest-RoutersAdminTest-1078506022 tempest-RoutersAdminTest-1078506022-project-admin] Received port after_create {{(pid=105215) _notify_l3_agent_new_port /opt/stack/neutron/neutron/db/l3_dvrscheduler_db.py:542}}
Jun 08 10:29:22.773322 dv-neutron-844179-5-hyperv neutron-server[105214]: DEBUG neutron.plugins.ml2.managers [None req-8140b70d-8e5c-4c77-a718-ec1754e3f9d9 tempest-PortsAdminExtendedAttrsIpV6TestJSON-882115413 tempest-PortsAdminExtendedAttrsIpV6TestJSON-882115413-project-admin] Attempting to bind port 66cdc7cf-13fa-4bda-b228-8714b47ab9f2 on host hv-neutron-8441 for vnic_type normal with profile {{(pid=105214) bind_port /opt/stack/neutron/neutron/plugins/ml2/managers.py:811}}
Jun 08 10:29:22.773823 dv-neutron-844179-5-hyperv neutron-server[105214]: DEBUG neutron.plugins.ml2.managers [None req-8140b70d-8e5c-4c77-a718-ec1754e3f9d9 tempest-PortsAdminExtendedAttrsIpV6TestJSON-882115413 tempest-PortsAdminExtendedAttrsIpV6TestJSON-882115413-project-admin] Attempting to bind port 66cdc7cf-13fa-4bda-b228-8714b47ab9f2 by drivers openvswitch,hyperv on host hv-neutron-8441 at level 0 using segments [{'id': '256fb156-99c5-4c8a-a995-ce66f4e6dfe3', 'network_type': 'vlan', 'physical_network': 'physnet1', 'segmentation_id': 549, 'network_id': '00ac7533-5724-4cac-96fa-0c41bfe12297'}] {{(pid=105214) _bind_port_level /opt/stack/neutron/neutron/plugins/ml2/managers.py:836}}
Jun 08 10:29:22.774004 dv-neutron-844179-5-hyperv neutron-server[105214]: DEBUG neutron.plugins.ml2.drivers.mech_agent [None req-8140b70d-8e5c-4c77-a718-ec1754e3f9d9 tempest-PortsAdminExtendedAttrsIpV6TestJSON-882115413 tempest-PortsAdminExtendedAttrsIpV6TestJSON-882115413-project-admin] Attempting to bind port 66cdc7cf-13fa-4bda-b228-8714b47ab9f2 on network 00ac7533-5724-4cac-96fa-0c41bfe12297 {{(pid=105214) bind_port /opt/stack/neutron/neutron/plugins/ml2/drivers/mech_agent.py:91}}
Jun 08 10:29:22.779794 dv-neutron-844179-5-hyperv neutron-server[105214]: DEBUG neutron_lib.callbacks.manager [None req-56043672-6d2f-4e52-bf48-4807a003be59 tempest-FloatingIPAdminTestJSON-1873358432 tempest-FloatingIPAdminTestJSON-1873358432-project] Publish callbacks [] for router_controller (0d555d7f-4fa7-406a-8813-3c19971d2da0), precommit_add_association {{(pid=105214) _notify_loop /usr/local/lib/python3.8/dist-packages/neutron_lib/callbacks/manager.py:176}}
Jun 08 10:29:22.781816 dv-neutron-844179-5-hyperv neutron-server[105215]: DEBUG neutron_lib.callbacks.manager [None req-371dfeef-c015-449e-9707-fda5ae500921 tempest-ServerActionsTestJSON-90873976 tempest-ServerActionsTestJSON-90873976-project] Publish callbacks [] for security_group_rule (9f75b57a-8b80-423c-86bc-277342bc8e56), before_create {{(pid=105215) _notify_loop /usr/local/lib/python3.8/dist-packages/neutron_lib/callbacks/manager.py:176}}
Jun 08 10:29:22.793251 dv-neutron-844179-5-hyperv neutron-server[105214]: DEBUG neutron.plugins.ml2.drivers.mech_agent [None req-8140b70d-8e5c-4c77-a718-ec1754e3f9d9 tempest-PortsAdminExtendedAttrsIpV6TestJSON-882115413 tempest-PortsAdminExtendedAttrsIpV6TestJSON-882115413-project-admin] Port 66cdc7cf-13fa-4bda-b228-8714b47ab9f2 on network 00ac7533-5724-4cac-96fa-0c41bfe12297 not bound, no agent of type Open vSwitch agent registered on host hv-neutron-8441 {{(pid=105214) bind_port /opt/stack/neutron/neutron/plugins/ml2/drivers/mech_agent.py:103}}
Jun 08 10:29:22.794038 dv-neutron-844179-5-hyperv neutron-server[105214]: ERROR neutron.plugins.ml2.managers [None req-8140b70d-8e5c-4c77-a718-ec1754e3f9d9 tempest-PortsAdminExtendedAttrsIpV6TestJSON-882115413 tempest-PortsAdminExtendedAttrsIpV6TestJSON-882115413-project-admin] Failed to bind port 66cdc7cf-13fa-4bda-b228-8714b47ab9f2 on host hv-neutron-8441 for vnic_type normal using segments [{'id': '256fb156-99c5-4c8a-a995-ce66f4e6dfe3', 'network_type': 'vlan', 'physical_network': 'physnet1', 'segmentation_id': 549, 'network_id': '00ac7533-5724-4cac-96fa-0c41bfe12297'}]
Jun 08 10:29:22.795047 dv-neutron-844179-5-hyperv neutron-server[105215]: DEBUG neutron_lib.callbacks.manager [None req-b726ea3d-b92b-46a7-886d-b6cad0bb9ec9 tempest-ExtraDHCPOptionsTestJSON-566651761 tempest-ExtraDHCPOptionsTestJSON-566651761-project] Publish callbacks ['neutron.plugins.ml2.ovo_rpc._ObjectChangeHandler.handle_event-554532'] for security_group (65f2d36b-7b8c-4bf6-bb30-3a81d8e38625), after_create {{(pid=105215) _notify_loop /usr/local/lib/python3.8/dist-packages/neutron_lib/callbacks/manager.py:176}}
Jun 08 10:29:22.797188 dv-neutron-844179-5-hyperv neutron-server[105214]: INFO neutron.plugins.ml2.plugin [None req-8140b70d-8e5c-4c77-a718-ec1754e3f9d9 tempest-PortsAdminExtendedAttrsIpV6TestJSON-882115413 tempest-PortsAdminExtendedAttrsIpV6TestJSON-882115413-project-admin] Attempt 8 to bind port 66cdc7cf-13fa-4bda-b228-8714b47ab9f2
Jun 08 10:29:22.811073 dv-neutron-844179-5-hyperv neutron-server[105216]: DEBUG neutron.plugins.ml2.drivers.mech_agent [None req-ce851d8e-97b2-4623-b7aa-fb70af88aa36 None None] Checking agent: {'id': '24443650-6322-4e6c-a477-c1a06e949bc0', 'agent_type': 'Open vSwitch agent', 'binary': 'neutron-openvswitch-agent', 'topic': 'N/A', 'host': 'dv-neutron-844179-5-hyperv', 'admin_state_up': True, 'created_at': datetime.datetime(2022, 6, 8, 10, 20, 50), 'started_at': datetime.datetime(2022, 6, 8, 10, 21, 20), 'heartbeat_timestamp': datetime.datetime(2022, 6, 8, 10, 29, 20), 'description': None, 'resources_synced': None, 'availability_zone': None, 'alive': True, 'configurations': {'arp_responder_enabled': False, 'baremetal_smartnic': False, 'bridge_mappings': {'physnet1': 'br-data'}, 'datapath_type': 'system', 'devices': 0, 'enable_distributed_routing': False, 'extensions': [], 'in_distributed_mode': False, 'integration_bridge': 'br-int', 'l2_population': False, 'log_agent_heartbeats': False, 'ovs_capabilities': {'datapath_types': ['netdev', 'system'], 'iface_types': ['erspan', 'geneve', 'gre', 'internal', 'ip6erspan', 'ip6gre', 'lisp', 'patch', 'stt', 'system', 'tap', 'vxlan']}, 'ovs_hybrid_plug': False, 'resource_provider_bandwidths': {}, 'resource_provider_hypervisors': {'br-data': 'dv-neutron-844179-5-hyperv'}, 'resource_provider_inventory_defaults': {'allocation_ratio': 1.0, 'min_unit': 1, 'step_size': 1, 'reserved': 0}, 'resource_provider_packet_processing_inventory_defaults': {'allocation_ratio': 1.0, 'min_unit': 1, 'step_size': 1, 'reserved': 0}, 'resource_provider_packet_processing_with_direction': {}, 'resource_provider_packet_processing_without_direction': {}, 'tunnel_types': [], 'tunneling_ip': None, 'vhostuser_socket_dir': '/var/run/openvswitch'}, 'resource_versions': {'AddressGroup': '1.2', 'Agent': '1.1', 'ConntrackHelper': '1.0', 'LocalIPAssociation': '1.0', 'Log': '1.0', 'NDPProxy': '1.0', 'Network': '1.1', 'Port': '1.7', 'PortForwarding': '1.3', 'QosPolicy': '1.10', 'SecurityGroup': '1.5', 'SecurityGroupRule': '1.2', 'SubPort': '1.0', 'Subnet': '1.1', 'Trunk': '1.1'}} {{(pid=105216) bind_port /opt/stack/neutron/neutron/plugins/ml2/drivers/mech_agent.py:110}}
Jun 08 10:29:22.811438 dv-neutron-844179-5-hyperv neutron-server[105216]: DEBUG neutron.plugins.ml2.drivers.mech_agent [None req-ce851d8e-97b2-4623-b7aa-fb70af88aa36 None None] Checking segment: {'id': '07ae99f7-f6a7-4a23-98e3-a9c594d7b8a0', 'network_type': 'vlan', 'physical_network': 'physnet1', 'segmentation_id': 517, 'network_id': 'a822b6da-4c9e-45c7-97e4-69f546d8983c'} for mappings: {'physnet1': 'br-data'} with network types: ['local', 'flat', 'vlan'] {{(pid=105216) check_segment_for_agent /opt/stack/neutron/neutron/plugins/ml2/drivers/mech_agent.py:373}}
Jun 08 10:29:22.811824 dv-neutron-844179-5-hyperv neutron-server[105216]: DEBUG neutron_lib.callbacks.manager [None req-ce851d8e-97b2-4623-b7aa-fb70af88aa36 None None] Publish callbacks [] for ovs_bridge_name (None), before_read {{(pid=105216) _notify_loop /usr/local/lib/python3.8/dist-packages/neutron_lib/callbacks/manager.py:176}}
Jun 08 10:29:22.812207 dv-neutron-844179-5-hyperv neutron-server[105216]: DEBUG neutron.plugins.ml2.drivers.mech_agent [None req-ce851d8e-97b2-4623-b7aa-fb70af88aa36 None None] Bound using segment: {'id': '07ae99f7-f6a7-4a23-98e3-a9c594d7b8a0', 'network_type': 'vlan', 'physical_network': 'physnet1', 'segmentation_id': 517, 'network_id': 'a822b6da-4c9e-45c7-97e4-69f546d8983c'} {{(pid=105216) bind_port /opt/stack/neutron/neutron/plugins/ml2/drivers/mech_agent.py:120}}
Jun 08 10:29:22.812671 dv-neutron-844179-5-hyperv neutron-server[105216]: DEBUG neutron.plugins.ml2.managers [None req-ce851d8e-97b2-4623-b7aa-fb70af88aa36 None None] Bound port: d7d9b361-f743-46f2-bc57-ec25868ea297, host: dv-neutron-844179-5-hyperv, vif_type: ovs, vif_details: {"connectivity": "l2", "port_filter": true, "ovs_hybrid_plug": false, "datapath_type": "system", "bridge_name": "br-int"}, binding_levels: [{'bound_driver': 'openvswitch', 'bound_segment': {'id': '07ae99f7-f6a7-4a23-98e3-a9c594d7b8a0', 'network_type': 'vlan', 'physical_network': 'physnet1', 'segmentation_id': 517, 'network_id': 'a822b6da-4c9e-45c7-97e4-69f546d8983c'}}] {{(pid=105216) _bind_port_level /opt/stack/neutron/neutron/plugins/ml2/managers.py:948}}
Jun 08 10:29:22.813667 dv-neutron-844179-5-hyperv neutron-server[105216]: DEBUG neutron_lib.callbacks.manager [None req-ce851d8e-97b2-4623-b7aa-fb70af88aa36 None None] Publish callbacks ['neutron.plugins.ml2.plugin.SecurityGroupDbMixin._ensure_default_security_group_handler-1655593'] for port (d7d9b361-f743-46f2-bc57-ec25868ea297), before_update {{(pid=105216) _notify_loop /usr/local/lib/python3.8/dist-packages/neutron_lib/callbacks/manager.py:176}}
Jun 08 10:29:22.822476 dv-neutron-844179-5-hyperv neutron-server[105214]: DEBUG neutron_lib.callbacks.manager [None req-4c1f2f19-bd9f-4969-9476-9a8baeafbea5 admin admin] Publish callbacks [] for security_group (816f3b40-0da4-429d-a047-931d12341346), before_delete {{(pid=105214) _notify_loop /usr/local/lib/python3.8/dist-packages/neutron_lib/callbacks/manager.py:176}}
Jun 08 10:29:22.828459 dv-neutron-844179-5-hyperv neutron-server[105214]: DEBUG neutron.db.db_base_plugin_common [None req-19357fff-aa16-45db-b57c-41ad45b3f184 tempest-ServersTestJSON-1844718131 tempest-ServersTestJSON-1844718131-project] Allocated IP 172.26.8.254 (34e387ef-de32-44d8-af75-c9ecb644314a/ea142081-b067-49c7-bed9-b9f92df59de1/bab616db-ed0d-40d0-8441-a10a2028c4c5) {{(pid=105214) _store_ip_allocation /opt/stack/neutron/neutron/db/db_base_plugin_common.py:131}}
Jun 08 10:29:22.829117 dv-neutron-844179-5-hyperv neutron-server[105214]: DEBUG neutron.plugins.ml2.managers [None req-8140b70d-8e5c-4c77-a718-ec1754e3f9d9 tempest-PortsAdminExtendedAttrsIpV6TestJSON-882115413 tempest-PortsAdminExtendedAttrsIpV6TestJSON-882115413-project-admin] Attempting to bind port 66cdc7cf-13fa-4bda-b228-8714b47ab9f2 on host hv-neutron-8441 for vnic_type normal with profile {{(pid=105214) bind_port /opt/stack/neutron/neutron/plugins/ml2/managers.py:811}}
Jun 08 10:29:22.829542 dv-neutron-844179-5-hyperv neutron-server[105214]: DEBUG neutron.plugins.ml2.managers [None req-8140b70d-8e5c-4c77-a718-ec1754e3f9d9 tempest-PortsAdminExtendedAttrsIpV6TestJSON-882115413 tempest-PortsAdminExtendedAttrsIpV6TestJSON-882115413-project-admin] Attempting to bind port 66cdc7cf-13fa-4bda-b228-8714b47ab9f2 by drivers openvswitch,hyperv on host hv-neutron-8441 at level 0 using segments [{'id': '256fb156-99c5-4c8a-a995-ce66f4e6dfe3', 'network_type': 'vlan', 'physical_network': 'physnet1', 'segmentation_id': 549, 'network_id': '00ac7533-5724-4cac-96fa-0c41bfe12297'}] {{(pid=105214) _bind_port_level /opt/stack/neutron/neutron/plugins/ml2/managers.py:836}}
Jun 08 10:29:22.829894 dv-neutron-844179-5-hyperv neutron-server[105214]: DEBUG neutron.plugins.ml2.drivers.mech_agent [None req-8140b70d-8e5c-4c77-a718-ec1754e3f9d9 tempest-PortsAdminExtendedAttrsIpV6TestJSON-882115413 tempest-PortsAdminExtendedAttrsIpV6TestJSON-882115413-project-admin] Attempting to bind port 66cdc7cf-13fa-4bda-b228-8714b47ab9f2 on network 00ac7533-5724-4cac-96fa-0c41bfe12297 {{(pid=105214) bind_port /opt/stack/neutron/neutron/plugins/ml2/drivers/mech_agent.py:91}}
Jun 08 10:29:22.849354 dv-neutron-844179-5-hyperv neutron-server[105214]: DEBUG neutron.plugins.ml2.drivers.mech_agent [None req-8140b70d-8e5c-4c77-a718-ec1754e3f9d9 tempest-PortsAdminExtendedAttrsIpV6TestJSON-882115413 tempest-PortsAdminExtendedAttrsIpV6TestJSON-882115413-project-admin] Port 66cdc7cf-13fa-4bda-b228-8714b47ab9f2 on network 00ac7533-5724-4cac-96fa-0c41bfe12297 not bound, no agent of type Open vSwitch agent registered on host hv-neutron-8441 {{(pid=105214) bind_port /opt/stack/neutron/neutron/plugins/ml2/drivers/mech_agent.py:103}}
Jun 08 10:29:22.849827 dv-neutron-844179-5-hyperv neutron-server[105214]: ERROR neutron.plugins.ml2.managers [None req-8140b70d-8e5c-4c77-a718-ec1754e3f9d9 tempest-PortsAdminExtendedAttrsIpV6TestJSON-882115413 tempest-PortsAdminExtendedAttrsIpV6TestJSON-882115413-project-admin] Failed to bind port 66cdc7cf-13fa-4bda-b228-8714b47ab9f2 on host hv-neutron-8441 for vnic_type normal using segments [{'id': '256fb156-99c5-4c8a-a995-ce66f4e6dfe3', 'network_type': 'vlan', 'physical_network': 'physnet1', 'segmentation_id': 549, 'network_id': '00ac7533-5724-4cac-96fa-0c41bfe12297'}]
Jun 08 10:29:22.853190 dv-neutron-844179-5-hyperv neutron-server[105214]: INFO neutron.plugins.ml2.plugin [None req-8140b70d-8e5c-4c77-a718-ec1754e3f9d9 tempest-PortsAdminExtendedAttrsIpV6TestJSON-882115413 tempest-PortsAdminExtendedAttrsIpV6TestJSON-882115413-project-admin] Attempt 9 to bind port 66cdc7cf-13fa-4bda-b228-8714b47ab9f2
Jun 08 10:29:22.888047 dv-neutron-844179-5-hyperv neutron-server[105214]: DEBUG neutron_lib.callbacks.manager [None req-4c1f2f19-bd9f-4969-9476-9a8baeafbea5 admin admin] Publish callbacks [] for security_group (816f3b40-0da4-429d-a047-931d12341346), precommit_delete {{(pid=105214) _notify_loop /usr/local/lib/python3.8/dist-packages/neutron_lib/callbacks/manager.py:176}}
Jun 08 10:29:22.888246 dv-neutron-844179-5-hyperv neutron-server[105216]: DEBUG neutron.db.provisioning_blocks [None req-61c92f55-96ad-41c1-ad90-747d185e5043 None None] Provisioning complete for port d7d9b361-f743-46f2-bc57-ec25868ea297 triggered by entity DHCP. {{(pid=105216) provisioning_complete /opt/stack/neutron/neutron/db/provisioning_blocks.py:145}}
Jun 08 10:29:22.888492 dv-neutron-844179-5-hyperv neutron-server[105216]: DEBUG neutron_lib.callbacks.manager [None req-61c92f55-96ad-41c1-ad90-747d185e5043 None None] Publish callbacks ['neutron.plugins.ml2.plugin.Ml2Plugin._port_provisioned-1981546'] for port (d7d9b361-f743-46f2-bc57-ec25868ea297), provisioning_complete {{(pid=105216) _notify_loop /usr/local/lib/python3.8/dist-packages/neutron_lib/callbacks/manager.py:176}}
Jun 08 10:29:22.920933 dv-neutron-844179-5-hyperv neutron-server[105215]: DEBUG neutron.plugins.ml2.drivers.helpers [None req-b726ea3d-b92b-46a7-886d-b6cad0bb9ec9 tempest-ExtraDHCPOptionsTestJSON-566651761 tempest-ExtraDHCPOptionsTestJSON-566651761-project] vlan segment allocate from pool success with {'physical_network': 'physnet1', 'vlan_id': 512} {{(pid=105215) allocate_partially_specified_segment /opt/stack/neutron/neutron/plugins/ml2/drivers/helpers.py:153}}
Jun 08 10:29:22.924837 dv-neutron-844179-5-hyperv neutron-server[105214]: DEBUG neutron.plugins.ml2.managers [None req-8140b70d-8e5c-4c77-a718-ec1754e3f9d9 tempest-PortsAdminExtendedAttrsIpV6TestJSON-882115413 tempest-PortsAdminExtendedAttrsIpV6TestJSON-882115413-project-admin] Attempting to bind port 66cdc7cf-13fa-4bda-b228-8714b47ab9f2 on host hv-neutron-8441 for vnic_type normal with profile {{(pid=105214) bind_port /opt/stack/neutron/neutron/plugins/ml2/managers.py:811}}
Jun 08 10:29:22.925180 dv-neutron-844179-5-hyperv neutron-server[105214]: DEBUG neutron.plugins.ml2.managers [None req-8140b70d-8e5c-4c77-a718-ec1754e3f9d9 tempest-PortsAdminExtendedAttrsIpV6TestJSON-882115413 tempest-PortsAdminExtendedAttrsIpV6TestJSON-882115413-project-admin] Attempting to bind port 66cdc7cf-13fa-4bda-b228-8714b47ab9f2 by drivers openvswitch,hyperv on host hv-neutron-8441 at level 0 using segments [{'id': '256fb156-99c5-4c8a-a995-ce66f4e6dfe3', 'network_type': 'vlan', 'physical_network': 'physnet1', 'segmentation_id': 549, 'network_id': '00ac7533-5724-4cac-96fa-0c41bfe12297'}] {{(pid=105214) _bind_port_level /opt/stack/neutron/neutron/plugins/ml2/managers.py:836}}
Jun 08 10:29:22.925515 dv-neutron-844179-5-hyperv neutron-server[105214]: DEBUG neutron.plugins.ml2.drivers.mech_agent [None req-8140b70d-8e5c-4c77-a718-ec1754e3f9d9 tempest-PortsAdminExtendedAttrsIpV6TestJSON-882115413 tempest-PortsAdminExtendedAttrsIpV6TestJSON-882115413-project-admin] Attempting to bind port 66cdc7cf-13fa-4bda-b228-8714b47ab9f2 on network 00ac7533-5724-4cac-96fa-0c41bfe12297 {{(pid=105214) bind_port /opt/stack/neutron/neutron/plugins/ml2/drivers/mech_agent.py:91}}
Jun 08 10:29:22.971378 dv-neutron-844179-5-hyperv neutron-server[105215]: DEBUG neutron.api.rpc.handlers.resources_rpc [None req-b726ea3d-b92b-46a7-886d-b6cad0bb9ec9 tempest-ExtraDHCPOptionsTestJSON-566651761 tempest-ExtraDHCPOptionsTestJSON-566651761-project] Pushing event updated for resources: {'SecurityGroup': ['ID=65f2d36b-7b8c-4bf6-bb30-3a81d8e38625,revision_number=1']} {{(pid=105215) push /opt/stack/neutron/neutron/api/rpc/handlers/resources_rpc.py:237}}
Jun 08 10:29:22.981070 dv-neutron-844179-5-hyperv neutron-server[105216]: DEBUG neutron.plugins.ml2.plugin [None req-61c92f55-96ad-41c1-ad90-747d185e5043 None None] Port d7d9b361-f743-46f2-bc57-ec25868ea297 cannot update to ACTIVE because it is not bound. {{(pid=105216) _port_provisioned /opt/stack/neutron/neutron/plugins/ml2/plugin.py:354}}
Jun 08 10:29:22.996935 dv-neutron-844179-5-hyperv neutron-server[105215]: DEBUG neutron_lib.callbacks.manager [None req-b726ea3d-b92b-46a7-886d-b6cad0bb9ec9 tempest-ExtraDHCPOptionsTestJSON-566651761 tempest-ExtraDHCPOptionsTestJSON-566651761-project] Publish callbacks ['neutron.plugins.ml2.plugin.Ml2Plugin._handle_segment_change-2029944'] for segment (224ef773-2d3a-4352-8863-1c86d090ca08), precommit_create {{(pid=105215) _notify_loop /usr/local/lib/python3.8/dist-packages/neutron_lib/callbacks/manager.py:176}}
Jun 08 10:29:22.997378 dv-neutron-844179-5-hyperv neutron-server[105215]: INFO neutron.db.segments_db [None req-b726ea3d-b92b-46a7-886d-b6cad0bb9ec9 tempest-ExtraDHCPOptionsTestJSON-566651761 tempest-ExtraDHCPOptionsTestJSON-566651761-project] Added segment 224ef773-2d3a-4352-8863-1c86d090ca08 of type vlan for network 2e68b09f-b2d6-4442-85a9-e53affe98f93
Jun 08 10:29:23.001074 dv-neutron-844179-5-hyperv neutron-server[105216]: DEBUG neutron.plugins.ml2.db [None req-ce851d8e-97b2-4623-b7aa-fb70af88aa36 None None] For port d7d9b361-f743-46f2-bc57-ec25868ea297, host dv-neutron-844179-5-hyperv, cleared binding levels {{(pid=105216) clear_binding_levels /opt/stack/neutron/neutron/plugins/ml2/db.py:87}}
Jun 08 10:29:23.012955 dv-neutron-844179-5-hyperv neutron-server[105215]: DEBUG neutron_lib.callbacks.manager [None req-371dfeef-c015-449e-9707-fda5ae500921 tempest-ServerActionsTestJSON-90873976 tempest-ServerActionsTestJSON-90873976-project] Publish callbacks [] for security_group_rule (9f75b57a-8b80-423c-86bc-277342bc8e56), precommit_create {{(pid=105215) _notify_loop /usr/local/lib/python3.8/dist-packages/neutron_lib/callbacks/manager.py:176}}
Jun 08 10:29:23.021406 dv-neutron-844179-5-hyperv neutron-server[105216]: DEBUG neutron.plugins.ml2.db [None req-ce851d8e-97b2-4623-b7aa-fb70af88aa36 None None] For port d7d9b361-f743-46f2-bc57-ec25868ea297, host dv-neutron-844179-5-hyperv, set binding levels [PortBindingLevel(driver='openvswitch',host='dv-neutron-844179-5-hyperv',level=0,port_id=d7d9b361-f743-46f2-bc57-ec25868ea297,segment=NetworkSegment(07ae99f7-f6a7-4a23-98e3-a9c594d7b8a0),segment_id=07ae99f7-f6a7-4a23-98e3-a9c594d7b8a0)] {{(pid=105216) set_binding_levels /opt/stack/neutron/neutron/plugins/ml2/db.py:59}}
Jun 08 10:29:23.040113 dv-neutron-844179-5-hyperv neutron-server[105215]: INFO neutron.wsgi [None req-0d73035d-c9e3-4346-8d8b-7f4e45dd3c03 tempest-DHCPAgentSchedulersTestJSON-391245292 tempest-DHCPAgentSchedulersTestJSON-391245292-project-admin] 10.222.0.42 "GET /v2.0/agents/40d9becb-0d4a-4087-9839-3b18e529b400/dhcp-networks HTTP/1.1" status: 200 len: 8032 time: 0.4417608
Jun 08 10:29:23.040547 dv-neutron-844179-5-hyperv neutron-server[105215]: DEBUG neutron.wsgi [-] (105215) accepted ('10.222.0.42', 53680) {{(pid=105215) server /usr/local/lib/python3.8/dist-packages/eventlet/wsgi.py:1004}}
Jun 08 10:29:23.041437 dv-neutron-844179-5-hyperv neutron-server[105216]: DEBUG neutron_lib.callbacks.manager [None req-e0c5c830-ca9d-46dc-96ed-2c6024635373 None None] Publish callbacks [] for port (39f49d3b-1a30-4b74-8f95-13332a2d199d), precommit_create {{(pid=105216) _notify_loop /usr/local/lib/python3.8/dist-packages/neutron_lib/callbacks/manager.py:176}}
Jun 08 10:29:23.053401 dv-neutron-844179-5-hyperv neutron-server[105214]: DEBUG neutron.plugins.ml2.drivers.mech_agent [None req-8140b70d-8e5c-4c77-a718-ec1754e3f9d9 tempest-PortsAdminExtendedAttrsIpV6TestJSON-882115413 tempest-PortsAdminExtendedAttrsIpV6TestJSON-882115413-project-admin] Port 66cdc7cf-13fa-4bda-b228-8714b47ab9f2 on network 00ac7533-5724-4cac-96fa-0c41bfe12297 not bound, no agent of type Open vSwitch agent registered on host hv-neutron-8441 {{(pid=105214) bind_port /opt/stack/neutron/neutron/plugins/ml2/drivers/mech_agent.py:103}}
Jun 08 10:29:23.053732 dv-neutron-844179-5-hyperv neutron-server[105214]: ERROR neutron.plugins.ml2.managers [None req-8140b70d-8e5c-4c77-a718-ec1754e3f9d9 tempest-PortsAdminExtendedAttrsIpV6TestJSON-882115413 tempest-PortsAdminExtendedAttrsIpV6TestJSON-882115413-project-admin] Failed to bind port 66cdc7cf-13fa-4bda-b228-8714b47ab9f2 on host hv-neutron-8441 for vnic_type normal using segments [{'id': '256fb156-99c5-4c8a-a995-ce66f4e6dfe3', 'network_type': 'vlan', 'physical_network': 'physnet1', 'segmentation_id': 549, 'network_id': '00ac7533-5724-4cac-96fa-0c41bfe12297'}]
Jun 08 10:29:23.066423 dv-neutron-844179-5-hyperv neutron-server[105214]: INFO neutron.plugins.ml2.plugin [None req-8140b70d-8e5c-4c77-a718-ec1754e3f9d9 tempest-PortsAdminExtendedAttrsIpV6TestJSON-882115413 tempest-PortsAdminExtendedAttrsIpV6TestJSON-882115413-project-admin] Attempt 10 to bind port 66cdc7cf-13fa-4bda-b228-8714b47ab9f2
Jun 08 10:29:23.092688 dv-neutron-844179-5-hyperv neutron-server[105216]: DEBUG neutron_lib.callbacks.manager [None req-ce851d8e-97b2-4623-b7aa-fb70af88aa36 None None] Publish callbacks ['neutron.plugins.ml2.plugin.SecurityGroupServerNotifierRpcMixin._notify_sg_on_port_change-1655784', 'neutron.plugins.ml2.ovo_rpc._ObjectChangeHandler.handle_event-460846', 'neutron.api.rpc.agentnotifiers.dhcp_rpc_agent_api.DhcpAgentNotifyAPI._native_event_send_dhcp_notification-531292', 'neutron.db.l3_db.L3RpcNotifierMixin._notify_gateway_port_ip_changed-8750658967938', 'neutron.db.l3_dvrscheduler_db._notify_l3_agent_port_update-8750658551839', 'neutron.db.l3_hascheduler_db._notify_l3_agent_ha_port_update-8750658551857'] for port (d7d9b361-f743-46f2-bc57-ec25868ea297), after_update {{(pid=105216) _notify_loop /usr/local/lib/python3.8/dist-packages/neutron_lib/callbacks/manager.py:176}}
Jun 08 10:29:23.098461 dv-neutron-844179-5-hyperv neutron-server[105215]: DEBUG neutron_lib.callbacks.manager [None req-371dfeef-c015-449e-9707-fda5ae500921 tempest-ServerActionsTestJSON-90873976 tempest-ServerActionsTestJSON-90873976-project] Publish callbacks ['neutron.plugins.ml2.ovo_rpc._ObjectChangeHandler.handle_event-551317'] for security_group_rule (9f75b57a-8b80-423c-86bc-277342bc8e56), after_create {{(pid=105215) _notify_loop /usr/local/lib/python3.8/dist-packages/neutron_lib/callbacks/manager.py:176}}
Jun 08 10:29:23.098888 dv-neutron-844179-5-hyperv neutron-server[105216]: DEBUG neutron_lib.callbacks.manager [None req-e0c5c830-ca9d-46dc-96ed-2c6024635373 None None] Publish callbacks ['neutron.plugins.ml2.plugin.SecurityGroupServerNotifierRpcMixin._notify_sg_on_port_change-1655784', 'neutron.plugins.ml2.ovo_rpc._ObjectChangeHandler.handle_event-460846', 'neutron.api.rpc.agentnotifiers.dhcp_rpc_agent_api.DhcpAgentNotifyAPI._native_event_send_dhcp_notification-531292', 'neutron.db.l3_dvrscheduler_db._notify_l3_agent_new_port-8750658551821'] for port (39f49d3b-1a30-4b74-8f95-13332a2d199d), after_create {{(pid=105216) _notify_loop /usr/local/lib/python3.8/dist-packages/neutron_lib/callbacks/manager.py:176}}
Jun 08 10:29:23.143405 dv-neutron-844179-5-hyperv neutron-server[105214]: DEBUG neutron.plugins.ml2.managers [None req-8140b70d-8e5c-4c77-a718-ec1754e3f9d9 tempest-PortsAdminExtendedAttrsIpV6TestJSON-882115413 tempest-PortsAdminExtendedAttrsIpV6TestJSON-882115413-project-admin] Attempting to bind port 66cdc7cf-13fa-4bda-b228-8714b47ab9f2 on host hv-neutron-8441 for vnic_type normal with profile {{(pid=105214) bind_port /opt/stack/neutron/neutron/plugins/ml2/managers.py:811}}
Jun 08 10:29:23.143405 dv-neutron-844179-5-hyperv neutron-server[105214]: DEBUG neutron.plugins.ml2.managers [None req-8140b70d-8e5c-4c77-a718-ec1754e3f9d9 tempest-PortsAdminExtendedAttrsIpV6TestJSON-882115413 tempest-PortsAdminExtendedAttrsIpV6TestJSON-882115413-project-admin] Attempting to bind port 66cdc7cf-13fa-4bda-b228-8714b47ab9f2 by drivers openvswitch,hyperv on host hv-neutron-8441 at level 0 using segments [{'id': '256fb156-99c5-4c8a-a995-ce66f4e6dfe3', 'network_type': 'vlan', 'physical_network': 'physnet1', 'segmentation_id': 549, 'network_id': '00ac7533-5724-4cac-96fa-0c41bfe12297'}] {{(pid=105214) _bind_port_level /opt/stack/neutron/neutron/plugins/ml2/managers.py:836}}
Jun 08 10:29:23.143405 dv-neutron-844179-5-hyperv neutron-server[105214]: DEBUG neutron.plugins.ml2.drivers.mech_agent [None req-8140b70d-8e5c-4c77-a718-ec1754e3f9d9 tempest-PortsAdminExtendedAttrsIpV6TestJSON-882115413 tempest-PortsAdminExtendedAttrsIpV6TestJSON-882115413-project-admin] Attempting to bind port 66cdc7cf-13fa-4bda-b228-8714b47ab9f2 on network 00ac7533-5724-4cac-96fa-0c41bfe12297 {{(pid=105214) bind_port /opt/stack/neutron/neutron/plugins/ml2/drivers/mech_agent.py:91}}
Jun 08 10:29:23.147315 dv-neutron-844179-5-hyperv neutron-server[105215]: DEBUG neutron_lib.callbacks.manager [None req-b726ea3d-b92b-46a7-886d-b6cad0bb9ec9 tempest-ExtraDHCPOptionsTestJSON-566651761 tempest-ExtraDHCPOptionsTestJSON-566651761-project] Publish callbacks ['neutron.services.auto_allocate.db._ensure_external_network_default_value_callback-8750658526019'] for network (2e68b09f-b2d6-4442-85a9-e53affe98f93), precommit_create {{(pid=105215) _notify_loop /usr/local/lib/python3.8/dist-packages/neutron_lib/callbacks/manager.py:176}}
Jun 08 10:29:23.154142 dv-neutron-844179-5-hyperv neutron-server[105215]: DEBUG neutron.api.rpc.handlers.resources_rpc [None req-371dfeef-c015-449e-9707-fda5ae500921 tempest-ServerActionsTestJSON-90873976 tempest-ServerActionsTestJSON-90873976-project] Pushing event updated for resources: {'SecurityGroupRule': ['ID=9f75b57a-8b80-423c-86bc-277342bc8e56,revision_number=0']} {{(pid=105215) push /opt/stack/neutron/neutron/api/rpc/handlers/resources_rpc.py:237}}
Jun 08 10:29:23.156537 dv-neutron-844179-5-hyperv neutron-server[105216]: DEBUG neutron.scheduler.dhcp_agent_scheduler [None req-e0c5c830-ca9d-46dc-96ed-2c6024635373 None None] Network 6be2cb1b-fdd8-4bb7-8fc2-3db3e0e8f615 is already hosted by enough agents. {{(pid=105216) _get_dhcp_agents_hosting_network /opt/stack/neutron/neutron/scheduler/dhcp_agent_scheduler.py:275}}
Jun 08 10:29:23.167021 dv-neutron-844179-5-hyperv neutron-server[105216]: DEBUG neutron.scheduler.base_scheduler [None req-e0c5c830-ca9d-46dc-96ed-2c6024635373 None None] Resources bound (agent type, host, resource id): {{(pid=105216) schedule /opt/stack/neutron/neutron/scheduler/base_scheduler.py:57}}
