Jun 08 07:01:30.178848 dv-neutron-844179-3-hyperv devstack@keystone.service[80831]: DEBUG keystone.common.rbac_enforcer.enforcer [None req-01b5d833-baa5-4b5e-a054-96249f4ffd45 None admin] RBAC: Adding query filter params (name=member) {{(pid=80831) _extract_filter_values /opt/stack/keystone/keystone/common/rbac_enforcer/enforcer.py:167}}
Jun 08 07:01:30.179304 dv-neutron-844179-3-hyperv devstack@keystone.service[80831]: DEBUG keystone.common.rbac_enforcer.enforcer [None req-01b5d833-baa5-4b5e-a054-96249f4ffd45 None admin] RBAC: Authorizing `identity:list_roles()` {{(pid=80831) enforce_call /opt/stack/keystone/keystone/common/rbac_enforcer/enforcer.py:449}}
Jun 08 07:01:30.181041 dv-neutron-844179-3-hyperv devstack@keystone.service[80831]: DEBUG keystone.common.rbac_enforcer.enforcer [None req-01b5d833-baa5-4b5e-a054-96249f4ffd45 None admin] RBAC: Authorization granted {{(pid=80831) enforce_call /opt/stack/keystone/keystone/common/rbac_enforcer/enforcer.py:457}}
Jun 08 07:01:30.190372 dv-neutron-844179-3-hyperv devstack@keystone.service[80832]: DEBUG keystone.server.flask.request_processing.middleware.auth_context [None req-2b105a53-15da-41b8-a404-c4dfb83a5c35 None admin] Validating token access rules against request {{(pid=80832) validate_allowed_request /usr/local/lib/python3.8/dist-packages/keystonemiddleware/auth_token/__init__.py:545}}
Jun 08 07:01:30.201869 dv-neutron-844179-3-hyperv devstack@keystone.service[80831]: [pid: 80831|app: 0|req: 84/173] 10.222.0.20 () {56 vars in 1101 bytes} [Wed Jun 8 07:01:29 2022] GET /identity/v3/roles?name=member => generated 341 bytes in 324 msecs (HTTP/1.1 200) 5 headers in 177 bytes (2 switches on core 0)
Jun 08 07:01:30.208077 dv-neutron-844179-3-hyperv devstack@keystone.service[80831]: DEBUG keystone.server.flask.request_processing.middleware.auth_context [None req-01b5d833-baa5-4b5e-a054-96249f4ffd45 None admin] Authenticating user token {{(pid=80831) process_request /usr/local/lib/python3.8/dist-packages/keystonemiddleware/auth_token/__init__.py:407}}
Jun 08 07:01:30.243103 dv-neutron-844179-3-hyperv devstack@keystone.service[80832]: DEBUG keystone.server.flask.request_processing.middleware.auth_context [None req-59a9e315-4c0f-4c0a-83f6-b7fba88ff4d8 None admin] RBAC: auth_context: {'token': , 'domain_id': None, 'trust_id': None, 'trustor_id': None, 'trustee_id': None, 'domain_name': None, 'group_ids': [], 'user_id': 'e2312df94abf4ca88741f6501347f1a3', 'user_domain_id': 'default', 'system_scope': 'all', 'project_id': None, 'project_domain_id': None, 'roles': ['admin', 'member', 'reader'], 'is_admin_project': True, 'service_user_id': None, 'service_user_domain_id': None, 'service_project_id': None, 'service_project_domain_id': None, 'service_roles': []} {{(pid=80832) fill_context /opt/stack/keystone/keystone/server/flask/request_processing/middleware/auth_context.py:478}}
Jun 08 07:01:30.245860 dv-neutron-844179-3-hyperv devstack@keystone.service[80832]: DEBUG keystone.server.flask.request_processing.req_logging [None req-59a9e315-4c0f-4c0a-83f6-b7fba88ff4d8 None admin] REQUEST_METHOD: `GET` {{(pid=80832) log_request_info /opt/stack/keystone/keystone/server/flask/request_processing/req_logging.py:27}}
Jun 08 07:01:30.247472 dv-neutron-844179-3-hyperv devstack@keystone.service[80832]: DEBUG keystone.server.flask.request_processing.req_logging [None req-59a9e315-4c0f-4c0a-83f6-b7fba88ff4d8 None admin] SCRIPT_NAME: `/identity` {{(pid=80832) log_request_info /opt/stack/keystone/keystone/server/flask/request_processing/req_logging.py:28}}
Jun 08 07:01:30.247954 dv-neutron-844179-3-hyperv devstack@keystone.service[80832]: DEBUG keystone.server.flask.request_processing.req_logging [None req-59a9e315-4c0f-4c0a-83f6-b7fba88ff4d8 None admin] PATH_INFO: `/v3/auth/tokens` {{(pid=80832) log_request_info /opt/stack/keystone/keystone/server/flask/request_processing/req_logging.py:29}}
Jun 08 07:01:30.357044 dv-neutron-844179-3-hyperv devstack@keystone.service[80831]: DEBUG keystone.server.flask.request_processing.middleware.auth_context [None req-01b5d833-baa5-4b5e-a054-96249f4ffd45 None admin] Validating token access rules against request {{(pid=80831) validate_allowed_request /usr/local/lib/python3.8/dist-packages/keystonemiddleware/auth_token/__init__.py:545}}
Jun 08 07:01:30.369835 dv-neutron-844179-3-hyperv devstack@keystone.service[80832]: DEBUG keystone.common.rbac_enforcer.enforcer [None req-59a9e315-4c0f-4c0a-83f6-b7fba88ff4d8 None admin] RBAC: Authorizing `identity:validate_token()` {{(pid=80832) enforce_call /opt/stack/keystone/keystone/common/rbac_enforcer/enforcer.py:449}}
Jun 08 07:01:30.371353 dv-neutron-844179-3-hyperv devstack@keystone.service[80832]: DEBUG keystone.common.rbac_enforcer.enforcer [None req-59a9e315-4c0f-4c0a-83f6-b7fba88ff4d8 None admin] RBAC: Authorization granted {{(pid=80832) enforce_call /opt/stack/keystone/keystone/common/rbac_enforcer/enforcer.py:457}}
Jun 08 07:01:30.390845 dv-neutron-844179-3-hyperv devstack@keystone.service[80831]: DEBUG dbcounter [-] [80831] Writing DB stats keystone:SELECT=100 {{(pid=80831) stat_writer /usr/local/lib/python3.8/dist-packages/dbcounter.py:114}}
Jun 08 07:01:30.397097 dv-neutron-844179-3-hyperv devstack@keystone.service[80831]: DEBUG keystone.server.flask.request_processing.middleware.auth_context [None req-0e50ef32-bf40-40b6-875d-c2193b3003f3 None admin] RBAC: auth_context: {'token': , 'domain_id': None, 'trust_id': None, 'trustor_id': None, 'trustee_id': None, 'domain_name': None, 'group_ids': [], 'user_id': 'e2312df94abf4ca88741f6501347f1a3', 'user_domain_id': 'default', 'system_scope': 'all', 'project_id': None, 'project_domain_id': None, 'roles': ['admin', 'member', 'reader'], 'is_admin_project': True, 'service_user_id': None, 'service_user_domain_id': None, 'service_project_id': None, 'service_project_domain_id': None, 'service_roles': []} {{(pid=80831) fill_context /opt/stack/keystone/keystone/server/flask/request_processing/middleware/auth_context.py:478}}
Jun 08 07:01:30.398256 dv-neutron-844179-3-hyperv devstack@keystone.service[80831]: DEBUG keystone.server.flask.request_processing.req_logging [None req-0e50ef32-bf40-40b6-875d-c2193b3003f3 None admin] REQUEST_METHOD: `GET` {{(pid=80831) log_request_info /opt/stack/keystone/keystone/server/flask/request_processing/req_logging.py:27}}
Jun 08 07:01:30.398680 dv-neutron-844179-3-hyperv devstack@keystone.service[80831]: DEBUG keystone.server.flask.request_processing.req_logging [None req-0e50ef32-bf40-40b6-875d-c2193b3003f3 None admin] SCRIPT_NAME: `/identity` {{(pid=80831) log_request_info /opt/stack/keystone/keystone/server/flask/request_processing/req_logging.py:28}}
Jun 08 07:01:30.399039 dv-neutron-844179-3-hyperv devstack@keystone.service[80831]: DEBUG keystone.server.flask.request_processing.req_logging [None req-0e50ef32-bf40-40b6-875d-c2193b3003f3 None admin] PATH_INFO: `/v3/users/760638f444c84cfe8ed61e74db590e7e` {{(pid=80831) log_request_info /opt/stack/keystone/keystone/server/flask/request_processing/req_logging.py:29}}
Jun 08 07:01:30.400459 dv-neutron-844179-3-hyperv devstack@keystone.service[80831]: DEBUG keystone.common.rbac_enforcer.enforcer [None req-0e50ef32-bf40-40b6-875d-c2193b3003f3 None admin] RBAC: Authorizing `identity:get_user(user_id=760638f444c84cfe8ed61e74db590e7e)` {{(pid=80831) enforce_call /opt/stack/keystone/keystone/common/rbac_enforcer/enforcer.py:449}}
Jun 08 07:01:30.402137 dv-neutron-844179-3-hyperv devstack@keystone.service[80831]: DEBUG keystone.common.rbac_enforcer.enforcer [None req-0e50ef32-bf40-40b6-875d-c2193b3003f3 None admin] RBAC: Authorization granted {{(pid=80831) enforce_call /opt/stack/keystone/keystone/common/rbac_enforcer/enforcer.py:457}}
Jun 08 07:01:30.406175 dv-neutron-844179-3-hyperv devstack@keystone.service[80831]: [pid: 80831|app: 0|req: 85/174] 10.222.0.20 () {56 vars in 1177 bytes} [Wed Jun 8 07:01:30 2022] GET /identity/v3/users/760638f444c84cfe8ed61e74db590e7e => generated 275 bytes in 198 msecs (HTTP/1.1 200) 5 headers in 177 bytes (2 switches on core 0)
Jun 08 07:01:30.412486 dv-neutron-844179-3-hyperv devstack@keystone.service[80831]: DEBUG keystone.server.flask.request_processing.middleware.auth_context [None req-0e50ef32-bf40-40b6-875d-c2193b3003f3 None admin] Authenticating user token {{(pid=80831) process_request /usr/local/lib/python3.8/dist-packages/keystonemiddleware/auth_token/__init__.py:407}}
Jun 08 07:01:30.478218 dv-neutron-844179-3-hyperv devstack@keystone.service[80832]: DEBUG dbcounter [-] [80832] Writing DB stats keystone:SELECT=100 {{(pid=80832) stat_writer /usr/local/lib/python3.8/dist-packages/dbcounter.py:114}}
Jun 08 07:01:30.524514 dv-neutron-844179-3-hyperv devstack@keystone.service[80831]: DEBUG keystone.server.flask.request_processing.middleware.auth_context [None req-0e50ef32-bf40-40b6-875d-c2193b3003f3 None admin] Validating token access rules against request {{(pid=80831) validate_allowed_request /usr/local/lib/python3.8/dist-packages/keystonemiddleware/auth_token/__init__.py:545}}
Jun 08 07:01:30.562525 dv-neutron-844179-3-hyperv devstack@keystone.service[80831]: DEBUG keystone.server.flask.request_processing.middleware.auth_context [None req-c845171e-76d2-4bc5-9495-bb4fd1a8dfd9 None admin] RBAC: auth_context: {'token': , 'domain_id': None, 'trust_id': None, 'trustor_id': None, 'trustee_id': None, 'domain_name': None, 'group_ids': [], 'user_id': 'e2312df94abf4ca88741f6501347f1a3', 'user_domain_id': 'default', 'system_scope': 'all', 'project_id': None, 'project_domain_id': None, 'roles': ['admin', 'member', 'reader'], 'is_admin_project': True, 'service_user_id': None, 'service_user_domain_id': None, 'service_project_id': None, 'service_project_domain_id': None, 'service_roles': []} {{(pid=80831) fill_context /opt/stack/keystone/keystone/server/flask/request_processing/middleware/auth_context.py:478}}
Jun 08 07:01:30.563555 dv-neutron-844179-3-hyperv devstack@keystone.service[80831]: DEBUG keystone.server.flask.request_processing.req_logging [None req-c845171e-76d2-4bc5-9495-bb4fd1a8dfd9 None admin] REQUEST_METHOD: `GET` {{(pid=80831) log_request_info /opt/stack/keystone/keystone/server/flask/request_processing/req_logging.py:27}}
Jun 08 07:01:30.563843 dv-neutron-844179-3-hyperv devstack@keystone.service[80831]: DEBUG keystone.server.flask.request_processing.req_logging [None req-c845171e-76d2-4bc5-9495-bb4fd1a8dfd9 None admin] SCRIPT_NAME: `/identity` {{(pid=80831) log_request_info /opt/stack/keystone/keystone/server/flask/request_processing/req_logging.py:28}}
Jun 08 07:01:30.564115 dv-neutron-844179-3-hyperv devstack@keystone.service[80831]: DEBUG keystone.server.flask.request_processing.req_logging [None req-c845171e-76d2-4bc5-9495-bb4fd1a8dfd9 None admin] PATH_INFO: `/v3/auth/tokens` {{(pid=80831) log_request_info /opt/stack/keystone/keystone/server/flask/request_processing/req_logging.py:29}}
Jun 08 07:01:30.583237 dv-neutron-844179-3-hyperv devstack@keystone.service[80832]: [pid: 80832|app: 0|req: 90/175] 10.222.0.20 () {58 vars in 1282 bytes} [Wed Jun 8 07:01:29 2022] GET /identity/v3/auth/tokens => generated 799 bytes in 597 msecs (HTTP/1.1 200) 6 headers in 358 bytes (1 switches on core 0)
Jun 08 07:01:30.593233 dv-neutron-844179-3-hyperv devstack@keystone.service[80832]: DEBUG keystone.server.flask.request_processing.middleware.auth_context [None req-59a9e315-4c0f-4c0a-83f6-b7fba88ff4d8 None admin] Authenticating user token {{(pid=80832) process_request /usr/local/lib/python3.8/dist-packages/keystonemiddleware/auth_token/__init__.py:407}}
Jun 08 07:01:30.644550 dv-neutron-844179-3-hyperv devstack@keystone.service[80831]: DEBUG keystone.common.rbac_enforcer.enforcer [None req-c845171e-76d2-4bc5-9495-bb4fd1a8dfd9 None admin] RBAC: Authorizing `identity:validate_token()` {{(pid=80831) enforce_call /opt/stack/keystone/keystone/common/rbac_enforcer/enforcer.py:449}}
Jun 08 07:01:30.646244 dv-neutron-844179-3-hyperv devstack@keystone.service[80831]: DEBUG keystone.common.rbac_enforcer.enforcer [None req-c845171e-76d2-4bc5-9495-bb4fd1a8dfd9 None admin] RBAC: Authorization granted {{(pid=80831) enforce_call /opt/stack/keystone/keystone/common/rbac_enforcer/enforcer.py:457}}
Jun 08 07:01:30.649058 dv-neutron-844179-3-hyperv devstack@keystone.service[80831]: DEBUG dbcounter [-] [80831] Writing DB stats keystone:SELECT=100 {{(pid=80831) stat_writer /usr/local/lib/python3.8/dist-packages/dbcounter.py:114}}
Jun 08 07:01:30.752196 dv-neutron-844179-3-hyperv devstack@keystone.service[80831]: [pid: 80831|app: 0|req: 86/176] 10.222.0.20 () {58 vars in 1282 bytes} [Wed Jun 8 07:01:30 2022] GET /identity/v3/auth/tokens => generated 799 bytes in 340 msecs (HTTP/1.1 200) 6 headers in 358 bytes (2 switches on core 0)
Jun 08 07:01:30.754437 dv-neutron-844179-3-hyperv devstack@keystone.service[80831]: DEBUG keystone.server.flask.request_processing.req_logging [None req-fdb0c3b4-4882-45e8-88fd-f8fb923ee5c2 None None] REQUEST_METHOD: `GET` {{(pid=80831) log_request_info /opt/stack/keystone/keystone/server/flask/request_processing/req_logging.py:27}}
Jun 08 07:01:30.754938 dv-neutron-844179-3-hyperv devstack@keystone.service[80831]: DEBUG keystone.server.flask.request_processing.req_logging [None req-fdb0c3b4-4882-45e8-88fd-f8fb923ee5c2 None None] SCRIPT_NAME: `/identity` {{(pid=80831) log_request_info /opt/stack/keystone/keystone/server/flask/request_processing/req_logging.py:28}}
Jun 08 07:01:30.755403 dv-neutron-844179-3-hyperv devstack@keystone.service[80831]: DEBUG keystone.server.flask.request_processing.req_logging [None req-fdb0c3b4-4882-45e8-88fd-f8fb923ee5c2 None None] PATH_INFO: `/` {{(pid=80831) log_request_info /opt/stack/keystone/keystone/server/flask/request_processing/req_logging.py:29}}
Jun 08 07:01:30.761421 dv-neutron-844179-3-hyperv devstack@keystone.service[80831]: [pid: 80831|app: 0|req: 87/177] 10.222.0.20 () {54 vars in 926 bytes} [Wed Jun 8 07:01:30 2022] GET /identity => generated 270 bytes in 4 msecs (HTTP/1.1 300) 6 headers in 234 bytes (1 switches on core 0)
Jun 08 07:01:30.762855 dv-neutron-844179-3-hyperv devstack@keystone.service[80831]: DEBUG keystone.server.flask.request_processing.req_logging [None req-fd3d022d-ac7d-4fa9-a930-a4b1ffc3abc1 None None] REQUEST_METHOD: `GET` {{(pid=80831) log_request_info /opt/stack/keystone/keystone/server/flask/request_processing/req_logging.py:27}}
Jun 08 07:01:30.763332 dv-neutron-844179-3-hyperv devstack@keystone.service[80831]: DEBUG keystone.server.flask.request_processing.req_logging [None req-fd3d022d-ac7d-4fa9-a930-a4b1ffc3abc1 None None] SCRIPT_NAME: `/identity` {{(pid=80831) log_request_info /opt/stack/keystone/keystone/server/flask/request_processing/req_logging.py:28}}
Jun 08 07:01:30.763834 dv-neutron-844179-3-hyperv devstack@keystone.service[80831]: DEBUG keystone.server.flask.request_processing.req_logging [None req-fd3d022d-ac7d-4fa9-a930-a4b1ffc3abc1 None None] PATH_INFO: `/` {{(pid=80831) log_request_info /opt/stack/keystone/keystone/server/flask/request_processing/req_logging.py:29}}
Jun 08 07:01:30.769544 dv-neutron-844179-3-hyperv devstack@keystone.service[80832]: DEBUG keystone.server.flask.request_processing.middleware.auth_context [None req-59a9e315-4c0f-4c0a-83f6-b7fba88ff4d8 None admin] Validating token access rules against request {{(pid=80832) validate_allowed_request /usr/local/lib/python3.8/dist-packages/keystonemiddleware/auth_token/__init__.py:545}}
Jun 08 07:01:30.770236 dv-neutron-844179-3-hyperv devstack@keystone.service[80831]: [pid: 80831|app: 0|req: 88/178] 10.222.0.20 () {54 vars in 926 bytes} [Wed Jun 8 07:01:30 2022] GET /identity => generated 270 bytes in 3 msecs (HTTP/1.1 300) 6 headers in 234 bytes (1 switches on core 0)
Jun 08 07:01:30.771254 dv-neutron-844179-3-hyperv devstack@keystone.service[80831]: DEBUG keystone.server.flask.request_processing.middleware.auth_context [None req-fd3d022d-ac7d-4fa9-a930-a4b1ffc3abc1 None None] Authenticating user token {{(pid=80831) process_request /usr/local/lib/python3.8/dist-packages/keystonemiddleware/auth_token/__init__.py:407}}
Jun 08 07:01:30.805574 dv-neutron-844179-3-hyperv devstack@keystone.service[80832]: DEBUG keystone.server.flask.request_processing.middleware.auth_context [None req-d57fd42e-d514-4f55-a37d-17f29d67f284 None admin] RBAC: auth_context: {'token': , 'domain_id': None, 'trust_id': None, 'trustor_id': None, 'trustee_id': None, 'domain_name': None, 'group_ids': [], 'user_id': 'e2312df94abf4ca88741f6501347f1a3', 'user_domain_id': 'default', 'system_scope': 'all', 'project_id': None, 'project_domain_id': None, 'roles': ['admin', 'member', 'reader'], 'is_admin_project': True, 'service_user_id': None, 'service_user_domain_id': None, 'service_project_id': None, 'service_project_domain_id': None, 'service_roles': []} {{(pid=80832) fill_context /opt/stack/keystone/keystone/server/flask/request_processing/middleware/auth_context.py:478}}
Jun 08 07:01:30.806454 dv-neutron-844179-3-hyperv devstack@keystone.service[80832]: DEBUG keystone.server.flask.request_processing.req_logging [None req-d57fd42e-d514-4f55-a37d-17f29d67f284 None admin] REQUEST_METHOD: `GET` {{(pid=80832) log_request_info /opt/stack/keystone/keystone/server/flask/request_processing/req_logging.py:27}}
Jun 08 07:01:30.806724 dv-neutron-844179-3-hyperv devstack@keystone.service[80832]: DEBUG keystone.server.flask.request_processing.req_logging [None req-d57fd42e-d514-4f55-a37d-17f29d67f284 None admin] SCRIPT_NAME: `/identity` {{(pid=80832) log_request_info /opt/stack/keystone/keystone/server/flask/request_processing/req_logging.py:28}}
Jun 08 07:01:30.806991 dv-neutron-844179-3-hyperv devstack@keystone.service[80832]: DEBUG keystone.server.flask.request_processing.req_logging [None req-d57fd42e-d514-4f55-a37d-17f29d67f284 None admin] PATH_INFO: `/v3/projects/66de293cb67f4745a38035fd338c7448` {{(pid=80832) log_request_info /opt/stack/keystone/keystone/server/flask/request_processing/req_logging.py:29}}
Jun 08 07:01:30.808296 dv-neutron-844179-3-hyperv devstack@keystone.service[80832]: DEBUG keystone.common.rbac_enforcer.enforcer [None req-d57fd42e-d514-4f55-a37d-17f29d67f284 None admin] RBAC: Authorizing `identity:get_project(project_id=66de293cb67f4745a38035fd338c7448)` {{(pid=80832) enforce_call /opt/stack/keystone/keystone/common/rbac_enforcer/enforcer.py:449}}
Jun 08 07:01:30.809759 dv-neutron-844179-3-hyperv devstack@keystone.service[80832]: DEBUG keystone.common.rbac_enforcer.enforcer [None req-d57fd42e-d514-4f55-a37d-17f29d67f284 None admin] RBAC: Authorization granted {{(pid=80832) enforce_call /opt/stack/keystone/keystone/common/rbac_enforcer/enforcer.py:457}}
Jun 08 07:01:30.816487 dv-neutron-844179-3-hyperv devstack@keystone.service[80832]: [pid: 80832|app: 0|req: 91/179] 10.222.0.20 () {56 vars in 1186 bytes} [Wed Jun 8 07:01:30 2022] GET /identity/v3/projects/66de293cb67f4745a38035fd338c7448 => generated 298 bytes in 224 msecs (HTTP/1.1 200) 5 headers in 177 bytes (1 switches on core 0)
Jun 08 07:01:30.817596 dv-neutron-844179-3-hyperv devstack@keystone.service[80832]: DEBUG keystone.server.flask.request_processing.req_logging [None req-2706355b-f27a-412e-ac62-c044881a7a4f None None] REQUEST_METHOD: `POST` {{(pid=80832) log_request_info /opt/stack/keystone/keystone/server/flask/request_processing/req_logging.py:27}}
Jun 08 07:01:30.818297 dv-neutron-844179-3-hyperv devstack@keystone.service[80832]: DEBUG keystone.server.flask.request_processing.req_logging [None req-2706355b-f27a-412e-ac62-c044881a7a4f None None] SCRIPT_NAME: `/identity` {{(pid=80832) log_request_info /opt/stack/keystone/keystone/server/flask/request_processing/req_logging.py:28}}
Jun 08 07:01:30.818574 dv-neutron-844179-3-hyperv devstack@keystone.service[80832]: DEBUG keystone.server.flask.request_processing.req_logging [None req-2706355b-f27a-412e-ac62-c044881a7a4f None None] PATH_INFO: `/v3/auth/tokens` {{(pid=80832) log_request_info /opt/stack/keystone/keystone/server/flask/request_processing/req_logging.py:29}}
Jun 08 07:01:30.834643 dv-neutron-844179-3-hyperv devstack@keystone.service[80832]: DEBUG keystone.auth.core [None req-2706355b-f27a-412e-ac62-c044881a7a4f None None] MFA Rules not processed for user `e2312df94abf4ca88741f6501347f1a3`. Rule list: `[]` (Enabled: `True`). {{(pid=80832) check_auth_methods_against_rules /opt/stack/keystone/keystone/auth/core.py:438}}
Jun 08 07:01:30.835829 dv-neutron-844179-3-hyperv devstack@keystone.service[80832]: DEBUG keystone.common.fernet_utils [None req-2706355b-f27a-412e-ac62-c044881a7a4f None None] Loaded 2 Fernet keys from /etc/keystone/fernet-keys/, but `[fernet_tokens] max_active_keys = 3`; perhaps there have not been enough key rotations to reach `max_active_keys` yet? {{(pid=80832) load_keys /opt/stack/keystone/keystone/common/fernet_utils.py:286}}
Jun 08 07:01:30.850755 dv-neutron-844179-3-hyperv devstack@keystone.service[80832]: DEBUG dbcounter [-] [80832] Writing DB stats keystone:SELECT=100 {{(pid=80832) stat_writer /usr/local/lib/python3.8/dist-packages/dbcounter.py:114}}
Jun 08 07:01:30.876341 dv-neutron-844179-3-hyperv devstack@keystone.service[80831]: DEBUG dbcounter [-] [80831] Writing DB stats keystone:SELECT=100 {{(pid=80831) stat_writer /usr/local/lib/python3.8/dist-packages/dbcounter.py:114}}
Jun 08 07:01:30.881385 dv-neutron-844179-3-hyperv devstack@keystone.service[80831]: DEBUG keystone.server.flask.request_processing.middleware.auth_context [None req-fd3d022d-ac7d-4fa9-a930-a4b1ffc3abc1 None None] Validating token access rules against request {{(pid=80831) validate_allowed_request /usr/local/lib/python3.8/dist-packages/keystonemiddleware/auth_token/__init__.py:545}}
Jun 08 07:01:30.907969 dv-neutron-844179-3-hyperv devstack@keystone.service[80832]: [pid: 80832|app: 0|req: 92/180] 10.222.0.20 () {58 vars in 1023 bytes} [Wed Jun 8 07:01:30 2022] POST /identity/v3/auth/tokens => generated 799 bytes in 91 msecs (HTTP/1.1 201) 6 headers in 363 bytes (1 switches on core 0)
Jun 08 07:01:30.909235 dv-neutron-844179-3-hyperv devstack@keystone.service[80832]: DEBUG keystone.server.flask.request_processing.req_logging [None req-426cacbd-43c3-4f28-a1d6-7682fb5f2834 None None] REQUEST_METHOD: `POST` {{(pid=80832) log_request_info /opt/stack/keystone/keystone/server/flask/request_processing/req_logging.py:27}}
Jun 08 07:01:30.909512 dv-neutron-844179-3-hyperv devstack@keystone.service[80832]: DEBUG keystone.server.flask.request_processing.req_logging [None req-426cacbd-43c3-4f28-a1d6-7682fb5f2834 None None] SCRIPT_NAME: `/identity` {{(pid=80832) log_request_info /opt/stack/keystone/keystone/server/flask/request_processing/req_logging.py:28}}
Jun 08 07:01:30.909782 dv-neutron-844179-3-hyperv devstack@keystone.service[80832]: DEBUG keystone.server.flask.request_processing.req_logging [None req-426cacbd-43c3-4f28-a1d6-7682fb5f2834 None None] PATH_INFO: `/v3/auth/tokens` {{(pid=80832) log_request_info /opt/stack/keystone/keystone/server/flask/request_processing/req_logging.py:29}}
Jun 08 07:01:30.924547 dv-neutron-844179-3-hyperv devstack@keystone.service[80831]: DEBUG keystone.server.flask.request_processing.middleware.auth_context [None req-e50b1f06-9c94-4931-a807-aab302c48008 None admin] RBAC: auth_context: {'token': , 'domain_id': None, 'trust_id': None, 'trustor_id': None, 'trustee_id': None, 'domain_name': None, 'group_ids': [], 'user_id': 'e2312df94abf4ca88741f6501347f1a3', 'user_domain_id': 'default', 'system_scope': 'all', 'project_id': None, 'project_domain_id': None, 'roles': ['admin', 'member', 'reader'], 'is_admin_project': True, 'service_user_id': None, 'service_user_domain_id': None, 'service_project_id': None, 'service_project_domain_id': None, 'service_roles': []} {{(pid=80831) fill_context /opt/stack/keystone/keystone/server/flask/request_processing/middleware/auth_context.py:478}}
Jun 08 07:01:30.926054 dv-neutron-844179-3-hyperv devstack@keystone.service[80831]: DEBUG keystone.server.flask.request_processing.req_logging [None req-e50b1f06-9c94-4931-a807-aab302c48008 None admin] REQUEST_METHOD: `GET` {{(pid=80831) log_request_info /opt/stack/keystone/keystone/server/flask/request_processing/req_logging.py:27}}
Jun 08 07:01:30.926182 dv-neutron-844179-3-hyperv devstack@keystone.service[80832]: DEBUG keystone.auth.core [None req-426cacbd-43c3-4f28-a1d6-7682fb5f2834 None None] MFA Rules not processed for user `e2312df94abf4ca88741f6501347f1a3`. Rule list: `[]` (Enabled: `True`). {{(pid=80832) check_auth_methods_against_rules /opt/stack/keystone/keystone/auth/core.py:438}}
Jun 08 07:01:30.926374 dv-neutron-844179-3-hyperv devstack@keystone.service[80831]: DEBUG keystone.server.flask.request_processing.req_logging [None req-e50b1f06-9c94-4931-a807-aab302c48008 None admin] SCRIPT_NAME: `/identity` {{(pid=80831) log_request_info /opt/stack/keystone/keystone/server/flask/request_processing/req_logging.py:28}}
Jun 08 07:01:30.926601 dv-neutron-844179-3-hyperv devstack@keystone.service[80831]: DEBUG keystone.server.flask.request_processing.req_logging [None req-e50b1f06-9c94-4931-a807-aab302c48008 None admin] PATH_INFO: `/v3/projects/77fd3cef91ab44a386c6e828ffd98a5c` {{(pid=80831) log_request_info /opt/stack/keystone/keystone/server/flask/request_processing/req_logging.py:29}}
Jun 08 07:01:30.927402 dv-neutron-844179-3-hyperv devstack@keystone.service[80832]: DEBUG keystone.common.fernet_utils [None req-426cacbd-43c3-4f28-a1d6-7682fb5f2834 None None] Loaded 2 Fernet keys from /etc/keystone/fernet-keys/, but `[fernet_tokens] max_active_keys = 3`; perhaps there have not been enough key rotations to reach `max_active_keys` yet? {{(pid=80832) load_keys /opt/stack/keystone/keystone/common/fernet_utils.py:286}}
Jun 08 07:01:30.927805 dv-neutron-844179-3-hyperv devstack@keystone.service[80831]: DEBUG keystone.common.rbac_enforcer.enforcer [None req-e50b1f06-9c94-4931-a807-aab302c48008 None admin] RBAC: Authorizing `identity:get_project(project_id=77fd3cef91ab44a386c6e828ffd98a5c)` {{(pid=80831) enforce_call /opt/stack/keystone/keystone/common/rbac_enforcer/enforcer.py:449}}
Jun 08 07:01:30.929309 dv-neutron-844179-3-hyperv devstack@keystone.service[80831]: DEBUG keystone.common.rbac_enforcer.enforcer [None req-e50b1f06-9c94-4931-a807-aab302c48008 None admin] RBAC: Authorization granted {{(pid=80831) enforce_call /opt/stack/keystone/keystone/common/rbac_enforcer/enforcer.py:457}}
Jun 08 07:01:30.931233 dv-neutron-844179-3-hyperv devstack@keystone.service[80831]: [pid: 80831|app: 0|req: 89/181] 10.222.0.20 () {56 vars in 1186 bytes} [Wed Jun 8 07:01:30 2022] GET /identity/v3/projects/77fd3cef91ab44a386c6e828ffd98a5c => generated 312 bytes in 160 msecs (HTTP/1.1 200) 5 headers in 177 bytes (1 switches on core 0)
Jun 08 07:01:30.932464 dv-neutron-844179-3-hyperv devstack@keystone.service[80831]: DEBUG keystone.server.flask.request_processing.req_logging [None req-098c0264-0c0b-48c9-87c5-b87ce979a286 None None] REQUEST_METHOD: `GET` {{(pid=80831) log_request_info /opt/stack/keystone/keystone/server/flask/request_processing/req_logging.py:27}}
Jun 08 07:01:30.932743 dv-neutron-844179-3-hyperv devstack@keystone.service[80831]: DEBUG keystone.server.flask.request_processing.req_logging [None req-098c0264-0c0b-48c9-87c5-b87ce979a286 None None] SCRIPT_NAME: `/identity` {{(pid=80831) log_request_info /opt/stack/keystone/keystone/server/flask/request_processing/req_logging.py:28}}
Jun 08 07:01:30.933016 dv-neutron-844179-3-hyperv devstack@keystone.service[80831]: DEBUG keystone.server.flask.request_processing.req_logging [None req-098c0264-0c0b-48c9-87c5-b87ce979a286 None None] PATH_INFO: `/` {{(pid=80831) log_request_info /opt/stack/keystone/keystone/server/flask/request_processing/req_logging.py:29}}
Jun 08 07:01:30.934387 dv-neutron-844179-3-hyperv devstack@keystone.service[80831]: [pid: 80831|app: 0|req: 90/182] 10.222.0.20 () {54 vars in 926 bytes} [Wed Jun 8 07:01:30 2022] GET /identity => generated 270 bytes in 2 msecs (HTTP/1.1 300) 6 headers in 234 bytes (1 switches on core 0)
Jun 08 07:01:30.936931 dv-neutron-844179-3-hyperv devstack@keystone.service[80831]: DEBUG keystone.server.flask.request_processing.middleware.auth_context [None req-098c0264-0c0b-48c9-87c5-b87ce979a286 None None] Authenticating user token {{(pid=80831) process_request /usr/local/lib/python3.8/dist-packages/keystonemiddleware/auth_token/__init__.py:407}}
Jun 08 07:01:31.003629 dv-neutron-844179-3-hyperv devstack@keystone.service[80832]: [pid: 80832|app: 0|req: 93/183] 10.222.0.20 () {58 vars in 1023 bytes} [Wed Jun 8 07:01:30 2022] POST /identity/v3/auth/tokens => generated 799 bytes in 85 msecs (HTTP/1.1 201) 6 headers in 363 bytes (1 switches on core 0)
Jun 08 07:01:31.003629 dv-neutron-844179-3-hyperv devstack@keystone.service[80832]: DEBUG keystone.server.flask.request_processing.req_logging [None req-d10a5d11-432d-4124-99e0-54c397d2ea6b None None] REQUEST_METHOD: `GET` {{(pid=80832) log_request_info /opt/stack/keystone/keystone/server/flask/request_processing/req_logging.py:27}}
Jun 08 07:01:31.003629 dv-neutron-844179-3-hyperv devstack@keystone.service[80832]: DEBUG keystone.server.flask.request_processing.req_logging [None req-d10a5d11-432d-4124-99e0-54c397d2ea6b None None] SCRIPT_NAME: `/identity` {{(pid=80832) log_request_info /opt/stack/keystone/keystone/server/flask/request_processing/req_logging.py:28}}
Jun 08 07:01:31.003629 dv-neutron-844179-3-hyperv devstack@keystone.service[80832]: DEBUG keystone.server.flask.request_processing.req_logging [None req-d10a5d11-432d-4124-99e0-54c397d2ea6b None None] PATH_INFO: `/` {{(pid=80832) log_request_info /opt/stack/keystone/keystone/server/flask/request_processing/req_logging.py:29}}
Jun 08 07:01:31.003629 dv-neutron-844179-3-hyperv devstack@keystone.service[80832]: [pid: 80832|app: 0|req: 94/184] 10.222.0.20 () {54 vars in 926 bytes} [Wed Jun 8 07:01:30 2022] GET /identity => generated 270 bytes in 3 msecs (HTTP/1.1 300) 6 headers in 234 bytes (1 switches on core 0)
Jun 08 07:01:31.003629 dv-neutron-844179-3-hyperv devstack@keystone.service[80832]: DEBUG keystone.server.flask.request_processing.middleware.auth_context [None req-d10a5d11-432d-4124-99e0-54c397d2ea6b None None] Authenticating user token {{(pid=80832) process_request /usr/local/lib/python3.8/dist-packages/keystonemiddleware/auth_token/__init__.py:407}}
Jun 08 07:01:31.038330 dv-neutron-844179-3-hyperv devstack@keystone.service[80831]: DEBUG keystone.server.flask.request_processing.middleware.auth_context [None req-098c0264-0c0b-48c9-87c5-b87ce979a286 None None] Validating token access rules against request {{(pid=80831) validate_allowed_request /usr/local/lib/python3.8/dist-packages/keystonemiddleware/auth_token/__init__.py:545}}
Jun 08 07:01:31.072025 dv-neutron-844179-3-hyperv devstack@keystone.service[80831]: DEBUG keystone.server.flask.request_processing.middleware.auth_context [None req-5decbcc2-3167-468b-848a-c814d2f91abc None admin] RBAC: auth_context: {'token': , 'domain_id': None, 'trust_id': None, 'trustor_id': None, 'trustee_id': None, 'domain_name': None, 'group_ids': [], 'user_id': 'e2312df94abf4ca88741f6501347f1a3', 'user_domain_id': 'default', 'system_scope': 'all', 'project_id': None, 'project_domain_id': None, 'roles': ['admin', 'member', 'reader'], 'is_admin_project': True, 'service_user_id': None, 'service_user_domain_id': None, 'service_project_id': None, 'service_project_domain_id': None, 'service_roles': []} {{(pid=80831) fill_context /opt/stack/keystone/keystone/server/flask/request_processing/middleware/auth_context.py:478}}
Jun 08 07:01:31.072631 dv-neutron-844179-3-hyperv devstack@keystone.service[80831]: DEBUG keystone.server.flask.request_processing.req_logging [None req-5decbcc2-3167-468b-848a-c814d2f91abc None admin] REQUEST_METHOD: `GET` {{(pid=80831) log_request_info /opt/stack/keystone/keystone/server/flask/request_processing/req_logging.py:27}}
Jun 08 07:01:31.072909 dv-neutron-844179-3-hyperv devstack@keystone.service[80831]: DEBUG keystone.server.flask.request_processing.req_logging [None req-5decbcc2-3167-468b-848a-c814d2f91abc None admin] SCRIPT_NAME: `/identity` {{(pid=80831) log_request_info /opt/stack/keystone/keystone/server/flask/request_processing/req_logging.py:28}}
Jun 08 07:01:31.073178 dv-neutron-844179-3-hyperv devstack@keystone.service[80831]: DEBUG keystone.server.flask.request_processing.req_logging [None req-5decbcc2-3167-468b-848a-c814d2f91abc None admin] PATH_INFO: `/v3/role_assignments` {{(pid=80831) log_request_info /opt/stack/keystone/keystone/server/flask/request_processing/req_logging.py:29}}
Jun 08 07:01:31.074016 dv-neutron-844179-3-hyperv devstack@keystone.service[80831]: DEBUG keystone.common.rbac_enforcer.enforcer [None req-5decbcc2-3167-468b-848a-c814d2f91abc None admin] RBAC: Adding query filter params (role.id=c4bf51ab8e784854b5e6e3048302ef87, scope.project.id=66de293cb67f4745a38035fd338c7448, user.id=e2312df94abf4ca88741f6501347f1a3) {{(pid=80831) _extract_filter_values /opt/stack/keystone/keystone/common/rbac_enforcer/enforcer.py:167}}
Jun 08 07:01:31.074324 dv-neutron-844179-3-hyperv devstack@keystone.service[80831]: DEBUG keystone.common.rbac_enforcer.enforcer [None req-5decbcc2-3167-468b-848a-c814d2f91abc None admin] RBAC: Authorizing `identity:list_role_assignments()` {{(pid=80831) enforce_call /opt/stack/keystone/keystone/common/rbac_enforcer/enforcer.py:449}}
Jun 08 07:01:31.075784 dv-neutron-844179-3-hyperv devstack@keystone.service[80831]: DEBUG keystone.common.rbac_enforcer.enforcer [None req-5decbcc2-3167-468b-848a-c814d2f91abc None admin] RBAC: Authorization granted {{(pid=80831) enforce_call /opt/stack/keystone/keystone/common/rbac_enforcer/enforcer.py:457}}
Jun 08 07:01:31.081528 dv-neutron-844179-3-hyperv devstack@keystone.service[80831]: [pid: 80831|app: 0|req: 91/185] 10.222.0.20 () {56 vars in 1374 bytes} [Wed Jun 8 07:01:30 2022] GET /identity/v3/role_assignments?user.id=e2312df94abf4ca88741f6501347f1a3&scope.project.id=66de293cb67f4745a38035fd338c7448&role.id=c4bf51ab8e784854b5e6e3048302ef87 => generated 608 bytes in 147 msecs (HTTP/1.1 200) 5 headers in 177 bytes (1 switches on core 0)
Jun 08 07:01:31.091207 dv-neutron-844179-3-hyperv devstack@keystone.service[80831]: DEBUG keystone.server.flask.request_processing.middleware.auth_context [None req-5decbcc2-3167-468b-848a-c814d2f91abc None admin] Authenticating user token {{(pid=80831) process_request /usr/local/lib/python3.8/dist-packages/keystonemiddleware/auth_token/__init__.py:407}}
Jun 08 07:01:31.091423 dv-neutron-844179-3-hyperv devstack@keystone.service[80832]: DEBUG dbcounter [-] [80832] Writing DB stats keystone:SELECT=100 {{(pid=80832) stat_writer /usr/local/lib/python3.8/dist-packages/dbcounter.py:114}}
Jun 08 07:01:31.120539 dv-neutron-844179-3-hyperv devstack@keystone.service[80832]: DEBUG keystone.server.flask.request_processing.middleware.auth_context [None req-d10a5d11-432d-4124-99e0-54c397d2ea6b None None] Validating token access rules against request {{(pid=80832) validate_allowed_request /usr/local/lib/python3.8/dist-packages/keystonemiddleware/auth_token/__init__.py:545}}
Jun 08 07:01:31.125641 dv-neutron-844179-3-hyperv devstack@keystone.service[80831]: DEBUG dbcounter [-] [80831] Writing DB stats keystone:SELECT=100 {{(pid=80831) stat_writer /usr/local/lib/python3.8/dist-packages/dbcounter.py:114}}
Jun 08 07:01:31.162877 dv-neutron-844179-3-hyperv devstack@keystone.service[80832]: DEBUG keystone.server.flask.request_processing.middleware.auth_context [None req-02bb3eae-3229-4c99-8d27-00eae6570059 None admin] RBAC: auth_context: {'token': , 'domain_id': None, 'trust_id': None, 'trustor_id': None, 'trustee_id': None, 'domain_name': None, 'group_ids': [], 'user_id': 'e2312df94abf4ca88741f6501347f1a3', 'user_domain_id': 'default', 'system_scope': 'all', 'project_id': None, 'project_domain_id': None, 'roles': ['admin', 'member', 'reader'], 'is_admin_project': True, 'service_user_id': None, 'service_user_domain_id': None, 'service_project_id': None, 'service_project_domain_id': None, 'service_roles': []} {{(pid=80832) fill_context /opt/stack/keystone/keystone/server/flask/request_processing/middleware/auth_context.py:478}}
Jun 08 07:01:31.163696 dv-neutron-844179-3-hyperv devstack@keystone.service[80832]: DEBUG keystone.server.flask.request_processing.req_logging [None req-02bb3eae-3229-4c99-8d27-00eae6570059 None admin] REQUEST_METHOD: `GET` {{(pid=80832) log_request_info /opt/stack/keystone/keystone/server/flask/request_processing/req_logging.py:27}}
Jun 08 07:01:31.164080 dv-neutron-844179-3-hyperv devstack@keystone.service[80832]: DEBUG keystone.server.flask.request_processing.req_logging [None req-02bb3eae-3229-4c99-8d27-00eae6570059 None admin] SCRIPT_NAME: `/identity` {{(pid=80832) log_request_info /opt/stack/keystone/keystone/server/flask/request_processing/req_logging.py:28}}
Jun 08 07:01:31.164385 dv-neutron-844179-3-hyperv devstack@keystone.service[80832]: DEBUG keystone.server.flask.request_processing.req_logging [None req-02bb3eae-3229-4c99-8d27-00eae6570059 None admin] PATH_INFO: `/v3/roles/admin` {{(pid=80832) log_request_info /opt/stack/keystone/keystone/server/flask/request_processing/req_logging.py:29}}
Jun 08 07:01:31.177872 dv-neutron-844179-3-hyperv devstack@keystone.service[80832]: DEBUG keystone.common.rbac_enforcer.enforcer [None req-02bb3eae-3229-4c99-8d27-00eae6570059 None admin] Extracting inferred target data resulted in "NOT FOUND (404)". {{(pid=80832) enforce_call /opt/stack/keystone/keystone/common/rbac_enforcer/enforcer.py:409}}
Jun 08 07:01:31.186193 dv-neutron-844179-3-hyperv devstack@keystone.service[80832]: ERROR keystone.server.flask.application [None req-02bb3eae-3229-4c99-8d27-00eae6570059 None admin] Could not find role: admin.: keystone.exception.RoleNotFound: Could not find role: admin.
Jun 08 07:01:31.186193 dv-neutron-844179-3-hyperv devstack@keystone.service[80832]: ERROR keystone.server.flask.application
Traceback (most recent call last):
Jun 08 07:01:31.186193 dv-neutron-844179-3-hyperv devstack@keystone.service[80832]: ERROR keystone.server.flask.application
File "/usr/local/lib/python3.8/dist-packages/flask/app.py", line 1523, in full_dispatch_request
Jun 08 07:01:31.186193 dv-neutron-844179-3-hyperv devstack@keystone.service[80832]: ERROR keystone.server.flask.application rv = self.dispatch_request()
Jun 08 07:01:31.186193 dv-neutron-844179-3-hyperv devstack@keystone.service[80832]: ERROR keystone.server.flask.application
File "/usr/local/lib/python3.8/dist-packages/flask/app.py", line 1509, in dispatch_request
Jun 08 07:01:31.186193 dv-neutron-844179-3-hyperv devstack@keystone.service[80832]: ERROR keystone.server.flask.application return self.ensure_sync(self.view_functions[rule.endpoint])(**req.view_args)
Jun 08 07:01:31.186193 dv-neutron-844179-3-hyperv devstack@keystone.service[80832]: ERROR keystone.server.flask.application
File "/usr/local/lib/python3.8/dist-packages/flask_restful/__init__.py", line 467, in wrapper
Jun 08 07:01:31.186193 dv-neutron-844179-3-hyperv devstack@keystone.service[80832]: ERROR keystone.server.flask.application resp = resource(*args, **kwargs)
Jun 08 07:01:31.186193 dv-neutron-844179-3-hyperv devstack@keystone.service[80832]: ERROR keystone.server.flask.application
File "/usr/local/lib/python3.8/dist-packages/flask/views.py", line 84, in view
Jun 08 07:01:31.186193 dv-neutron-844179-3-hyperv devstack@keystone.service[80832]: ERROR keystone.server.flask.application return current_app.ensure_sync(self.dispatch_request)(*args, **kwargs)
Jun 08 07:01:31.186193 dv-neutron-844179-3-hyperv devstack@keystone.service[80832]: ERROR keystone.server.flask.application
File "/usr/local/lib/python3.8/dist-packages/flask_restful/__init__.py", line 582, in dispatch_request
Jun 08 07:01:31.186193 dv-neutron-844179-3-hyperv devstack@keystone.service[80832]: ERROR keystone.server.flask.application resp = meth(*args, **kwargs)
Jun 08 07:01:31.186193 dv-neutron-844179-3-hyperv devstack@keystone.service[80832]: ERROR keystone.server.flask.application
File "/opt/stack/keystone/keystone/api/roles.py", line 50, in get
Jun 08 07:01:31.186193 dv-neutron-844179-3-hyperv devstack@keystone.service[80832]: ERROR keystone.server.flask.application return self._get_role(role_id)
Jun 08 07:01:31.186193 dv-neutron-844179-3-hyperv devstack@keystone.service[80832]: ERROR keystone.server.flask.application
File "/opt/stack/keystone/keystone/api/roles.py", line 70, in _get_role
Jun 08 07:01:31.186193 dv-neutron-844179-3-hyperv devstack@keystone.service[80832]: ERROR keystone.server.flask.application ENFORCER.enforce_call(action='identity:get_role')
Jun 08 07:01:31.187181 dv-neutron-844179-3-hyperv devstack@keystone.service[80832]: ERROR keystone.server.flask.application
File "/opt/stack/keystone/keystone/common/rbac_enforcer/enforcer.py", line 402, in enforce_call
Jun 08 07:01:31.187181 dv-neutron-844179-3-hyperv devstack@keystone.service[80832]: ERROR keystone.server.flask.application policy_dict.update(cls._extract_member_target_data(
Jun 08 07:01:31.187181 dv-neutron-844179-3-hyperv devstack@keystone.service[80832]: ERROR keystone.server.flask.application
File "/opt/stack/keystone/keystone/common/rbac_enforcer/enforcer.py", line 234, in _extract_member_target_data
Jun 08 07:01:31.187181 dv-neutron-844179-3-hyperv devstack@keystone.service[80832]: ERROR keystone.server.flask.application member_name: func(flask.request.view_args[key])
Jun 08 07:01:31.187181 dv-neutron-844179-3-hyperv devstack@keystone.service[80832]: ERROR keystone.server.flask.application
File "/opt/stack/keystone/keystone/common/manager.py", line 115, in wrapped
Jun 08 07:01:31.187181 dv-neutron-844179-3-hyperv devstack@keystone.service[80832]: ERROR keystone.server.flask.application __ret_val = __f(*args, **kwargs)
Jun 08 07:01:31.187181 dv-neutron-844179-3-hyperv devstack@keystone.service[80832]: ERROR keystone.server.flask.application
File "/usr/local/lib/python3.8/dist-packages/decorator.py", line 232, in fun
Jun 08 07:01:31.187181 dv-neutron-844179-3-hyperv devstack@keystone.service[80832]: ERROR keystone.server.flask.application return caller(func, *(extras + args), **kw)
Jun 08 07:01:31.187181 dv-neutron-844179-3-hyperv devstack@keystone.service[80832]: ERROR keystone.server.flask.application
File "/usr/local/lib/python3.8/dist-packages/dogpile/cache/region.py", line 1577, in get_or_create_for_user_func
Jun 08 07:01:31.187181 dv-neutron-844179-3-hyperv devstack@keystone.service[80832]: ERROR keystone.server.flask.application return self.get_or_create(
Jun 08 07:01:31.187181 dv-neutron-844179-3-hyperv devstack@keystone.service[80832]: ERROR keystone.server.flask.application
File "/usr/local/lib/python3.8/dist-packages/dogpile/cache/region.py", line 1042, in get_or_create
Jun 08 07:01:31.187181 dv-neutron-844179-3-hyperv devstack@keystone.service[80832]: ERROR keystone.server.flask.application with Lock(
Jun 08 07:01:31.187181 dv-neutron-844179-3-hyperv devstack@keystone.service[80832]: ERROR keystone.server.flask.application
File "/usr/local/lib/python3.8/dist-packages/dogpile/lock.py", line 185, in __enter__
Jun 08 07:01:31.187181 dv-neutron-844179-3-hyperv devstack@keystone.service[80832]: ERROR keystone.server.flask.application return self._enter()
Jun 08 07:01:31.187181 dv-neutron-844179-3-hyperv devstack@keystone.service[80832]: ERROR keystone.server.flask.application
File "/usr/local/lib/python3.8/dist-packages/dogpile/lock.py", line 94, in _enter
Jun 08 07:01:31.187181 dv-neutron-844179-3-hyperv devstack@keystone.service[80832]: ERROR keystone.server.flask.application generated = self._enter_create(value, createdtime)
Jun 08 07:01:31.187965 dv-neutron-844179-3-hyperv devstack@keystone.service[80832]: ERROR keystone.server.flask.application
File "/usr/local/lib/python3.8/dist-packages/dogpile/lock.py", line 178, in _enter_create
Jun 08 07:01:31.187965 dv-neutron-844179-3-hyperv devstack@keystone.service[80832]: ERROR keystone.server.flask.application return self.creator()
Jun 08 07:01:31.187965 dv-neutron-844179-3-hyperv devstack@keystone.service[80832]: ERROR keystone.server.flask.application
File "/usr/local/lib/python3.8/dist-packages/dogpile/cache/region.py", line 995, in gen_value
Jun 08 07:01:31.187965 dv-neutron-844179-3-hyperv devstack@keystone.service[80832]: ERROR keystone.server.flask.application created_value = creator(
Jun 08 07:01:31.187965 dv-neutron-844179-3-hyperv devstack@keystone.service[80832]: ERROR keystone.server.flask.application
File "/opt/stack/keystone/keystone/assignment/core.py", line 1276, in get_role
Jun 08 07:01:31.187965 dv-neutron-844179-3-hyperv devstack@keystone.service[80832]: ERROR keystone.server.flask.application return self.driver.get_role(role_id)
Jun 08 07:01:31.187965 dv-neutron-844179-3-hyperv devstack@keystone.service[80832]: ERROR keystone.server.flask.application
File "/opt/stack/keystone/keystone/assignment/role_backends/sql.py", line 70, in get_role
Jun 08 07:01:31.187965 dv-neutron-844179-3-hyperv devstack@keystone.service[80832]: ERROR keystone.server.flask.application return self._get_role(session, role_id).to_dict()
Jun 08 07:01:31.187965 dv-neutron-844179-3-hyperv devstack@keystone.service[80832]: ERROR keystone.server.flask.application
File "/opt/stack/keystone/keystone/assignment/role_backends/sql.py", line 65, in _get_role
Jun 08 07:01:31.187965 dv-neutron-844179-3-hyperv devstack@keystone.service[80832]: ERROR keystone.server.flask.application raise exception.RoleNotFound(role_id=role_id)
Jun 08 07:01:31.187965 dv-neutron-844179-3-hyperv devstack@keystone.service[80832]: ERROR keystone.server.flask.application keystone.exception.RoleNotFound: Could not find role: admin.
Jun 08 07:01:31.187965 dv-neutron-844179-3-hyperv devstack@keystone.service[80832]: ERROR keystone.server.flask.application
Jun 08 07:01:31.187965 dv-neutron-844179-3-hyperv devstack@keystone.service[80832]: [pid: 80832|app: 0|req: 95/186] 10.222.0.20 () {56 vars in 1096 bytes} [Wed Jun 8 07:01:30 2022] GET /identity/v3/roles/admin => generated 83 bytes in 191 msecs (HTTP/1.1 404) 5 headers in 183 bytes (1 switches on core 0)
Jun 08 07:01:31.189539 dv-neutron-844179-3-hyperv devstack@keystone.service[80832]: DEBUG keystone.server.flask.request_processing.req_logging [None req-54ef0401-8dfa-42e6-84d1-dd7dc76559d3 None None] REQUEST_METHOD: `POST` {{(pid=80832) log_request_info /opt/stack/keystone/keystone/server/flask/request_processing/req_logging.py:27}}
Jun 08 07:01:31.189539 dv-neutron-844179-3-hyperv devstack@keystone.service[80832]: DEBUG keystone.server.flask.request_processing.req_logging [None req-54ef0401-8dfa-42e6-84d1-dd7dc76559d3 None None] SCRIPT_NAME: `/identity` {{(pid=80832) log_request_info /opt/stack/keystone/keystone/server/flask/request_processing/req_logging.py:28}}
Jun 08 07:01:31.189539 dv-neutron-844179-3-hyperv devstack@keystone.service[80832]: DEBUG keystone.server.flask.request_processing.req_logging [None req-54ef0401-8dfa-42e6-84d1-dd7dc76559d3 None None] PATH_INFO: `/v3/auth/tokens` {{(pid=80832) log_request_info /opt/stack/keystone/keystone/server/flask/request_processing/req_logging.py:29}}
Jun 08 07:01:31.208363 dv-neutron-844179-3-hyperv devstack@keystone.service[80831]: DEBUG keystone.server.flask.request_processing.middleware.auth_context [None req-5decbcc2-3167-468b-848a-c814d2f91abc None admin] Validating token access rules against request {{(pid=80831) validate_allowed_request /usr/local/lib/python3.8/dist-packages/keystonemiddleware/auth_token/__init__.py:545}}
Jun 08 07:01:31.209198 dv-neutron-844179-3-hyperv devstack@keystone.service[80832]: DEBUG keystone.auth.core [None req-54ef0401-8dfa-42e6-84d1-dd7dc76559d3 None None] MFA Rules not processed for user `e2312df94abf4ca88741f6501347f1a3`. Rule list: `[]` (Enabled: `True`). {{(pid=80832) check_auth_methods_against_rules /opt/stack/keystone/keystone/auth/core.py:438}}
Jun 08 07:01:31.210424 dv-neutron-844179-3-hyperv devstack@keystone.service[80832]: DEBUG keystone.common.fernet_utils [None req-54ef0401-8dfa-42e6-84d1-dd7dc76559d3 None None] Loaded 2 Fernet keys from /etc/keystone/fernet-keys/, but `[fernet_tokens] max_active_keys = 3`; perhaps there have not been enough key rotations to reach `max_active_keys` yet? {{(pid=80832) load_keys /opt/stack/keystone/keystone/common/fernet_utils.py:286}}
Jun 08 07:01:31.250739 dv-neutron-844179-3-hyperv devstack@keystone.service[80831]: DEBUG keystone.server.flask.request_processing.middleware.auth_context [None req-3845b8d2-420a-4456-9b91-7fb18c4e5d14 None admin] RBAC: auth_context: {'token': , 'domain_id': None, 'trust_id': None, 'trustor_id': None, 'trustee_id': None, 'domain_name': None, 'group_ids': [], 'user_id': 'e2312df94abf4ca88741f6501347f1a3', 'user_domain_id': 'default', 'system_scope': 'all', 'project_id': None, 'project_domain_id': None, 'roles': ['admin', 'member', 'reader'], 'is_admin_project': True, 'service_user_id': None, 'service_user_domain_id': None, 'service_project_id': None, 'service_project_domain_id': None, 'service_roles': []} {{(pid=80831) fill_context /opt/stack/keystone/keystone/server/flask/request_processing/middleware/auth_context.py:478}}
Jun 08 07:01:31.251405 dv-neutron-844179-3-hyperv devstack@keystone.service[80831]: DEBUG keystone.server.flask.request_processing.req_logging [None req-3845b8d2-420a-4456-9b91-7fb18c4e5d14 None admin] REQUEST_METHOD: `GET` {{(pid=80831) log_request_info /opt/stack/keystone/keystone/server/flask/request_processing/req_logging.py:27}}
Jun 08 07:01:31.251682 dv-neutron-844179-3-hyperv devstack@keystone.service[80831]: DEBUG keystone.server.flask.request_processing.req_logging [None req-3845b8d2-420a-4456-9b91-7fb18c4e5d14 None admin] SCRIPT_NAME: `/identity` {{(pid=80831) log_request_info /opt/stack/keystone/keystone/server/flask/request_processing/req_logging.py:28}}
