Jun 02 03:28:14.772104 dv-neutron-844171-2-hyperv neutron-server[104671]: DEBUG neutron.api.rpc.handlers.resources_rpc [None req-cd7728ee-0526-4093-afbf-47f634c27f2f None None] Pushing event updated for resources: {'Port': ['ID=53adcd49-45e6-486f-b324-680e354f6a38,revision_number=4']} {{(pid=104671) push /opt/stack/neutron/neutron/api/rpc/handlers/resources_rpc.py:237}}
Jun 02 03:28:14.773615 dv-neutron-844171-2-hyperv neutron-server[104669]: DEBUG neutron_lib.callbacks.manager [None req-73f6a069-3389-4af4-b5e6-844b412ac0d9 tempest-PortsAdminExtendedAttrsIpV6TestJSON-762263521 tempest-PortsAdminExtendedAttrsIpV6TestJSON-762263521-project-admin] Publish callbacks ['neutron.plugins.ml2.plugin.SecurityGroupServerNotifierRpcMixin._notify_sg_on_port_change-3580196', 'neutron.plugins.ml2.ovo_rpc._ObjectChangeHandler.handle_event-940836', 'neutron.api.rpc.agentnotifiers.dhcp_rpc_agent_api.DhcpAgentNotifyAPI._native_event_send_dhcp_notification-580447', 'neutron.db.l3_dvrscheduler_db._notify_l3_agent_new_port-8745984781096', 'neutron.services.segments.plugin.NovaSegmentNotifier._notify_port_created_or_deleted-28545837'] for port (0c3cad54-d6d7-4d6e-b169-fe8bb007c7a2), after_create {{(pid=104669) _notify_loop /usr/local/lib/python3.8/dist-packages/neutron_lib/callbacks/manager.py:176}}
Jun 02 03:28:14.799578 dv-neutron-844171-2-hyperv neutron-server[104671]: DEBUG neutron.db.l3_dvrscheduler_db [None req-df64f37e-bcad-41d0-825b-c1c517931438 None None] Routers {'cf2fd458-c14b-4c18-9beb-a7bdc3761f05'} bound to L3 agent in host dv-neutron-844171-2-hyperv {{(pid=104671) _get_router_ids_for_agent /opt/stack/neutron/neutron/db/l3_dvrscheduler_db.py:426}}
Jun 02 03:28:14.800965 dv-neutron-844171-2-hyperv neutron-server[104671]: DEBUG neutron.db.l3_hamode_db [None req-df64f37e-bcad-41d0-825b-c1c517931438 None None] neutron.services.l3_router.l3_router_plugin.L3RouterPlugin method get_ha_sync_data_for_host called with arguments (, 'dv-neutron-844171-2-hyperv', Agent(admin_state_up=True,agent_type='L3 agent',availability_zone='nova',binary='neutron-l3-agent',configurations={"agent_mode": "legacy", "ex_gw_ports": 1, "extensions": [], "floating_ips": 0, "handle_internal_only_routers": true, "interface_driver": "openvswitch", "interfaces": 1, "log_agent_heartbeats": false, "routers": 1},created_at=2022-06-02T03:20:22Z,description=,heartbeat_timestamp=2022-06-02T03:27:52Z,host='dv-neutron-844171-2-hyperv',id=edebbd15-2b21-48d8-b540-9d924cc0e87a,load=0,resource_versions=,resources_synced=,started_at=2022-06-02T03:20:22Z,topic='l3_agent')) {'router_ids': ['cf2fd458-c14b-4c18-9beb-a7bdc3761f05'], 'active': True} {{(pid=104671) wrapper /usr/local/lib/python3.8/dist-packages/oslo_log/helpers.py:65}}
Jun 02 03:28:14.820051 dv-neutron-844171-2-hyperv neutron-server[104668]: DEBUG neutron_lib.callbacks.manager [None req-28668eeb-4526-49e9-9939-4c63cbaed9f8 tempest-ServersTestJSON-316357588 tempest-ServersTestJSON-316357588-project] Publish callbacks [] for security_group_rule (9c4b4be4-5bef-41b5-baa0-4bd13d5892e0), before_create {{(pid=104668) _notify_loop /usr/local/lib/python3.8/dist-packages/neutron_lib/callbacks/manager.py:176}}
Jun 02 03:28:14.842972 dv-neutron-844171-2-hyperv neutron-server[104670]: DEBUG dbcounter [-] [104670] Writing DB stats neutron:SELECT=98,neutron:UPDATE=2 {{(pid=104670) stat_writer /usr/local/lib/python3.8/dist-packages/dbcounter.py:114}}
Jun 02 03:28:14.848315 dv-neutron-844171-2-hyperv neutron-server[104669]: DEBUG neutron_lib.callbacks.manager [None req-9eab695d-2522-4ae3-99c1-78e9f4444b12 tempest-BulkNetworkOpsTest-782050779 tempest-BulkNetworkOpsTest-782050779-project] Publish callbacks ['neutron.plugins.ml2.plugin.External_net_db_mixin._before_network_delete_handler-3562314'] for network (eeda7fde-33f0-4830-bd2a-9683c58c2ae7), before_delete {{(pid=104669) _notify_loop /usr/local/lib/python3.8/dist-packages/neutron_lib/callbacks/manager.py:176}}
Jun 02 03:28:14.859485 dv-neutron-844171-2-hyperv neutron-server[104670]: DEBUG neutron_lib.callbacks.manager [None req-d9ccc324-d393-407b-971d-0291fcb03662 None None] Publish callbacks ['neutron.plugins.ml2.plugin.SecurityGroupDbMixin._ensure_default_security_group_handler-3580387'] for port (4765e906-ab58-4450-bd41-2a905b4a6969), before_update {{(pid=104670) _notify_loop /usr/local/lib/python3.8/dist-packages/neutron_lib/callbacks/manager.py:176}}
Jun 02 03:28:14.866217 dv-neutron-844171-2-hyperv neutron-server[104670]: DEBUG neutron.db.provisioning_blocks [None req-e25ff217-7c0e-4edc-a1c5-a29ca0b7ea2e None None] Provisioning complete for port 53adcd49-45e6-486f-b324-680e354f6a38 triggered by entity DHCP. {{(pid=104670) provisioning_complete /opt/stack/neutron/neutron/db/provisioning_blocks.py:145}}
Jun 02 03:28:14.866402 dv-neutron-844171-2-hyperv neutron-server[104670]: DEBUG neutron_lib.callbacks.manager [None req-e25ff217-7c0e-4edc-a1c5-a29ca0b7ea2e None None] Publish callbacks ['neutron.plugins.ml2.plugin.Ml2Plugin._port_provisioned-3569262'] for port (53adcd49-45e6-486f-b324-680e354f6a38), provisioning_complete {{(pid=104670) _notify_loop /usr/local/lib/python3.8/dist-packages/neutron_lib/callbacks/manager.py:176}}
Jun 02 03:28:14.898834 dv-neutron-844171-2-hyperv neutron-server[104668]: DEBUG neutron_lib.callbacks.manager [None req-86836b1d-b0bd-4060-afcc-55ab43b55533 tempest-PortsAdminExtendedAttrsTestJSON-922180123 tempest-PortsAdminExtendedAttrsTestJSON-922180123-project] Publish callbacks [] for security_group (9d3f53b2-3010-447a-a1b1-537c21d9a405), precommit_create {{(pid=104668) _notify_loop /usr/local/lib/python3.8/dist-packages/neutron_lib/callbacks/manager.py:176}}
Jun 02 03:28:14.925116 dv-neutron-844171-2-hyperv neutron-server[104670]: DEBUG dbcounter [-] [104670] Writing DB stats neutron:SELECT=99,neutron:UPDATE=1 {{(pid=104670) stat_writer /usr/local/lib/python3.8/dist-packages/dbcounter.py:114}}
Jun 02 03:28:14.926180 dv-neutron-844171-2-hyperv neutron-server[104668]: DEBUG neutron_lib.callbacks.manager [None req-86836b1d-b0bd-4060-afcc-55ab43b55533 tempest-PortsAdminExtendedAttrsTestJSON-922180123 tempest-PortsAdminExtendedAttrsTestJSON-922180123-project] Publish callbacks ['neutron.plugins.ml2.ovo_rpc._ObjectChangeHandler.handle_event-499118'] for security_group (9d3f53b2-3010-447a-a1b1-537c21d9a405), after_create {{(pid=104668) _notify_loop /usr/local/lib/python3.8/dist-packages/neutron_lib/callbacks/manager.py:176}}
Jun 02 03:28:14.937562 dv-neutron-844171-2-hyperv neutron-server[104669]: DEBUG neutron.quota.resource [None req-acd01ea3-5aa0-4a43-845a-ea44d79172fc tempest-QuotasTest-143449492 tempest-QuotasTest-143449492-project-admin] Usage tracker for resource:security_group and project:fa92e9b4ac8f47efb8a7596277ae6541 is out of sync, need to count used quota {{(pid=104669) count_used /opt/stack/neutron/neutron/quota/resource.py:292}}
Jun 02 03:28:14.968964 dv-neutron-844171-2-hyperv neutron-server[104669]: DEBUG neutron.quota.resource [None req-acd01ea3-5aa0-4a43-845a-ea44d79172fc tempest-QuotasTest-143449492 tempest-QuotasTest-143449492-project-admin] Quota usage for security_group was recalculated. Used quota:0. {{(pid=104669) count_used /opt/stack/neutron/neutron/quota/resource.py:313}}
Jun 02 03:28:14.980054 dv-neutron-844171-2-hyperv neutron-server[104669]: DEBUG neutron.scheduler.dhcp_agent_scheduler [None req-73f6a069-3389-4af4-b5e6-844b412ac0d9 tempest-PortsAdminExtendedAttrsIpV6TestJSON-762263521 tempest-PortsAdminExtendedAttrsIpV6TestJSON-762263521-project-admin] Network a827c32b-5e11-424e-a7dd-b1b7757ff100 is already hosted by enough agents. {{(pid=104669) _get_dhcp_agents_hosting_network /opt/stack/neutron/neutron/scheduler/dhcp_agent_scheduler.py:275}}
Jun 02 03:28:14.989848 dv-neutron-844171-2-hyperv neutron-server[104671]: DEBUG neutron.db.l3_dvr_db [None req-df64f37e-bcad-41d0-825b-c1c517931438 None None] Set router cf2fd458-c14b-4c18-9beb-a7bdc3761f05 gateway port host: dv-neutron-844171-2-hyperv {{(pid=104671) _build_routers_list /opt/stack/neutron/neutron/db/l3_dvr_db.py:907}}
Jun 02 03:28:15.005593 dv-neutron-844171-2-hyperv neutron-server[104668]: DEBUG neutron.plugins.ml2.drivers.helpers [None req-86836b1d-b0bd-4060-afcc-55ab43b55533 tempest-PortsAdminExtendedAttrsTestJSON-922180123 tempest-PortsAdminExtendedAttrsTestJSON-922180123-project] vlan segment allocate from pool success with {'physical_network': 'physnet1', 'vlan_id': 239} {{(pid=104668) allocate_partially_specified_segment /opt/stack/neutron/neutron/plugins/ml2/drivers/helpers.py:153}}
Jun 02 03:28:15.021510 dv-neutron-844171-2-hyperv neutron-server[104669]: DEBUG neutron.scheduler.base_scheduler [None req-73f6a069-3389-4af4-b5e6-844b412ac0d9 tempest-PortsAdminExtendedAttrsIpV6TestJSON-762263521 tempest-PortsAdminExtendedAttrsIpV6TestJSON-762263521-project-admin] Resources bound (agent type, host, resource id): {{(pid=104669) schedule /opt/stack/neutron/neutron/scheduler/base_scheduler.py:57}}
Jun 02 03:28:15.035969 dv-neutron-844171-2-hyperv neutron-server[104668]: DEBUG neutron_lib.callbacks.manager [None req-86836b1d-b0bd-4060-afcc-55ab43b55533 tempest-PortsAdminExtendedAttrsTestJSON-922180123 tempest-PortsAdminExtendedAttrsTestJSON-922180123-project] Publish callbacks ['neutron.plugins.ml2.plugin.Ml2Plugin._handle_segment_change-3560945'] for segment (ea8dd5a1-690c-4ed5-a448-30b11b6809ea), precommit_create {{(pid=104668) _notify_loop /usr/local/lib/python3.8/dist-packages/neutron_lib/callbacks/manager.py:176}}
Jun 02 03:28:15.036718 dv-neutron-844171-2-hyperv neutron-server[104668]: INFO neutron.db.segments_db [None req-86836b1d-b0bd-4060-afcc-55ab43b55533 tempest-PortsAdminExtendedAttrsTestJSON-922180123 tempest-PortsAdminExtendedAttrsTestJSON-922180123-project] Added segment ea8dd5a1-690c-4ed5-a448-30b11b6809ea of type vlan for network 83d9e131-6609-4236-85d6-ea9eb074e194
Jun 02 03:28:15.040359 dv-neutron-844171-2-hyperv neutron-server[104669]: DEBUG neutron.quota.resource [None req-acd01ea3-5aa0-4a43-845a-ea44d79172fc tempest-QuotasTest-143449492 tempest-QuotasTest-143449492-project-admin] Usage tracker for resource:security_group_rule and project:fa92e9b4ac8f47efb8a7596277ae6541 is out of sync, need to count used quota {{(pid=104669) count_used /opt/stack/neutron/neutron/quota/resource.py:292}}
Jun 02 03:28:15.050803 dv-neutron-844171-2-hyperv neutron-server[104669]: DEBUG neutron.db.l3_dvrscheduler_db [None req-73f6a069-3389-4af4-b5e6-844b412ac0d9 tempest-PortsAdminExtendedAttrsIpV6TestJSON-762263521 tempest-PortsAdminExtendedAttrsIpV6TestJSON-762263521-project-admin] Received port after_create {{(pid=104669) _notify_l3_agent_new_port /opt/stack/neutron/neutron/db/l3_dvrscheduler_db.py:542}}
Jun 02 03:28:15.051873 dv-neutron-844171-2-hyperv neutron-server[104669]: DEBUG neutron.pecan_wsgi.hooks.policy_enforcement [None req-73f6a069-3389-4af4-b5e6-844b412ac0d9 tempest-PortsAdminExtendedAttrsIpV6TestJSON-762263521 tempest-PortsAdminExtendedAttrsIpV6TestJSON-762263521-project-admin] Attributes excluded by policy engine: ['standard_attr_id', 'network'] {{(pid=104669) _exclude_attributes_by_policy /opt/stack/neutron/neutron/pecan_wsgi/hooks/policy_enforcement.py:259}}
Jun 02 03:28:15.052481 dv-neutron-844171-2-hyperv neutron-server[104669]: DEBUG neutron_lib.callbacks.manager [None req-73f6a069-3389-4af4-b5e6-844b412ac0d9 tempest-PortsAdminExtendedAttrsIpV6TestJSON-762263521 tempest-PortsAdminExtendedAttrsIpV6TestJSON-762263521-project-admin] Publish callbacks ['neutron.notifiers.nova.Notifier._send_nova_notification-992567'] for port (None), before_response {{(pid=104669) _notify_loop /usr/local/lib/python3.8/dist-packages/neutron_lib/callbacks/manager.py:176}}
Jun 02 03:28:15.055460 dv-neutron-844171-2-hyperv neutron-server[104669]: DEBUG neutron.quota.resource [None req-acd01ea3-5aa0-4a43-845a-ea44d79172fc tempest-QuotasTest-143449492 tempest-QuotasTest-143449492-project-admin] Quota usage for security_group_rule was recalculated. Used quota:0. {{(pid=104669) count_used /opt/stack/neutron/neutron/quota/resource.py:313}}
Jun 02 03:28:15.056229 dv-neutron-844171-2-hyperv neutron-server[104669]: DEBUG neutron.api.rpc.handlers.resources_rpc [None req-73f6a069-3389-4af4-b5e6-844b412ac0d9 tempest-PortsAdminExtendedAttrsIpV6TestJSON-762263521 tempest-PortsAdminExtendedAttrsIpV6TestJSON-762263521-project-admin] Pushing event updated for resources: {'Port': ['ID=0c3cad54-d6d7-4d6e-b169-fe8bb007c7a2,revision_number=1']} {{(pid=104669) push /opt/stack/neutron/neutron/api/rpc/handlers/resources_rpc.py:237}}
Jun 02 03:28:15.081124 dv-neutron-844171-2-hyperv neutron-server[104671]: DEBUG dbcounter [-] [104671] Writing DB stats neutron:SELECT=95,neutron:UPDATE=4,neutron:INSERT=1 {{(pid=104671) stat_writer /usr/local/lib/python3.8/dist-packages/dbcounter.py:114}}
Jun 02 03:28:15.116554 dv-neutron-844171-2-hyperv neutron-server[104668]: DEBUG neutron.api.rpc.handlers.resources_rpc [None req-86836b1d-b0bd-4060-afcc-55ab43b55533 tempest-PortsAdminExtendedAttrsTestJSON-922180123 tempest-PortsAdminExtendedAttrsTestJSON-922180123-project] Pushing event updated for resources: {'SecurityGroup': ['ID=9d3f53b2-3010-447a-a1b1-537c21d9a405,revision_number=1']} {{(pid=104668) push /opt/stack/neutron/neutron/api/rpc/handlers/resources_rpc.py:237}}
Jun 02 03:28:15.116936 dv-neutron-844171-2-hyperv neutron-server[104669]: DEBUG neutron_lib.callbacks.manager [None req-8accea2c-d03b-41c3-a6e9-470ee66325eb tempest-ExternalNetworksTestJSON-120063193 tempest-ExternalNetworksTestJSON-120063193-project-admin] Publish callbacks ['neutron.plugins.ml2.plugin.Ml2Plugin._subnet_delete_after_delete_handler-3556417', 'neutron.plugins.ml2.ovo_rpc._ObjectChangeHandler.handle_event-497273', 'neutron.api.rpc.agentnotifiers.dhcp_rpc_agent_api.DhcpAgentNotifyAPI._native_event_send_dhcp_notification-580447', 'neutron.services.segments.plugin.NovaSegmentNotifier._notify_subnet_deleted-28545886', 'neutron.services.segments.plugin.SegmentHostRoutes.host_routes_after_delete-25758158'] for subnet (bd91cc6d-db19-47b7-ac9b-1cf3e26c921d), after_delete {{(pid=104669) _notify_loop /usr/local/lib/python3.8/dist-packages/neutron_lib/callbacks/manager.py:176}}
Jun 02 03:28:15.127355 dv-neutron-844171-2-hyperv neutron-server[104669]: INFO neutron.wsgi [req-0a716f90-c5cb-40f8-8085-e8189b99caf6 req-4c9e01a3-ab87-4186-89f8-20d241959c8b service neutron] 10.222.0.24 "GET /v2.0/networks/5e2e705b-c6fd-402e-a1f7-48f6b4132c3f?fields=segments HTTP/1.1" status: 200 len: 212 time: 0.4431920
Jun 02 03:28:15.155743 dv-neutron-844171-2-hyperv neutron-server[104669]: INFO neutron.wsgi [None req-acd01ea3-5aa0-4a43-845a-ea44d79172fc tempest-QuotasTest-143449492 tempest-QuotasTest-143449492-project-admin] 10.222.0.24 "GET /v2.0/quotas/fa92e9b4ac8f47efb8a7596277ae6541/details.json HTTP/1.1" status: 200 len: 703 time: 2.1103895
Jun 02 03:28:15.155931 dv-neutron-844171-2-hyperv neutron-server[104668]: DEBUG neutron_lib.callbacks.manager [None req-e00accc4-94ed-4165-b281-a018e3eb35e0 tempest-ServersTestManualDisk-730143199 tempest-ServersTestManualDisk-730143199-project] Publish callbacks [] for security_group (fffb7bb0-e8e0-4584-b6a6-ae6b8fbf9893), precommit_create {{(pid=104668) _notify_loop /usr/local/lib/python3.8/dist-packages/neutron_lib/callbacks/manager.py:176}}
Jun 02 03:28:15.184632 dv-neutron-844171-2-hyperv neutron-server[104668]: DEBUG neutron_lib.callbacks.manager [None req-28668eeb-4526-49e9-9939-4c63cbaed9f8 tempest-ServersTestJSON-316357588 tempest-ServersTestJSON-316357588-project] Publish callbacks [] for security_group_rule (9c4b4be4-5bef-41b5-baa0-4bd13d5892e0), precommit_create {{(pid=104668) _notify_loop /usr/local/lib/python3.8/dist-packages/neutron_lib/callbacks/manager.py:176}}
Jun 02 03:28:15.198571 dv-neutron-844171-2-hyperv neutron-server[104668]: DEBUG neutron_lib.callbacks.manager [None req-e00accc4-94ed-4165-b281-a018e3eb35e0 tempest-ServersTestManualDisk-730143199 tempest-ServersTestManualDisk-730143199-project] Publish callbacks ['neutron.plugins.ml2.ovo_rpc._ObjectChangeHandler.handle_event-499118'] for security_group (fffb7bb0-e8e0-4584-b6a6-ae6b8fbf9893), after_create {{(pid=104668) _notify_loop /usr/local/lib/python3.8/dist-packages/neutron_lib/callbacks/manager.py:176}}
Jun 02 03:28:15.207515 dv-neutron-844171-2-hyperv neutron-server[104669]: INFO neutron.wsgi [None req-73f6a069-3389-4af4-b5e6-844b412ac0d9 tempest-PortsAdminExtendedAttrsIpV6TestJSON-762263521 tempest-PortsAdminExtendedAttrsIpV6TestJSON-762263521-project-admin] 10.222.0.24 "POST /v2.0/ports HTTP/1.1" status: 201 len: 963 time: 2.6231742
Jun 02 03:28:15.211251 dv-neutron-844171-2-hyperv neutron-server[104669]: DEBUG neutron_lib.callbacks.manager [None req-9eab695d-2522-4ae3-99c1-78e9f4444b12 tempest-BulkNetworkOpsTest-782050779 tempest-BulkNetworkOpsTest-782050779-project] Publish callbacks ['neutron.plugins.ml2.plugin.Ml2Plugin._network_delete_precommit_handler-3570417', 'neutron.services.segments.db._delete_segments_for_network-8745985233318'] for network (eeda7fde-33f0-4830-bd2a-9683c58c2ae7), precommit_delete {{(pid=104669) _notify_loop /usr/local/lib/python3.8/dist-packages/neutron_lib/callbacks/manager.py:176}}
Jun 02 03:28:15.219215 dv-neutron-844171-2-hyperv neutron-server[104668]: DEBUG neutron_lib.callbacks.manager [None req-86836b1d-b0bd-4060-afcc-55ab43b55533 tempest-PortsAdminExtendedAttrsTestJSON-922180123 tempest-PortsAdminExtendedAttrsTestJSON-922180123-project] Publish callbacks ['neutron.services.auto_allocate.db._ensure_external_network_default_value_callback-8745984766311'] for network (83d9e131-6609-4236-85d6-ea9eb074e194), precommit_create {{(pid=104668) _notify_loop /usr/local/lib/python3.8/dist-packages/neutron_lib/callbacks/manager.py:176}}
Jun 02 03:28:15.249982 dv-neutron-844171-2-hyperv neutron-server[104671]: DEBUG dbcounter [-] [104671] Writing DB stats neutron:SELECT=99,neutron:UPDATE=1 {{(pid=104671) stat_writer /usr/local/lib/python3.8/dist-packages/dbcounter.py:114}}
Jun 02 03:28:15.251721 dv-neutron-844171-2-hyperv neutron-server[104671]: DEBUG neutron.db.l3_hamode_db [None req-df64f37e-bcad-41d0-825b-c1c517931438 None None] neutron.services.l3_router.l3_router_plugin.L3RouterPlugin method _process_sync_ha_data called with arguments (, [{'id': 'cf2fd458-c14b-4c18-9beb-a7bdc3761f05', 'name': 'tempest-ServersTestJSON-618625140-router', 'tenant_id': '81250335931443d285691cf185d67bf2', 'admin_state_up': True, 'status': 'ACTIVE', 'external_gateway_info': {'network_id': '8fe72cef-84ae-47cf-873a-174796249dfb', 'external_fixed_ips': [{'subnet_id': 'a43275b6-813e-41dd-9d5f-fbc765e9efa2', 'ip_address': '172.26.8.87'}], 'enable_snat': True}, 'gw_port_id': '9ed0c4ed-e400-4878-b095-b46e20309173', 'description': '', 'availability_zones': ['nova'], 'distributed': False, 'ha': False, 'ha_vr_id': 0, 'availability_zone_hints': [], 'routes': [], 'flavor_id': None, 'tags': [], 'created_at': '2022-06-02T03:27:54Z', 'updated_at': '2022-06-02T03:28:10Z', 'revision_number': 4, 'project_id': '81250335931443d285691cf185d67bf2', 'gw_port': {'id': '9ed0c4ed-e400-4878-b095-b46e20309173', 'name': '', 'network_id': '8fe72cef-84ae-47cf-873a-174796249dfb', 'tenant_id': '', 'mac_address': 'fa:16:3e:b3:84:9e', 'admin_state_up': True, 'status': 'ACTIVE', 'device_id': 'cf2fd458-c14b-4c18-9beb-a7bdc3761f05', 'device_owner': 'network:router_gateway', 'standard_attr_id': 95, 'fixed_ips': [{'subnet_id': 'a43275b6-813e-41dd-9d5f-fbc765e9efa2', 'ip_address': '172.26.8.87', 'prefixlen': 24}], 'allowed_address_pairs': [], 'extra_dhcp_opts': [], 'security_groups': [], 'description': '', 'binding:vnic_type': 'normal', 'binding:profile': {}, 'binding:host_id': 'dv-neutron-844171-2-hyperv', 'binding:vif_type': 'ovs', 'binding:vif_details': {'connectivity': 'l2', 'port_filter': True, 'ovs_hybrid_plug': False, 'datapath_type': 'system', 'bridge_name': 'br-int', 'bound_drivers': {'0': 'openvswitch'}}, 'port_security_enabled': False, 'tags': [], 'created_at': '2022-06-02T03:27:57Z', 'updated_at': '2022-06-02T03:28:09Z', 'revision_number': 4, 'project_id': '', 'subnets': [{'id': 'a43275b6-813e-41dd-9d5f-fbc765e9efa2', 'cidr': '172.26.8.0/24', 'gateway_ip': '172.26.8.1', 'dns_nameservers': [], 'ipv6_ra_mode': None, 'subnetpool_id': None}], 'extra_subnets': [], 'address_scopes': {4: None, 6: None}, 'mtu': 1500}, 'enable_snat': True, 'gw_port_host': 'dv-neutron-844171-2-hyperv', '_interfaces': [{'id': '53adcd49-45e6-486f-b324-680e354f6a38', 'name': '', 'network_id': 'c61cc934-3b38-4266-8dc0-6a5f1773cbb8', 'tenant_id': '81250335931443d285691cf185d67bf2', 'mac_address': 'fa:16:3e:e4:51:24', 'admin_state_up': True, 'status': 'DOWN', 'device_id': 'cf2fd458-c14b-4c18-9beb-a7bdc3761f05', 'device_owner': 'network:router_interface', 'standard_attr_id': 137, 'fixed_ips': [{'subnet_id': '4537fb49-4449-48ce-854a-f6da64010a57', 'ip_address': '172.20.0.1', 'prefixlen': 28}], 'allowed_address_pairs': [], 'extra_dhcp_opts': [], 'security_groups': [], 'description': '', 'binding:vnic_type': 'normal', 'binding:profile': {}, 'binding:host_id': 'dv-neutron-844171-2-hyperv', 'binding:vif_type': 'ovs', 'binding:vif_details': {'connectivity': 'l2', 'port_filter': True, 'ovs_hybrid_plug': False, 'datapath_type': 'system', 'bridge_name': 'br-int', 'bound_drivers': {'0': 'openvswitch'}}, 'port_security_enabled': False, 'tags': [], 'created_at': '2022-06-02T03:28:06Z', 'updated_at': '2022-06-02T03:28:14Z', 'revision_number': 4, 'project_id': '81250335931443d285691cf185d67bf2', 'subnets': [{'id': '4537fb49-4449-48ce-854a-f6da64010a57', 'cidr': '172.20.0.0/28', 'gateway_ip': '172.20.0.1', 'dns_nameservers': [], 'ipv6_ra_mode': None, 'subnetpool_id': None}], 'extra_subnets': [], 'address_scopes': {4: None, 6: None}, 'mtu': 1500}]}], 'dv-neutron-844171-2-hyperv', False) {} {{(pid=104671) wrapper /usr/local/lib/python3.8/dist-packages/oslo_log/helpers.py:65}}
Jun 02 03:28:15.261025 dv-neutron-844171-2-hyperv neutron-server[104668]: DEBUG neutron_lib.callbacks.manager [None req-28668eeb-4526-49e9-9939-4c63cbaed9f8 tempest-ServersTestJSON-316357588 tempest-ServersTestJSON-316357588-project] Publish callbacks ['neutron.plugins.ml2.ovo_rpc._ObjectChangeHandler.handle_event-499066'] for security_group_rule (9c4b4be4-5bef-41b5-baa0-4bd13d5892e0), after_create {{(pid=104668) _notify_loop /usr/local/lib/python3.8/dist-packages/neutron_lib/callbacks/manager.py:176}}
Jun 02 03:28:15.269468 dv-neutron-844171-2-hyperv neutron-server[104668]: DEBUG neutron.wsgi [-] (104668) accepted ('10.222.0.24', 58696) {{(pid=104668) server /usr/local/lib/python3.8/dist-packages/eventlet/wsgi.py:1004}}
Jun 02 03:28:15.275264 dv-neutron-844171-2-hyperv neutron-server[104669]: DEBUG neutron.services.segments.db [None req-9eab695d-2522-4ae3-99c1-78e9f4444b12 tempest-BulkNetworkOpsTest-782050779 tempest-BulkNetworkOpsTest-782050779-project] neutron.services.segments.plugin.Plugin method get_segments called with arguments (,) {'filters': {'network_id': ['eeda7fde-33f0-4830-bd2a-9683c58c2ae7']}} {{(pid=104669) wrapper /usr/local/lib/python3.8/dist-packages/oslo_log/helpers.py:65}}
Jun 02 03:28:15.288485 dv-neutron-844171-2-hyperv neutron-server[104669]: DEBUG neutron.services.segments.db [None req-9eab695d-2522-4ae3-99c1-78e9f4444b12 tempest-BulkNetworkOpsTest-782050779 tempest-BulkNetworkOpsTest-782050779-project] neutron.services.segments.plugin.Plugin method delete_segment called with arguments (, '5d169155-2177-4a77-b4dc-65bc25bb895d') {'for_net_delete': True} {{(pid=104669) wrapper /usr/local/lib/python3.8/dist-packages/oslo_log/helpers.py:65}}
Jun 02 03:28:15.288978 dv-neutron-844171-2-hyperv neutron-server[104669]: DEBUG neutron.services.segments.db [None req-9eab695d-2522-4ae3-99c1-78e9f4444b12 tempest-BulkNetworkOpsTest-782050779 tempest-BulkNetworkOpsTest-782050779-project] neutron.services.segments.plugin.Plugin method get_segment called with arguments (, '5d169155-2177-4a77-b4dc-65bc25bb895d') {} {{(pid=104669) wrapper /usr/local/lib/python3.8/dist-packages/oslo_log/helpers.py:65}}
Jun 02 03:28:15.300510 dv-neutron-844171-2-hyperv neutron-server[104668]: DEBUG neutron.api.v2.base [None req-03d920d4-1281-4344-b65f-232a9e0d3019 tempest-PortsAdminExtendedAttrsIpV6TestJSON-762263521 tempest-PortsAdminExtendedAttrsIpV6TestJSON-762263521-project-admin] Request body: {'port': {'binding:host_id': 'hv-neutron-8441'}} {{(pid=104668) prepare_request_body /opt/stack/neutron/neutron/api/v2/base.py:730}}
Jun 02 03:28:15.301641 dv-neutron-844171-2-hyperv neutron-server[104669]: DEBUG neutron_lib.callbacks.manager [None req-9eab695d-2522-4ae3-99c1-78e9f4444b12 tempest-BulkNetworkOpsTest-782050779 tempest-BulkNetworkOpsTest-782050779-project] Publish callbacks ['neutron.plugins.ml2.db._prevent_segment_delete_with_port_bound-8745985237679', 'neutron.services.segments.plugin.Plugin._prevent_segment_delete_with_subnet_associated-28768500'] for segment (5d169155-2177-4a77-b4dc-65bc25bb895d), before_delete {{(pid=104669) _notify_loop /usr/local/lib/python3.8/dist-packages/neutron_lib/callbacks/manager.py:176}}
Jun 02 03:28:15.308251 dv-neutron-844171-2-hyperv neutron-server[104671]: DEBUG neutron.api.rpc.handlers.l3_rpc [None req-df64f37e-bcad-41d0-825b-c1c517931438 None None] The sync data for ids ['cf2fd458-c14b-4c18-9beb-a7bdc3761f05'] in dv-neutron-844171-2-hyperv is: [{'id': 'cf2fd458-c14b-4c18-9beb-a7bdc3761f05', 'name': 'tempest-ServersTestJSON-618625140-router', 'tenant_id': '81250335931443d285691cf185d67bf2', 'admin_state_up': True, 'status': 'ACTIVE', 'external_gateway_info': {'network_id': '8fe72cef-84ae-47cf-873a-174796249dfb', 'external_fixed_ips': [{'subnet_id': 'a43275b6-813e-41dd-9d5f-fbc765e9efa2', 'ip_address': '172.26.8.87'}], 'enable_snat': True}, 'gw_port_id': '9ed0c4ed-e400-4878-b095-b46e20309173', 'description': '', 'availability_zones': ['nova'], 'distributed': False, 'ha': False, 'ha_vr_id': 0, 'availability_zone_hints': [], 'routes': [], 'flavor_id': None, 'tags': [], 'created_at': '2022-06-02T03:27:54Z', 'updated_at': '2022-06-02T03:28:10Z', 'revision_number': 4, 'project_id': '81250335931443d285691cf185d67bf2', 'gw_port': {'id': '9ed0c4ed-e400-4878-b095-b46e20309173', 'name': '', 'network_id': '8fe72cef-84ae-47cf-873a-174796249dfb', 'tenant_id': '', 'mac_address': 'fa:16:3e:b3:84:9e', 'admin_state_up': True, 'status': 'ACTIVE', 'device_id': 'cf2fd458-c14b-4c18-9beb-a7bdc3761f05', 'device_owner': 'network:router_gateway', 'standard_attr_id': 95, 'fixed_ips': [{'subnet_id': 'a43275b6-813e-41dd-9d5f-fbc765e9efa2', 'ip_address': '172.26.8.87', 'prefixlen': 24}], 'allowed_address_pairs': [], 'extra_dhcp_opts': [], 'security_groups': [], 'description': '', 'binding:vnic_type': 'normal', 'binding:profile': {}, 'binding:host_id': 'dv-neutron-844171-2-hyperv', 'binding:vif_type': 'ovs', 'binding:vif_details': {'connectivity': 'l2', 'port_filter': True, 'ovs_hybrid_plug': False, 'datapath_type': 'system', 'bridge_name': 'br-int', 'bound_drivers': {'0': 'openvswitch'}}, 'port_security_enabled': False, 'tags': [], 'created_at': '2022-06-02T03:27:57Z', 'updated_at': '2022-06-02T03:28:09Z', 'revision_number': 4, 'project_id': '', 'subnets': [{'id': 'a43275b6-813e-41dd-9d5f-fbc765e9efa2', 'cidr': '172.26.8.0/24', 'gateway_ip': '172.26.8.1', 'dns_nameservers': [], 'ipv6_ra_mode': None, 'subnetpool_id': None}], 'extra_subnets': [], 'address_scopes': {4: None, 6: None}, 'mtu': 1500}, 'enable_snat': True, 'gw_port_host': 'dv-neutron-844171-2-hyperv', '_interfaces': [{'id': '53adcd49-45e6-486f-b324-680e354f6a38', 'name': '', 'network_id': 'c61cc934-3b38-4266-8dc0-6a5f1773cbb8', 'tenant_id': '81250335931443d285691cf185d67bf2', 'mac_address': 'fa:16:3e:e4:51:24', 'admin_state_up': True, 'status': 'DOWN', 'device_id': 'cf2fd458-c14b-4c18-9beb-a7bdc3761f05', 'device_owner': 'network:router_interface', 'standard_attr_id': 137, 'fixed_ips': [{'subnet_id': '4537fb49-4449-48ce-854a-f6da64010a57', 'ip_address': '172.20.0.1', 'prefixlen': 28}], 'allowed_address_pairs': [], 'extra_dhcp_opts': [], 'security_groups': [], 'description': '', 'binding:vnic_type': 'normal', 'binding:profile': {}, 'binding:host_id': 'dv-neutron-844171-2-hyperv', 'binding:vif_type': 'ovs', 'binding:vif_details': {'connectivity': 'l2', 'port_filter': True, 'ovs_hybrid_plug': False, 'datapath_type': 'system', 'bridge_name': 'br-int', 'bound_drivers': {'0': 'openvswitch'}}, 'port_security_enabled': False, 'tags': [], 'created_at': '2022-06-02T03:28:06Z', 'updated_at': '2022-06-02T03:28:14Z', 'revision_number': 4, 'project_id': '81250335931443d285691cf185d67bf2', 'subnets': [{'id': '4537fb49-4449-48ce-854a-f6da64010a57', 'cidr': '172.20.0.0/28', 'gateway_ip': '172.20.0.1', 'dns_nameservers': [], 'ipv6_ra_mode': None, 'subnetpool_id': None}], 'extra_subnets': [], 'address_scopes': {4: None, 6: None}, 'mtu': 1500}]}] {{(pid=104671) sync_routers /opt/stack/neutron/neutron/api/rpc/handlers/l3_rpc.py:137}}
Jun 02 03:28:15.381289 dv-neutron-844171-2-hyperv neutron-server[104668]: DEBUG neutron.api.rpc.handlers.resources_rpc [None req-28668eeb-4526-49e9-9939-4c63cbaed9f8 tempest-ServersTestJSON-316357588 tempest-ServersTestJSON-316357588-project] Pushing event updated for resources: {'SecurityGroupRule': ['ID=9c4b4be4-5bef-41b5-baa0-4bd13d5892e0,revision_number=0']} {{(pid=104668) push /opt/stack/neutron/neutron/api/rpc/handlers/resources_rpc.py:237}}
Jun 02 03:28:15.401606 dv-neutron-844171-2-hyperv neutron-server[104668]: DEBUG neutron_lib.callbacks.manager [None req-86836b1d-b0bd-4060-afcc-55ab43b55533 tempest-PortsAdminExtendedAttrsTestJSON-922180123 tempest-PortsAdminExtendedAttrsTestJSON-922180123-project] Publish callbacks ['neutron.plugins.ml2.ovo_rpc._ObjectChangeHandler.handle_event-497152', 'neutron.api.rpc.agentnotifiers.dhcp_rpc_agent_api.DhcpAgentNotifyAPI._native_event_send_dhcp_notification-580447'] for network (83d9e131-6609-4236-85d6-ea9eb074e194), after_create {{(pid=104668) _notify_loop /usr/local/lib/python3.8/dist-packages/neutron_lib/callbacks/manager.py:176}}
Jun 02 03:28:15.409205 dv-neutron-844171-2-hyperv neutron-server[104668]: DEBUG neutron.pecan_wsgi.hooks.policy_enforcement [None req-86836b1d-b0bd-4060-afcc-55ab43b55533 tempest-PortsAdminExtendedAttrsTestJSON-922180123 tempest-PortsAdminExtendedAttrsTestJSON-922180123-project] Attributes excluded by policy engine: ['standard_attr_id', 'provider:network_type', 'provider:physical_network', 'provider:segmentation_id', 'vlan_transparent'] {{(pid=104668) _exclude_attributes_by_policy /opt/stack/neutron/neutron/pecan_wsgi/hooks/policy_enforcement.py:259}}
Jun 02 03:28:15.410206 dv-neutron-844171-2-hyperv neutron-server[104668]: DEBUG neutron_lib.callbacks.manager [None req-86836b1d-b0bd-4060-afcc-55ab43b55533 tempest-PortsAdminExtendedAttrsTestJSON-922180123 tempest-PortsAdminExtendedAttrsTestJSON-922180123-project] Publish callbacks ['neutron.api.rpc.agentnotifiers.dhcp_rpc_agent_api.DhcpAgentNotifyAPI._send_dhcp_notification-580461'] for network (None), before_response {{(pid=104668) _notify_loop /usr/local/lib/python3.8/dist-packages/neutron_lib/callbacks/manager.py:176}}
Jun 02 03:28:15.461990 dv-neutron-844171-2-hyperv neutron-server[104670]: DEBUG neutron.plugins.ml2.plugin [None req-bf925229-4db6-4b97-b51d-1bba89b6472e None None] Current status of the port 8ee969a2-8613-4a15-8d0b-b82204b66da9 is: ACTIVE; New status is: ACTIVE {{(pid=104670) _update_individual_port_db_status /opt/stack/neutron/neutron/plugins/ml2/plugin.py:2298}}
Jun 02 03:28:15.468209 dv-neutron-844171-2-hyperv neutron-server[104668]: DEBUG neutron.api.rpc.handlers.resources_rpc [None req-e00accc4-94ed-4165-b281-a018e3eb35e0 tempest-ServersTestManualDisk-730143199 tempest-ServersTestManualDisk-730143199-project] Pushing event updated for resources: {'SecurityGroup': ['ID=fffb7bb0-e8e0-4584-b6a6-ae6b8fbf9893,revision_number=1']} {{(pid=104668) push /opt/stack/neutron/neutron/api/rpc/handlers/resources_rpc.py:237}}
Jun 02 03:28:15.479441 dv-neutron-844171-2-hyperv neutron-server[104668]: DEBUG neutron_lib.callbacks.manager [None req-28668eeb-4526-49e9-9939-4c63cbaed9f8 tempest-ServersTestJSON-316357588 tempest-ServersTestJSON-316357588-project] Publish callbacks [] for security_group_rule (None), before_response {{(pid=104668) _notify_loop /usr/local/lib/python3.8/dist-packages/neutron_lib/callbacks/manager.py:176}}
Jun 02 03:28:15.481056 dv-neutron-844171-2-hyperv neutron-server[104668]: INFO neutron.wsgi [None req-28668eeb-4526-49e9-9939-4c63cbaed9f8 tempest-ServersTestJSON-316357588 tempest-ServersTestJSON-316357588-project] 10.222.0.24 "POST /v2.0/security-group-rules HTTP/1.1" status: 201 len: 769 time: 0.7937887
Jun 02 03:28:15.482413 dv-neutron-844171-2-hyperv neutron-server[104669]: DEBUG neutron_lib.callbacks.manager [None req-8accea2c-d03b-41c3-a6e9-470ee66325eb tempest-ExternalNetworksTestJSON-120063193 tempest-ExternalNetworksTestJSON-120063193-project-admin] Publish callbacks ['neutron.plugins.ml2.plugin.Ml2Plugin._network_delete_precommit_handler-3570417', 'neutron.services.segments.db._delete_segments_for_network-8745985233318'] for network (06851d94-2e44-4fdb-b307-50e0f05de236), precommit_delete {{(pid=104669) _notify_loop /usr/local/lib/python3.8/dist-packages/neutron_lib/callbacks/manager.py:176}}
Jun 02 03:28:15.484080 dv-neutron-844171-2-hyperv neutron-server[104668]: DEBUG neutron_lib.callbacks.manager [None req-e00accc4-94ed-4165-b281-a018e3eb35e0 tempest-ServersTestManualDisk-730143199 tempest-ServersTestManualDisk-730143199-project] Publish callbacks [] for security_group (None), before_response {{(pid=104668) _notify_loop /usr/local/lib/python3.8/dist-packages/neutron_lib/callbacks/manager.py:176}}
Jun 02 03:28:15.488418 dv-neutron-844171-2-hyperv neutron-server[104668]: INFO neutron.wsgi [None req-e00accc4-94ed-4165-b281-a018e3eb35e0 tempest-ServersTestManualDisk-730143199 tempest-ServersTestManualDisk-730143199-project] 10.222.0.24 "POST /v2.0/security-groups HTTP/1.1" status: 201 len: 1797 time: 0.9298058
Jun 02 03:28:15.489111 dv-neutron-844171-2-hyperv neutron-server[104668]: DEBUG neutron.wsgi [-] (104668) accepted ('10.222.0.24', 58700) {{(pid=104668) server /usr/local/lib/python3.8/dist-packages/eventlet/wsgi.py:1004}}
Jun 02 03:28:15.489374 dv-neutron-844171-2-hyperv neutron-server[104668]: DEBUG neutron.wsgi [-] (104668) accepted ('10.222.0.24', 58702) {{(pid=104668) server /usr/local/lib/python3.8/dist-packages/eventlet/wsgi.py:1004}}
Jun 02 03:28:15.494183 dv-neutron-844171-2-hyperv neutron-server[104670]: DEBUG neutron.plugins.ml2.plugin [None req-e25ff217-7c0e-4edc-a1c5-a29ca0b7ea2e None None] Current status of the port 53adcd49-45e6-486f-b324-680e354f6a38 is: DOWN; New status is: ACTIVE {{(pid=104670) _update_individual_port_db_status /opt/stack/neutron/neutron/plugins/ml2/plugin.py:2298}}
Jun 02 03:28:15.495690 dv-neutron-844171-2-hyperv neutron-server[104670]: DEBUG neutron_lib.callbacks.manager [None req-e25ff217-7c0e-4edc-a1c5-a29ca0b7ea2e None None] Publish callbacks ['neutron.plugins.ml2.plugin.SecurityGroupDbMixin._ensure_default_security_group_handler-3580387'] for port (53adcd49-45e6-486f-b324-680e354f6a38), before_update {{(pid=104670) _notify_loop /usr/local/lib/python3.8/dist-packages/neutron_lib/callbacks/manager.py:176}}
Jun 02 03:28:15.521179 dv-neutron-844171-2-hyperv neutron-server[104669]: DEBUG neutron.services.segments.db [None req-8accea2c-d03b-41c3-a6e9-470ee66325eb tempest-ExternalNetworksTestJSON-120063193 tempest-ExternalNetworksTestJSON-120063193-project-admin] neutron.services.segments.plugin.Plugin method get_segments called with arguments (,) {'filters': {'network_id': ['06851d94-2e44-4fdb-b307-50e0f05de236']}} {{(pid=104669) wrapper /usr/local/lib/python3.8/dist-packages/oslo_log/helpers.py:65}}
Jun 02 03:28:15.537670 dv-neutron-844171-2-hyperv neutron-server[104669]: DEBUG neutron.services.segments.db [None req-8accea2c-d03b-41c3-a6e9-470ee66325eb tempest-ExternalNetworksTestJSON-120063193 tempest-ExternalNetworksTestJSON-120063193-project-admin] neutron.services.segments.plugin.Plugin method delete_segment called with arguments (, '07b67cc8-f1ad-48cf-b232-4184048a8d55') {'for_net_delete': True} {{(pid=104669) wrapper /usr/local/lib/python3.8/dist-packages/oslo_log/helpers.py:65}}
Jun 02 03:28:15.538066 dv-neutron-844171-2-hyperv neutron-server[104669]: DEBUG neutron.services.segments.db [None req-8accea2c-d03b-41c3-a6e9-470ee66325eb tempest-ExternalNetworksTestJSON-120063193 tempest-ExternalNetworksTestJSON-120063193-project-admin] neutron.services.segments.plugin.Plugin method get_segment called with arguments (, '07b67cc8-f1ad-48cf-b232-4184048a8d55') {} {{(pid=104669) wrapper /usr/local/lib/python3.8/dist-packages/oslo_log/helpers.py:65}}
Jun 02 03:28:15.567230 dv-neutron-844171-2-hyperv neutron-server[104669]: DEBUG neutron_lib.callbacks.manager [None req-8accea2c-d03b-41c3-a6e9-470ee66325eb tempest-ExternalNetworksTestJSON-120063193 tempest-ExternalNetworksTestJSON-120063193-project-admin] Publish callbacks ['neutron.plugins.ml2.db._prevent_segment_delete_with_port_bound-8745985237679', 'neutron.services.segments.plugin.Plugin._prevent_segment_delete_with_subnet_associated-28768500'] for segment (07b67cc8-f1ad-48cf-b232-4184048a8d55), before_delete {{(pid=104669) _notify_loop /usr/local/lib/python3.8/dist-packages/neutron_lib/callbacks/manager.py:176}}
Jun 02 03:28:15.578302 dv-neutron-844171-2-hyperv neutron-server[104668]: DEBUG neutron.api.v2.base [None req-1c86d3d2-0e0a-42de-bcb6-e28d9b53f8ae tempest-ServersTestJSON-316357588 tempest-ServersTestJSON-316357588-project] Request body: {'floatingip': {'floating_network_id': '8fe72cef-84ae-47cf-873a-174796249dfb'}} {{(pid=104668) prepare_request_body /opt/stack/neutron/neutron/api/v2/base.py:730}}
Jun 02 03:28:15.587794 dv-neutron-844171-2-hyperv neutron-server[104669]: DEBUG neutron_lib.callbacks.manager [None req-8accea2c-d03b-41c3-a6e9-470ee66325eb tempest-ExternalNetworksTestJSON-120063193 tempest-ExternalNetworksTestJSON-120063193-project-admin] Publish callbacks ['neutron.plugins.ml2.plugin.Ml2Plugin._handle_segment_change-3560945'] for segment (07b67cc8-f1ad-48cf-b232-4184048a8d55), precommit_delete {{(pid=104669) _notify_loop /usr/local/lib/python3.8/dist-packages/neutron_lib/callbacks/manager.py:176}}
Jun 02 03:28:15.597621 dv-neutron-844171-2-hyperv neutron-server[104669]: DEBUG neutron.plugins.ml2.drivers.type_vlan [None req-8accea2c-d03b-41c3-a6e9-470ee66325eb tempest-ExternalNetworksTestJSON-120063193 tempest-ExternalNetworksTestJSON-120063193-project-admin] Releasing vlan 232 on physical network physnet1 to pool {{(pid=104669) release_segment /opt/stack/neutron/neutron/plugins/ml2/drivers/type_vlan.py:304}}
Jun 02 03:28:15.599270 dv-neutron-844171-2-hyperv neutron-server[104669]: DEBUG neutron_lib.callbacks.manager [None req-8accea2c-d03b-41c3-a6e9-470ee66325eb tempest-ExternalNetworksTestJSON-120063193 tempest-ExternalNetworksTestJSON-120063193-project-admin] Publish callbacks ['neutron.plugins.ml2.plugin.Ml2Plugin._handle_segment_change-3560945', 'neutron.services.segments.plugin.NovaSegmentNotifier._notify_segment_deleted-28546300'] for segment (07b67cc8-f1ad-48cf-b232-4184048a8d55), after_delete {{(pid=104669) _notify_loop /usr/local/lib/python3.8/dist-packages/neutron_lib/callbacks/manager.py:176}}
Jun 02 03:28:15.630865 dv-neutron-844171-2-hyperv neutron-server[104670]: DEBUG neutron.plugins.ml2.db [None req-e25ff217-7c0e-4edc-a1c5-a29ca0b7ea2e None None] For port 53adcd49-45e6-486f-b324-680e354f6a38, host dv-neutron-844171-2-hyperv, got binding levels [PortBindingLevel(driver='openvswitch',host='dv-neutron-844171-2-hyperv',level=0,port_id=53adcd49-45e6-486f-b324-680e354f6a38,segment=NetworkSegment(1af95650-28dc-4bec-a201-678845424318),segment_id=1af95650-28dc-4bec-a201-678845424318)] {{(pid=104670) get_binding_level_objs /opt/stack/neutron/neutron/plugins/ml2/db.py:74}}
Jun 02 03:28:15.637741 dv-neutron-844171-2-hyperv neutron-server[104668]: DEBUG neutron_lib.callbacks.manager [None req-03d920d4-1281-4344-b65f-232a9e0d3019 tempest-PortsAdminExtendedAttrsIpV6TestJSON-762263521 tempest-PortsAdminExtendedAttrsIpV6TestJSON-762263521-project-admin] Publish callbacks ['neutron.plugins.ml2.plugin.SecurityGroupDbMixin._ensure_default_security_group_handler-3580387'] for port (0c3cad54-d6d7-4d6e-b169-fe8bb007c7a2), before_update {{(pid=104668) _notify_loop /usr/local/lib/python3.8/dist-packages/neutron_lib/callbacks/manager.py:176}}
Jun 02 03:28:15.641882 dv-neutron-844171-2-hyperv neutron-server[104670]: DEBUG neutron_lib.callbacks.manager [None req-e25ff217-7c0e-4edc-a1c5-a29ca0b7ea2e None None] Publish callbacks ['neutron.plugins.ml2.plugin.SecurityGroupServerNotifierRpcMixin._notify_sg_on_port_change-3580196', 'neutron.plugins.ml2.ovo_rpc._ObjectChangeHandler.handle_event-940836', 'neutron.api.rpc.agentnotifiers.dhcp_rpc_agent_api.DhcpAgentNotifyAPI._native_event_send_dhcp_notification-580447', 'neutron.db.l3_db.L3RpcNotifierMixin._notify_gateway_port_ip_changed-8745985331932', 'neutron.db.l3_dvrscheduler_db._notify_l3_agent_port_update-8745984781114', 'neutron.db.l3_hascheduler_db._notify_l3_agent_ha_port_update-8745984781132'] for port (53adcd49-45e6-486f-b324-680e354f6a38), after_update {{(pid=104670) _notify_loop /usr/local/lib/python3.8/dist-packages/neutron_lib/callbacks/manager.py:176}}
Jun 02 03:28:15.650486 dv-neutron-844171-2-hyperv neutron-server[104668]: DEBUG neutron.api.v2.base [None req-5c462d91-b532-48e4-b7ca-c10715652358 tempest-ServersTestManualDisk-730143199 tempest-ServersTestManualDisk-730143199-project] Request body: {'security_group_rule': {'security_group_id': 'fffb7bb0-e8e0-4584-b6a6-ae6b8fbf9893', 'protocol': 'tcp', 'ethertype': 'IPv4', 'port_range_min': 22, 'port_range_max': 22, 'direction': 'ingress'}} {{(pid=104668) prepare_request_body /opt/stack/neutron/neutron/api/v2/base.py:730}}
Jun 02 03:28:15.657449 dv-neutron-844171-2-hyperv neutron-server[104668]: DEBUG neutron_lib.callbacks.manager [None req-1c86d3d2-0e0a-42de-bcb6-e28d9b53f8ae tempest-ServersTestJSON-316357588 tempest-ServersTestJSON-316357588-project] Publish callbacks [] for floatingip (None), before_create {{(pid=104668) _notify_loop /usr/local/lib/python3.8/dist-packages/neutron_lib/callbacks/manager.py:176}}
Jun 02 03:28:15.775082 dv-neutron-844171-2-hyperv neutron-server[104670]: DEBUG neutron.db.provisioning_blocks [None req-3ff76473-efcc-49a0-9460-12fecca38a71 None None] Provisioning complete for port 53adcd49-45e6-486f-b324-680e354f6a38 triggered by entity DHCP. {{(pid=104670) provisioning_complete /opt/stack/neutron/neutron/db/provisioning_blocks.py:145}}
Jun 02 03:28:15.776084 dv-neutron-844171-2-hyperv neutron-server[104670]: DEBUG neutron_lib.callbacks.manager [None req-3ff76473-efcc-49a0-9460-12fecca38a71 None None] Publish callbacks ['neutron.plugins.ml2.plugin.Ml2Plugin._port_provisioned-3569262'] for port (53adcd49-45e6-486f-b324-680e354f6a38), provisioning_complete {{(pid=104670) _notify_loop /usr/local/lib/python3.8/dist-packages/neutron_lib/callbacks/manager.py:176}}
Jun 02 03:28:15.787038 dv-neutron-844171-2-hyperv neutron-server[104668]: DEBUG neutron.wsgi [-] (104668) accepted ('10.222.0.24', 58708) {{(pid=104668) server /usr/local/lib/python3.8/dist-packages/eventlet/wsgi.py:1004}}
Jun 02 03:28:15.788358 dv-neutron-844171-2-hyperv neutron-server[104668]: DEBUG neutron_lib.callbacks.manager [None req-1c86d3d2-0e0a-42de-bcb6-e28d9b53f8ae tempest-ServersTestJSON-316357588 tempest-ServersTestJSON-316357588-project] Publish callbacks ['neutron.plugins.ml2.plugin.SecurityGroupDbMixin._ensure_default_security_group_handler-3580387'] for port (None), before_create {{(pid=104668) _notify_loop /usr/local/lib/python3.8/dist-packages/neutron_lib/callbacks/manager.py:176}}
Jun 02 03:28:15.837527 dv-neutron-844171-2-hyperv neutron-server[104670]: DEBUG neutron.api.rpc.handlers.resources_rpc [None req-e25ff217-7c0e-4edc-a1c5-a29ca0b7ea2e None None] Pushing event updated for resources: {'Port': ['ID=53adcd49-45e6-486f-b324-680e354f6a38,revision_number=5']} {{(pid=104670) push /opt/stack/neutron/neutron/api/rpc/handlers/resources_rpc.py:237}}
Jun 02 03:28:15.888451 dv-neutron-844171-2-hyperv neutron-server[104669]: DEBUG neutron.api.rpc.handlers.resources_rpc [None req-8accea2c-d03b-41c3-a6e9-470ee66325eb tempest-ExternalNetworksTestJSON-120063193 tempest-ExternalNetworksTestJSON-120063193-project-admin] Pushing event deleted for resources: {'Subnet': ['ID=bd91cc6d-db19-47b7-ac9b-1cf3e26c921d,revision_number=None']} {{(pid=104669) push /opt/stack/neutron/neutron/api/rpc/handlers/resources_rpc.py:237}}
Jun 02 03:28:15.891803 dv-neutron-844171-2-hyperv neutron-server[104669]: DEBUG dbcounter [-] [104669] Writing DB stats neutron:SELECT=94,neutron:UPDATE=2,neutron:DELETE=4 {{(pid=104669) stat_writer /usr/local/lib/python3.8/dist-packages/dbcounter.py:114}}
Jun 02 03:28:15.906778 dv-neutron-844171-2-hyperv neutron-server[104668]: DEBUG neutron.db.db_base_plugin_common [None req-1c86d3d2-0e0a-42de-bcb6-e28d9b53f8ae tempest-ServersTestJSON-316357588 tempest-ServersTestJSON-316357588-project] Allocated IP 172.26.8.5 (8fe72cef-84ae-47cf-873a-174796249dfb/a43275b6-813e-41dd-9d5f-fbc765e9efa2/1e87ae32-91c1-417c-8c5d-666bdd6ce92d) {{(pid=104668) _store_ip_allocation /opt/stack/neutron/neutron/db/db_base_plugin_common.py:131}}
Jun 02 03:28:15.920545 dv-neutron-844171-2-hyperv neutron-server[104670]: DEBUG neutron.plugins.ml2.plugin [None req-3ff76473-efcc-49a0-9460-12fecca38a71 None None] Current status of the port 53adcd49-45e6-486f-b324-680e354f6a38 is: ACTIVE; New status is: ACTIVE {{(pid=104670) _update_individual_port_db_status /opt/stack/neutron/neutron/plugins/ml2/plugin.py:2298}}
Jun 02 03:28:15.931768 dv-neutron-844171-2-hyperv neutron-server[104669]: DEBUG neutron_lib.callbacks.manager [None req-9eab695d-2522-4ae3-99c1-78e9f4444b12 tempest-BulkNetworkOpsTest-782050779 tempest-BulkNetworkOpsTest-782050779-project] Publish callbacks ['neutron.plugins.ml2.plugin.Ml2Plugin._handle_segment_change-3560945'] for segment (5d169155-2177-4a77-b4dc-65bc25bb895d), precommit_delete {{(pid=104669) _notify_loop /usr/local/lib/python3.8/dist-packages/neutron_lib/callbacks/manager.py:176}}
Jun 02 03:28:15.934464 dv-neutron-844171-2-hyperv neutron-server[104669]: DEBUG neutron_lib.callbacks.manager [None req-8accea2c-d03b-41c3-a6e9-470ee66325eb tempest-ExternalNetworksTestJSON-120063193 tempest-ExternalNetworksTestJSON-120063193-project-admin] Publish callbacks ['neutron.plugins.ml2.plugin.Ml2Plugin._network_delete_after_delete_handler-3570376', 'neutron.plugins.ml2.ovo_rpc._ObjectChangeHandler.handle_event-497152', 'neutron.api.rpc.agentnotifiers.dhcp_rpc_agent_api.DhcpAgentNotifyAPI._native_event_send_dhcp_notification-580447', 'neutron.services.l3_router.l3_router_plugin.DVRResourceOperationHandler.delete_fip_namespaces_for_ext_net-532986'] for network (06851d94-2e44-4fdb-b307-50e0f05de236), after_delete {{(pid=104669) _notify_loop /usr/local/lib/python3.8/dist-packages/neutron_lib/callbacks/manager.py:176}}
Jun 02 03:28:15.941958 dv-neutron-844171-2-hyperv neutron-server[104669]: DEBUG neutron.api.rpc.agentnotifiers.l3_rpc_agent_api [None req-8accea2c-d03b-41c3-a6e9-470ee66325eb tempest-ExternalNetworksTestJSON-120063193 tempest-ExternalNetworksTestJSON-120063193-project-admin] Fanout notify agent at l3_agent the message fipnamespace_delete_on_ext_net for external_network 06851d94-2e44-4fdb-b307-50e0f05de236 {{(pid=104669) _notification_fanout /opt/stack/neutron/neutron/api/rpc/agentnotifiers/l3_rpc_agent_api.py:120}}
Jun 02 03:28:15.945758 dv-neutron-844171-2-hyperv neutron-server[104669]: DEBUG neutron_lib.callbacks.manager [None req-8accea2c-d03b-41c3-a6e9-470ee66325eb tempest-ExternalNetworksTestJSON-120063193 tempest-ExternalNetworksTestJSON-120063193-project-admin] Publish callbacks ['neutron.api.rpc.agentnotifiers.dhcp_rpc_agent_api.DhcpAgentNotifyAPI._send_dhcp_notification-580461'] for network (None), before_response {{(pid=104669) _notify_loop /usr/local/lib/python3.8/dist-packages/neutron_lib/callbacks/manager.py:176}}
Jun 02 03:28:15.950382 dv-neutron-844171-2-hyperv neutron-server[104669]: INFO neutron.wsgi [None req-8accea2c-d03b-41c3-a6e9-470ee66325eb tempest-ExternalNetworksTestJSON-120063193 tempest-ExternalNetworksTestJSON-120063193-project-admin] 10.222.0.24 "DELETE /v2.0/networks/06851d94-2e44-4fdb-b307-50e0f05de236 HTTP/1.1" status: 204 len: 168 time: 4.2923825
Jun 02 03:28:15.972261 dv-neutron-844171-2-hyperv neutron-server[104669]: INFO neutron.services.segments.plugin [-] Segment 07b67cc8-f1ad-48cf-b232-4184048a8d55 resource provider aggregate not found
Jun 02 03:28:15.975724 dv-neutron-844171-2-hyperv neutron-server[104669]: DEBUG neutron.wsgi [-] (104669) accepted ('10.222.0.24', 58712) {{(pid=104669) server /usr/local/lib/python3.8/dist-packages/eventlet/wsgi.py:1004}}
Jun 02 03:28:15.980929 dv-neutron-844171-2-hyperv neutron-server[104669]: DEBUG neutron.api.rpc.handlers.resources_rpc [None req-8accea2c-d03b-41c3-a6e9-470ee66325eb tempest-ExternalNetworksTestJSON-120063193 tempest-ExternalNetworksTestJSON-120063193-project-admin] Pushing event deleted for resources: {'Network': ['ID=06851d94-2e44-4fdb-b307-50e0f05de236,revision_number=None']} {{(pid=104669) push /opt/stack/neutron/neutron/api/rpc/handlers/resources_rpc.py:237}}
Jun 02 03:28:16.011829 dv-neutron-844171-2-hyperv neutron-server[104669]: DEBUG neutron.plugins.ml2.drivers.type_vlan [None req-9eab695d-2522-4ae3-99c1-78e9f4444b12 tempest-BulkNetworkOpsTest-782050779 tempest-BulkNetworkOpsTest-782050779-project] Releasing vlan 234 on physical network physnet1 to pool {{(pid=104669) release_segment /opt/stack/neutron/neutron/plugins/ml2/drivers/type_vlan.py:304}}
