Jun 01 10:41:23.702458 dv-neutron-843933-3-hyperv devstack@keystone.service[80517]: DEBUG keystone.server.flask.request_processing.middleware.auth_context [None req-8f2ad6df-edd3-43ac-ad25-1c7386d630a0 None admin] RBAC: auth_context: {'token': , 'domain_id': None, 'trust_id': None, 'trustor_id': None, 'trustee_id': None, 'domain_name': None, 'group_ids': [], 'user_id': '1da41b7f87db40f0a1d69979d3a8bfa9', 'user_domain_id': 'default', 'system_scope': 'all', 'project_id': None, 'project_domain_id': None, 'roles': ['admin', 'member', 'reader'], 'is_admin_project': True, 'service_user_id': None, 'service_user_domain_id': None, 'service_project_id': None, 'service_project_domain_id': None, 'service_roles': []} {{(pid=80517) fill_context /opt/stack/keystone/keystone/server/flask/request_processing/middleware/auth_context.py:478}}
Jun 01 10:41:23.703762 dv-neutron-843933-3-hyperv devstack@keystone.service[80517]: DEBUG keystone.server.flask.request_processing.req_logging [None req-8f2ad6df-edd3-43ac-ad25-1c7386d630a0 None admin] REQUEST_METHOD: `GET` {{(pid=80517) log_request_info /opt/stack/keystone/keystone/server/flask/request_processing/req_logging.py:27}}
Jun 01 10:41:23.704329 dv-neutron-843933-3-hyperv devstack@keystone.service[80517]: DEBUG keystone.server.flask.request_processing.req_logging [None req-8f2ad6df-edd3-43ac-ad25-1c7386d630a0 None admin] SCRIPT_NAME: `/identity` {{(pid=80517) log_request_info /opt/stack/keystone/keystone/server/flask/request_processing/req_logging.py:28}}
Jun 01 10:41:23.704901 dv-neutron-843933-3-hyperv devstack@keystone.service[80517]: DEBUG keystone.server.flask.request_processing.req_logging [None req-8f2ad6df-edd3-43ac-ad25-1c7386d630a0 None admin] PATH_INFO: `/v3/roles/member` {{(pid=80517) log_request_info /opt/stack/keystone/keystone/server/flask/request_processing/req_logging.py:29}}
Jun 01 10:41:23.710048 dv-neutron-843933-3-hyperv devstack@keystone.service[80518]: DEBUG keystone.server.flask.request_processing.middleware.auth_context [None req-7f294e52-9b27-473c-96e9-f57f457cab7e None admin] RBAC: auth_context: {'token': , 'domain_id': None, 'trust_id': None, 'trustor_id': None, 'trustee_id': None, 'domain_name': None, 'group_ids': [], 'user_id': '1da41b7f87db40f0a1d69979d3a8bfa9', 'user_domain_id': 'default', 'system_scope': 'all', 'project_id': None, 'project_domain_id': None, 'roles': ['admin', 'member', 'reader'], 'is_admin_project': True, 'service_user_id': None, 'service_user_domain_id': None, 'service_project_id': None, 'service_project_domain_id': None, 'service_roles': []} {{(pid=80518) fill_context /opt/stack/keystone/keystone/server/flask/request_processing/middleware/auth_context.py:478}}
Jun 01 10:41:23.711253 dv-neutron-843933-3-hyperv devstack@keystone.service[80518]: DEBUG keystone.server.flask.request_processing.req_logging [None req-7f294e52-9b27-473c-96e9-f57f457cab7e None admin] REQUEST_METHOD: `PUT` {{(pid=80518) log_request_info /opt/stack/keystone/keystone/server/flask/request_processing/req_logging.py:27}}
Jun 01 10:41:23.711691 dv-neutron-843933-3-hyperv devstack@keystone.service[80518]: DEBUG keystone.server.flask.request_processing.req_logging [None req-7f294e52-9b27-473c-96e9-f57f457cab7e None admin] SCRIPT_NAME: `/identity` {{(pid=80518) log_request_info /opt/stack/keystone/keystone/server/flask/request_processing/req_logging.py:28}}
Jun 01 10:41:23.712117 dv-neutron-843933-3-hyperv devstack@keystone.service[80518]: DEBUG keystone.server.flask.request_processing.req_logging [None req-7f294e52-9b27-473c-96e9-f57f457cab7e None admin] PATH_INFO: `/v3/projects/0eaca5b3e4644655bb8c1e789bf26060/users/1da41b7f87db40f0a1d69979d3a8bfa9/roles/2e7ed6ad36ec4f478d1f7f95aff8ad47` {{(pid=80518) log_request_info /opt/stack/keystone/keystone/server/flask/request_processing/req_logging.py:29}}
Jun 01 10:41:23.714785 dv-neutron-843933-3-hyperv devstack@keystone.service[80518]: DEBUG keystone.common.rbac_enforcer.enforcer [None req-7f294e52-9b27-473c-96e9-f57f457cab7e None admin] RBAC: Authorizing `identity:create_grant(project_id=0eaca5b3e4644655bb8c1e789bf26060, user_id=1da41b7f87db40f0a1d69979d3a8bfa9, role_id=2e7ed6ad36ec4f478d1f7f95aff8ad47)` {{(pid=80518) enforce_call /opt/stack/keystone/keystone/common/rbac_enforcer/enforcer.py:449}}
Jun 01 10:41:23.717271 dv-neutron-843933-3-hyperv devstack@keystone.service[80518]: DEBUG keystone.common.rbac_enforcer.enforcer [None req-7f294e52-9b27-473c-96e9-f57f457cab7e None admin] RBAC: Authorization granted {{(pid=80518) enforce_call /opt/stack/keystone/keystone/common/rbac_enforcer/enforcer.py:457}}
Jun 01 10:41:23.719411 dv-neutron-843933-3-hyperv devstack@keystone.service[80517]: DEBUG keystone.common.rbac_enforcer.enforcer [None req-8f2ad6df-edd3-43ac-ad25-1c7386d630a0 None admin] Extracting inferred target data resulted in "NOT FOUND (404)". {{(pid=80517) enforce_call /opt/stack/keystone/keystone/common/rbac_enforcer/enforcer.py:409}}
Jun 01 10:41:23.728708 dv-neutron-843933-3-hyperv devstack@keystone.service[80517]: ERROR keystone.server.flask.application [None req-8f2ad6df-edd3-43ac-ad25-1c7386d630a0 None admin] Could not find role: member.: keystone.exception.RoleNotFound: Could not find role: member.
Jun 01 10:41:23.728708 dv-neutron-843933-3-hyperv devstack@keystone.service[80517]: ERROR keystone.server.flask.application
Traceback (most recent call last):
Jun 01 10:41:23.728708 dv-neutron-843933-3-hyperv devstack@keystone.service[80517]: ERROR keystone.server.flask.application
File "/usr/local/lib/python3.8/dist-packages/flask/app.py", line 1523, in full_dispatch_request
Jun 01 10:41:23.728708 dv-neutron-843933-3-hyperv devstack@keystone.service[80517]: ERROR keystone.server.flask.application rv = self.dispatch_request()
Jun 01 10:41:23.728708 dv-neutron-843933-3-hyperv devstack@keystone.service[80517]: ERROR keystone.server.flask.application
File "/usr/local/lib/python3.8/dist-packages/flask/app.py", line 1509, in dispatch_request
Jun 01 10:41:23.728708 dv-neutron-843933-3-hyperv devstack@keystone.service[80517]: ERROR keystone.server.flask.application return self.ensure_sync(self.view_functions[rule.endpoint])(**req.view_args)
Jun 01 10:41:23.728708 dv-neutron-843933-3-hyperv devstack@keystone.service[80517]: ERROR keystone.server.flask.application
File "/usr/local/lib/python3.8/dist-packages/flask_restful/__init__.py", line 467, in wrapper
Jun 01 10:41:23.728708 dv-neutron-843933-3-hyperv devstack@keystone.service[80517]: ERROR keystone.server.flask.application resp = resource(*args, **kwargs)
Jun 01 10:41:23.728708 dv-neutron-843933-3-hyperv devstack@keystone.service[80517]: ERROR keystone.server.flask.application
File "/usr/local/lib/python3.8/dist-packages/flask/views.py", line 84, in view
Jun 01 10:41:23.728708 dv-neutron-843933-3-hyperv devstack@keystone.service[80517]: ERROR keystone.server.flask.application return current_app.ensure_sync(self.dispatch_request)(*args, **kwargs)
Jun 01 10:41:23.728708 dv-neutron-843933-3-hyperv devstack@keystone.service[80517]: ERROR keystone.server.flask.application
File "/usr/local/lib/python3.8/dist-packages/flask_restful/__init__.py", line 582, in dispatch_request
Jun 01 10:41:23.728708 dv-neutron-843933-3-hyperv devstack@keystone.service[80517]: ERROR keystone.server.flask.application resp = meth(*args, **kwargs)
Jun 01 10:41:23.728708 dv-neutron-843933-3-hyperv devstack@keystone.service[80517]: ERROR keystone.server.flask.application
File "/opt/stack/keystone/keystone/api/roles.py", line 50, in get
Jun 01 10:41:23.728708 dv-neutron-843933-3-hyperv devstack@keystone.service[80517]: ERROR keystone.server.flask.application return self._get_role(role_id)
Jun 01 10:41:23.728708 dv-neutron-843933-3-hyperv devstack@keystone.service[80517]: ERROR keystone.server.flask.application
File "/opt/stack/keystone/keystone/api/roles.py", line 70, in _get_role
Jun 01 10:41:23.728708 dv-neutron-843933-3-hyperv devstack@keystone.service[80517]: ERROR keystone.server.flask.application ENFORCER.enforce_call(action='identity:get_role')
Jun 01 10:41:23.729973 dv-neutron-843933-3-hyperv devstack@keystone.service[80517]: ERROR keystone.server.flask.application
File "/opt/stack/keystone/keystone/common/rbac_enforcer/enforcer.py", line 402, in enforce_call
Jun 01 10:41:23.729973 dv-neutron-843933-3-hyperv devstack@keystone.service[80517]: ERROR keystone.server.flask.application policy_dict.update(cls._extract_member_target_data(
Jun 01 10:41:23.729973 dv-neutron-843933-3-hyperv devstack@keystone.service[80517]: ERROR keystone.server.flask.application
File "/opt/stack/keystone/keystone/common/rbac_enforcer/enforcer.py", line 234, in _extract_member_target_data
Jun 01 10:41:23.729973 dv-neutron-843933-3-hyperv devstack@keystone.service[80517]: ERROR keystone.server.flask.application member_name: func(flask.request.view_args[key])
Jun 01 10:41:23.729973 dv-neutron-843933-3-hyperv devstack@keystone.service[80517]: ERROR keystone.server.flask.application
File "/opt/stack/keystone/keystone/common/manager.py", line 115, in wrapped
Jun 01 10:41:23.729973 dv-neutron-843933-3-hyperv devstack@keystone.service[80517]: ERROR keystone.server.flask.application __ret_val = __f(*args, **kwargs)
Jun 01 10:41:23.729973 dv-neutron-843933-3-hyperv devstack@keystone.service[80517]: ERROR keystone.server.flask.application
File "/usr/local/lib/python3.8/dist-packages/decorator.py", line 232, in fun
Jun 01 10:41:23.729973 dv-neutron-843933-3-hyperv devstack@keystone.service[80517]: ERROR keystone.server.flask.application return caller(func, *(extras + args), **kw)
Jun 01 10:41:23.729973 dv-neutron-843933-3-hyperv devstack@keystone.service[80517]: ERROR keystone.server.flask.application
File "/usr/local/lib/python3.8/dist-packages/dogpile/cache/region.py", line 1577, in get_or_create_for_user_func
Jun 01 10:41:23.729973 dv-neutron-843933-3-hyperv devstack@keystone.service[80517]: ERROR keystone.server.flask.application return self.get_or_create(
Jun 01 10:41:23.729973 dv-neutron-843933-3-hyperv devstack@keystone.service[80517]: ERROR keystone.server.flask.application
File "/usr/local/lib/python3.8/dist-packages/dogpile/cache/region.py", line 1042, in get_or_create
Jun 01 10:41:23.729973 dv-neutron-843933-3-hyperv devstack@keystone.service[80517]: ERROR keystone.server.flask.application with Lock(
Jun 01 10:41:23.729973 dv-neutron-843933-3-hyperv devstack@keystone.service[80517]: ERROR keystone.server.flask.application
File "/usr/local/lib/python3.8/dist-packages/dogpile/lock.py", line 185, in __enter__
Jun 01 10:41:23.729973 dv-neutron-843933-3-hyperv devstack@keystone.service[80517]: ERROR keystone.server.flask.application return self._enter()
Jun 01 10:41:23.729973 dv-neutron-843933-3-hyperv devstack@keystone.service[80517]: ERROR keystone.server.flask.application
File "/usr/local/lib/python3.8/dist-packages/dogpile/lock.py", line 94, in _enter
Jun 01 10:41:23.729973 dv-neutron-843933-3-hyperv devstack@keystone.service[80517]: ERROR keystone.server.flask.application generated = self._enter_create(value, createdtime)
Jun 01 10:41:23.730903 dv-neutron-843933-3-hyperv devstack@keystone.service[80517]: ERROR keystone.server.flask.application
File "/usr/local/lib/python3.8/dist-packages/dogpile/lock.py", line 178, in _enter_create
Jun 01 10:41:23.730903 dv-neutron-843933-3-hyperv devstack@keystone.service[80517]: ERROR keystone.server.flask.application return self.creator()
Jun 01 10:41:23.730903 dv-neutron-843933-3-hyperv devstack@keystone.service[80517]: ERROR keystone.server.flask.application
File "/usr/local/lib/python3.8/dist-packages/dogpile/cache/region.py", line 995, in gen_value
Jun 01 10:41:23.730903 dv-neutron-843933-3-hyperv devstack@keystone.service[80517]: ERROR keystone.server.flask.application created_value = creator(
Jun 01 10:41:23.730903 dv-neutron-843933-3-hyperv devstack@keystone.service[80517]: ERROR keystone.server.flask.application
File "/opt/stack/keystone/keystone/assignment/core.py", line 1276, in get_role
Jun 01 10:41:23.730903 dv-neutron-843933-3-hyperv devstack@keystone.service[80517]: ERROR keystone.server.flask.application return self.driver.get_role(role_id)
Jun 01 10:41:23.730903 dv-neutron-843933-3-hyperv devstack@keystone.service[80517]: ERROR keystone.server.flask.application
File "/opt/stack/keystone/keystone/assignment/role_backends/sql.py", line 70, in get_role
Jun 01 10:41:23.730903 dv-neutron-843933-3-hyperv devstack@keystone.service[80517]: ERROR keystone.server.flask.application return self._get_role(session, role_id).to_dict()
Jun 01 10:41:23.730903 dv-neutron-843933-3-hyperv devstack@keystone.service[80517]: ERROR keystone.server.flask.application
File "/opt/stack/keystone/keystone/assignment/role_backends/sql.py", line 65, in _get_role
Jun 01 10:41:23.730903 dv-neutron-843933-3-hyperv devstack@keystone.service[80517]: ERROR keystone.server.flask.application raise exception.RoleNotFound(role_id=role_id)
Jun 01 10:41:23.730903 dv-neutron-843933-3-hyperv devstack@keystone.service[80517]: ERROR keystone.server.flask.application keystone.exception.RoleNotFound: Could not find role: member.
Jun 01 10:41:23.730903 dv-neutron-843933-3-hyperv devstack@keystone.service[80517]: ERROR keystone.server.flask.application
Jun 01 10:41:23.737878 dv-neutron-843933-3-hyperv devstack@keystone.service[80517]: [pid: 80517|app: 0|req: 65/128] 10.222.0.93 () {56 vars in 1099 bytes} [Wed Jun 1 10:41:23 2022] GET /identity/v3/roles/member => generated 84 bytes in 203 msecs (HTTP/1.1 404) 5 headers in 183 bytes (1 switches on core 0)
Jun 01 10:41:23.737878 dv-neutron-843933-3-hyperv devstack@keystone.service[80517]: DEBUG keystone.server.flask.request_processing.middleware.auth_context [None req-8f2ad6df-edd3-43ac-ad25-1c7386d630a0 None admin] Authenticating user token {{(pid=80517) process_request /usr/local/lib/python3.8/dist-packages/keystonemiddleware/auth_token/__init__.py:407}}
Jun 01 10:41:23.744287 dv-neutron-843933-3-hyperv devstack@keystone.service[80518]: [pid: 80518|app: 0|req: 64/129] 10.222.0.93 () {58 vars in 1439 bytes} [Wed Jun 1 10:41:23 2022] PUT /identity/v3/projects/0eaca5b3e4644655bb8c1e789bf26060/users/1da41b7f87db40f0a1d69979d3a8bfa9/roles/2e7ed6ad36ec4f478d1f7f95aff8ad47 => generated 0 bytes in 238 msecs (HTTP/1.1 204) 3 headers in 132 bytes (0 switches on core 0)
Jun 01 10:41:23.746839 dv-neutron-843933-3-hyperv devstack@keystone.service[80518]: DEBUG keystone.server.flask.request_processing.middleware.auth_context [None req-7f294e52-9b27-473c-96e9-f57f457cab7e None admin] Authenticating user token {{(pid=80518) process_request /usr/local/lib/python3.8/dist-packages/keystonemiddleware/auth_token/__init__.py:407}}
Jun 01 10:41:23.766505 dv-neutron-843933-3-hyperv devstack@keystone.service[80517]: DEBUG dbcounter [-] [80517] Writing DB stats keystone:SELECT=100 {{(pid=80517) stat_writer /usr/local/lib/python3.8/dist-packages/dbcounter.py:114}}
Jun 01 10:41:23.870621 dv-neutron-843933-3-hyperv devstack@keystone.service[80517]: DEBUG keystone.server.flask.request_processing.middleware.auth_context [None req-8f2ad6df-edd3-43ac-ad25-1c7386d630a0 None admin] Validating token access rules against request {{(pid=80517) validate_allowed_request /usr/local/lib/python3.8/dist-packages/keystonemiddleware/auth_token/__init__.py:545}}
Jun 01 10:41:23.871602 dv-neutron-843933-3-hyperv devstack@keystone.service[80518]: DEBUG dbcounter [-] [80518] Writing DB stats keystone:SELECT=99,keystone:INSERT=1 {{(pid=80518) stat_writer /usr/local/lib/python3.8/dist-packages/dbcounter.py:114}}
Jun 01 10:41:23.905241 dv-neutron-843933-3-hyperv devstack@keystone.service[80518]: DEBUG keystone.server.flask.request_processing.middleware.auth_context [None req-7f294e52-9b27-473c-96e9-f57f457cab7e None admin] Validating token access rules against request {{(pid=80518) validate_allowed_request /usr/local/lib/python3.8/dist-packages/keystonemiddleware/auth_token/__init__.py:545}}
Jun 01 10:41:23.915504 dv-neutron-843933-3-hyperv devstack@keystone.service[80517]: DEBUG keystone.server.flask.request_processing.middleware.auth_context [None req-3d891285-154e-442b-9ab5-fa16cf09ae48 None admin] RBAC: auth_context: {'token': , 'domain_id': None, 'trust_id': None, 'trustor_id': None, 'trustee_id': None, 'domain_name': None, 'group_ids': [], 'user_id': '1da41b7f87db40f0a1d69979d3a8bfa9', 'user_domain_id': 'default', 'system_scope': 'all', 'project_id': None, 'project_domain_id': None, 'roles': ['admin', 'member', 'reader'], 'is_admin_project': True, 'service_user_id': None, 'service_user_domain_id': None, 'service_project_id': None, 'service_project_domain_id': None, 'service_roles': []} {{(pid=80517) fill_context /opt/stack/keystone/keystone/server/flask/request_processing/middleware/auth_context.py:478}}
Jun 01 10:41:23.916829 dv-neutron-843933-3-hyperv devstack@keystone.service[80517]: DEBUG keystone.server.flask.request_processing.req_logging [None req-3d891285-154e-442b-9ab5-fa16cf09ae48 None admin] REQUEST_METHOD: `GET` {{(pid=80517) log_request_info /opt/stack/keystone/keystone/server/flask/request_processing/req_logging.py:27}}
Jun 01 10:41:23.917333 dv-neutron-843933-3-hyperv devstack@keystone.service[80517]: DEBUG keystone.server.flask.request_processing.req_logging [None req-3d891285-154e-442b-9ab5-fa16cf09ae48 None admin] SCRIPT_NAME: `/identity` {{(pid=80517) log_request_info /opt/stack/keystone/keystone/server/flask/request_processing/req_logging.py:28}}
Jun 01 10:41:23.917811 dv-neutron-843933-3-hyperv devstack@keystone.service[80517]: DEBUG keystone.server.flask.request_processing.req_logging [None req-3d891285-154e-442b-9ab5-fa16cf09ae48 None admin] PATH_INFO: `/v3/projects/0eaca5b3e4644655bb8c1e789bf26060` {{(pid=80517) log_request_info /opt/stack/keystone/keystone/server/flask/request_processing/req_logging.py:29}}
Jun 01 10:41:23.919615 dv-neutron-843933-3-hyperv devstack@keystone.service[80517]: DEBUG keystone.common.rbac_enforcer.enforcer [None req-3d891285-154e-442b-9ab5-fa16cf09ae48 None admin] RBAC: Authorizing `identity:get_project(project_id=0eaca5b3e4644655bb8c1e789bf26060)` {{(pid=80517) enforce_call /opt/stack/keystone/keystone/common/rbac_enforcer/enforcer.py:449}}
Jun 01 10:41:23.921406 dv-neutron-843933-3-hyperv devstack@keystone.service[80517]: DEBUG keystone.common.rbac_enforcer.enforcer [None req-3d891285-154e-442b-9ab5-fa16cf09ae48 None admin] RBAC: Authorization granted {{(pid=80517) enforce_call /opt/stack/keystone/keystone/common/rbac_enforcer/enforcer.py:457}}
Jun 01 10:41:23.924190 dv-neutron-843933-3-hyperv devstack@keystone.service[80517]: [pid: 80517|app: 0|req: 66/130] 10.222.0.93 () {56 vars in 1186 bytes} [Wed Jun 1 10:41:23 2022] GET /identity/v3/projects/0eaca5b3e4644655bb8c1e789bf26060 => generated 298 bytes in 191 msecs (HTTP/1.1 200) 5 headers in 177 bytes (1 switches on core 0)
Jun 01 10:41:23.925235 dv-neutron-843933-3-hyperv devstack@keystone.service[80517]: DEBUG keystone.server.flask.request_processing.middleware.auth_context [None req-3d891285-154e-442b-9ab5-fa16cf09ae48 None admin] Authenticating user token {{(pid=80517) process_request /usr/local/lib/python3.8/dist-packages/keystonemiddleware/auth_token/__init__.py:407}}
Jun 01 10:41:23.950233 dv-neutron-843933-3-hyperv devstack@keystone.service[80518]: DEBUG keystone.server.flask.request_processing.middleware.auth_context [None req-15e0d721-9960-45cf-8980-0c4e7a5fe3ea None admin] RBAC: auth_context: {'token': , 'domain_id': None, 'trust_id': None, 'trustor_id': None, 'trustee_id': None, 'domain_name': None, 'group_ids': [], 'user_id': '1da41b7f87db40f0a1d69979d3a8bfa9', 'user_domain_id': 'default', 'system_scope': 'all', 'project_id': None, 'project_domain_id': None, 'roles': ['admin', 'member', 'reader'], 'is_admin_project': True, 'service_user_id': None, 'service_user_domain_id': None, 'service_project_id': None, 'service_project_domain_id': None, 'service_roles': []} {{(pid=80518) fill_context /opt/stack/keystone/keystone/server/flask/request_processing/middleware/auth_context.py:478}}
Jun 01 10:41:23.951665 dv-neutron-843933-3-hyperv devstack@keystone.service[80518]: DEBUG keystone.server.flask.request_processing.req_logging [None req-15e0d721-9960-45cf-8980-0c4e7a5fe3ea None admin] REQUEST_METHOD: `GET` {{(pid=80518) log_request_info /opt/stack/keystone/keystone/server/flask/request_processing/req_logging.py:27}}
Jun 01 10:41:23.951961 dv-neutron-843933-3-hyperv devstack@keystone.service[80518]: DEBUG keystone.server.flask.request_processing.req_logging [None req-15e0d721-9960-45cf-8980-0c4e7a5fe3ea None admin] SCRIPT_NAME: `/identity` {{(pid=80518) log_request_info /opt/stack/keystone/keystone/server/flask/request_processing/req_logging.py:28}}
Jun 01 10:41:23.952245 dv-neutron-843933-3-hyperv devstack@keystone.service[80518]: DEBUG keystone.server.flask.request_processing.req_logging [None req-15e0d721-9960-45cf-8980-0c4e7a5fe3ea None admin] PATH_INFO: `/v3/projects/0eaca5b3e4644655bb8c1e789bf26060` {{(pid=80518) log_request_info /opt/stack/keystone/keystone/server/flask/request_processing/req_logging.py:29}}
Jun 01 10:41:23.953805 dv-neutron-843933-3-hyperv devstack@keystone.service[80518]: DEBUG keystone.common.rbac_enforcer.enforcer [None req-15e0d721-9960-45cf-8980-0c4e7a5fe3ea None admin] RBAC: Authorizing `identity:get_project(project_id=0eaca5b3e4644655bb8c1e789bf26060)` {{(pid=80518) enforce_call /opt/stack/keystone/keystone/common/rbac_enforcer/enforcer.py:449}}
Jun 01 10:41:23.956275 dv-neutron-843933-3-hyperv devstack@keystone.service[80518]: DEBUG keystone.common.rbac_enforcer.enforcer [None req-15e0d721-9960-45cf-8980-0c4e7a5fe3ea None admin] RBAC: Authorization granted {{(pid=80518) enforce_call /opt/stack/keystone/keystone/common/rbac_enforcer/enforcer.py:457}}
Jun 01 10:41:23.958962 dv-neutron-843933-3-hyperv devstack@keystone.service[80518]: [pid: 80518|app: 0|req: 65/131] 10.222.0.93 () {56 vars in 1186 bytes} [Wed Jun 1 10:41:23 2022] GET /identity/v3/projects/0eaca5b3e4644655bb8c1e789bf26060 => generated 298 bytes in 214 msecs (HTTP/1.1 200) 5 headers in 177 bytes (1 switches on core 0)
Jun 01 10:41:23.960231 dv-neutron-843933-3-hyperv devstack@keystone.service[80518]: DEBUG keystone.server.flask.request_processing.middleware.auth_context [None req-15e0d721-9960-45cf-8980-0c4e7a5fe3ea None admin] Authenticating user token {{(pid=80518) process_request /usr/local/lib/python3.8/dist-packages/keystonemiddleware/auth_token/__init__.py:407}}
Jun 01 10:41:24.051900 dv-neutron-843933-3-hyperv devstack@keystone.service[80517]: DEBUG dbcounter [-] [80517] Writing DB stats keystone:SELECT=100 {{(pid=80517) stat_writer /usr/local/lib/python3.8/dist-packages/dbcounter.py:114}}
Jun 01 10:41:24.065173 dv-neutron-843933-3-hyperv devstack@keystone.service[80517]: DEBUG keystone.server.flask.request_processing.middleware.auth_context [None req-3d891285-154e-442b-9ab5-fa16cf09ae48 None admin] Validating token access rules against request {{(pid=80517) validate_allowed_request /usr/local/lib/python3.8/dist-packages/keystonemiddleware/auth_token/__init__.py:545}}
Jun 01 10:41:24.095596 dv-neutron-843933-3-hyperv devstack@keystone.service[80518]: DEBUG keystone.server.flask.request_processing.middleware.auth_context [None req-15e0d721-9960-45cf-8980-0c4e7a5fe3ea None admin] Validating token access rules against request {{(pid=80518) validate_allowed_request /usr/local/lib/python3.8/dist-packages/keystonemiddleware/auth_token/__init__.py:545}}
Jun 01 10:41:24.120515 dv-neutron-843933-3-hyperv devstack@keystone.service[80517]: DEBUG keystone.server.flask.request_processing.middleware.auth_context [None req-1a4f3641-2784-4ba4-bf03-62c2cc95234b None admin] RBAC: auth_context: {'token': , 'domain_id': None, 'trust_id': None, 'trustor_id': None, 'trustee_id': None, 'domain_name': None, 'group_ids': [], 'user_id': '1da41b7f87db40f0a1d69979d3a8bfa9', 'user_domain_id': 'default', 'system_scope': 'all', 'project_id': None, 'project_domain_id': None, 'roles': ['admin', 'member', 'reader'], 'is_admin_project': True, 'service_user_id': None, 'service_user_domain_id': None, 'service_project_id': None, 'service_project_domain_id': None, 'service_roles': []} {{(pid=80517) fill_context /opt/stack/keystone/keystone/server/flask/request_processing/middleware/auth_context.py:478}}
Jun 01 10:41:24.121238 dv-neutron-843933-3-hyperv devstack@keystone.service[80517]: DEBUG keystone.server.flask.request_processing.req_logging [None req-1a4f3641-2784-4ba4-bf03-62c2cc95234b None admin] REQUEST_METHOD: `GET` {{(pid=80517) log_request_info /opt/stack/keystone/keystone/server/flask/request_processing/req_logging.py:27}}
Jun 01 10:41:24.121530 dv-neutron-843933-3-hyperv devstack@keystone.service[80517]: DEBUG keystone.server.flask.request_processing.req_logging [None req-1a4f3641-2784-4ba4-bf03-62c2cc95234b None admin] SCRIPT_NAME: `/identity` {{(pid=80517) log_request_info /opt/stack/keystone/keystone/server/flask/request_processing/req_logging.py:28}}
Jun 01 10:41:24.121812 dv-neutron-843933-3-hyperv devstack@keystone.service[80517]: DEBUG keystone.server.flask.request_processing.req_logging [None req-1a4f3641-2784-4ba4-bf03-62c2cc95234b None admin] PATH_INFO: `/v3/roles` {{(pid=80517) log_request_info /opt/stack/keystone/keystone/server/flask/request_processing/req_logging.py:29}}
Jun 01 10:41:24.122620 dv-neutron-843933-3-hyperv devstack@keystone.service[80517]: DEBUG keystone.common.rbac_enforcer.enforcer [None req-1a4f3641-2784-4ba4-bf03-62c2cc95234b None admin] RBAC: Adding query filter params (name=member) {{(pid=80517) _extract_filter_values /opt/stack/keystone/keystone/common/rbac_enforcer/enforcer.py:167}}
Jun 01 10:41:24.123015 dv-neutron-843933-3-hyperv devstack@keystone.service[80517]: DEBUG keystone.common.rbac_enforcer.enforcer [None req-1a4f3641-2784-4ba4-bf03-62c2cc95234b None admin] RBAC: Authorizing `identity:list_roles()` {{(pid=80517) enforce_call /opt/stack/keystone/keystone/common/rbac_enforcer/enforcer.py:449}}
Jun 01 10:41:24.124426 dv-neutron-843933-3-hyperv devstack@keystone.service[80517]: DEBUG keystone.common.rbac_enforcer.enforcer [None req-1a4f3641-2784-4ba4-bf03-62c2cc95234b None admin] RBAC: Authorization granted {{(pid=80517) enforce_call /opt/stack/keystone/keystone/common/rbac_enforcer/enforcer.py:457}}
Jun 01 10:41:24.135094 dv-neutron-843933-3-hyperv devstack@keystone.service[80517]: [pid: 80517|app: 0|req: 67/132] 10.222.0.93 () {56 vars in 1101 bytes} [Wed Jun 1 10:41:23 2022] GET /identity/v3/roles?name=member => generated 341 bytes in 210 msecs (HTTP/1.1 200) 5 headers in 177 bytes (1 switches on core 0)
Jun 01 10:41:24.135955 dv-neutron-843933-3-hyperv devstack@keystone.service[80517]: DEBUG keystone.server.flask.request_processing.middleware.auth_context [None req-1a4f3641-2784-4ba4-bf03-62c2cc95234b None admin] Authenticating user token {{(pid=80517) process_request /usr/local/lib/python3.8/dist-packages/keystonemiddleware/auth_token/__init__.py:407}}
Jun 01 10:41:24.139805 dv-neutron-843933-3-hyperv devstack@keystone.service[80518]: DEBUG keystone.server.flask.request_processing.middleware.auth_context [None req-4a9fd1be-0304-43a5-bbb9-c920403a8f61 None admin] RBAC: auth_context: {'token': , 'domain_id': None, 'trust_id': None, 'trustor_id': None, 'trustee_id': None, 'domain_name': None, 'group_ids': [], 'user_id': '1da41b7f87db40f0a1d69979d3a8bfa9', 'user_domain_id': 'default', 'system_scope': 'all', 'project_id': None, 'project_domain_id': None, 'roles': ['admin', 'member', 'reader'], 'is_admin_project': True, 'service_user_id': None, 'service_user_domain_id': None, 'service_project_id': None, 'service_project_domain_id': None, 'service_roles': []} {{(pid=80518) fill_context /opt/stack/keystone/keystone/server/flask/request_processing/middleware/auth_context.py:478}}
Jun 01 10:41:24.140765 dv-neutron-843933-3-hyperv devstack@keystone.service[80518]: DEBUG keystone.server.flask.request_processing.req_logging [None req-4a9fd1be-0304-43a5-bbb9-c920403a8f61 None admin] REQUEST_METHOD: `PUT` {{(pid=80518) log_request_info /opt/stack/keystone/keystone/server/flask/request_processing/req_logging.py:27}}
Jun 01 10:41:24.141054 dv-neutron-843933-3-hyperv devstack@keystone.service[80518]: DEBUG keystone.server.flask.request_processing.req_logging [None req-4a9fd1be-0304-43a5-bbb9-c920403a8f61 None admin] SCRIPT_NAME: `/identity` {{(pid=80518) log_request_info /opt/stack/keystone/keystone/server/flask/request_processing/req_logging.py:28}}
Jun 01 10:41:24.141456 dv-neutron-843933-3-hyperv devstack@keystone.service[80518]: DEBUG keystone.server.flask.request_processing.req_logging [None req-4a9fd1be-0304-43a5-bbb9-c920403a8f61 None admin] PATH_INFO: `/v3/projects/0eaca5b3e4644655bb8c1e789bf26060/users/6786b36faa8a4cd38064e42296b2772b/roles/743aeb3def27406286f97d1e07250fbf` {{(pid=80518) log_request_info /opt/stack/keystone/keystone/server/flask/request_processing/req_logging.py:29}}
Jun 01 10:41:24.144712 dv-neutron-843933-3-hyperv devstack@keystone.service[80518]: DEBUG keystone.common.rbac_enforcer.enforcer [None req-4a9fd1be-0304-43a5-bbb9-c920403a8f61 None admin] RBAC: Authorizing `identity:create_grant(project_id=0eaca5b3e4644655bb8c1e789bf26060, user_id=6786b36faa8a4cd38064e42296b2772b, role_id=743aeb3def27406286f97d1e07250fbf)` {{(pid=80518) enforce_call /opt/stack/keystone/keystone/common/rbac_enforcer/enforcer.py:449}}
Jun 01 10:41:24.146455 dv-neutron-843933-3-hyperv devstack@keystone.service[80518]: DEBUG keystone.common.rbac_enforcer.enforcer [None req-4a9fd1be-0304-43a5-bbb9-c920403a8f61 None admin] RBAC: Authorization granted {{(pid=80518) enforce_call /opt/stack/keystone/keystone/common/rbac_enforcer/enforcer.py:457}}
Jun 01 10:41:24.166651 dv-neutron-843933-3-hyperv devstack@keystone.service[80518]: [pid: 80518|app: 0|req: 66/133] 10.222.0.93 () {58 vars in 1439 bytes} [Wed Jun 1 10:41:23 2022] PUT /identity/v3/projects/0eaca5b3e4644655bb8c1e789bf26060/users/6786b36faa8a4cd38064e42296b2772b/roles/743aeb3def27406286f97d1e07250fbf => generated 0 bytes in 207 msecs (HTTP/1.1 204) 3 headers in 132 bytes (0 switches on core 0)
Jun 01 10:41:24.167974 dv-neutron-843933-3-hyperv devstack@keystone.service[80518]: DEBUG keystone.server.flask.request_processing.middleware.auth_context [None req-4a9fd1be-0304-43a5-bbb9-c920403a8f61 None admin] Authenticating user token {{(pid=80518) process_request /usr/local/lib/python3.8/dist-packages/keystonemiddleware/auth_token/__init__.py:407}}
Jun 01 10:41:24.173052 dv-neutron-843933-3-hyperv devstack@keystone.service[80518]: DEBUG dbcounter [-] [80518] Writing DB stats keystone:SELECT=99,keystone:INSERT=1 {{(pid=80518) stat_writer /usr/local/lib/python3.8/dist-packages/dbcounter.py:114}}
Jun 01 10:41:24.298156 dv-neutron-843933-3-hyperv devstack@keystone.service[80517]: DEBUG keystone.server.flask.request_processing.middleware.auth_context [None req-1a4f3641-2784-4ba4-bf03-62c2cc95234b None admin] Validating token access rules against request {{(pid=80517) validate_allowed_request /usr/local/lib/python3.8/dist-packages/keystonemiddleware/auth_token/__init__.py:545}}
Jun 01 10:41:24.309553 dv-neutron-843933-3-hyperv devstack@keystone.service[80518]: DEBUG keystone.server.flask.request_processing.middleware.auth_context [None req-4a9fd1be-0304-43a5-bbb9-c920403a8f61 None admin] Validating token access rules against request {{(pid=80518) validate_allowed_request /usr/local/lib/python3.8/dist-packages/keystonemiddleware/auth_token/__init__.py:545}}
Jun 01 10:41:24.376012 dv-neutron-843933-3-hyperv devstack@keystone.service[80517]: DEBUG keystone.server.flask.request_processing.middleware.auth_context [None req-b4c8ffeb-2b0f-42fd-8c11-a4370479e949 None admin] RBAC: auth_context: {'token': , 'domain_id': None, 'trust_id': None, 'trustor_id': None, 'trustee_id': None, 'domain_name': None, 'group_ids': [], 'user_id': '1da41b7f87db40f0a1d69979d3a8bfa9', 'user_domain_id': 'default', 'system_scope': 'all', 'project_id': None, 'project_domain_id': None, 'roles': ['admin', 'member', 'reader'], 'is_admin_project': True, 'service_user_id': None, 'service_user_domain_id': None, 'service_project_id': None, 'service_project_domain_id': None, 'service_roles': []} {{(pid=80517) fill_context /opt/stack/keystone/keystone/server/flask/request_processing/middleware/auth_context.py:478}}
Jun 01 10:41:24.377671 dv-neutron-843933-3-hyperv devstack@keystone.service[80517]: DEBUG keystone.server.flask.request_processing.req_logging [None req-b4c8ffeb-2b0f-42fd-8c11-a4370479e949 None admin] REQUEST_METHOD: `PUT` {{(pid=80517) log_request_info /opt/stack/keystone/keystone/server/flask/request_processing/req_logging.py:27}}
Jun 01 10:41:24.377959 dv-neutron-843933-3-hyperv devstack@keystone.service[80517]: DEBUG keystone.server.flask.request_processing.req_logging [None req-b4c8ffeb-2b0f-42fd-8c11-a4370479e949 None admin] SCRIPT_NAME: `/identity` {{(pid=80517) log_request_info /opt/stack/keystone/keystone/server/flask/request_processing/req_logging.py:28}}
Jun 01 10:41:24.378227 dv-neutron-843933-3-hyperv devstack@keystone.service[80517]: DEBUG keystone.server.flask.request_processing.req_logging [None req-b4c8ffeb-2b0f-42fd-8c11-a4370479e949 None admin] PATH_INFO: `/v3/projects/0eaca5b3e4644655bb8c1e789bf26060/users/6786b36faa8a4cd38064e42296b2772b/roles/16af413bbc5e4f91906f1cf5d56cebfe` {{(pid=80517) log_request_info /opt/stack/keystone/keystone/server/flask/request_processing/req_logging.py:29}}
Jun 01 10:41:24.384069 dv-neutron-843933-3-hyperv devstack@keystone.service[80517]: DEBUG keystone.common.rbac_enforcer.enforcer [None req-b4c8ffeb-2b0f-42fd-8c11-a4370479e949 None admin] RBAC: Authorizing `identity:create_grant(project_id=0eaca5b3e4644655bb8c1e789bf26060, user_id=6786b36faa8a4cd38064e42296b2772b, role_id=16af413bbc5e4f91906f1cf5d56cebfe)` {{(pid=80517) enforce_call /opt/stack/keystone/keystone/common/rbac_enforcer/enforcer.py:449}}
Jun 01 10:41:24.385747 dv-neutron-843933-3-hyperv devstack@keystone.service[80517]: DEBUG keystone.common.rbac_enforcer.enforcer [None req-b4c8ffeb-2b0f-42fd-8c11-a4370479e949 None admin] RBAC: Authorization granted {{(pid=80517) enforce_call /opt/stack/keystone/keystone/common/rbac_enforcer/enforcer.py:457}}
Jun 01 10:41:24.409520 dv-neutron-843933-3-hyperv devstack@keystone.service[80518]: DEBUG keystone.server.flask.request_processing.middleware.auth_context [None req-f05efbdb-034d-4480-bdfe-9ea8d44666bd None admin] RBAC: auth_context: {'token': , 'domain_id': None, 'trust_id': None, 'trustor_id': None, 'trustee_id': None, 'domain_name': None, 'group_ids': [], 'user_id': '1da41b7f87db40f0a1d69979d3a8bfa9', 'user_domain_id': 'default', 'system_scope': 'all', 'project_id': None, 'project_domain_id': None, 'roles': ['admin', 'member', 'reader'], 'is_admin_project': True, 'service_user_id': None, 'service_user_domain_id': None, 'service_project_id': None, 'service_project_domain_id': None, 'service_roles': []} {{(pid=80518) fill_context /opt/stack/keystone/keystone/server/flask/request_processing/middleware/auth_context.py:478}}
Jun 01 10:41:24.410045 dv-neutron-843933-3-hyperv devstack@keystone.service[80517]: [pid: 80517|app: 0|req: 68/134] 10.222.0.93 () {58 vars in 1439 bytes} [Wed Jun 1 10:41:24 2022] PUT /identity/v3/projects/0eaca5b3e4644655bb8c1e789bf26060/users/6786b36faa8a4cd38064e42296b2772b/roles/16af413bbc5e4f91906f1cf5d56cebfe => generated 0 bytes in 274 msecs (HTTP/1.1 204) 3 headers in 132 bytes (0 switches on core 0)
Jun 01 10:41:24.410445 dv-neutron-843933-3-hyperv devstack@keystone.service[80518]: DEBUG keystone.server.flask.request_processing.req_logging [None req-f05efbdb-034d-4480-bdfe-9ea8d44666bd None admin] REQUEST_METHOD: `GET` {{(pid=80518) log_request_info /opt/stack/keystone/keystone/server/flask/request_processing/req_logging.py:27}}
Jun 01 10:41:24.410749 dv-neutron-843933-3-hyperv devstack@keystone.service[80518]: DEBUG keystone.server.flask.request_processing.req_logging [None req-f05efbdb-034d-4480-bdfe-9ea8d44666bd None admin] SCRIPT_NAME: `/identity` {{(pid=80518) log_request_info /opt/stack/keystone/keystone/server/flask/request_processing/req_logging.py:28}}
Jun 01 10:41:24.410980 dv-neutron-843933-3-hyperv devstack@keystone.service[80518]: DEBUG keystone.server.flask.request_processing.req_logging [None req-f05efbdb-034d-4480-bdfe-9ea8d44666bd None admin] PATH_INFO: `/v3/users/6786b36faa8a4cd38064e42296b2772b` {{(pid=80518) log_request_info /opt/stack/keystone/keystone/server/flask/request_processing/req_logging.py:29}}
Jun 01 10:41:24.412397 dv-neutron-843933-3-hyperv devstack@keystone.service[80518]: DEBUG keystone.common.rbac_enforcer.enforcer [None req-f05efbdb-034d-4480-bdfe-9ea8d44666bd None admin] RBAC: Authorizing `identity:get_user(user_id=6786b36faa8a4cd38064e42296b2772b)` {{(pid=80518) enforce_call /opt/stack/keystone/keystone/common/rbac_enforcer/enforcer.py:449}}
Jun 01 10:41:24.414238 dv-neutron-843933-3-hyperv devstack@keystone.service[80518]: DEBUG keystone.common.rbac_enforcer.enforcer [None req-f05efbdb-034d-4480-bdfe-9ea8d44666bd None admin] RBAC: Authorization granted {{(pid=80518) enforce_call /opt/stack/keystone/keystone/common/rbac_enforcer/enforcer.py:457}}
Jun 01 10:41:24.416456 dv-neutron-843933-3-hyperv devstack@keystone.service[80518]: [pid: 80518|app: 0|req: 67/135] 10.222.0.93 () {56 vars in 1177 bytes} [Wed Jun 1 10:41:24 2022] GET /identity/v3/users/6786b36faa8a4cd38064e42296b2772b => generated 275 bytes in 249 msecs (HTTP/1.1 200) 5 headers in 177 bytes (1 switches on core 0)
Jun 01 10:41:24.421831 dv-neutron-843933-3-hyperv devstack@keystone.service[80517]: DEBUG keystone.server.flask.request_processing.middleware.auth_context [None req-b4c8ffeb-2b0f-42fd-8c11-a4370479e949 None admin] Authenticating user token {{(pid=80517) process_request /usr/local/lib/python3.8/dist-packages/keystonemiddleware/auth_token/__init__.py:407}}
Jun 01 10:41:24.449108 dv-neutron-843933-3-hyperv devstack@keystone.service[80517]: DEBUG dbcounter [-] [80517] Writing DB stats keystone:SELECT=99,keystone:INSERT=1 {{(pid=80517) stat_writer /usr/local/lib/python3.8/dist-packages/dbcounter.py:114}}
Jun 01 10:41:24.565913 dv-neutron-843933-3-hyperv devstack@keystone.service[80517]: DEBUG keystone.server.flask.request_processing.middleware.auth_context [None req-b4c8ffeb-2b0f-42fd-8c11-a4370479e949 None admin] Validating token access rules against request {{(pid=80517) validate_allowed_request /usr/local/lib/python3.8/dist-packages/keystonemiddleware/auth_token/__init__.py:545}}
Jun 01 10:41:24.611110 dv-neutron-843933-3-hyperv devstack@keystone.service[80517]: DEBUG keystone.server.flask.request_processing.middleware.auth_context [None req-de20a410-022f-4c4a-a8a1-9df8d80ef92f None admin] RBAC: auth_context: {'token': , 'domain_id': None, 'trust_id': None, 'trustor_id': None, 'trustee_id': None, 'domain_name': None, 'group_ids': [], 'user_id': '1da41b7f87db40f0a1d69979d3a8bfa9', 'user_domain_id': 'default', 'system_scope': 'all', 'project_id': None, 'project_domain_id': None, 'roles': ['admin', 'member', 'reader'], 'is_admin_project': True, 'service_user_id': None, 'service_user_domain_id': None, 'service_project_id': None, 'service_project_domain_id': None, 'service_roles': []} {{(pid=80517) fill_context /opt/stack/keystone/keystone/server/flask/request_processing/middleware/auth_context.py:478}}
Jun 01 10:41:24.612646 dv-neutron-843933-3-hyperv devstack@keystone.service[80517]: DEBUG keystone.server.flask.request_processing.req_logging [None req-de20a410-022f-4c4a-a8a1-9df8d80ef92f None admin] REQUEST_METHOD: `GET` {{(pid=80517) log_request_info /opt/stack/keystone/keystone/server/flask/request_processing/req_logging.py:27}}
Jun 01 10:41:24.612985 dv-neutron-843933-3-hyperv devstack@keystone.service[80517]: DEBUG keystone.server.flask.request_processing.req_logging [None req-de20a410-022f-4c4a-a8a1-9df8d80ef92f None admin] SCRIPT_NAME: `/identity` {{(pid=80517) log_request_info /opt/stack/keystone/keystone/server/flask/request_processing/req_logging.py:28}}
Jun 01 10:41:24.613270 dv-neutron-843933-3-hyperv devstack@keystone.service[80517]: DEBUG keystone.server.flask.request_processing.req_logging [None req-de20a410-022f-4c4a-a8a1-9df8d80ef92f None admin] PATH_INFO: `/v3/projects/d28dfab9eb184455ae0d8234b2ed7a15` {{(pid=80517) log_request_info /opt/stack/keystone/keystone/server/flask/request_processing/req_logging.py:29}}
Jun 01 10:41:24.614493 dv-neutron-843933-3-hyperv devstack@keystone.service[80517]: DEBUG keystone.common.rbac_enforcer.enforcer [None req-de20a410-022f-4c4a-a8a1-9df8d80ef92f None admin] RBAC: Authorizing `identity:get_project(project_id=d28dfab9eb184455ae0d8234b2ed7a15)` {{(pid=80517) enforce_call /opt/stack/keystone/keystone/common/rbac_enforcer/enforcer.py:449}}
Jun 01 10:41:24.615958 dv-neutron-843933-3-hyperv devstack@keystone.service[80517]: DEBUG keystone.common.rbac_enforcer.enforcer [None req-de20a410-022f-4c4a-a8a1-9df8d80ef92f None admin] RBAC: Authorization granted {{(pid=80517) enforce_call /opt/stack/keystone/keystone/common/rbac_enforcer/enforcer.py:457}}
Jun 01 10:41:24.618014 dv-neutron-843933-3-hyperv devstack@keystone.service[80517]: [pid: 80517|app: 0|req: 69/136] 10.222.0.93 () {56 vars in 1186 bytes} [Wed Jun 1 10:41:24 2022] GET /identity/v3/projects/d28dfab9eb184455ae0d8234b2ed7a15 => generated 312 bytes in 197 msecs (HTTP/1.1 200) 5 headers in 177 bytes (1 switches on core 0)
Jun 01 10:41:24.623610 dv-neutron-843933-3-hyperv devstack@keystone.service[80518]: DEBUG keystone.server.flask.request_processing.middleware.auth_context [None req-f05efbdb-034d-4480-bdfe-9ea8d44666bd None admin] Authenticating user token {{(pid=80518) process_request /usr/local/lib/python3.8/dist-packages/keystonemiddleware/auth_token/__init__.py:407}}
Jun 01 10:41:24.725362 dv-neutron-843933-3-hyperv devstack@keystone.service[80517]: DEBUG keystone.server.flask.request_processing.req_logging [None req-f0387774-dd9e-48ae-92f1-13a2b64735e2 None None] REQUEST_METHOD: `GET` {{(pid=80517) log_request_info /opt/stack/keystone/keystone/server/flask/request_processing/req_logging.py:27}}
Jun 01 10:41:24.725834 dv-neutron-843933-3-hyperv devstack@keystone.service[80517]: DEBUG keystone.server.flask.request_processing.req_logging [None req-f0387774-dd9e-48ae-92f1-13a2b64735e2 None None] SCRIPT_NAME: `/identity` {{(pid=80517) log_request_info /opt/stack/keystone/keystone/server/flask/request_processing/req_logging.py:28}}
Jun 01 10:41:24.726297 dv-neutron-843933-3-hyperv devstack@keystone.service[80517]: DEBUG keystone.server.flask.request_processing.req_logging [None req-f0387774-dd9e-48ae-92f1-13a2b64735e2 None None] PATH_INFO: `/` {{(pid=80517) log_request_info /opt/stack/keystone/keystone/server/flask/request_processing/req_logging.py:29}}
Jun 01 10:41:24.728574 dv-neutron-843933-3-hyperv devstack@keystone.service[80517]: [pid: 80517|app: 0|req: 70/137] 10.222.0.93 () {54 vars in 926 bytes} [Wed Jun 1 10:41:24 2022] GET /identity => generated 270 bytes in 5 msecs (HTTP/1.1 300) 6 headers in 234 bytes (2 switches on core 0)
Jun 01 10:41:24.750429 dv-neutron-843933-3-hyperv devstack@keystone.service[80517]: DEBUG keystone.server.flask.request_processing.req_logging [None req-79081087-fd6a-450c-b4c9-7250c0205473 None None] REQUEST_METHOD: `POST` {{(pid=80517) log_request_info /opt/stack/keystone/keystone/server/flask/request_processing/req_logging.py:27}}
Jun 01 10:41:24.750739 dv-neutron-843933-3-hyperv devstack@keystone.service[80517]: DEBUG keystone.server.flask.request_processing.req_logging [None req-79081087-fd6a-450c-b4c9-7250c0205473 None None] SCRIPT_NAME: `/identity` {{(pid=80517) log_request_info /opt/stack/keystone/keystone/server/flask/request_processing/req_logging.py:28}}
Jun 01 10:41:24.750990 dv-neutron-843933-3-hyperv devstack@keystone.service[80517]: DEBUG keystone.server.flask.request_processing.req_logging [None req-79081087-fd6a-450c-b4c9-7250c0205473 None None] PATH_INFO: `/v3/auth/tokens` {{(pid=80517) log_request_info /opt/stack/keystone/keystone/server/flask/request_processing/req_logging.py:29}}
Jun 01 10:41:24.756986 dv-neutron-843933-3-hyperv devstack@keystone.service[80518]: DEBUG dbcounter [-] [80518] Writing DB stats keystone:SELECT=100 {{(pid=80518) stat_writer /usr/local/lib/python3.8/dist-packages/dbcounter.py:114}}
Jun 01 10:41:24.774193 dv-neutron-843933-3-hyperv devstack@keystone.service[80518]: DEBUG keystone.server.flask.request_processing.middleware.auth_context [None req-f05efbdb-034d-4480-bdfe-9ea8d44666bd None admin] Validating token access rules against request {{(pid=80518) validate_allowed_request /usr/local/lib/python3.8/dist-packages/keystonemiddleware/auth_token/__init__.py:545}}
Jun 01 10:41:24.791789 dv-neutron-843933-3-hyperv devstack@keystone.service[80517]: DEBUG keystone.auth.core [None req-79081087-fd6a-450c-b4c9-7250c0205473 None None] MFA Rules not processed for user `1da41b7f87db40f0a1d69979d3a8bfa9`. Rule list: `[]` (Enabled: `True`). {{(pid=80517) check_auth_methods_against_rules /opt/stack/keystone/keystone/auth/core.py:438}}
Jun 01 10:41:24.793087 dv-neutron-843933-3-hyperv devstack@keystone.service[80517]: DEBUG keystone.common.fernet_utils [None req-79081087-fd6a-450c-b4c9-7250c0205473 None None] Loaded 2 Fernet keys from /etc/keystone/fernet-keys/, but `[fernet_tokens] max_active_keys = 3`; perhaps there have not been enough key rotations to reach `max_active_keys` yet? {{(pid=80517) load_keys /opt/stack/keystone/keystone/common/fernet_utils.py:286}}
Jun 01 10:41:24.835607 dv-neutron-843933-3-hyperv devstack@keystone.service[80518]: DEBUG keystone.server.flask.request_processing.middleware.auth_context [None req-b824c3af-2002-4591-9297-66df61a59c65 None admin] RBAC: auth_context: {'token': , 'domain_id': None, 'trust_id': None, 'trustor_id': None, 'trustee_id': None, 'domain_name': None, 'group_ids': [], 'user_id': '1da41b7f87db40f0a1d69979d3a8bfa9', 'user_domain_id': 'default', 'system_scope': 'all', 'project_id': None, 'project_domain_id': None, 'roles': ['admin', 'member', 'reader'], 'is_admin_project': True, 'service_user_id': None, 'service_user_domain_id': None, 'service_project_id': None, 'service_project_domain_id': None, 'service_roles': []} {{(pid=80518) fill_context /opt/stack/keystone/keystone/server/flask/request_processing/middleware/auth_context.py:478}}
Jun 01 10:41:24.836426 dv-neutron-843933-3-hyperv devstack@keystone.service[80518]: DEBUG keystone.server.flask.request_processing.req_logging [None req-b824c3af-2002-4591-9297-66df61a59c65 None admin] REQUEST_METHOD: `PUT` {{(pid=80518) log_request_info /opt/stack/keystone/keystone/server/flask/request_processing/req_logging.py:27}}
Jun 01 10:41:24.836746 dv-neutron-843933-3-hyperv devstack@keystone.service[80518]: DEBUG keystone.server.flask.request_processing.req_logging [None req-b824c3af-2002-4591-9297-66df61a59c65 None admin] SCRIPT_NAME: `/identity` {{(pid=80518) log_request_info /opt/stack/keystone/keystone/server/flask/request_processing/req_logging.py:28}}
Jun 01 10:41:24.837026 dv-neutron-843933-3-hyperv devstack@keystone.service[80518]: DEBUG keystone.server.flask.request_processing.req_logging [None req-b824c3af-2002-4591-9297-66df61a59c65 None admin] PATH_INFO: `/v3/projects/d28dfab9eb184455ae0d8234b2ed7a15/users/6786b36faa8a4cd38064e42296b2772b/roles/16af413bbc5e4f91906f1cf5d56cebfe` {{(pid=80518) log_request_info /opt/stack/keystone/keystone/server/flask/request_processing/req_logging.py:29}}
Jun 01 10:41:24.839215 dv-neutron-843933-3-hyperv devstack@keystone.service[80518]: DEBUG keystone.common.rbac_enforcer.enforcer [None req-b824c3af-2002-4591-9297-66df61a59c65 None admin] RBAC: Authorizing `identity:create_grant(project_id=d28dfab9eb184455ae0d8234b2ed7a15, user_id=6786b36faa8a4cd38064e42296b2772b, role_id=16af413bbc5e4f91906f1cf5d56cebfe)` {{(pid=80518) enforce_call /opt/stack/keystone/keystone/common/rbac_enforcer/enforcer.py:449}}
Jun 01 10:41:24.853066 dv-neutron-843933-3-hyperv devstack@keystone.service[80518]: DEBUG keystone.common.rbac_enforcer.enforcer [None req-b824c3af-2002-4591-9297-66df61a59c65 None admin] RBAC: Authorization granted {{(pid=80518) enforce_call /opt/stack/keystone/keystone/common/rbac_enforcer/enforcer.py:457}}
Jun 01 10:41:24.876122 dv-neutron-843933-3-hyperv devstack@keystone.service[80518]: [pid: 80518|app: 0|req: 68/138] 10.222.0.93 () {58 vars in 1439 bytes} [Wed Jun 1 10:41:24 2022] PUT /identity/v3/projects/d28dfab9eb184455ae0d8234b2ed7a15/users/6786b36faa8a4cd38064e42296b2772b/roles/16af413bbc5e4f91906f1cf5d56cebfe => generated 0 bytes in 253 msecs (HTTP/1.1 204) 3 headers in 132 bytes (0 switches on core 0)
Jun 01 10:41:24.924521 dv-neutron-843933-3-hyperv devstack@keystone.service[80517]: [pid: 80517|app: 0|req: 71/139] 10.222.0.93 () {58 vars in 1023 bytes} [Wed Jun 1 10:41:24 2022] POST /identity/v3/auth/tokens => generated 799 bytes in 175 msecs (HTTP/1.1 201) 6 headers in 363 bytes (1 switches on core 0)
Jun 01 10:41:24.969367 dv-neutron-843933-3-hyperv devstack@keystone.service[80518]: DEBUG keystone.server.flask.request_processing.middleware.auth_context [None req-b824c3af-2002-4591-9297-66df61a59c65 None admin] Authenticating user token {{(pid=80518) process_request /usr/local/lib/python3.8/dist-packages/keystonemiddleware/auth_token/__init__.py:407}}
Jun 01 10:41:25.107169 dv-neutron-843933-3-hyperv devstack@keystone.service[80518]: DEBUG keystone.server.flask.request_processing.middleware.auth_context [None req-b824c3af-2002-4591-9297-66df61a59c65 None admin] Validating token access rules against request {{(pid=80518) validate_allowed_request /usr/local/lib/python3.8/dist-packages/keystonemiddleware/auth_token/__init__.py:545}}
Jun 01 10:41:25.144723 dv-neutron-843933-3-hyperv devstack@keystone.service[80518]: DEBUG dbcounter [-] [80518] Writing DB stats keystone:SELECT=99,keystone:INSERT=1 {{(pid=80518) stat_writer /usr/local/lib/python3.8/dist-packages/dbcounter.py:114}}
