Aug 01 17:01:51.769344 dv-neutron-843871-4-hyperv neutron-server[104652]: DEBUG dbcounter [-] [104652] Writing DB stats neutron:SELECT=96,neutron:INSERT=4 {{(pid=104652) stat_writer /usr/local/lib/python3.8/dist-packages/dbcounter.py:114}}
Aug 01 17:01:51.786630 dv-neutron-843871-4-hyperv neutron-server[104654]: DEBUG neutron.plugins.ml2.db [None req-e2642b5e-cc83-4b74-9ae5-ea8cba547675 None None] For port 31dedf7a-9530-4fd4-bb10-820fb0897e09, host dv-neutron-843871-4-hyperv, cleared binding levels {{(pid=104654) clear_binding_levels /opt/stack/neutron/neutron/plugins/ml2/db.py:87}}
Aug 01 17:01:51.787370 dv-neutron-843871-4-hyperv neutron-server[104653]: DEBUG neutron_lib.callbacks.manager [None req-656d5bd7-22b1-46d2-a776-5c7ae8786391 None None] Publish callbacks ['neutron.plugins.ml2.plugin.SecurityGroupServerNotifierRpcMixin._notify_sg_on_port_change-805217', 'neutron.plugins.ml2.ovo_rpc._ObjectChangeHandler.handle_event-32824', 'neutron.api.rpc.agentnotifiers.dhcp_rpc_agent_api.DhcpAgentNotifyAPI._native_event_send_dhcp_notification-66597733', 'neutron.db.l3_db.L3RpcNotifierMixin._notify_gateway_port_ip_changed-8773309576156', 'neutron.db.l3_dvrscheduler_db._notify_l3_agent_port_update-8773309098114', 'neutron.db.l3_hascheduler_db._notify_l3_agent_ha_port_update-8773309098132'] for port (f4160c14-2ef5-4049-a929-ca2ea2b463f5), after_update {{(pid=104653) _notify_loop /usr/local/lib/python3.8/dist-packages/neutron_lib/callbacks/manager.py:176}}
Aug 01 17:01:51.794348 dv-neutron-843871-4-hyperv neutron-server[104654]: DEBUG neutron.plugins.ml2.db [None req-e2642b5e-cc83-4b74-9ae5-ea8cba547675 None None] For port 31dedf7a-9530-4fd4-bb10-820fb0897e09, host dv-neutron-843871-4-hyperv, set binding levels [PortBindingLevel(driver='openvswitch',host='dv-neutron-843871-4-hyperv',level=0,port_id=31dedf7a-9530-4fd4-bb10-820fb0897e09,segment=NetworkSegment(3ab1893e-e608-4b26-b786-81fb0306f015),segment_id=3ab1893e-e608-4b26-b786-81fb0306f015)] {{(pid=104654) set_binding_levels /opt/stack/neutron/neutron/plugins/ml2/db.py:59}}
Aug 01 17:01:51.804472 dv-neutron-843871-4-hyperv neutron-server[104654]: DEBUG neutron_lib.callbacks.manager [None req-e2642b5e-cc83-4b74-9ae5-ea8cba547675 None None] Publish callbacks ['neutron.plugins.ml2.plugin.SecurityGroupServerNotifierRpcMixin._notify_sg_on_port_change-805217', 'neutron.plugins.ml2.ovo_rpc._ObjectChangeHandler.handle_event-32824', 'neutron.api.rpc.agentnotifiers.dhcp_rpc_agent_api.DhcpAgentNotifyAPI._native_event_send_dhcp_notification-66597733', 'neutron.db.l3_db.L3RpcNotifierMixin._notify_gateway_port_ip_changed-8773309576156', 'neutron.db.l3_dvrscheduler_db._notify_l3_agent_port_update-8773309098114', 'neutron.db.l3_hascheduler_db._notify_l3_agent_ha_port_update-8773309098132'] for port (31dedf7a-9530-4fd4-bb10-820fb0897e09), after_update {{(pid=104654) _notify_loop /usr/local/lib/python3.8/dist-packages/neutron_lib/callbacks/manager.py:176}}
Aug 01 17:01:51.814886 dv-neutron-843871-4-hyperv neutron-server[104652]: DEBUG neutron.plugins.ml2.drivers.mech_agent [None req-26ee58d4-65ee-4d92-9b12-92148b6f4911 tempest-PortsAdminExtendedAttrsIpV6TestJSON-80501074 tempest-PortsAdminExtendedAttrsIpV6TestJSON-80501074-project-admin] Port f5a2d291-5ad7-4fa5-9154-8866188c9d6c on network 76b9969d-4b6a-40c9-ac4e-8269fbe21d8a not bound, no agent of type Open vSwitch agent registered on host hv-neutron-8438 {{(pid=104652) bind_port /opt/stack/neutron/neutron/plugins/ml2/drivers/mech_agent.py:103}}
Aug 01 17:01:51.815213 dv-neutron-843871-4-hyperv neutron-server[104652]: ERROR neutron.plugins.ml2.managers [None req-26ee58d4-65ee-4d92-9b12-92148b6f4911 tempest-PortsAdminExtendedAttrsIpV6TestJSON-80501074 tempest-PortsAdminExtendedAttrsIpV6TestJSON-80501074-project-admin] Failed to bind port f5a2d291-5ad7-4fa5-9154-8866188c9d6c on host hv-neutron-8438 for vnic_type normal using segments [{'id': '92a041da-06c8-4b8c-bbd8-a3a0627b9512', 'network_type': 'vlan', 'physical_network': 'physnet1', 'segmentation_id': 422, 'network_id': '76b9969d-4b6a-40c9-ac4e-8269fbe21d8a'}]
Aug 01 17:01:51.818491 dv-neutron-843871-4-hyperv neutron-server[104651]: DEBUG neutron.db.l3_dvrscheduler_db [None req-506522e0-ff2e-40d4-a4ac-309a97203781 admin admin] Received port after_create {{(pid=104651) _notify_l3_agent_new_port /opt/stack/neutron/neutron/db/l3_dvrscheduler_db.py:542}}
Aug 01 17:01:51.819762 dv-neutron-843871-4-hyperv neutron-server[104652]: INFO neutron.plugins.ml2.plugin [None req-26ee58d4-65ee-4d92-9b12-92148b6f4911 tempest-PortsAdminExtendedAttrsIpV6TestJSON-80501074 tempest-PortsAdminExtendedAttrsIpV6TestJSON-80501074-project-admin] Attempt 8 to bind port f5a2d291-5ad7-4fa5-9154-8866188c9d6c
Aug 01 17:01:51.822310 dv-neutron-843871-4-hyperv neutron-server[104654]: DEBUG neutron.db.l3_dvrscheduler_db [None req-e2642b5e-cc83-4b74-9ae5-ea8cba547675 None None] Routers {'66a2752a-dd58-4714-b34d-74dbee06870a'} bound to L3 agent in host dv-neutron-843871-4-hyperv {{(pid=104654) _get_router_ids_for_agent /opt/stack/neutron/neutron/db/l3_dvrscheduler_db.py:426}}
Aug 01 17:01:51.823001 dv-neutron-843871-4-hyperv neutron-server[104654]: DEBUG neutron.db.l3_hamode_db [None req-e2642b5e-cc83-4b74-9ae5-ea8cba547675 None None] neutron.services.l3_router.l3_router_plugin.L3RouterPlugin method get_ha_sync_data_for_host called with arguments (, 'dv-neutron-843871-4-hyperv', Agent(admin_state_up=True,agent_type='L3 agent',availability_zone='nova',binary='neutron-l3-agent',configurations={"agent_mode": "legacy", "ex_gw_ports": 1, "extensions": [], "floating_ips": 0, "handle_internal_only_routers": true, "interface_driver": "openvswitch", "interfaces": 1, "log_agent_heartbeats": false, "routers": 1},created_at=2022-08-01T16:53:57Z,description=,heartbeat_timestamp=2022-08-01T17:01:27Z,host='dv-neutron-843871-4-hyperv',id=bfe4a18e-f326-4ef5-9acd-efffb25eb09b,load=0,resource_versions=,resources_synced=,started_at=2022-08-01T16:53:57Z,topic='l3_agent')) {'router_ids': ['66a2752a-dd58-4714-b34d-74dbee06870a'], 'active': True} {{(pid=104654) wrapper /usr/local/lib/python3.8/dist-packages/oslo_log/helpers.py:65}}
Aug 01 17:01:51.827777 dv-neutron-843871-4-hyperv neutron-server[104652]: INFO neutron.wsgi [None req-c6621607-c791-4fd4-86bb-4f64ae736389 tempest-RoutersAdminTest-1123923648 tempest-RoutersAdminTest-1123923648-project-admin] 10.222.0.64 "POST /v2.0/ports HTTP/1.1" status: 201 len: 1023 time: 2.7545907
Aug 01 17:01:51.828357 dv-neutron-843871-4-hyperv neutron-server[104652]: DEBUG neutron.wsgi [-] (104652) accepted ('10.222.0.64', 52854) {{(pid=104652) server /usr/local/lib/python3.8/dist-packages/eventlet/wsgi.py:1004}}
Aug 01 17:01:51.879290 dv-neutron-843871-4-hyperv neutron-server[104653]: DEBUG neutron.api.rpc.handlers.resources_rpc [None req-656d5bd7-22b1-46d2-a776-5c7ae8786391 None None] Pushing event updated for resources: {'Port': ['ID=f4160c14-2ef5-4049-a929-ca2ea2b463f5,revision_number=3']} {{(pid=104653) push /opt/stack/neutron/neutron/api/rpc/handlers/resources_rpc.py:237}}
Aug 01 17:01:51.916623 dv-neutron-843871-4-hyperv neutron-server[104653]: DEBUG neutron.db.provisioning_blocks [None req-2d95bd59-b657-4587-95a4-1512a2dc7bca None None] Provisioning complete for port a38d3528-372f-49a1-bad5-815603c916d4 triggered by entity DHCP. {{(pid=104653) provisioning_complete /opt/stack/neutron/neutron/db/provisioning_blocks.py:145}}
Aug 01 17:01:51.918384 dv-neutron-843871-4-hyperv neutron-server[104653]: DEBUG neutron_lib.callbacks.manager [None req-2d95bd59-b657-4587-95a4-1512a2dc7bca None None] Publish callbacks ['neutron.plugins.ml2.plugin.Ml2Plugin._port_provisioned-827794'] for port (a38d3528-372f-49a1-bad5-815603c916d4), provisioning_complete {{(pid=104653) _notify_loop /usr/local/lib/python3.8/dist-packages/neutron_lib/callbacks/manager.py:176}}
Aug 01 17:01:51.945989 dv-neutron-843871-4-hyperv neutron-server[104651]: DEBUG neutron.services.segments.db [None req-1118c567-55ae-4d49-97f9-4d4569cc2ca2 tempest-ExternalNetworksTestJSON-1413955894 tempest-ExternalNetworksTestJSON-1413955894-project-admin] neutron.services.segments.plugin.Plugin method delete_segment called with arguments (, '701ed13c-b9fc-4443-b5b8-fa5127bc17f0') {'for_net_delete': True} {{(pid=104651) wrapper /usr/local/lib/python3.8/dist-packages/oslo_log/helpers.py:65}}
Aug 01 17:01:51.946278 dv-neutron-843871-4-hyperv neutron-server[104651]: DEBUG neutron.services.segments.db [None req-1118c567-55ae-4d49-97f9-4d4569cc2ca2 tempest-ExternalNetworksTestJSON-1413955894 tempest-ExternalNetworksTestJSON-1413955894-project-admin] neutron.services.segments.plugin.Plugin method get_segment called with arguments (, '701ed13c-b9fc-4443-b5b8-fa5127bc17f0') {} {{(pid=104651) wrapper /usr/local/lib/python3.8/dist-packages/oslo_log/helpers.py:65}}
Aug 01 17:01:51.972391 dv-neutron-843871-4-hyperv neutron-server[104654]: DEBUG neutron.db.l3_dvr_db [None req-e2642b5e-cc83-4b74-9ae5-ea8cba547675 None None] Set router 66a2752a-dd58-4714-b34d-74dbee06870a gateway port host: dv-neutron-843871-4-hyperv {{(pid=104654) _build_routers_list /opt/stack/neutron/neutron/db/l3_dvr_db.py:907}}
Aug 01 17:01:51.977625 dv-neutron-843871-4-hyperv neutron-server[104651]: DEBUG dbcounter [-] [104651] Writing DB stats neutron:SELECT=95,neutron:UPDATE=3,neutron:INSERT=2 {{(pid=104651) stat_writer /usr/local/lib/python3.8/dist-packages/dbcounter.py:114}}
Aug 01 17:01:52.002265 dv-neutron-843871-4-hyperv neutron-server[104651]: DEBUG neutron_lib.callbacks.manager [None req-1118c567-55ae-4d49-97f9-4d4569cc2ca2 tempest-ExternalNetworksTestJSON-1413955894 tempest-ExternalNetworksTestJSON-1413955894-project-admin] Publish callbacks ['neutron.plugins.ml2.db._prevent_segment_delete_with_port_bound-8773309520770', 'neutron.services.segments.plugin.Plugin._prevent_segment_delete_with_subnet_associated-63614188'] for segment (701ed13c-b9fc-4443-b5b8-fa5127bc17f0), before_delete {{(pid=104651) _notify_loop /usr/local/lib/python3.8/dist-packages/neutron_lib/callbacks/manager.py:176}}
Aug 01 17:01:52.049341 dv-neutron-843871-4-hyperv neutron-server[104654]: DEBUG dbcounter [-] [104654] Writing DB stats neutron:SELECT=96,neutron:UPDATE=4 {{(pid=104654) stat_writer /usr/local/lib/python3.8/dist-packages/dbcounter.py:114}}
Aug 01 17:01:52.059173 dv-neutron-843871-4-hyperv neutron-server[104652]: DEBUG neutron_lib.callbacks.manager [None req-8973d239-fd21-4ade-b2d2-51e102780c4a tempest-FloatingIPAdminTestJSON-1716456968 tempest-FloatingIPAdminTestJSON-1716456968-project] Publish callbacks [] for port (db460166-c3df-4498-93f2-cb111fe830ab), precommit_update {{(pid=104652) _notify_loop /usr/local/lib/python3.8/dist-packages/neutron_lib/callbacks/manager.py:176}}
Aug 01 17:01:52.074678 dv-neutron-843871-4-hyperv neutron-server[104652]: DEBUG neutron.plugins.ml2.managers [None req-26ee58d4-65ee-4d92-9b12-92148b6f4911 tempest-PortsAdminExtendedAttrsIpV6TestJSON-80501074 tempest-PortsAdminExtendedAttrsIpV6TestJSON-80501074-project-admin] Attempting to bind port f5a2d291-5ad7-4fa5-9154-8866188c9d6c on host hv-neutron-8438 for vnic_type normal with profile {{(pid=104652) bind_port /opt/stack/neutron/neutron/plugins/ml2/managers.py:810}}
Aug 01 17:01:52.075019 dv-neutron-843871-4-hyperv neutron-server[104652]: DEBUG neutron.plugins.ml2.managers [None req-26ee58d4-65ee-4d92-9b12-92148b6f4911 tempest-PortsAdminExtendedAttrsIpV6TestJSON-80501074 tempest-PortsAdminExtendedAttrsIpV6TestJSON-80501074-project-admin] Attempting to bind port f5a2d291-5ad7-4fa5-9154-8866188c9d6c by drivers openvswitch,hyperv on host hv-neutron-8438 at level 0 using segments [{'id': '92a041da-06c8-4b8c-bbd8-a3a0627b9512', 'network_type': 'vlan', 'physical_network': 'physnet1', 'segmentation_id': 422, 'network_id': '76b9969d-4b6a-40c9-ac4e-8269fbe21d8a'}] {{(pid=104652) _bind_port_level /opt/stack/neutron/neutron/plugins/ml2/managers.py:835}}
Aug 01 17:01:52.075353 dv-neutron-843871-4-hyperv neutron-server[104652]: DEBUG neutron.plugins.ml2.drivers.mech_agent [None req-26ee58d4-65ee-4d92-9b12-92148b6f4911 tempest-PortsAdminExtendedAttrsIpV6TestJSON-80501074 tempest-PortsAdminExtendedAttrsIpV6TestJSON-80501074-project-admin] Attempting to bind port f5a2d291-5ad7-4fa5-9154-8866188c9d6c on network 76b9969d-4b6a-40c9-ac4e-8269fbe21d8a {{(pid=104652) bind_port /opt/stack/neutron/neutron/plugins/ml2/drivers/mech_agent.py:91}}
Aug 01 17:01:52.098103 dv-neutron-843871-4-hyperv neutron-server[104652]: DEBUG dbcounter [-] [104652] Writing DB stats neutron:SELECT=96,neutron:UPDATE=2,neutron:DELETE=2 {{(pid=104652) stat_writer /usr/local/lib/python3.8/dist-packages/dbcounter.py:114}}
Aug 01 17:01:52.100515 dv-neutron-843871-4-hyperv neutron-server[104652]: DEBUG neutron.plugins.ml2.drivers.mech_agent [None req-26ee58d4-65ee-4d92-9b12-92148b6f4911 tempest-PortsAdminExtendedAttrsIpV6TestJSON-80501074 tempest-PortsAdminExtendedAttrsIpV6TestJSON-80501074-project-admin] Port f5a2d291-5ad7-4fa5-9154-8866188c9d6c on network 76b9969d-4b6a-40c9-ac4e-8269fbe21d8a not bound, no agent of type Open vSwitch agent registered on host hv-neutron-8438 {{(pid=104652) bind_port /opt/stack/neutron/neutron/plugins/ml2/drivers/mech_agent.py:103}}
Aug 01 17:01:52.101324 dv-neutron-843871-4-hyperv neutron-server[104652]: ERROR neutron.plugins.ml2.managers [None req-26ee58d4-65ee-4d92-9b12-92148b6f4911 tempest-PortsAdminExtendedAttrsIpV6TestJSON-80501074 tempest-PortsAdminExtendedAttrsIpV6TestJSON-80501074-project-admin] Failed to bind port f5a2d291-5ad7-4fa5-9154-8866188c9d6c on host hv-neutron-8438 for vnic_type normal using segments [{'id': '92a041da-06c8-4b8c-bbd8-a3a0627b9512', 'network_type': 'vlan', 'physical_network': 'physnet1', 'segmentation_id': 422, 'network_id': '76b9969d-4b6a-40c9-ac4e-8269fbe21d8a'}]
Aug 01 17:01:52.112480 dv-neutron-843871-4-hyperv neutron-server[104652]: INFO neutron.plugins.ml2.plugin [None req-26ee58d4-65ee-4d92-9b12-92148b6f4911 tempest-PortsAdminExtendedAttrsIpV6TestJSON-80501074 tempest-PortsAdminExtendedAttrsIpV6TestJSON-80501074-project-admin] Attempt 9 to bind port f5a2d291-5ad7-4fa5-9154-8866188c9d6c
Aug 01 17:01:52.123081 dv-neutron-843871-4-hyperv neutron-server[104653]: DEBUG neutron.plugins.ml2.plugin [None req-2d95bd59-b657-4587-95a4-1512a2dc7bca None None] Current status of the port a38d3528-372f-49a1-bad5-815603c916d4 is: ACTIVE; New status is: ACTIVE {{(pid=104653) _update_individual_port_db_status /opt/stack/neutron/neutron/plugins/ml2/plugin.py:2292}}
Aug 01 17:01:52.133479 dv-neutron-843871-4-hyperv neutron-server[104653]: DEBUG neutron.plugins.ml2.plugin [None req-0abcd9df-8848-43c8-980c-c1213affcfd6 None None] Current status of the port a38d3528-372f-49a1-bad5-815603c916d4 is: ACTIVE; New status is: ACTIVE {{(pid=104653) _update_individual_port_db_status /opt/stack/neutron/neutron/plugins/ml2/plugin.py:2292}}
Aug 01 17:01:52.135142 dv-neutron-843871-4-hyperv neutron-server[104653]: DEBUG neutron.plugins.ml2.rpc [None req-0abcd9df-8848-43c8-980c-c1213affcfd6 None None] Device 6f9785cf-1e28-4101-b09e-8c2c2306d809 up at agent ovs-agent-dv-neutron-843871-4-hyperv {{(pid=104653) update_device_up /opt/stack/neutron/neutron/plugins/ml2/rpc.py:296}}
Aug 01 17:01:52.138865 dv-neutron-843871-4-hyperv neutron-server[104652]: DEBUG neutron_lib.callbacks.manager [None req-8973d239-fd21-4ade-b2d2-51e102780c4a tempest-FloatingIPAdminTestJSON-1716456968 tempest-FloatingIPAdminTestJSON-1716456968-project] Publish callbacks ['neutron.plugins.ml2.plugin.SecurityGroupServerNotifierRpcMixin._notify_sg_on_port_change-805217', 'neutron.plugins.ml2.ovo_rpc._ObjectChangeHandler.handle_event-32824', 'neutron.api.rpc.agentnotifiers.dhcp_rpc_agent_api.DhcpAgentNotifyAPI._native_event_send_dhcp_notification-66597733', 'neutron.db.l3_db.L3RpcNotifierMixin._notify_gateway_port_ip_changed-8773309576156', 'neutron.db.l3_dvrscheduler_db._notify_l3_agent_port_update-8773309098114', 'neutron.db.l3_hascheduler_db._notify_l3_agent_ha_port_update-8773309098132'] for port (db460166-c3df-4498-93f2-cb111fe830ab), after_update {{(pid=104652) _notify_loop /usr/local/lib/python3.8/dist-packages/neutron_lib/callbacks/manager.py:176}}
Aug 01 17:01:52.139710 dv-neutron-843871-4-hyperv neutron-server[104652]: DEBUG neutron_lib.callbacks.manager [None req-8973d239-fd21-4ade-b2d2-51e102780c4a tempest-FloatingIPAdminTestJSON-1716456968 tempest-FloatingIPAdminTestJSON-1716456968-project] Publish callbacks ['neutron.services.l3_router.l3_router_plugin.DVRResourceOperationHandler._create_dvr_floating_gw_port-66670630'] for floatingip (02cabdf2-a5c9-4da4-bef9-01c9636381c6), after_create {{(pid=104652) _notify_loop /usr/local/lib/python3.8/dist-packages/neutron_lib/callbacks/manager.py:176}}
Aug 01 17:01:52.142170 dv-neutron-843871-4-hyperv neutron-server[104653]: DEBUG neutron.db.provisioning_blocks [None req-2d95bd59-b657-4587-95a4-1512a2dc7bca None None] Provisioning complete for port 5f6662cc-fa3c-4f2c-a4b5-5c9ac8f5087a triggered by entity DHCP. {{(pid=104653) provisioning_complete /opt/stack/neutron/neutron/db/provisioning_blocks.py:145}}
Aug 01 17:01:52.143560 dv-neutron-843871-4-hyperv neutron-server[104653]: DEBUG neutron_lib.callbacks.manager [None req-2d95bd59-b657-4587-95a4-1512a2dc7bca None None] Publish callbacks ['neutron.plugins.ml2.plugin.Ml2Plugin._port_provisioned-827794'] for port (5f6662cc-fa3c-4f2c-a4b5-5c9ac8f5087a), provisioning_complete {{(pid=104653) _notify_loop /usr/local/lib/python3.8/dist-packages/neutron_lib/callbacks/manager.py:176}}
Aug 01 17:01:52.157476 dv-neutron-843871-4-hyperv neutron-server[104654]: DEBUG dbcounter [-] [104654] Writing DB stats neutron:SELECT=97,neutron:DELETE=1,neutron:UPDATE=1,neutron:INSERT=1 {{(pid=104654) stat_writer /usr/local/lib/python3.8/dist-packages/dbcounter.py:114}}
Aug 01 17:01:52.182382 dv-neutron-843871-4-hyperv neutron-server[104652]: DEBUG neutron.plugins.ml2.managers [None req-26ee58d4-65ee-4d92-9b12-92148b6f4911 tempest-PortsAdminExtendedAttrsIpV6TestJSON-80501074 tempest-PortsAdminExtendedAttrsIpV6TestJSON-80501074-project-admin] Attempting to bind port f5a2d291-5ad7-4fa5-9154-8866188c9d6c on host hv-neutron-8438 for vnic_type normal with profile {{(pid=104652) bind_port /opt/stack/neutron/neutron/plugins/ml2/managers.py:810}}
Aug 01 17:01:52.182801 dv-neutron-843871-4-hyperv neutron-server[104652]: DEBUG neutron.plugins.ml2.managers [None req-26ee58d4-65ee-4d92-9b12-92148b6f4911 tempest-PortsAdminExtendedAttrsIpV6TestJSON-80501074 tempest-PortsAdminExtendedAttrsIpV6TestJSON-80501074-project-admin] Attempting to bind port f5a2d291-5ad7-4fa5-9154-8866188c9d6c by drivers openvswitch,hyperv on host hv-neutron-8438 at level 0 using segments [{'id': '92a041da-06c8-4b8c-bbd8-a3a0627b9512', 'network_type': 'vlan', 'physical_network': 'physnet1', 'segmentation_id': 422, 'network_id': '76b9969d-4b6a-40c9-ac4e-8269fbe21d8a'}] {{(pid=104652) _bind_port_level /opt/stack/neutron/neutron/plugins/ml2/managers.py:835}}
Aug 01 17:01:52.183328 dv-neutron-843871-4-hyperv neutron-server[104652]: DEBUG neutron.plugins.ml2.drivers.mech_agent [None req-26ee58d4-65ee-4d92-9b12-92148b6f4911 tempest-PortsAdminExtendedAttrsIpV6TestJSON-80501074 tempest-PortsAdminExtendedAttrsIpV6TestJSON-80501074-project-admin] Attempting to bind port f5a2d291-5ad7-4fa5-9154-8866188c9d6c on network 76b9969d-4b6a-40c9-ac4e-8269fbe21d8a {{(pid=104652) bind_port /opt/stack/neutron/neutron/plugins/ml2/drivers/mech_agent.py:91}}
Aug 01 17:01:52.211757 dv-neutron-843871-4-hyperv neutron-server[104654]: DEBUG neutron.db.l3_hamode_db [None req-e2642b5e-cc83-4b74-9ae5-ea8cba547675 None None] neutron.services.l3_router.l3_router_plugin.L3RouterPlugin method _process_sync_ha_data called with arguments (, [{'id': '66a2752a-dd58-4714-b34d-74dbee06870a', 'name': 'tempest-ServersTestManualDisk-778036036-router', 'tenant_id': '4a0e618a9c0741748a43455a27c58e87', 'admin_state_up': True, 'status': 'ACTIVE', 'external_gateway_info': {'network_id': 'c9d43eda-2534-4803-84e4-d8965d081f56', 'external_fixed_ips': [{'subnet_id': 'cc00e38e-2216-4537-92d1-4536cf1d610a', 'ip_address': '172.26.5.58'}], 'enable_snat': True}, 'gw_port_id': '31dedf7a-9530-4fd4-bb10-820fb0897e09', 'description': '', 'availability_zones': ['nova'], 'distributed': False, 'ha': False, 'ha_vr_id': 0, 'availability_zone_hints': [], 'routes': [], 'flavor_id': None, 'tags': [], 'created_at': '2022-08-01T17:01:45Z', 'updated_at': '2022-08-01T17:01:47Z', 'revision_number': 3, 'project_id': '4a0e618a9c0741748a43455a27c58e87', 'gw_port': {'id': '31dedf7a-9530-4fd4-bb10-820fb0897e09', 'name': '', 'network_id': 'c9d43eda-2534-4803-84e4-d8965d081f56', 'tenant_id': '', 'mac_address': 'fa:16:3e:ed:5c:b1', 'admin_state_up': True, 'status': 'DOWN', 'device_id': '66a2752a-dd58-4714-b34d-74dbee06870a', 'device_owner': 'network:router_gateway', 'standard_attr_id': 71, 'fixed_ips': [{'subnet_id': 'cc00e38e-2216-4537-92d1-4536cf1d610a', 'ip_address': '172.26.5.58', 'prefixlen': 24}], 'allowed_address_pairs': [], 'extra_dhcp_opts': [], 'security_groups': [], 'description': '', 'binding:vnic_type': 'normal', 'binding:profile': {}, 'binding:host_id': 'dv-neutron-843871-4-hyperv', 'binding:vif_type': 'ovs', 'binding:vif_details': {'connectivity': 'l2', 'port_filter': True, 'ovs_hybrid_plug': False, 'datapath_type': 'system', 'bridge_name': 'br-int', 'bound_drivers': {'0': 'openvswitch'}}, 'port_security_enabled': False, 'tags': [], 'created_at': '2022-08-01T17:01:45Z', 'updated_at': '2022-08-01T17:01:51Z', 'revision_number': 3, 'project_id': '', 'subnets': [{'id': 'cc00e38e-2216-4537-92d1-4536cf1d610a', 'cidr': '172.26.5.0/24', 'gateway_ip': '172.26.5.1', 'dns_nameservers': [], 'ipv6_ra_mode': None, 'subnetpool_id': None}], 'extra_subnets': [], 'address_scopes': {4: None, 6: None}, 'mtu': 1500}, 'enable_snat': True, 'gw_port_host': 'dv-neutron-843871-4-hyperv'}], 'dv-neutron-843871-4-hyperv', False) {} {{(pid=104654) wrapper /usr/local/lib/python3.8/dist-packages/oslo_log/helpers.py:65}}
Aug 01 17:01:52.248969 dv-neutron-843871-4-hyperv neutron-server[104654]: DEBUG neutron.api.rpc.handlers.l3_rpc [None req-e2642b5e-cc83-4b74-9ae5-ea8cba547675 None None] The sync data for ids ['66a2752a-dd58-4714-b34d-74dbee06870a'] in dv-neutron-843871-4-hyperv is: [{'id': '66a2752a-dd58-4714-b34d-74dbee06870a', 'name': 'tempest-ServersTestManualDisk-778036036-router', 'tenant_id': '4a0e618a9c0741748a43455a27c58e87', 'admin_state_up': True, 'status': 'ACTIVE', 'external_gateway_info': {'network_id': 'c9d43eda-2534-4803-84e4-d8965d081f56', 'external_fixed_ips': [{'subnet_id': 'cc00e38e-2216-4537-92d1-4536cf1d610a', 'ip_address': '172.26.5.58'}], 'enable_snat': True}, 'gw_port_id': '31dedf7a-9530-4fd4-bb10-820fb0897e09', 'description': '', 'availability_zones': ['nova'], 'distributed': False, 'ha': False, 'ha_vr_id': 0, 'availability_zone_hints': [], 'routes': [], 'flavor_id': None, 'tags': [], 'created_at': '2022-08-01T17:01:45Z', 'updated_at': '2022-08-01T17:01:47Z', 'revision_number': 3, 'project_id': '4a0e618a9c0741748a43455a27c58e87', 'gw_port': {'id': '31dedf7a-9530-4fd4-bb10-820fb0897e09', 'name': '', 'network_id': 'c9d43eda-2534-4803-84e4-d8965d081f56', 'tenant_id': '', 'mac_address': 'fa:16:3e:ed:5c:b1', 'admin_state_up': True, 'status': 'DOWN', 'device_id': '66a2752a-dd58-4714-b34d-74dbee06870a', 'device_owner': 'network:router_gateway', 'standard_attr_id': 71, 'fixed_ips': [{'subnet_id': 'cc00e38e-2216-4537-92d1-4536cf1d610a', 'ip_address': '172.26.5.58', 'prefixlen': 24}], 'allowed_address_pairs': [], 'extra_dhcp_opts': [], 'security_groups': [], 'description': '', 'binding:vnic_type': 'normal', 'binding:profile': {}, 'binding:host_id': 'dv-neutron-843871-4-hyperv', 'binding:vif_type': 'ovs', 'binding:vif_details': {'connectivity': 'l2', 'port_filter': True, 'ovs_hybrid_plug': False, 'datapath_type': 'system', 'bridge_name': 'br-int', 'bound_drivers': {'0': 'openvswitch'}}, 'port_security_enabled': False, 'tags': [], 'created_at': '2022-08-01T17:01:45Z', 'updated_at': '2022-08-01T17:01:51Z', 'revision_number': 3, 'project_id': '', 'subnets': [{'id': 'cc00e38e-2216-4537-92d1-4536cf1d610a', 'cidr': '172.26.5.0/24', 'gateway_ip': '172.26.5.1', 'dns_nameservers': [], 'ipv6_ra_mode': None, 'subnetpool_id': None}], 'extra_subnets': [], 'address_scopes': {4: None, 6: None}, 'mtu': 1500}, 'enable_snat': True, 'gw_port_host': 'dv-neutron-843871-4-hyperv'}] {{(pid=104654) sync_routers /opt/stack/neutron/neutron/api/rpc/handlers/l3_rpc.py:137}}
Aug 01 17:01:52.263015 dv-neutron-843871-4-hyperv neutron-server[104652]: DEBUG neutron.plugins.ml2.drivers.mech_agent [None req-26ee58d4-65ee-4d92-9b12-92148b6f4911 tempest-PortsAdminExtendedAttrsIpV6TestJSON-80501074 tempest-PortsAdminExtendedAttrsIpV6TestJSON-80501074-project-admin] Port f5a2d291-5ad7-4fa5-9154-8866188c9d6c on network 76b9969d-4b6a-40c9-ac4e-8269fbe21d8a not bound, no agent of type Open vSwitch agent registered on host hv-neutron-8438 {{(pid=104652) bind_port /opt/stack/neutron/neutron/plugins/ml2/drivers/mech_agent.py:103}}
Aug 01 17:01:52.263540 dv-neutron-843871-4-hyperv neutron-server[104652]: ERROR neutron.plugins.ml2.managers [None req-26ee58d4-65ee-4d92-9b12-92148b6f4911 tempest-PortsAdminExtendedAttrsIpV6TestJSON-80501074 tempest-PortsAdminExtendedAttrsIpV6TestJSON-80501074-project-admin] Failed to bind port f5a2d291-5ad7-4fa5-9154-8866188c9d6c on host hv-neutron-8438 for vnic_type normal using segments [{'id': '92a041da-06c8-4b8c-bbd8-a3a0627b9512', 'network_type': 'vlan', 'physical_network': 'physnet1', 'segmentation_id': 422, 'network_id': '76b9969d-4b6a-40c9-ac4e-8269fbe21d8a'}]
Aug 01 17:01:52.263940 dv-neutron-843871-4-hyperv neutron-server[104652]: DEBUG neutron.api.rpc.handlers.resources_rpc [None req-8973d239-fd21-4ade-b2d2-51e102780c4a tempest-FloatingIPAdminTestJSON-1716456968 tempest-FloatingIPAdminTestJSON-1716456968-project] Pushing event updated for resources: {'Port': ['ID=db460166-c3df-4498-93f2-cb111fe830ab,revision_number=2']} {{(pid=104652) push /opt/stack/neutron/neutron/api/rpc/handlers/resources_rpc.py:237}}
Aug 01 17:01:52.270370 dv-neutron-843871-4-hyperv neutron-server[104652]: DEBUG neutron_lib.callbacks.manager [None req-8973d239-fd21-4ade-b2d2-51e102780c4a tempest-FloatingIPAdminTestJSON-1716456968 tempest-FloatingIPAdminTestJSON-1716456968-project] Publish callbacks ['neutron.notifiers.nova.Notifier._send_nova_notification-67005242'] for floatingip (None), before_response {{(pid=104652) _notify_loop /usr/local/lib/python3.8/dist-packages/neutron_lib/callbacks/manager.py:176}}
Aug 01 17:01:52.276592 dv-neutron-843871-4-hyperv neutron-server[104654]: DEBUG neutron.api.rpc.handlers.resources_rpc [None req-7b8efe03-1663-4eda-b14d-94db5b29a455 None None] Pushing event updated for resources: {'Port': ['ID=31dedf7a-9530-4fd4-bb10-820fb0897e09,revision_number=3']} {{(pid=104654) push /opt/stack/neutron/neutron/api/rpc/handlers/resources_rpc.py:237}}
Aug 01 17:01:52.280894 dv-neutron-843871-4-hyperv neutron-server[104652]: INFO neutron.wsgi [None req-8973d239-fd21-4ade-b2d2-51e102780c4a tempest-FloatingIPAdminTestJSON-1716456968 tempest-FloatingIPAdminTestJSON-1716456968-project] 10.222.0.64 "POST /v2.0/floatingips HTTP/1.1" status: 201 len: 693 time: 5.4740405
Aug 01 17:01:52.282374 dv-neutron-843871-4-hyperv neutron-server[104652]: INFO neutron.plugins.ml2.plugin [None req-26ee58d4-65ee-4d92-9b12-92148b6f4911 tempest-PortsAdminExtendedAttrsIpV6TestJSON-80501074 tempest-PortsAdminExtendedAttrsIpV6TestJSON-80501074-project-admin] Attempt 10 to bind port f5a2d291-5ad7-4fa5-9154-8866188c9d6c
Aug 01 17:01:52.306252 dv-neutron-843871-4-hyperv neutron-server[104651]: DEBUG neutron.wsgi [-] (104651) accepted ('10.222.0.64', 52856) {{(pid=104651) server /usr/local/lib/python3.8/dist-packages/eventlet/wsgi.py:1004}}
Aug 01 17:01:52.338028 dv-neutron-843871-4-hyperv neutron-server[104653]: DEBUG neutron.db.provisioning_blocks [None req-0abcd9df-8848-43c8-980c-c1213affcfd6 None None] Provisioning complete for port 6f9785cf-1e28-4101-b09e-8c2c2306d809 triggered by entity L2. {{(pid=104653) provisioning_complete /opt/stack/neutron/neutron/db/provisioning_blocks.py:145}}
Aug 01 17:01:52.339686 dv-neutron-843871-4-hyperv neutron-server[104653]: DEBUG neutron_lib.callbacks.manager [None req-0abcd9df-8848-43c8-980c-c1213affcfd6 None None] Publish callbacks ['neutron.plugins.ml2.plugin.Ml2Plugin._port_provisioned-827794'] for port (6f9785cf-1e28-4101-b09e-8c2c2306d809), provisioning_complete {{(pid=104653) _notify_loop /usr/local/lib/python3.8/dist-packages/neutron_lib/callbacks/manager.py:176}}
Aug 01 17:01:52.347503 dv-neutron-843871-4-hyperv neutron-server[104651]: DEBUG neutron.api.v2.base [None req-1266de88-54ec-4203-8352-7c04abce6540 tempest-FloatingIPAdminTestJSON-1716456968 tempest-FloatingIPAdminTestJSON-1716456968-project] Request body: {'network': {'name': 'tempest-FloatingIPAdminTestJSON-test-network-752060135'}} {{(pid=104651) prepare_request_body /opt/stack/neutron/neutron/api/v2/base.py:730}}
Aug 01 17:01:52.350844 dv-neutron-843871-4-hyperv neutron-server[104652]: DEBUG neutron.plugins.ml2.plugin [None req-2be25810-d020-44ca-9974-fcc77c2cfae6 tempest-RoutersAdminTest-1123923648 tempest-RoutersAdminTest-1123923648-project-admin] Deleting port bfb445b1-ac38-41a7-ac17-a081c0bd6b94 {{(pid=104652) _pre_delete_port /opt/stack/neutron/neutron/plugins/ml2/plugin.py:2037}}
Aug 01 17:01:52.351288 dv-neutron-843871-4-hyperv neutron-server[104652]: DEBUG neutron_lib.callbacks.manager [None req-2be25810-d020-44ca-9974-fcc77c2cfae6 tempest-RoutersAdminTest-1123923648 tempest-RoutersAdminTest-1123923648-project-admin] Publish callbacks ['neutron.db.l3_db.L3_NAT_dbonly_mixin._prevent_l3_port_delete_callback-8773309574175'] for port (bfb445b1-ac38-41a7-ac17-a081c0bd6b94), before_delete {{(pid=104652) _notify_loop /usr/local/lib/python3.8/dist-packages/neutron_lib/callbacks/manager.py:176}}
Aug 01 17:01:52.373769 dv-neutron-843871-4-hyperv neutron-server[104653]: DEBUG dbcounter [-] [104653] Writing DB stats neutron:SELECT=96,neutron:UPDATE=4 {{(pid=104653) stat_writer /usr/local/lib/python3.8/dist-packages/dbcounter.py:114}}
Aug 01 17:01:52.375170 dv-neutron-843871-4-hyperv neutron-server[104653]: DEBUG neutron.plugins.ml2.plugin [None req-2d95bd59-b657-4587-95a4-1512a2dc7bca None None] Current status of the port 5f6662cc-fa3c-4f2c-a4b5-5c9ac8f5087a is: DOWN; New status is: ACTIVE {{(pid=104653) _update_individual_port_db_status /opt/stack/neutron/neutron/plugins/ml2/plugin.py:2292}}
Aug 01 17:01:52.376270 dv-neutron-843871-4-hyperv neutron-server[104653]: DEBUG neutron_lib.callbacks.manager [None req-2d95bd59-b657-4587-95a4-1512a2dc7bca None None] Publish callbacks ['neutron.plugins.ml2.plugin.SecurityGroupDbMixin._ensure_default_security_group_handler-805154'] for port (5f6662cc-fa3c-4f2c-a4b5-5c9ac8f5087a), before_update {{(pid=104653) _notify_loop /usr/local/lib/python3.8/dist-packages/neutron_lib/callbacks/manager.py:176}}
Aug 01 17:01:52.383325 dv-neutron-843871-4-hyperv neutron-server[104651]: DEBUG neutron.api.rpc.handlers.resources_rpc [None req-506522e0-ff2e-40d4-a4ac-309a97203781 admin admin] Pushing event updated for resources: {'Port': ['ID=080ff24e-2dea-4690-a160-537f4e6b98d1,revision_number=1']} {{(pid=104651) push /opt/stack/neutron/neutron/api/rpc/handlers/resources_rpc.py:237}}
Aug 01 17:01:52.393721 dv-neutron-843871-4-hyperv neutron-server[104651]: DEBUG neutron_lib.callbacks.manager [None req-1118c567-55ae-4d49-97f9-4d4569cc2ca2 tempest-ExternalNetworksTestJSON-1413955894 tempest-ExternalNetworksTestJSON-1413955894-project-admin] Publish callbacks ['neutron.plugins.ml2.plugin.Ml2Plugin._handle_segment_change-833932'] for segment (701ed13c-b9fc-4443-b5b8-fa5127bc17f0), precommit_delete {{(pid=104651) _notify_loop /usr/local/lib/python3.8/dist-packages/neutron_lib/callbacks/manager.py:176}}
Aug 01 17:01:52.403771 dv-neutron-843871-4-hyperv neutron-server[104653]: DEBUG dbcounter [-] [104653] Writing DB stats neutron:SELECT=99,neutron:UPDATE=1 {{(pid=104653) stat_writer /usr/local/lib/python3.8/dist-packages/dbcounter.py:114}}
Aug 01 17:01:52.412322 dv-neutron-843871-4-hyperv neutron-server[104651]: DEBUG neutron.plugins.ml2.drivers.type_vlan [None req-1118c567-55ae-4d49-97f9-4d4569cc2ca2 tempest-ExternalNetworksTestJSON-1413955894 tempest-ExternalNetworksTestJSON-1413955894-project-admin] Releasing vlan 406 on physical network physnet1 to pool {{(pid=104651) release_segment /opt/stack/neutron/neutron/plugins/ml2/drivers/type_vlan.py:304}}
Aug 01 17:01:52.412752 dv-neutron-843871-4-hyperv neutron-server[104651]: DEBUG neutron_lib.callbacks.manager [None req-1118c567-55ae-4d49-97f9-4d4569cc2ca2 tempest-ExternalNetworksTestJSON-1413955894 tempest-ExternalNetworksTestJSON-1413955894-project-admin] Publish callbacks ['neutron.plugins.ml2.plugin.Ml2Plugin._handle_segment_change-833932', 'neutron.services.segments.plugin.NovaSegmentNotifier._notify_segment_deleted-63657503'] for segment (701ed13c-b9fc-4443-b5b8-fa5127bc17f0), after_delete {{(pid=104651) _notify_loop /usr/local/lib/python3.8/dist-packages/neutron_lib/callbacks/manager.py:176}}
Aug 01 17:01:52.417469 dv-neutron-843871-4-hyperv neutron-server[104651]: DEBUG dbcounter [-] [104651] Writing DB stats neutron:SELECT=88,neutron:INSERT=3,neutron:UPDATE=3,neutron:DELETE=6 {{(pid=104651) stat_writer /usr/local/lib/python3.8/dist-packages/dbcounter.py:114}}
Aug 01 17:01:52.441716 dv-neutron-843871-4-hyperv neutron-server[104652]: DEBUG neutron.plugins.ml2.managers [None req-26ee58d4-65ee-4d92-9b12-92148b6f4911 tempest-PortsAdminExtendedAttrsIpV6TestJSON-80501074 tempest-PortsAdminExtendedAttrsIpV6TestJSON-80501074-project-admin] Attempting to bind port f5a2d291-5ad7-4fa5-9154-8866188c9d6c on host hv-neutron-8438 for vnic_type normal with profile {{(pid=104652) bind_port /opt/stack/neutron/neutron/plugins/ml2/managers.py:810}}
Aug 01 17:01:52.442050 dv-neutron-843871-4-hyperv neutron-server[104652]: DEBUG neutron.plugins.ml2.managers [None req-26ee58d4-65ee-4d92-9b12-92148b6f4911 tempest-PortsAdminExtendedAttrsIpV6TestJSON-80501074 tempest-PortsAdminExtendedAttrsIpV6TestJSON-80501074-project-admin] Attempting to bind port f5a2d291-5ad7-4fa5-9154-8866188c9d6c by drivers openvswitch,hyperv on host hv-neutron-8438 at level 0 using segments [{'id': '92a041da-06c8-4b8c-bbd8-a3a0627b9512', 'network_type': 'vlan', 'physical_network': 'physnet1', 'segmentation_id': 422, 'network_id': '76b9969d-4b6a-40c9-ac4e-8269fbe21d8a'}] {{(pid=104652) _bind_port_level /opt/stack/neutron/neutron/plugins/ml2/managers.py:835}}
Aug 01 17:01:52.442385 dv-neutron-843871-4-hyperv neutron-server[104652]: DEBUG neutron.plugins.ml2.drivers.mech_agent [None req-26ee58d4-65ee-4d92-9b12-92148b6f4911 tempest-PortsAdminExtendedAttrsIpV6TestJSON-80501074 tempest-PortsAdminExtendedAttrsIpV6TestJSON-80501074-project-admin] Attempting to bind port f5a2d291-5ad7-4fa5-9154-8866188c9d6c on network 76b9969d-4b6a-40c9-ac4e-8269fbe21d8a {{(pid=104652) bind_port /opt/stack/neutron/neutron/plugins/ml2/drivers/mech_agent.py:91}}
Aug 01 17:01:52.450751 dv-neutron-843871-4-hyperv neutron-server[104652]: DEBUG neutron.scheduler.l3_agent_scheduler [None req-f5c1f5a9-5057-481e-919b-e9d119bb5102 admin admin] Router f1d885a7-842e-48a9-89de-403849538f7b is scheduled to L3 agent bfe4a18e-f326-4ef5-9acd-efffb25eb09b with binding_index 1 {{(pid=104652) bind_router /opt/stack/neutron/neutron/scheduler/l3_agent_scheduler.py:209}}
Aug 01 17:01:52.456038 dv-neutron-843871-4-hyperv neutron-server[104652]: DEBUG neutron.plugins.ml2.drivers.mech_agent [None req-26ee58d4-65ee-4d92-9b12-92148b6f4911 tempest-PortsAdminExtendedAttrsIpV6TestJSON-80501074 tempest-PortsAdminExtendedAttrsIpV6TestJSON-80501074-project-admin] Port f5a2d291-5ad7-4fa5-9154-8866188c9d6c on network 76b9969d-4b6a-40c9-ac4e-8269fbe21d8a not bound, no agent of type Open vSwitch agent registered on host hv-neutron-8438 {{(pid=104652) bind_port /opt/stack/neutron/neutron/plugins/ml2/drivers/mech_agent.py:103}}
Aug 01 17:01:52.457000 dv-neutron-843871-4-hyperv neutron-server[104652]: ERROR neutron.plugins.ml2.managers [None req-26ee58d4-65ee-4d92-9b12-92148b6f4911 tempest-PortsAdminExtendedAttrsIpV6TestJSON-80501074 tempest-PortsAdminExtendedAttrsIpV6TestJSON-80501074-project-admin] Failed to bind port f5a2d291-5ad7-4fa5-9154-8866188c9d6c on host hv-neutron-8438 for vnic_type normal using segments [{'id': '92a041da-06c8-4b8c-bbd8-a3a0627b9512', 'network_type': 'vlan', 'physical_network': 'physnet1', 'segmentation_id': 422, 'network_id': '76b9969d-4b6a-40c9-ac4e-8269fbe21d8a'}]
Aug 01 17:01:52.457000 dv-neutron-843871-4-hyperv neutron-server[104652]: DEBUG neutron_lib.callbacks.manager [None req-26ee58d4-65ee-4d92-9b12-92148b6f4911 tempest-PortsAdminExtendedAttrsIpV6TestJSON-80501074 tempest-PortsAdminExtendedAttrsIpV6TestJSON-80501074-project-admin] Publish callbacks ['neutron.plugins.ml2.plugin.SecurityGroupDbMixin._ensure_default_security_group_handler-805154'] for port (f5a2d291-5ad7-4fa5-9154-8866188c9d6c), before_update {{(pid=104652) _notify_loop /usr/local/lib/python3.8/dist-packages/neutron_lib/callbacks/manager.py:176}}
Aug 01 17:01:52.461621 dv-neutron-843871-4-hyperv neutron-server[104653]: DEBUG neutron.plugins.ml2.db [None req-2d95bd59-b657-4587-95a4-1512a2dc7bca None None] For port 5f6662cc-fa3c-4f2c-a4b5-5c9ac8f5087a, host dv-neutron-843871-4-hyperv, got binding levels [PortBindingLevel(driver='openvswitch',host='dv-neutron-843871-4-hyperv',level=0,port_id=5f6662cc-fa3c-4f2c-a4b5-5c9ac8f5087a,segment=NetworkSegment(e845c8f1-6b75-4cee-9234-22309f563de9),segment_id=e845c8f1-6b75-4cee-9234-22309f563de9)] {{(pid=104653) get_binding_level_objs /opt/stack/neutron/neutron/plugins/ml2/db.py:74}}
Aug 01 17:01:52.541736 dv-neutron-843871-4-hyperv neutron-server[104652]: DEBUG neutron_lib.callbacks.manager [None req-2be25810-d020-44ca-9974-fcc77c2cfae6 tempest-RoutersAdminTest-1123923648 tempest-RoutersAdminTest-1123923648-project-admin] Publish callbacks ['neutron.services.l3_router.l3_router_plugin.L3_NAT_dbonly_mixin._precommit_delete_port_callback-66610714'] for port (bfb445b1-ac38-41a7-ac17-a081c0bd6b94), precommit_delete {{(pid=104652) _notify_loop /usr/local/lib/python3.8/dist-packages/neutron_lib/callbacks/manager.py:176}}
Aug 01 17:01:52.598941 dv-neutron-843871-4-hyperv neutron-server[104653]: DEBUG neutron_lib.callbacks.manager [None req-2d95bd59-b657-4587-95a4-1512a2dc7bca None None] Publish callbacks ['neutron.plugins.ml2.plugin.SecurityGroupServerNotifierRpcMixin._notify_sg_on_port_change-805217', 'neutron.plugins.ml2.ovo_rpc._ObjectChangeHandler.handle_event-32824', 'neutron.api.rpc.agentnotifiers.dhcp_rpc_agent_api.DhcpAgentNotifyAPI._native_event_send_dhcp_notification-66597733', 'neutron.db.l3_db.L3RpcNotifierMixin._notify_gateway_port_ip_changed-8773309576156', 'neutron.db.l3_dvrscheduler_db._notify_l3_agent_port_update-8773309098114', 'neutron.db.l3_hascheduler_db._notify_l3_agent_ha_port_update-8773309098132'] for port (5f6662cc-fa3c-4f2c-a4b5-5c9ac8f5087a), after_update {{(pid=104653) _notify_loop /usr/local/lib/python3.8/dist-packages/neutron_lib/callbacks/manager.py:176}}
Aug 01 17:01:52.623849 dv-neutron-843871-4-hyperv neutron-server[104651]: DEBUG neutron.pecan_wsgi.hooks.quota_enforcement [None req-1266de88-54ec-4203-8352-7c04abce6540 tempest-FloatingIPAdminTestJSON-1716456968 tempest-FloatingIPAdminTestJSON-1716456968-project] Made reservation on behalf of 5e465853c68b40398d154491c6367333 for: {'network': 1} {{(pid=104651) before /opt/stack/neutron/neutron/pecan_wsgi/hooks/quota_enforcement.py:53}}
Aug 01 17:01:52.627948 dv-neutron-843871-4-hyperv neutron-server[104651]: DEBUG neutron_lib.callbacks.manager [None req-1266de88-54ec-4203-8352-7c04abce6540 tempest-FloatingIPAdminTestJSON-1716456968 tempest-FloatingIPAdminTestJSON-1716456968-project] Publish callbacks ['neutron.plugins.ml2.plugin.SecurityGroupDbMixin._ensure_default_security_group_handler-805154'] for network (None), before_create {{(pid=104651) _notify_loop /usr/local/lib/python3.8/dist-packages/neutron_lib/callbacks/manager.py:176}}
Aug 01 17:01:52.638358 dv-neutron-843871-4-hyperv neutron-server[104653]: DEBUG neutron.db.provisioning_blocks [None req-2d95bd59-b657-4587-95a4-1512a2dc7bca None None] Provisioning complete for port f4160c14-2ef5-4049-a929-ca2ea2b463f5 triggered by entity DHCP. {{(pid=104653) provisioning_complete /opt/stack/neutron/neutron/db/provisioning_blocks.py:145}}
Aug 01 17:01:52.638523 dv-neutron-843871-4-hyperv neutron-server[104653]: DEBUG neutron_lib.callbacks.manager [None req-2d95bd59-b657-4587-95a4-1512a2dc7bca None None] Publish callbacks ['neutron.plugins.ml2.plugin.Ml2Plugin._port_provisioned-827794'] for port (f4160c14-2ef5-4049-a929-ca2ea2b463f5), provisioning_complete {{(pid=104653) _notify_loop /usr/local/lib/python3.8/dist-packages/neutron_lib/callbacks/manager.py:176}}
Aug 01 17:01:52.643667 dv-neutron-843871-4-hyperv neutron-server[104653]: DEBUG neutron.plugins.ml2.plugin [None req-0abcd9df-8848-43c8-980c-c1213affcfd6 None None] Current status of the port 6f9785cf-1e28-4101-b09e-8c2c2306d809 is: ACTIVE; New status is: ACTIVE {{(pid=104653) _update_individual_port_db_status /opt/stack/neutron/neutron/plugins/ml2/plugin.py:2292}}
Aug 01 17:01:52.644545 dv-neutron-843871-4-hyperv neutron-server[104653]: DEBUG neutron.plugins.ml2.rpc [None req-0abcd9df-8848-43c8-980c-c1213affcfd6 None None] Device f4160c14-2ef5-4049-a929-ca2ea2b463f5 up at agent ovs-agent-dv-neutron-843871-4-hyperv {{(pid=104653) update_device_up /opt/stack/neutron/neutron/plugins/ml2/rpc.py:296}}
Aug 01 17:01:52.667474 dv-neutron-843871-4-hyperv neutron-server[104651]: DEBUG neutron_lib.callbacks.manager [None req-506522e0-ff2e-40d4-a4ac-309a97203781 admin admin] Publish callbacks [] for router_gateway (da8e3527-59ed-406c-874c-504c2480da40), after_create {{(pid=104651) _notify_loop /usr/local/lib/python3.8/dist-packages/neutron_lib/callbacks/manager.py:176}}
Aug 01 17:01:52.677858 dv-neutron-843871-4-hyperv neutron-server[104651]: DEBUG neutron_lib.callbacks.manager [None req-1118c567-55ae-4d49-97f9-4d4569cc2ca2 tempest-ExternalNetworksTestJSON-1413955894 tempest-ExternalNetworksTestJSON-1413955894-project-admin] Publish callbacks ['neutron.plugins.ml2.plugin.Ml2Plugin._network_delete_after_delete_handler-830328', 'neutron.plugins.ml2.ovo_rpc._ObjectChangeHandler.handle_event-509734', 'neutron.api.rpc.agentnotifiers.dhcp_rpc_agent_api.DhcpAgentNotifyAPI._native_event_send_dhcp_notification-66597733', 'neutron.services.l3_router.l3_router_plugin.DVRResourceOperationHandler.delete_fip_namespaces_for_ext_net-66669815'] for network (20fe1673-0f39-4d28-9cd8-7c284843dc83), after_delete {{(pid=104651) _notify_loop /usr/local/lib/python3.8/dist-packages/neutron_lib/callbacks/manager.py:176}}
Aug 01 17:01:52.732353 dv-neutron-843871-4-hyperv neutron-server[104652]: DEBUG neutron.plugins.ml2.db [None req-26ee58d4-65ee-4d92-9b12-92148b6f4911 tempest-PortsAdminExtendedAttrsIpV6TestJSON-80501074 tempest-PortsAdminExtendedAttrsIpV6TestJSON-80501074-project-admin] For port f5a2d291-5ad7-4fa5-9154-8866188c9d6c, host hv-neutron-8438, cleared binding levels {{(pid=104652) clear_binding_levels /opt/stack/neutron/neutron/plugins/ml2/db.py:87}}
Aug 01 17:01:52.732895 dv-neutron-843871-4-hyperv neutron-server[104652]: DEBUG neutron.plugins.ml2.db [None req-26ee58d4-65ee-4d92-9b12-92148b6f4911 tempest-PortsAdminExtendedAttrsIpV6TestJSON-80501074 tempest-PortsAdminExtendedAttrsIpV6TestJSON-80501074-project-admin] Attempted to set empty binding levels {{(pid=104652) set_binding_levels /opt/stack/neutron/neutron/plugins/ml2/db.py:65}}
Aug 01 17:01:52.739702 dv-neutron-843871-4-hyperv neutron-server[104652]: DEBUG neutron.plugins.ml2.plugin [None req-2be25810-d020-44ca-9974-fcc77c2cfae6 tempest-RoutersAdminTest-1123923648 tempest-RoutersAdminTest-1123923648-project-admin] Calling delete_port for bfb445b1-ac38-41a7-ac17-a081c0bd6b94 owned by {{(pid=104652) delete_port /opt/stack/neutron/neutron/plugins/ml2/plugin.py:2116}}
Aug 01 17:01:52.740379 dv-neutron-843871-4-hyperv neutron-server[104651]: DEBUG neutron_lib.callbacks.manager [None req-1266de88-54ec-4203-8352-7c04abce6540 tempest-FloatingIPAdminTestJSON-1716456968 tempest-FloatingIPAdminTestJSON-1716456968-project] Publish callbacks [] for security_group (None), before_create {{(pid=104651) _notify_loop /usr/local/lib/python3.8/dist-packages/neutron_lib/callbacks/manager.py:176}}
Aug 01 17:01:52.754939 dv-neutron-843871-4-hyperv neutron-server[104651]: DEBUG neutron_lib.callbacks.manager [None req-4405fc12-6e30-406c-b3b5-398467e132fa tempest-DHCPAgentSchedulersTestJSON-1278740639 tempest-DHCPAgentSchedulersTestJSON-1278740639-project] Publish callbacks ['neutron.plugins.ml2.plugin.SecurityGroupServerNotifierRpcMixin._notify_sg_on_port_change-805217', 'neutron.plugins.ml2.ovo_rpc._ObjectChangeHandler.handle_event-32824', 'neutron.api.rpc.agentnotifiers.dhcp_rpc_agent_api.DhcpAgentNotifyAPI._native_event_send_dhcp_notification-66597733', 'neutron.db.l3_db.L3RpcNotifierMixin._notify_routers_callback-8773309576174', 'neutron.db.l3_dvrscheduler_db._notify_port_delete-8773309098105', 'neutron.services.segments.plugin.NovaSegmentNotifier._notify_port_created_or_deleted-63657520'] for port (cba6908f-1512-4c41-9c74-3ac0123980bd), after_delete {{(pid=104651) _notify_loop /usr/local/lib/python3.8/dist-packages/neutron_lib/callbacks/manager.py:176}}
Aug 01 17:01:52.766620 dv-neutron-843871-4-hyperv neutron-server[104653]: DEBUG neutron.api.rpc.handlers.resources_rpc [None req-2d95bd59-b657-4587-95a4-1512a2dc7bca None None] Pushing event updated for resources: {'Port': ['ID=5f6662cc-fa3c-4f2c-a4b5-5c9ac8f5087a,revision_number=3']} {{(pid=104653) push /opt/stack/neutron/neutron/api/rpc/handlers/resources_rpc.py:237}}
Aug 01 17:01:52.781002 dv-neutron-843871-4-hyperv neutron-server[104653]: DEBUG neutron.db.provisioning_blocks [None req-0abcd9df-8848-43c8-980c-c1213affcfd6 None None] Provisioning complete for port f4160c14-2ef5-4049-a929-ca2ea2b463f5 triggered by entity L2. {{(pid=104653) provisioning_complete /opt/stack/neutron/neutron/db/provisioning_blocks.py:145}}
Aug 01 17:01:52.781374 dv-neutron-843871-4-hyperv neutron-server[104653]: DEBUG neutron_lib.callbacks.manager [None req-0abcd9df-8848-43c8-980c-c1213affcfd6 None None] Publish callbacks ['neutron.plugins.ml2.plugin.Ml2Plugin._port_provisioned-827794'] for port (f4160c14-2ef5-4049-a929-ca2ea2b463f5), provisioning_complete {{(pid=104653) _notify_loop /usr/local/lib/python3.8/dist-packages/neutron_lib/callbacks/manager.py:176}}
Aug 01 17:01:52.807617 dv-neutron-843871-4-hyperv neutron-server[104652]: DEBUG neutron_lib.callbacks.manager [None req-26ee58d4-65ee-4d92-9b12-92148b6f4911 tempest-PortsAdminExtendedAttrsIpV6TestJSON-80501074 tempest-PortsAdminExtendedAttrsIpV6TestJSON-80501074-project-admin] Publish callbacks ['neutron.plugins.ml2.plugin.SecurityGroupServerNotifierRpcMixin._notify_sg_on_port_change-805217', 'neutron.plugins.ml2.ovo_rpc._ObjectChangeHandler.handle_event-32824', 'neutron.api.rpc.agentnotifiers.dhcp_rpc_agent_api.DhcpAgentNotifyAPI._native_event_send_dhcp_notification-66597733', 'neutron.db.l3_db.L3RpcNotifierMixin._notify_gateway_port_ip_changed-8773309576156', 'neutron.db.l3_dvrscheduler_db._notify_l3_agent_port_update-8773309098114', 'neutron.db.l3_hascheduler_db._notify_l3_agent_ha_port_update-8773309098132'] for port (f5a2d291-5ad7-4fa5-9154-8866188c9d6c), after_update {{(pid=104652) _notify_loop /usr/local/lib/python3.8/dist-packages/neutron_lib/callbacks/manager.py:176}}
Aug 01 17:01:52.809047 dv-neutron-843871-4-hyperv neutron-server[104652]: DEBUG neutron.pecan_wsgi.hooks.policy_enforcement [None req-26ee58d4-65ee-4d92-9b12-92148b6f4911 tempest-PortsAdminExtendedAttrsIpV6TestJSON-80501074 tempest-PortsAdminExtendedAttrsIpV6TestJSON-80501074-project-admin] Attributes excluded by policy engine: ['standard_attr_id'] {{(pid=104652) _exclude_attributes_by_policy /opt/stack/neutron/neutron/pecan_wsgi/hooks/policy_enforcement.py:259}}
Aug 01 17:01:52.809824 dv-neutron-843871-4-hyperv neutron-server[104652]: DEBUG neutron_lib.callbacks.manager [None req-26ee58d4-65ee-4d92-9b12-92148b6f4911 tempest-PortsAdminExtendedAttrsIpV6TestJSON-80501074 tempest-PortsAdminExtendedAttrsIpV6TestJSON-80501074-project-admin] Publish callbacks ['neutron.notifiers.nova.Notifier._send_nova_notification-67005242', 'neutron.api.rpc.agentnotifiers.dhcp_rpc_agent_api.DhcpAgentNotifyAPI._send_dhcp_notification-66597783'] for port (None), before_response {{(pid=104652) _notify_loop /usr/local/lib/python3.8/dist-packages/neutron_lib/callbacks/manager.py:176}}
Aug 01 17:01:52.819883 dv-neutron-843871-4-hyperv neutron-server[104651]: DEBUG neutron.api.rpc.agentnotifiers.l3_rpc_agent_api [None req-1118c567-55ae-4d49-97f9-4d4569cc2ca2 tempest-ExternalNetworksTestJSON-1413955894 tempest-ExternalNetworksTestJSON-1413955894-project-admin] Fanout notify agent at l3_agent the message fipnamespace_delete_on_ext_net for external_network 20fe1673-0f39-4d28-9cd8-7c284843dc83 {{(pid=104651) _notification_fanout /opt/stack/neutron/neutron/api/rpc/agentnotifiers/l3_rpc_agent_api.py:120}}
Aug 01 17:01:52.836361 dv-neutron-843871-4-hyperv neutron-server[104651]: DEBUG neutron.api.rpc.handlers.resources_rpc [None req-1118c567-55ae-4d49-97f9-4d4569cc2ca2 tempest-ExternalNetworksTestJSON-1413955894 tempest-ExternalNetworksTestJSON-1413955894-project-admin] Pushing event deleted for resources: {'Network': ['ID=20fe1673-0f39-4d28-9cd8-7c284843dc83,revision_number=None']} {{(pid=104651) push /opt/stack/neutron/neutron/api/rpc/handlers/resources_rpc.py:237}}
