Jul 12 15:52:41.171909 dv-neutron-843871-3-hyperv devstack@keystone.service[80770]: DEBUG keystone.server.flask.request_processing.req_logging [None req-7b18c0b9-b4f2-4f37-997a-1692a51ac7c3 None None] REQUEST_METHOD: `GET` {{(pid=80770) log_request_info /opt/stack/keystone/keystone/server/flask/request_processing/req_logging.py:27}}
Jul 12 15:52:41.172265 dv-neutron-843871-3-hyperv devstack@keystone.service[80770]: DEBUG keystone.server.flask.request_processing.req_logging [None req-7b18c0b9-b4f2-4f37-997a-1692a51ac7c3 None None] SCRIPT_NAME: `/identity` {{(pid=80770) log_request_info /opt/stack/keystone/keystone/server/flask/request_processing/req_logging.py:28}}
Jul 12 15:52:41.172563 dv-neutron-843871-3-hyperv devstack@keystone.service[80770]: DEBUG keystone.server.flask.request_processing.req_logging [None req-7b18c0b9-b4f2-4f37-997a-1692a51ac7c3 None None] PATH_INFO: `/` {{(pid=80770) log_request_info /opt/stack/keystone/keystone/server/flask/request_processing/req_logging.py:29}}
Jul 12 15:52:41.174208 dv-neutron-843871-3-hyperv devstack@keystone.service[80770]: [pid: 80770|app: 0|req: 121/258] 10.222.0.33 () {54 vars in 926 bytes} [Tue Jul 12 15:52:41 2022] GET /identity => generated 270 bytes in 3 msecs (HTTP/1.1 300) 6 headers in 234 bytes (2 switches on core 0)
Jul 12 15:52:41.181510 dv-neutron-843871-3-hyperv devstack@keystone.service[80770]: DEBUG keystone.server.flask.request_processing.req_logging [None req-15f440d8-1580-4522-87a1-effa80c505d4 None None] REQUEST_METHOD: `POST` {{(pid=80770) log_request_info /opt/stack/keystone/keystone/server/flask/request_processing/req_logging.py:27}}
Jul 12 15:52:41.181801 dv-neutron-843871-3-hyperv devstack@keystone.service[80770]: DEBUG keystone.server.flask.request_processing.req_logging [None req-15f440d8-1580-4522-87a1-effa80c505d4 None None] SCRIPT_NAME: `/identity` {{(pid=80770) log_request_info /opt/stack/keystone/keystone/server/flask/request_processing/req_logging.py:28}}
Jul 12 15:52:41.182082 dv-neutron-843871-3-hyperv devstack@keystone.service[80770]: DEBUG keystone.server.flask.request_processing.req_logging [None req-15f440d8-1580-4522-87a1-effa80c505d4 None None] PATH_INFO: `/v3/auth/tokens` {{(pid=80770) log_request_info /opt/stack/keystone/keystone/server/flask/request_processing/req_logging.py:29}}
Jul 12 15:52:41.216330 dv-neutron-843871-3-hyperv devstack@keystone.service[80770]: DEBUG keystone.auth.core [None req-15f440d8-1580-4522-87a1-effa80c505d4 None None] MFA Rules not processed for user `937e72b733d149c88e519de0b4aec526`. Rule list: `[]` (Enabled: `True`). {{(pid=80770) check_auth_methods_against_rules /opt/stack/keystone/keystone/auth/core.py:438}}
Jul 12 15:52:41.217636 dv-neutron-843871-3-hyperv devstack@keystone.service[80770]: DEBUG keystone.common.fernet_utils [None req-15f440d8-1580-4522-87a1-effa80c505d4 None None] Loaded 2 Fernet keys from /etc/keystone/fernet-keys/, but `[fernet_tokens] max_active_keys = 3`; perhaps there have not been enough key rotations to reach `max_active_keys` yet? {{(pid=80770) load_keys /opt/stack/keystone/keystone/common/fernet_utils.py:286}}
Jul 12 15:52:41.294232 dv-neutron-843871-3-hyperv devstack@keystone.service[80769]: DEBUG keystone.server.flask.request_processing.middleware.auth_context [None req-db0b049e-c2f6-44fa-9228-326f359b67b3 None admin] Validating token access rules against request {{(pid=80769) validate_allowed_request /usr/local/lib/python3.8/dist-packages/keystonemiddleware/auth_token/__init__.py:545}}
Jul 12 15:52:41.329961 dv-neutron-843871-3-hyperv devstack@keystone.service[80770]: DEBUG dbcounter [-] [80770] Writing DB stats keystone:SELECT=99,keystone:INSERT=1 {{(pid=80770) stat_writer /usr/local/lib/python3.8/dist-packages/dbcounter.py:114}}
Jul 12 15:52:41.345707 dv-neutron-843871-3-hyperv devstack@keystone.service[80769]: DEBUG keystone.server.flask.request_processing.middleware.auth_context [None req-cc953bb1-4b6b-4ea1-9439-722617f503a4 None admin] RBAC: auth_context: {'token': , 'domain_id': None, 'trust_id': None, 'trustor_id': None, 'trustee_id': None, 'domain_name': None, 'group_ids': [], 'user_id': '937e72b733d149c88e519de0b4aec526', 'user_domain_id': 'default', 'system_scope': 'all', 'project_id': None, 'project_domain_id': None, 'roles': ['admin', 'member', 'reader'], 'is_admin_project': True, 'service_user_id': None, 'service_user_domain_id': None, 'service_project_id': None, 'service_project_domain_id': None, 'service_roles': []} {{(pid=80769) fill_context /opt/stack/keystone/keystone/server/flask/request_processing/middleware/auth_context.py:478}}
Jul 12 15:52:41.345707 dv-neutron-843871-3-hyperv devstack@keystone.service[80769]: DEBUG keystone.server.flask.request_processing.req_logging [None req-cc953bb1-4b6b-4ea1-9439-722617f503a4 None admin] REQUEST_METHOD: `GET` {{(pid=80769) log_request_info /opt/stack/keystone/keystone/server/flask/request_processing/req_logging.py:27}}
Jul 12 15:52:41.345976 dv-neutron-843871-3-hyperv devstack@keystone.service[80769]: DEBUG keystone.server.flask.request_processing.req_logging [None req-cc953bb1-4b6b-4ea1-9439-722617f503a4 None admin] SCRIPT_NAME: `/identity` {{(pid=80769) log_request_info /opt/stack/keystone/keystone/server/flask/request_processing/req_logging.py:28}}
Jul 12 15:52:41.346046 dv-neutron-843871-3-hyperv devstack@keystone.service[80769]: DEBUG keystone.server.flask.request_processing.req_logging [None req-cc953bb1-4b6b-4ea1-9439-722617f503a4 None admin] PATH_INFO: `/v3/users/2a7f244609f446159a91642d77e7f236` {{(pid=80769) log_request_info /opt/stack/keystone/keystone/server/flask/request_processing/req_logging.py:29}}
Jul 12 15:52:41.347375 dv-neutron-843871-3-hyperv devstack@keystone.service[80769]: DEBUG keystone.common.rbac_enforcer.enforcer [None req-cc953bb1-4b6b-4ea1-9439-722617f503a4 None admin] RBAC: Authorizing `identity:get_user(user_id=2a7f244609f446159a91642d77e7f236)` {{(pid=80769) enforce_call /opt/stack/keystone/keystone/common/rbac_enforcer/enforcer.py:449}}
Jul 12 15:52:41.349593 dv-neutron-843871-3-hyperv devstack@keystone.service[80769]: DEBUG keystone.common.rbac_enforcer.enforcer [None req-cc953bb1-4b6b-4ea1-9439-722617f503a4 None admin] RBAC: Authorization granted {{(pid=80769) enforce_call /opt/stack/keystone/keystone/common/rbac_enforcer/enforcer.py:457}}
Jul 12 15:52:41.351843 dv-neutron-843871-3-hyperv devstack@keystone.service[80769]: [pid: 80769|app: 0|req: 138/259] 10.222.0.33 () {56 vars in 1177 bytes} [Tue Jul 12 15:52:41 2022] GET /identity/v3/users/2a7f244609f446159a91642d77e7f236 => generated 283 bytes in 237 msecs (HTTP/1.1 200) 5 headers in 177 bytes (1 switches on core 0)
Jul 12 15:52:41.360949 dv-neutron-843871-3-hyperv devstack@keystone.service[80769]: DEBUG keystone.server.flask.request_processing.middleware.auth_context [None req-cc953bb1-4b6b-4ea1-9439-722617f503a4 None admin] Authenticating user token {{(pid=80769) process_request /usr/local/lib/python3.8/dist-packages/keystonemiddleware/auth_token/__init__.py:407}}
Jul 12 15:52:41.388127 dv-neutron-843871-3-hyperv devstack@keystone.service[80770]: [pid: 80770|app: 0|req: 122/260] 10.222.0.33 () {58 vars in 1023 bytes} [Tue Jul 12 15:52:41 2022] POST /identity/v3/auth/tokens => generated 799 bytes in 207 msecs (HTTP/1.1 201) 6 headers in 363 bytes (1 switches on core 0)
Jul 12 15:52:41.415322 dv-neutron-843871-3-hyperv devstack@keystone.service[80769]: DEBUG dbcounter [-] [80769] Writing DB stats keystone:SELECT=100 {{(pid=80769) stat_writer /usr/local/lib/python3.8/dist-packages/dbcounter.py:114}}
Jul 12 15:52:41.431458 dv-neutron-843871-3-hyperv devstack@keystone.service[80770]: DEBUG keystone.server.flask.request_processing.middleware.auth_context [None req-15f440d8-1580-4522-87a1-effa80c505d4 None None] Authenticating user token {{(pid=80770) process_request /usr/local/lib/python3.8/dist-packages/keystonemiddleware/auth_token/__init__.py:407}}
Jul 12 15:52:41.538144 dv-neutron-843871-3-hyperv devstack@keystone.service[80769]: DEBUG keystone.server.flask.request_processing.middleware.auth_context [None req-cc953bb1-4b6b-4ea1-9439-722617f503a4 None admin] Validating token access rules against request {{(pid=80769) validate_allowed_request /usr/local/lib/python3.8/dist-packages/keystonemiddleware/auth_token/__init__.py:545}}
Jul 12 15:52:41.593418 dv-neutron-843871-3-hyperv devstack@keystone.service[80769]: DEBUG keystone.server.flask.request_processing.middleware.auth_context [None req-43c06864-b644-4c01-a93a-ebf52cdf261a None admin] RBAC: auth_context: {'token': , 'domain_id': None, 'trust_id': None, 'trustor_id': None, 'trustee_id': None, 'domain_name': None, 'group_ids': [], 'user_id': '937e72b733d149c88e519de0b4aec526', 'user_domain_id': 'default', 'system_scope': 'all', 'project_id': None, 'project_domain_id': None, 'roles': ['admin', 'member', 'reader'], 'is_admin_project': True, 'service_user_id': None, 'service_user_domain_id': None, 'service_project_id': None, 'service_project_domain_id': None, 'service_roles': []} {{(pid=80769) fill_context /opt/stack/keystone/keystone/server/flask/request_processing/middleware/auth_context.py:478}}
Jul 12 15:52:41.594444 dv-neutron-843871-3-hyperv devstack@keystone.service[80769]: DEBUG keystone.server.flask.request_processing.req_logging [None req-43c06864-b644-4c01-a93a-ebf52cdf261a None admin] REQUEST_METHOD: `GET` {{(pid=80769) log_request_info /opt/stack/keystone/keystone/server/flask/request_processing/req_logging.py:27}}
Jul 12 15:52:41.594933 dv-neutron-843871-3-hyperv devstack@keystone.service[80769]: DEBUG keystone.server.flask.request_processing.req_logging [None req-43c06864-b644-4c01-a93a-ebf52cdf261a None admin] SCRIPT_NAME: `/identity` {{(pid=80769) log_request_info /opt/stack/keystone/keystone/server/flask/request_processing/req_logging.py:28}}
Jul 12 15:52:41.595443 dv-neutron-843871-3-hyperv devstack@keystone.service[80769]: DEBUG keystone.server.flask.request_processing.req_logging [None req-43c06864-b644-4c01-a93a-ebf52cdf261a None admin] PATH_INFO: `/v3/auth/tokens` {{(pid=80769) log_request_info /opt/stack/keystone/keystone/server/flask/request_processing/req_logging.py:29}}
Jul 12 15:52:41.642952 dv-neutron-843871-3-hyperv devstack@keystone.service[80770]: DEBUG keystone.server.flask.request_processing.middleware.auth_context [None req-15f440d8-1580-4522-87a1-effa80c505d4 None None] Validating token access rules against request {{(pid=80770) validate_allowed_request /usr/local/lib/python3.8/dist-packages/keystonemiddleware/auth_token/__init__.py:545}}
Jul 12 15:52:41.709069 dv-neutron-843871-3-hyperv devstack@keystone.service[80770]: DEBUG keystone.server.flask.request_processing.middleware.auth_context [None req-2c140137-8751-4a62-bdd9-a8af753213a3 None admin] RBAC: auth_context: {'token': , 'domain_id': None, 'trust_id': None, 'trustor_id': None, 'trustee_id': None, 'domain_name': None, 'group_ids': [], 'user_id': '937e72b733d149c88e519de0b4aec526', 'user_domain_id': 'default', 'system_scope': 'all', 'project_id': None, 'project_domain_id': None, 'roles': ['admin', 'member', 'reader'], 'is_admin_project': True, 'service_user_id': None, 'service_user_domain_id': None, 'service_project_id': None, 'service_project_domain_id': None, 'service_roles': []} {{(pid=80770) fill_context /opt/stack/keystone/keystone/server/flask/request_processing/middleware/auth_context.py:478}}
Jul 12 15:52:41.709894 dv-neutron-843871-3-hyperv devstack@keystone.service[80770]: DEBUG keystone.server.flask.request_processing.req_logging [None req-2c140137-8751-4a62-bdd9-a8af753213a3 None admin] REQUEST_METHOD: `GET` {{(pid=80770) log_request_info /opt/stack/keystone/keystone/server/flask/request_processing/req_logging.py:27}}
Jul 12 15:52:41.710230 dv-neutron-843871-3-hyperv devstack@keystone.service[80770]: DEBUG keystone.server.flask.request_processing.req_logging [None req-2c140137-8751-4a62-bdd9-a8af753213a3 None admin] SCRIPT_NAME: `/identity` {{(pid=80770) log_request_info /opt/stack/keystone/keystone/server/flask/request_processing/req_logging.py:28}}
Jul 12 15:52:41.710505 dv-neutron-843871-3-hyperv devstack@keystone.service[80770]: DEBUG keystone.server.flask.request_processing.req_logging [None req-2c140137-8751-4a62-bdd9-a8af753213a3 None admin] PATH_INFO: `/v3/roles/anotherrole` {{(pid=80770) log_request_info /opt/stack/keystone/keystone/server/flask/request_processing/req_logging.py:29}}
Jul 12 15:52:41.732220 dv-neutron-843871-3-hyperv devstack@keystone.service[80770]: DEBUG keystone.common.rbac_enforcer.enforcer [None req-2c140137-8751-4a62-bdd9-a8af753213a3 None admin] Extracting inferred target data resulted in "NOT FOUND (404)". {{(pid=80770) enforce_call /opt/stack/keystone/keystone/common/rbac_enforcer/enforcer.py:409}}
Jul 12 15:52:41.740636 dv-neutron-843871-3-hyperv devstack@keystone.service[80770]: ERROR keystone.server.flask.application [None req-2c140137-8751-4a62-bdd9-a8af753213a3 None admin] Could not find role: anotherrole.: keystone.exception.RoleNotFound: Could not find role: anotherrole.
Jul 12 15:52:41.740636 dv-neutron-843871-3-hyperv devstack@keystone.service[80770]: ERROR keystone.server.flask.application
Traceback (most recent call last):
Jul 12 15:52:41.740636 dv-neutron-843871-3-hyperv devstack@keystone.service[80770]: ERROR keystone.server.flask.application
File "/usr/local/lib/python3.8/dist-packages/flask/app.py", line 1523, in full_dispatch_request
Jul 12 15:52:41.740636 dv-neutron-843871-3-hyperv devstack@keystone.service[80770]: ERROR keystone.server.flask.application rv = self.dispatch_request()
Jul 12 15:52:41.740636 dv-neutron-843871-3-hyperv devstack@keystone.service[80770]: ERROR keystone.server.flask.application
File "/usr/local/lib/python3.8/dist-packages/flask/app.py", line 1509, in dispatch_request
Jul 12 15:52:41.740636 dv-neutron-843871-3-hyperv devstack@keystone.service[80770]: ERROR keystone.server.flask.application return self.ensure_sync(self.view_functions[rule.endpoint])(**req.view_args)
Jul 12 15:52:41.740636 dv-neutron-843871-3-hyperv devstack@keystone.service[80770]: ERROR keystone.server.flask.application
File "/usr/local/lib/python3.8/dist-packages/flask_restful/__init__.py", line 467, in wrapper
Jul 12 15:52:41.740636 dv-neutron-843871-3-hyperv devstack@keystone.service[80770]: ERROR keystone.server.flask.application resp = resource(*args, **kwargs)
Jul 12 15:52:41.740636 dv-neutron-843871-3-hyperv devstack@keystone.service[80770]: ERROR keystone.server.flask.application
File "/usr/local/lib/python3.8/dist-packages/flask/views.py", line 84, in view
Jul 12 15:52:41.740636 dv-neutron-843871-3-hyperv devstack@keystone.service[80770]: ERROR keystone.server.flask.application return current_app.ensure_sync(self.dispatch_request)(*args, **kwargs)
Jul 12 15:52:41.740636 dv-neutron-843871-3-hyperv devstack@keystone.service[80770]: ERROR keystone.server.flask.application
File "/usr/local/lib/python3.8/dist-packages/flask_restful/__init__.py", line 582, in dispatch_request
Jul 12 15:52:41.740636 dv-neutron-843871-3-hyperv devstack@keystone.service[80770]: ERROR keystone.server.flask.application resp = meth(*args, **kwargs)
Jul 12 15:52:41.740636 dv-neutron-843871-3-hyperv devstack@keystone.service[80770]: ERROR keystone.server.flask.application
File "/opt/stack/keystone/keystone/api/roles.py", line 50, in get
Jul 12 15:52:41.740636 dv-neutron-843871-3-hyperv devstack@keystone.service[80770]: ERROR keystone.server.flask.application return self._get_role(role_id)
Jul 12 15:52:41.740636 dv-neutron-843871-3-hyperv devstack@keystone.service[80770]: ERROR keystone.server.flask.application
File "/opt/stack/keystone/keystone/api/roles.py", line 70, in _get_role
Jul 12 15:52:41.740636 dv-neutron-843871-3-hyperv devstack@keystone.service[80770]: ERROR keystone.server.flask.application ENFORCER.enforce_call(action='identity:get_role')
Jul 12 15:52:41.741513 dv-neutron-843871-3-hyperv devstack@keystone.service[80770]: ERROR keystone.server.flask.application
File "/opt/stack/keystone/keystone/common/rbac_enforcer/enforcer.py", line 402, in enforce_call
Jul 12 15:52:41.741513 dv-neutron-843871-3-hyperv devstack@keystone.service[80770]: ERROR keystone.server.flask.application policy_dict.update(cls._extract_member_target_data(
Jul 12 15:52:41.741513 dv-neutron-843871-3-hyperv devstack@keystone.service[80770]: ERROR keystone.server.flask.application
File "/opt/stack/keystone/keystone/common/rbac_enforcer/enforcer.py", line 234, in _extract_member_target_data
Jul 12 15:52:41.741513 dv-neutron-843871-3-hyperv devstack@keystone.service[80770]: ERROR keystone.server.flask.application member_name: func(flask.request.view_args[key])
Jul 12 15:52:41.741513 dv-neutron-843871-3-hyperv devstack@keystone.service[80770]: ERROR keystone.server.flask.application
File "/opt/stack/keystone/keystone/common/manager.py", line 115, in wrapped
Jul 12 15:52:41.741513 dv-neutron-843871-3-hyperv devstack@keystone.service[80770]: ERROR keystone.server.flask.application __ret_val = __f(*args, **kwargs)
Jul 12 15:52:41.741513 dv-neutron-843871-3-hyperv devstack@keystone.service[80770]: ERROR keystone.server.flask.application
File "/usr/local/lib/python3.8/dist-packages/decorator.py", line 232, in fun
Jul 12 15:52:41.741513 dv-neutron-843871-3-hyperv devstack@keystone.service[80770]: ERROR keystone.server.flask.application return caller(func, *(extras + args), **kw)
Jul 12 15:52:41.741513 dv-neutron-843871-3-hyperv devstack@keystone.service[80770]: ERROR keystone.server.flask.application
File "/usr/local/lib/python3.8/dist-packages/dogpile/cache/region.py", line 1577, in get_or_create_for_user_func
Jul 12 15:52:41.741513 dv-neutron-843871-3-hyperv devstack@keystone.service[80770]: ERROR keystone.server.flask.application return self.get_or_create(
Jul 12 15:52:41.741513 dv-neutron-843871-3-hyperv devstack@keystone.service[80770]: ERROR keystone.server.flask.application
File "/usr/local/lib/python3.8/dist-packages/dogpile/cache/region.py", line 1042, in get_or_create
Jul 12 15:52:41.741513 dv-neutron-843871-3-hyperv devstack@keystone.service[80770]: ERROR keystone.server.flask.application with Lock(
Jul 12 15:52:41.741513 dv-neutron-843871-3-hyperv devstack@keystone.service[80770]: ERROR keystone.server.flask.application
File "/usr/local/lib/python3.8/dist-packages/dogpile/lock.py", line 185, in __enter__
Jul 12 15:52:41.741513 dv-neutron-843871-3-hyperv devstack@keystone.service[80770]: ERROR keystone.server.flask.application return self._enter()
Jul 12 15:52:41.741513 dv-neutron-843871-3-hyperv devstack@keystone.service[80770]: ERROR keystone.server.flask.application
File "/usr/local/lib/python3.8/dist-packages/dogpile/lock.py", line 94, in _enter
Jul 12 15:52:41.741513 dv-neutron-843871-3-hyperv devstack@keystone.service[80770]: ERROR keystone.server.flask.application generated = self._enter_create(value, createdtime)
Jul 12 15:52:41.742298 dv-neutron-843871-3-hyperv devstack@keystone.service[80770]: ERROR keystone.server.flask.application
File "/usr/local/lib/python3.8/dist-packages/dogpile/lock.py", line 178, in _enter_create
Jul 12 15:52:41.742298 dv-neutron-843871-3-hyperv devstack@keystone.service[80770]: ERROR keystone.server.flask.application return self.creator()
Jul 12 15:52:41.742298 dv-neutron-843871-3-hyperv devstack@keystone.service[80770]: ERROR keystone.server.flask.application
File "/usr/local/lib/python3.8/dist-packages/dogpile/cache/region.py", line 995, in gen_value
Jul 12 15:52:41.742298 dv-neutron-843871-3-hyperv devstack@keystone.service[80770]: ERROR keystone.server.flask.application created_value = creator(
Jul 12 15:52:41.742298 dv-neutron-843871-3-hyperv devstack@keystone.service[80770]: ERROR keystone.server.flask.application
File "/opt/stack/keystone/keystone/assignment/core.py", line 1276, in get_role
Jul 12 15:52:41.742298 dv-neutron-843871-3-hyperv devstack@keystone.service[80770]: ERROR keystone.server.flask.application return self.driver.get_role(role_id)
Jul 12 15:52:41.742298 dv-neutron-843871-3-hyperv devstack@keystone.service[80770]: ERROR keystone.server.flask.application
File "/opt/stack/keystone/keystone/assignment/role_backends/sql.py", line 70, in get_role
Jul 12 15:52:41.742298 dv-neutron-843871-3-hyperv devstack@keystone.service[80770]: ERROR keystone.server.flask.application return self._get_role(session, role_id).to_dict()
Jul 12 15:52:41.742298 dv-neutron-843871-3-hyperv devstack@keystone.service[80770]: ERROR keystone.server.flask.application
File "/opt/stack/keystone/keystone/assignment/role_backends/sql.py", line 65, in _get_role
Jul 12 15:52:41.742298 dv-neutron-843871-3-hyperv devstack@keystone.service[80770]: ERROR keystone.server.flask.application raise exception.RoleNotFound(role_id=role_id)
Jul 12 15:52:41.742298 dv-neutron-843871-3-hyperv devstack@keystone.service[80770]: ERROR keystone.server.flask.application keystone.exception.RoleNotFound: Could not find role: anotherrole.
Jul 12 15:52:41.742298 dv-neutron-843871-3-hyperv devstack@keystone.service[80770]: ERROR keystone.server.flask.application
Jul 12 15:52:41.742298 dv-neutron-843871-3-hyperv devstack@keystone.service[80770]: [pid: 80770|app: 0|req: 123/261] 10.222.0.33 () {56 vars in 1114 bytes} [Tue Jul 12 15:52:41 2022] GET /identity/v3/roles/anotherrole => generated 89 bytes in 311 msecs (HTTP/1.1 404) 5 headers in 183 bytes (2 switches on core 0)
Jul 12 15:52:41.749002 dv-neutron-843871-3-hyperv devstack@keystone.service[80770]: DEBUG keystone.server.flask.request_processing.middleware.auth_context [None req-2c140137-8751-4a62-bdd9-a8af753213a3 None admin] Authenticating user token {{(pid=80770) process_request /usr/local/lib/python3.8/dist-packages/keystonemiddleware/auth_token/__init__.py:407}}
Jul 12 15:52:41.765423 dv-neutron-843871-3-hyperv devstack@keystone.service[80769]: DEBUG keystone.common.rbac_enforcer.enforcer [None req-43c06864-b644-4c01-a93a-ebf52cdf261a None admin] RBAC: Authorizing `identity:validate_token()` {{(pid=80769) enforce_call /opt/stack/keystone/keystone/common/rbac_enforcer/enforcer.py:449}}
Jul 12 15:52:41.766904 dv-neutron-843871-3-hyperv devstack@keystone.service[80769]: DEBUG keystone.common.rbac_enforcer.enforcer [None req-43c06864-b644-4c01-a93a-ebf52cdf261a None admin] RBAC: Authorization granted {{(pid=80769) enforce_call /opt/stack/keystone/keystone/common/rbac_enforcer/enforcer.py:457}}
Jul 12 15:52:41.833611 dv-neutron-843871-3-hyperv devstack@keystone.service[80770]: DEBUG dbcounter [-] [80770] Writing DB stats keystone:SELECT=100 {{(pid=80770) stat_writer /usr/local/lib/python3.8/dist-packages/dbcounter.py:114}}
Jul 12 15:52:41.850631 dv-neutron-843871-3-hyperv devstack@keystone.service[80769]: DEBUG dbcounter [-] [80769] Writing DB stats keystone:SELECT=100 {{(pid=80769) stat_writer /usr/local/lib/python3.8/dist-packages/dbcounter.py:114}}
Jul 12 15:52:41.967056 dv-neutron-843871-3-hyperv devstack@keystone.service[80770]: DEBUG keystone.server.flask.request_processing.middleware.auth_context [None req-2c140137-8751-4a62-bdd9-a8af753213a3 None admin] Validating token access rules against request {{(pid=80770) validate_allowed_request /usr/local/lib/python3.8/dist-packages/keystonemiddleware/auth_token/__init__.py:545}}
Jul 12 15:52:42.017401 dv-neutron-843871-3-hyperv devstack@keystone.service[80770]: DEBUG keystone.server.flask.request_processing.middleware.auth_context [None req-086ca28c-825a-47cb-949c-418a4367b422 None admin] RBAC: auth_context: {'token': , 'domain_id': None, 'trust_id': None, 'trustor_id': None, 'trustee_id': None, 'domain_name': None, 'group_ids': [], 'user_id': '937e72b733d149c88e519de0b4aec526', 'user_domain_id': 'default', 'system_scope': 'all', 'project_id': None, 'project_domain_id': None, 'roles': ['admin', 'member', 'reader'], 'is_admin_project': True, 'service_user_id': None, 'service_user_domain_id': None, 'service_project_id': None, 'service_project_domain_id': None, 'service_roles': []} {{(pid=80770) fill_context /opt/stack/keystone/keystone/server/flask/request_processing/middleware/auth_context.py:478}}
Jul 12 15:52:42.018080 dv-neutron-843871-3-hyperv devstack@keystone.service[80770]: DEBUG keystone.server.flask.request_processing.req_logging [None req-086ca28c-825a-47cb-949c-418a4367b422 None admin] REQUEST_METHOD: `GET` {{(pid=80770) log_request_info /opt/stack/keystone/keystone/server/flask/request_processing/req_logging.py:27}}
Jul 12 15:52:42.018361 dv-neutron-843871-3-hyperv devstack@keystone.service[80770]: DEBUG keystone.server.flask.request_processing.req_logging [None req-086ca28c-825a-47cb-949c-418a4367b422 None admin] SCRIPT_NAME: `/identity` {{(pid=80770) log_request_info /opt/stack/keystone/keystone/server/flask/request_processing/req_logging.py:28}}
Jul 12 15:52:42.018634 dv-neutron-843871-3-hyperv devstack@keystone.service[80770]: DEBUG keystone.server.flask.request_processing.req_logging [None req-086ca28c-825a-47cb-949c-418a4367b422 None admin] PATH_INFO: `/v3/roles` {{(pid=80770) log_request_info /opt/stack/keystone/keystone/server/flask/request_processing/req_logging.py:29}}
Jul 12 15:52:42.019401 dv-neutron-843871-3-hyperv devstack@keystone.service[80770]: DEBUG keystone.common.rbac_enforcer.enforcer [None req-086ca28c-825a-47cb-949c-418a4367b422 None admin] RBAC: Adding query filter params (name=anotherrole) {{(pid=80770) _extract_filter_values /opt/stack/keystone/keystone/common/rbac_enforcer/enforcer.py:167}}
Jul 12 15:52:42.019711 dv-neutron-843871-3-hyperv devstack@keystone.service[80770]: DEBUG keystone.common.rbac_enforcer.enforcer [None req-086ca28c-825a-47cb-949c-418a4367b422 None admin] RBAC: Authorizing `identity:list_roles()` {{(pid=80770) enforce_call /opt/stack/keystone/keystone/common/rbac_enforcer/enforcer.py:449}}
Jul 12 15:52:42.021099 dv-neutron-843871-3-hyperv devstack@keystone.service[80770]: DEBUG keystone.common.rbac_enforcer.enforcer [None req-086ca28c-825a-47cb-949c-418a4367b422 None admin] RBAC: Authorization granted {{(pid=80770) enforce_call /opt/stack/keystone/keystone/common/rbac_enforcer/enforcer.py:457}}
Jul 12 15:52:42.022206 dv-neutron-843871-3-hyperv devstack@keystone.service[80769]: [pid: 80769|app: 0|req: 139/262] 10.222.0.33 () {58 vars in 1282 bytes} [Tue Jul 12 15:52:41 2022] GET /identity/v3/auth/tokens => generated 799 bytes in 662 msecs (HTTP/1.1 200) 6 headers in 358 bytes (1 switches on core 0)
Jul 12 15:52:42.030562 dv-neutron-843871-3-hyperv devstack@keystone.service[80770]: [pid: 80770|app: 0|req: 124/263] 10.222.0.33 () {56 vars in 1111 bytes} [Tue Jul 12 15:52:41 2022] GET /identity/v3/roles?name=anotherrole => generated 334 bytes in 282 msecs (HTTP/1.1 200) 5 headers in 177 bytes (1 switches on core 0)
Jul 12 15:52:42.032343 dv-neutron-843871-3-hyperv devstack@keystone.service[80769]: DEBUG keystone.server.flask.request_processing.middleware.auth_context [None req-43c06864-b644-4c01-a93a-ebf52cdf261a None admin] Authenticating user token {{(pid=80769) process_request /usr/local/lib/python3.8/dist-packages/keystonemiddleware/auth_token/__init__.py:407}}
Jul 12 15:52:42.036430 dv-neutron-843871-3-hyperv devstack@keystone.service[80770]: DEBUG keystone.server.flask.request_processing.middleware.auth_context [None req-086ca28c-825a-47cb-949c-418a4367b422 None admin] Authenticating user token {{(pid=80770) process_request /usr/local/lib/python3.8/dist-packages/keystonemiddleware/auth_token/__init__.py:407}}
Jul 12 15:52:42.226106 dv-neutron-843871-3-hyperv devstack@keystone.service[80770]: DEBUG keystone.server.flask.request_processing.middleware.auth_context [None req-086ca28c-825a-47cb-949c-418a4367b422 None admin] Validating token access rules against request {{(pid=80770) validate_allowed_request /usr/local/lib/python3.8/dist-packages/keystonemiddleware/auth_token/__init__.py:545}}
Jul 12 15:52:42.227740 dv-neutron-843871-3-hyperv devstack@keystone.service[80770]: DEBUG dbcounter [-] [80770] Writing DB stats keystone:SELECT=100 {{(pid=80770) stat_writer /usr/local/lib/python3.8/dist-packages/dbcounter.py:114}}
Jul 12 15:52:42.249346 dv-neutron-843871-3-hyperv devstack@keystone.service[80769]: DEBUG keystone.server.flask.request_processing.middleware.auth_context [None req-43c06864-b644-4c01-a93a-ebf52cdf261a None admin] Validating token access rules against request {{(pid=80769) validate_allowed_request /usr/local/lib/python3.8/dist-packages/keystonemiddleware/auth_token/__init__.py:545}}
Jul 12 15:52:42.304609 dv-neutron-843871-3-hyperv devstack@keystone.service[80770]: DEBUG keystone.server.flask.request_processing.middleware.auth_context [None req-3ef0005e-cdbe-4b75-ac8a-deeea410ddad None admin] RBAC: auth_context: {'token': , 'domain_id': None, 'trust_id': None, 'trustor_id': None, 'trustee_id': None, 'domain_name': None, 'group_ids': [], 'user_id': '937e72b733d149c88e519de0b4aec526', 'user_domain_id': 'default', 'system_scope': 'all', 'project_id': None, 'project_domain_id': None, 'roles': ['admin', 'member', 'reader'], 'is_admin_project': True, 'service_user_id': None, 'service_user_domain_id': None, 'service_project_id': None, 'service_project_domain_id': None, 'service_roles': []} {{(pid=80770) fill_context /opt/stack/keystone/keystone/server/flask/request_processing/middleware/auth_context.py:478}}
Jul 12 15:52:42.305533 dv-neutron-843871-3-hyperv devstack@keystone.service[80770]: DEBUG keystone.server.flask.request_processing.req_logging [None req-3ef0005e-cdbe-4b75-ac8a-deeea410ddad None admin] REQUEST_METHOD: `GET` {{(pid=80770) log_request_info /opt/stack/keystone/keystone/server/flask/request_processing/req_logging.py:27}}
Jul 12 15:52:42.305796 dv-neutron-843871-3-hyperv devstack@keystone.service[80770]: DEBUG keystone.server.flask.request_processing.req_logging [None req-3ef0005e-cdbe-4b75-ac8a-deeea410ddad None admin] SCRIPT_NAME: `/identity` {{(pid=80770) log_request_info /opt/stack/keystone/keystone/server/flask/request_processing/req_logging.py:28}}
Jul 12 15:52:42.306070 dv-neutron-843871-3-hyperv devstack@keystone.service[80770]: DEBUG keystone.server.flask.request_processing.req_logging [None req-3ef0005e-cdbe-4b75-ac8a-deeea410ddad None admin] PATH_INFO: `/v3/users/2a7f244609f446159a91642d77e7f236` {{(pid=80770) log_request_info /opt/stack/keystone/keystone/server/flask/request_processing/req_logging.py:29}}
Jul 12 15:52:42.306669 dv-neutron-843871-3-hyperv devstack@keystone.service[80769]: DEBUG keystone.server.flask.request_processing.middleware.auth_context [None req-176d3fc8-21b1-49ff-9161-edb51d18dd28 None admin] RBAC: auth_context: {'token': , 'domain_id': None, 'trust_id': None, 'trustor_id': None, 'trustee_id': None, 'domain_name': None, 'group_ids': [], 'user_id': '937e72b733d149c88e519de0b4aec526', 'user_domain_id': 'default', 'system_scope': 'all', 'project_id': None, 'project_domain_id': None, 'roles': ['admin', 'member', 'reader'], 'is_admin_project': True, 'service_user_id': None, 'service_user_domain_id': None, 'service_project_id': None, 'service_project_domain_id': None, 'service_roles': []} {{(pid=80769) fill_context /opt/stack/keystone/keystone/server/flask/request_processing/middleware/auth_context.py:478}}
Jul 12 15:52:42.308215 dv-neutron-843871-3-hyperv devstack@keystone.service[80769]: DEBUG keystone.server.flask.request_processing.req_logging [None req-176d3fc8-21b1-49ff-9161-edb51d18dd28 None admin] REQUEST_METHOD: `GET` {{(pid=80769) log_request_info /opt/stack/keystone/keystone/server/flask/request_processing/req_logging.py:27}}
Jul 12 15:52:42.308587 dv-neutron-843871-3-hyperv devstack@keystone.service[80769]: DEBUG keystone.server.flask.request_processing.req_logging [None req-176d3fc8-21b1-49ff-9161-edb51d18dd28 None admin] SCRIPT_NAME: `/identity` {{(pid=80769) log_request_info /opt/stack/keystone/keystone/server/flask/request_processing/req_logging.py:28}}
Jul 12 15:52:42.308869 dv-neutron-843871-3-hyperv devstack@keystone.service[80769]: DEBUG keystone.server.flask.request_processing.req_logging [None req-176d3fc8-21b1-49ff-9161-edb51d18dd28 None admin] PATH_INFO: `/v3/projects/c2d4cf947ff747d086f5fe2a29e4bb41` {{(pid=80769) log_request_info /opt/stack/keystone/keystone/server/flask/request_processing/req_logging.py:29}}
Jul 12 15:52:42.310083 dv-neutron-843871-3-hyperv devstack@keystone.service[80769]: DEBUG keystone.common.rbac_enforcer.enforcer [None req-176d3fc8-21b1-49ff-9161-edb51d18dd28 None admin] RBAC: Authorizing `identity:get_project(project_id=c2d4cf947ff747d086f5fe2a29e4bb41)` {{(pid=80769) enforce_call /opt/stack/keystone/keystone/common/rbac_enforcer/enforcer.py:449}}
Jul 12 15:52:42.311745 dv-neutron-843871-3-hyperv devstack@keystone.service[80769]: DEBUG keystone.common.rbac_enforcer.enforcer [None req-176d3fc8-21b1-49ff-9161-edb51d18dd28 None admin] RBAC: Authorization granted {{(pid=80769) enforce_call /opt/stack/keystone/keystone/common/rbac_enforcer/enforcer.py:457}}
Jul 12 15:52:42.312066 dv-neutron-843871-3-hyperv devstack@keystone.service[80770]: DEBUG keystone.common.rbac_enforcer.enforcer [None req-3ef0005e-cdbe-4b75-ac8a-deeea410ddad None admin] RBAC: Authorizing `identity:get_user(user_id=2a7f244609f446159a91642d77e7f236)` {{(pid=80770) enforce_call /opt/stack/keystone/keystone/common/rbac_enforcer/enforcer.py:449}}
Jul 12 15:52:42.313519 dv-neutron-843871-3-hyperv devstack@keystone.service[80770]: DEBUG keystone.common.rbac_enforcer.enforcer [None req-3ef0005e-cdbe-4b75-ac8a-deeea410ddad None admin] RBAC: Authorization granted {{(pid=80770) enforce_call /opt/stack/keystone/keystone/common/rbac_enforcer/enforcer.py:457}}
Jul 12 15:52:42.315310 dv-neutron-843871-3-hyperv devstack@keystone.service[80770]: [pid: 80770|app: 0|req: 125/265] 10.222.0.33 () {56 vars in 1177 bytes} [Tue Jul 12 15:52:42 2022] GET /identity/v3/users/2a7f244609f446159a91642d77e7f236 => generated 283 bytes in 279 msecs (HTTP/1.1 200) 5 headers in 177 bytes (1 switches on core 0)
Jul 12 15:52:42.316427 dv-neutron-843871-3-hyperv devstack@keystone.service[80769]: [pid: 80769|app: 0|req: 140/265] 10.222.0.33 () {56 vars in 1186 bytes} [Tue Jul 12 15:52:42 2022] GET /identity/v3/projects/c2d4cf947ff747d086f5fe2a29e4bb41 => generated 302 bytes in 282 msecs (HTTP/1.1 200) 5 headers in 177 bytes (1 switches on core 0)
Jul 12 15:52:42.320222 dv-neutron-843871-3-hyperv devstack@keystone.service[80770]: DEBUG keystone.server.flask.request_processing.middleware.auth_context [None req-3ef0005e-cdbe-4b75-ac8a-deeea410ddad None admin] Authenticating user token {{(pid=80770) process_request /usr/local/lib/python3.8/dist-packages/keystonemiddleware/auth_token/__init__.py:407}}
Jul 12 15:52:42.321163 dv-neutron-843871-3-hyperv devstack@keystone.service[80769]: DEBUG keystone.server.flask.request_processing.middleware.auth_context [None req-176d3fc8-21b1-49ff-9161-edb51d18dd28 None admin] Authenticating user token {{(pid=80769) process_request /usr/local/lib/python3.8/dist-packages/keystonemiddleware/auth_token/__init__.py:407}}
Jul 12 15:52:42.325319 dv-neutron-843871-3-hyperv devstack@keystone.service[80769]: DEBUG dbcounter [-] [80769] Writing DB stats keystone:SELECT=100 {{(pid=80769) stat_writer /usr/local/lib/python3.8/dist-packages/dbcounter.py:114}}
Jul 12 15:52:42.458068 dv-neutron-843871-3-hyperv devstack@keystone.service[80769]: DEBUG keystone.server.flask.request_processing.middleware.auth_context [None req-176d3fc8-21b1-49ff-9161-edb51d18dd28 None admin] Validating token access rules against request {{(pid=80769) validate_allowed_request /usr/local/lib/python3.8/dist-packages/keystonemiddleware/auth_token/__init__.py:545}}
Jul 12 15:52:42.493283 dv-neutron-843871-3-hyperv devstack@keystone.service[80770]: DEBUG keystone.server.flask.request_processing.middleware.auth_context [None req-3ef0005e-cdbe-4b75-ac8a-deeea410ddad None admin] Validating token access rules against request {{(pid=80770) validate_allowed_request /usr/local/lib/python3.8/dist-packages/keystonemiddleware/auth_token/__init__.py:545}}
Jul 12 15:52:42.511530 dv-neutron-843871-3-hyperv devstack@keystone.service[80769]: DEBUG keystone.server.flask.request_processing.middleware.auth_context [None req-23a8ac1e-4182-4962-b8dd-180ba87a18d0 None admin] RBAC: auth_context: {'token': , 'domain_id': None, 'trust_id': None, 'trustor_id': None, 'trustee_id': None, 'domain_name': None, 'group_ids': [], 'user_id': '937e72b733d149c88e519de0b4aec526', 'user_domain_id': 'default', 'system_scope': 'all', 'project_id': None, 'project_domain_id': None, 'roles': ['admin', 'member', 'reader'], 'is_admin_project': True, 'service_user_id': None, 'service_user_domain_id': None, 'service_project_id': None, 'service_project_domain_id': None, 'service_roles': []} {{(pid=80769) fill_context /opt/stack/keystone/keystone/server/flask/request_processing/middleware/auth_context.py:478}}
Jul 12 15:52:42.512206 dv-neutron-843871-3-hyperv devstack@keystone.service[80769]: DEBUG keystone.server.flask.request_processing.req_logging [None req-23a8ac1e-4182-4962-b8dd-180ba87a18d0 None admin] REQUEST_METHOD: `GET` {{(pid=80769) log_request_info /opt/stack/keystone/keystone/server/flask/request_processing/req_logging.py:27}}
Jul 12 15:52:42.512496 dv-neutron-843871-3-hyperv devstack@keystone.service[80769]: DEBUG keystone.server.flask.request_processing.req_logging [None req-23a8ac1e-4182-4962-b8dd-180ba87a18d0 None admin] SCRIPT_NAME: `/identity` {{(pid=80769) log_request_info /opt/stack/keystone/keystone/server/flask/request_processing/req_logging.py:28}}
Jul 12 15:52:42.512778 dv-neutron-843871-3-hyperv devstack@keystone.service[80769]: DEBUG keystone.server.flask.request_processing.req_logging [None req-23a8ac1e-4182-4962-b8dd-180ba87a18d0 None admin] PATH_INFO: `/v3/auth/tokens` {{(pid=80769) log_request_info /opt/stack/keystone/keystone/server/flask/request_processing/req_logging.py:29}}
Jul 12 15:52:42.576043 dv-neutron-843871-3-hyperv devstack@keystone.service[80770]: DEBUG keystone.server.flask.request_processing.middleware.auth_context [None req-a3228c8c-efd6-4c14-9f4a-0940f98987de None admin] RBAC: auth_context: {'token': , 'domain_id': None, 'trust_id': None, 'trustor_id': None, 'trustee_id': None, 'domain_name': None, 'group_ids': [], 'user_id': '937e72b733d149c88e519de0b4aec526', 'user_domain_id': 'default', 'system_scope': 'all', 'project_id': None, 'project_domain_id': None, 'roles': ['admin', 'member', 'reader'], 'is_admin_project': True, 'service_user_id': None, 'service_user_domain_id': None, 'service_project_id': None, 'service_project_domain_id': None, 'service_roles': []} {{(pid=80770) fill_context /opt/stack/keystone/keystone/server/flask/request_processing/middleware/auth_context.py:478}}
Jul 12 15:52:42.576733 dv-neutron-843871-3-hyperv devstack@keystone.service[80770]: DEBUG keystone.server.flask.request_processing.req_logging [None req-a3228c8c-efd6-4c14-9f4a-0940f98987de None admin] REQUEST_METHOD: `GET` {{(pid=80770) log_request_info /opt/stack/keystone/keystone/server/flask/request_processing/req_logging.py:27}}
Jul 12 15:52:42.577022 dv-neutron-843871-3-hyperv devstack@keystone.service[80770]: DEBUG keystone.server.flask.request_processing.req_logging [None req-a3228c8c-efd6-4c14-9f4a-0940f98987de None admin] SCRIPT_NAME: `/identity` {{(pid=80770) log_request_info /opt/stack/keystone/keystone/server/flask/request_processing/req_logging.py:28}}
Jul 12 15:52:42.577307 dv-neutron-843871-3-hyperv devstack@keystone.service[80770]: DEBUG keystone.server.flask.request_processing.req_logging [None req-a3228c8c-efd6-4c14-9f4a-0940f98987de None admin] PATH_INFO: `/v3/role_assignments` {{(pid=80770) log_request_info /opt/stack/keystone/keystone/server/flask/request_processing/req_logging.py:29}}
Jul 12 15:52:42.578156 dv-neutron-843871-3-hyperv devstack@keystone.service[80770]: DEBUG keystone.common.rbac_enforcer.enforcer [None req-a3228c8c-efd6-4c14-9f4a-0940f98987de None admin] RBAC: Adding query filter params (role.id=6f41c07a0ed944c9b9cb1978322eca2d, scope.project.id=c2d4cf947ff747d086f5fe2a29e4bb41, user.id=2a7f244609f446159a91642d77e7f236) {{(pid=80770) _extract_filter_values /opt/stack/keystone/keystone/common/rbac_enforcer/enforcer.py:167}}
Jul 12 15:52:42.578474 dv-neutron-843871-3-hyperv devstack@keystone.service[80770]: DEBUG keystone.common.rbac_enforcer.enforcer [None req-a3228c8c-efd6-4c14-9f4a-0940f98987de None admin] RBAC: Authorizing `identity:list_role_assignments()` {{(pid=80770) enforce_call /opt/stack/keystone/keystone/common/rbac_enforcer/enforcer.py:449}}
Jul 12 15:52:42.579962 dv-neutron-843871-3-hyperv devstack@keystone.service[80770]: DEBUG keystone.common.rbac_enforcer.enforcer [None req-a3228c8c-efd6-4c14-9f4a-0940f98987de None admin] RBAC: Authorization granted {{(pid=80770) enforce_call /opt/stack/keystone/keystone/common/rbac_enforcer/enforcer.py:457}}
Jul 12 15:52:42.586421 dv-neutron-843871-3-hyperv devstack@keystone.service[80770]: [pid: 80770|app: 0|req: 126/266] 10.222.0.33 () {56 vars in 1374 bytes} [Tue Jul 12 15:52:42 2022] GET /identity/v3/role_assignments?user.id=2a7f244609f446159a91642d77e7f236&scope.project.id=c2d4cf947ff747d086f5fe2a29e4bb41&role.id=6f41c07a0ed944c9b9cb1978322eca2d => generated 608 bytes in 267 msecs (HTTP/1.1 200) 5 headers in 177 bytes (1 switches on core 0)
Jul 12 15:52:42.626594 dv-neutron-843871-3-hyperv devstack@keystone.service[80769]: DEBUG keystone.common.rbac_enforcer.enforcer [None req-23a8ac1e-4182-4962-b8dd-180ba87a18d0 None admin] RBAC: Authorizing `identity:validate_token()` {{(pid=80769) enforce_call /opt/stack/keystone/keystone/common/rbac_enforcer/enforcer.py:449}}
Jul 12 15:52:42.628138 dv-neutron-843871-3-hyperv devstack@keystone.service[80769]: DEBUG keystone.common.rbac_enforcer.enforcer [None req-23a8ac1e-4182-4962-b8dd-180ba87a18d0 None admin] RBAC: Authorization granted {{(pid=80769) enforce_call /opt/stack/keystone/keystone/common/rbac_enforcer/enforcer.py:457}}
Jul 12 15:52:42.631619 dv-neutron-843871-3-hyperv devstack@keystone.service[80769]: DEBUG dbcounter [-] [80769] Writing DB stats keystone:SELECT=100 {{(pid=80769) stat_writer /usr/local/lib/python3.8/dist-packages/dbcounter.py:114}}
Jul 12 15:52:42.772205 dv-neutron-843871-3-hyperv devstack@keystone.service[80769]: [pid: 80769|app: 0|req: 141/267] 10.222.0.33 () {58 vars in 1282 bytes} [Tue Jul 12 15:52:42 2022] GET /identity/v3/auth/tokens => generated 799 bytes in 452 msecs (HTTP/1.1 200) 6 headers in 358 bytes (2 switches on core 0)
Jul 12 15:52:42.780473 dv-neutron-843871-3-hyperv devstack@keystone.service[80770]: DEBUG keystone.server.flask.request_processing.middleware.auth_context [None req-a3228c8c-efd6-4c14-9f4a-0940f98987de None admin] Authenticating user token {{(pid=80770) process_request /usr/local/lib/python3.8/dist-packages/keystonemiddleware/auth_token/__init__.py:407}}
Jul 12 15:52:42.787768 dv-neutron-843871-3-hyperv devstack@keystone.service[80769]: DEBUG keystone.server.flask.request_processing.req_logging [None req-cd8080dc-49a5-4654-9cb8-1a7b11623b39 None None] REQUEST_METHOD: `GET` {{(pid=80769) log_request_info /opt/stack/keystone/keystone/server/flask/request_processing/req_logging.py:27}}
Jul 12 15:52:42.788080 dv-neutron-843871-3-hyperv devstack@keystone.service[80769]: DEBUG keystone.server.flask.request_processing.req_logging [None req-cd8080dc-49a5-4654-9cb8-1a7b11623b39 None None] SCRIPT_NAME: `/identity` {{(pid=80769) log_request_info /opt/stack/keystone/keystone/server/flask/request_processing/req_logging.py:28}}
Jul 12 15:52:42.788337 dv-neutron-843871-3-hyperv devstack@keystone.service[80769]: DEBUG keystone.server.flask.request_processing.req_logging [None req-cd8080dc-49a5-4654-9cb8-1a7b11623b39 None None] PATH_INFO: `/` {{(pid=80769) log_request_info /opt/stack/keystone/keystone/server/flask/request_processing/req_logging.py:29}}
Jul 12 15:52:42.789897 dv-neutron-843871-3-hyperv devstack@keystone.service[80769]: [pid: 80769|app: 0|req: 142/268] 10.222.0.33 () {54 vars in 926 bytes} [Tue Jul 12 15:52:42 2022] GET /identity => generated 270 bytes in 3 msecs (HTTP/1.1 300) 6 headers in 234 bytes (2 switches on core 0)
Jul 12 15:52:42.795435 dv-neutron-843871-3-hyperv devstack@keystone.service[80769]: DEBUG keystone.server.flask.request_processing.req_logging [None req-0d68cebd-dc57-4b71-bcf8-c56aaaa020e5 None None] REQUEST_METHOD: `POST` {{(pid=80769) log_request_info /opt/stack/keystone/keystone/server/flask/request_processing/req_logging.py:27}}
Jul 12 15:52:42.795728 dv-neutron-843871-3-hyperv devstack@keystone.service[80769]: DEBUG keystone.server.flask.request_processing.req_logging [None req-0d68cebd-dc57-4b71-bcf8-c56aaaa020e5 None None] SCRIPT_NAME: `/identity` {{(pid=80769) log_request_info /opt/stack/keystone/keystone/server/flask/request_processing/req_logging.py:28}}
Jul 12 15:52:42.796016 dv-neutron-843871-3-hyperv devstack@keystone.service[80769]: DEBUG keystone.server.flask.request_processing.req_logging [None req-0d68cebd-dc57-4b71-bcf8-c56aaaa020e5 None None] PATH_INFO: `/v3/auth/tokens` {{(pid=80769) log_request_info /opt/stack/keystone/keystone/server/flask/request_processing/req_logging.py:29}}
Jul 12 15:52:42.814156 dv-neutron-843871-3-hyperv devstack@keystone.service[80769]: DEBUG keystone.auth.core [None req-0d68cebd-dc57-4b71-bcf8-c56aaaa020e5 None None] MFA Rules not processed for user `937e72b733d149c88e519de0b4aec526`. Rule list: `[]` (Enabled: `True`). {{(pid=80769) check_auth_methods_against_rules /opt/stack/keystone/keystone/auth/core.py:438}}
Jul 12 15:52:42.815439 dv-neutron-843871-3-hyperv devstack@keystone.service[80769]: DEBUG keystone.common.fernet_utils [None req-0d68cebd-dc57-4b71-bcf8-c56aaaa020e5 None None] Loaded 2 Fernet keys from /etc/keystone/fernet-keys/, but `[fernet_tokens] max_active_keys = 3`; perhaps there have not been enough key rotations to reach `max_active_keys` yet? {{(pid=80769) load_keys /opt/stack/keystone/keystone/common/fernet_utils.py:286}}
Jul 12 15:52:42.839235 dv-neutron-843871-3-hyperv devstack@keystone.service[80770]: DEBUG dbcounter [-] [80770] Writing DB stats keystone:SELECT=100 {{(pid=80770) stat_writer /usr/local/lib/python3.8/dist-packages/dbcounter.py:114}}
Jul 12 15:52:42.916599 dv-neutron-843871-3-hyperv devstack@keystone.service[80769]: [pid: 80769|app: 0|req: 143/269] 10.222.0.33 () {58 vars in 1023 bytes} [Tue Jul 12 15:52:42 2022] POST /identity/v3/auth/tokens => generated 799 bytes in 122 msecs (HTTP/1.1 201) 6 headers in 363 bytes (2 switches on core 0)
Jul 12 15:52:42.922203 dv-neutron-843871-3-hyperv devstack@keystone.service[80769]: DEBUG keystone.server.flask.request_processing.req_logging [None req-58f0a285-9fc0-4026-a18b-c8548e6e6a42 None None] REQUEST_METHOD: `GET` {{(pid=80769) log_request_info /opt/stack/keystone/keystone/server/flask/request_processing/req_logging.py:27}}
Jul 12 15:52:42.922975 dv-neutron-843871-3-hyperv devstack@keystone.service[80769]: DEBUG keystone.server.flask.request_processing.req_logging [None req-58f0a285-9fc0-4026-a18b-c8548e6e6a42 None None] SCRIPT_NAME: `/identity` {{(pid=80769) log_request_info /opt/stack/keystone/keystone/server/flask/request_processing/req_logging.py:28}}
Jul 12 15:52:42.923194 dv-neutron-843871-3-hyperv devstack@keystone.service[80769]: DEBUG keystone.server.flask.request_processing.req_logging [None req-58f0a285-9fc0-4026-a18b-c8548e6e6a42 None None] PATH_INFO: `/` {{(pid=80769) log_request_info /opt/stack/keystone/keystone/server/flask/request_processing/req_logging.py:29}}
Jul 12 15:52:42.925393 dv-neutron-843871-3-hyperv devstack@keystone.service[80769]: [pid: 80769|app: 0|req: 144/270] 10.222.0.33 () {54 vars in 926 bytes} [Tue Jul 12 15:52:42 2022] GET /identity => generated 270 bytes in 4 msecs (HTTP/1.1 300) 6 headers in 234 bytes (1 switches on core 0)
Jul 12 15:52:42.931205 dv-neutron-843871-3-hyperv devstack@keystone.service[80769]: DEBUG keystone.server.flask.request_processing.req_logging [None req-020b2828-4c35-4102-a9e5-5fde7a526d16 None None] REQUEST_METHOD: `POST` {{(pid=80769) log_request_info /opt/stack/keystone/keystone/server/flask/request_processing/req_logging.py:27}}
Jul 12 15:52:42.931516 dv-neutron-843871-3-hyperv devstack@keystone.service[80769]: DEBUG keystone.server.flask.request_processing.req_logging [None req-020b2828-4c35-4102-a9e5-5fde7a526d16 None None] SCRIPT_NAME: `/identity` {{(pid=80769) log_request_info /opt/stack/keystone/keystone/server/flask/request_processing/req_logging.py:28}}
Jul 12 15:52:42.931806 dv-neutron-843871-3-hyperv devstack@keystone.service[80769]: DEBUG keystone.server.flask.request_processing.req_logging [None req-020b2828-4c35-4102-a9e5-5fde7a526d16 None None] PATH_INFO: `/v3/auth/tokens` {{(pid=80769) log_request_info /opt/stack/keystone/keystone/server/flask/request_processing/req_logging.py:29}}
Jul 12 15:52:42.955235 dv-neutron-843871-3-hyperv devstack@keystone.service[80770]: DEBUG keystone.server.flask.request_processing.middleware.auth_context [None req-a3228c8c-efd6-4c14-9f4a-0940f98987de None admin] Validating token access rules against request {{(pid=80770) validate_allowed_request /usr/local/lib/python3.8/dist-packages/keystonemiddleware/auth_token/__init__.py:545}}
Jul 12 15:52:42.957500 dv-neutron-843871-3-hyperv devstack@keystone.service[80769]: DEBUG keystone.auth.core [None req-020b2828-4c35-4102-a9e5-5fde7a526d16 None None] MFA Rules not processed for user `937e72b733d149c88e519de0b4aec526`. Rule list: `[]` (Enabled: `True`). {{(pid=80769) check_auth_methods_against_rules /opt/stack/keystone/keystone/auth/core.py:438}}
Jul 12 15:52:42.958743 dv-neutron-843871-3-hyperv devstack@keystone.service[80769]: DEBUG keystone.common.fernet_utils [None req-020b2828-4c35-4102-a9e5-5fde7a526d16 None None] Loaded 2 Fernet keys from /etc/keystone/fernet-keys/, but `[fernet_tokens] max_active_keys = 3`; perhaps there have not been enough key rotations to reach `max_active_keys` yet? {{(pid=80769) load_keys /opt/stack/keystone/keystone/common/fernet_utils.py:286}}
