Jun 01 07:05:35.111064 dv-neutron-843791-3-hyperv neutron-server[105245]: DEBUG neutron_lib.callbacks.manager [None req-35078aef-337f-4575-a1c6-a66666aebac8 tempest-DHCPAgentSchedulersTestJSON-2106172492 tempest-DHCPAgentSchedulersTestJSON-2106172492-project] Publish callbacks ['neutron.plugins.ml2.plugin.Ml2Plugin._handle_segment_change-133848039'] for segment (ae8ab970-5609-41ae-b8d6-b7a14ff44b2b), precommit_delete {{(pid=105245) _notify_loop /usr/local/lib/python3.8/dist-packages/neutron_lib/callbacks/manager.py:176}}
Jun 01 07:05:35.123892 dv-neutron-843791-3-hyperv neutron-server[105245]: DEBUG neutron_lib.callbacks.manager [None req-1b4b907d-6d76-4b44-ab22-e0c20a9ccd40 tempest-FloatingIPNegativeTestJSON-1142990992 tempest-FloatingIPNegativeTestJSON-1142990992-project] Publish callbacks [] for floatingip (e20a285a-c2f2-4075-a1ed-31f4cf2211ec), after_delete {{(pid=105245) _notify_loop /usr/local/lib/python3.8/dist-packages/neutron_lib/callbacks/manager.py:176}}
Jun 01 07:05:35.126510 dv-neutron-843791-3-hyperv neutron-server[105245]: DEBUG neutron_lib.callbacks.manager [None req-1b4b907d-6d76-4b44-ab22-e0c20a9ccd40 tempest-FloatingIPNegativeTestJSON-1142990992 tempest-FloatingIPNegativeTestJSON-1142990992-project] Publish callbacks ['neutron.notifiers.nova.Notifier._send_nova_notification-254933'] for floatingip (None), before_response {{(pid=105245) _notify_loop /usr/local/lib/python3.8/dist-packages/neutron_lib/callbacks/manager.py:176}}
Jun 01 07:05:35.131399 dv-neutron-843791-3-hyperv neutron-server[105245]: INFO neutron.wsgi [None req-1b4b907d-6d76-4b44-ab22-e0c20a9ccd40 tempest-FloatingIPNegativeTestJSON-1142990992 tempest-FloatingIPNegativeTestJSON-1142990992-project] 10.222.0.18 "DELETE /v2.0/floatingips/e20a285a-c2f2-4075-a1ed-31f4cf2211ec HTTP/1.1" status: 204 len: 168 time: 1.5070565
Jun 01 07:05:35.131399 dv-neutron-843791-3-hyperv neutron-server[105245]: DEBUG neutron.plugins.ml2.drivers.type_vlan [None req-35078aef-337f-4575-a1c6-a66666aebac8 tempest-DHCPAgentSchedulersTestJSON-2106172492 tempest-DHCPAgentSchedulersTestJSON-2106172492-project] Releasing vlan 361 on physical network physnet1 to pool {{(pid=105245) release_segment /opt/stack/neutron/neutron/plugins/ml2/drivers/type_vlan.py:304}}
Jun 01 07:05:35.131399 dv-neutron-843791-3-hyperv neutron-server[105245]: DEBUG neutron_lib.callbacks.manager [None req-35078aef-337f-4575-a1c6-a66666aebac8 tempest-DHCPAgentSchedulersTestJSON-2106172492 tempest-DHCPAgentSchedulersTestJSON-2106172492-project] Publish callbacks ['neutron.plugins.ml2.plugin.Ml2Plugin._handle_segment_change-133848039', 'neutron.services.segments.plugin.NovaSegmentNotifier._notify_segment_deleted-3326027'] for segment (ae8ab970-5609-41ae-b8d6-b7a14ff44b2b), after_delete {{(pid=105245) _notify_loop /usr/local/lib/python3.8/dist-packages/neutron_lib/callbacks/manager.py:176}}
Jun 01 07:05:35.132131 dv-neutron-843791-3-hyperv neutron-server[105244]: DEBUG neutron.wsgi [-] (105244) accepted ('10.222.0.18', 34526) {{(pid=105244) server /usr/local/lib/python3.8/dist-packages/eventlet/wsgi.py:1004}}
Jun 01 07:05:35.137387 dv-neutron-843791-3-hyperv neutron-server[105244]: DEBUG neutron.api.v2.base [None req-cf4afac5-b930-41c3-a9f7-d354ecaaef2e tempest-FloatingIPNegativeTestJSON-1142990992 tempest-FloatingIPNegativeTestJSON-1142990992-project] Request body: {'floatingip': {'floating_network_id': '5a48ffce-6bba-4889-a7a9-ae8093c2fa1a', 'port_id': 'afc5ddc5-7948-4492-8a81-c1540f238160', 'fixed_ip_address': '172.20.0.11'}} {{(pid=105244) prepare_request_body /opt/stack/neutron/neutron/api/v2/base.py:730}}
Jun 01 07:05:35.162384 dv-neutron-843791-3-hyperv neutron-server[105244]: DEBUG neutron_lib.callbacks.manager [None req-8ae24bc5-9584-4134-b9f1-0cee61447cdd tempest-AllowedAddressPairTestJSON-973608794 tempest-AllowedAddressPairTestJSON-973608794-project] Publish callbacks [] for port (7e865ef1-6eea-408f-a304-908300efe4a0), precommit_update {{(pid=105244) _notify_loop /usr/local/lib/python3.8/dist-packages/neutron_lib/callbacks/manager.py:176}}
Jun 01 07:05:35.180241 dv-neutron-843791-3-hyperv neutron-server[105246]: DEBUG dbcounter [-] [105246] Writing DB stats neutron:SELECT=97,neutron:UPDATE=1,neutron:DELETE=2 {{(pid=105246) stat_writer /usr/local/lib/python3.8/dist-packages/dbcounter.py:114}}
Jun 01 07:05:35.188407 dv-neutron-843791-3-hyperv neutron-server[105245]: INFO neutron.wsgi [None req-eeac7a31-3106-477d-8b63-8d097c0ad92a tempest-RoutersAdminTest-1198885014 tempest-RoutersAdminTest-1198885014-project-admin] 10.222.0.18 "POST /v2.0/subnets HTTP/1.1" status: 201 len: 802 time: 3.3347900
Jun 01 07:05:35.189521 dv-neutron-843791-3-hyperv neutron-server[105245]: DEBUG neutron_lib.callbacks.manager [None req-0cf9dbac-3f66-4a2d-b878-50854874f8c0 tempest-ServersTestJSON-668318435 tempest-ServersTestJSON-668318435-project] Publish callbacks ['neutron.plugins.ml2.plugin.SecurityGroupServerNotifierRpcMixin._notify_sg_on_port_change-133881904', 'neutron.plugins.ml2.ovo_rpc._ObjectChangeHandler.handle_event-137263', 'neutron.api.rpc.agentnotifiers.dhcp_rpc_agent_api.DhcpAgentNotifyAPI._native_event_send_dhcp_notification-646492', 'neutron.db.l3_dvrscheduler_db._notify_l3_agent_new_port-8728648011780', 'neutron.services.segments.plugin.NovaSegmentNotifier._notify_port_created_or_deleted-3326364'] for port (d5d8e2b9-70ab-4282-a38a-2e9a143cc018), after_create {{(pid=105245) _notify_loop /usr/local/lib/python3.8/dist-packages/neutron_lib/callbacks/manager.py:176}}
Jun 01 07:05:35.191391 dv-neutron-843791-3-hyperv neutron-server[105244]: DEBUG neutron.wsgi [-] (105244) accepted ('10.222.0.18', 34528) {{(pid=105244) server /usr/local/lib/python3.8/dist-packages/eventlet/wsgi.py:1004}}
Jun 01 07:05:35.198468 dv-neutron-843791-3-hyperv neutron-server[105244]: DEBUG neutron.api.v2.base [None req-4f58a250-4a69-4b77-8040-2d73e39b3a11 tempest-RoutersAdminTest-1198885014 tempest-RoutersAdminTest-1198885014-project-admin] Request body: {'port': {'name': 'tempest-RoutersAdminTest-1868643215', 'network_id': '46d6c472-60a9-43e3-8938-335a7eb5e23c'}} {{(pid=105244) prepare_request_body /opt/stack/neutron/neutron/api/v2/base.py:730}}
Jun 01 07:05:35.219319 dv-neutron-843791-3-hyperv neutron-server[105244]: DEBUG neutron_lib.callbacks.manager [None req-f5f7c10a-0464-4acf-bccd-5a8361602238 tempest-ExternalNetworksTestJSON-273427876 tempest-ExternalNetworksTestJSON-273427876-project-admin] Publish callbacks ['neutron.plugins.ml2.ovo_rpc._ObjectChangeHandler.handle_event-768017', 'neutron.api.rpc.agentnotifiers.dhcp_rpc_agent_api.DhcpAgentNotifyAPI._native_event_send_dhcp_notification-646492'] for network (44b8b2c4-ae03-4073-aaa7-b6f7c61fbed7), after_create {{(pid=105244) _notify_loop /usr/local/lib/python3.8/dist-packages/neutron_lib/callbacks/manager.py:176}}
Jun 01 07:05:35.219319 dv-neutron-843791-3-hyperv neutron-server[105244]: DEBUG neutron.pecan_wsgi.hooks.policy_enforcement [None req-f5f7c10a-0464-4acf-bccd-5a8361602238 tempest-ExternalNetworksTestJSON-273427876 tempest-ExternalNetworksTestJSON-273427876-project-admin] Attributes excluded by policy engine: ['standard_attr_id', 'vlan_transparent'] {{(pid=105244) _exclude_attributes_by_policy /opt/stack/neutron/neutron/pecan_wsgi/hooks/policy_enforcement.py:259}}
Jun 01 07:05:35.219319 dv-neutron-843791-3-hyperv neutron-server[105244]: DEBUG neutron_lib.callbacks.manager [None req-f5f7c10a-0464-4acf-bccd-5a8361602238 tempest-ExternalNetworksTestJSON-273427876 tempest-ExternalNetworksTestJSON-273427876-project-admin] Publish callbacks ['neutron.api.rpc.agentnotifiers.dhcp_rpc_agent_api.DhcpAgentNotifyAPI._send_dhcp_notification-646478'] for network (None), before_response {{(pid=105244) _notify_loop /usr/local/lib/python3.8/dist-packages/neutron_lib/callbacks/manager.py:176}}
Jun 01 07:05:35.221797 dv-neutron-843791-3-hyperv neutron-server[105244]: DEBUG dbcounter [-] [105244] Writing DB stats neutron:SELECT=83,neutron:INSERT=5,neutron:DELETE=6,neutron:UPDATE=6 {{(pid=105244) stat_writer /usr/local/lib/python3.8/dist-packages/dbcounter.py:114}}
Jun 01 07:05:35.224165 dv-neutron-843791-3-hyperv neutron-server[105246]: DEBUG neutron.api.rpc.handlers.dhcp_rpc [None req-be689f29-e189-4036-a172-b9803f79ade5 None None] Network 46d6c472-60a9-43e3-8938-335a7eb5e23c requested from dv-neutron-843791-3-hyperv {{(pid=105246) get_network_info /opt/stack/neutron/neutron/api/rpc/handlers/dhcp_rpc.py:191}}
Jun 01 07:05:35.293505 dv-neutron-843791-3-hyperv neutron-server[105245]: DEBUG neutron.scheduler.dhcp_agent_scheduler [None req-0cf9dbac-3f66-4a2d-b878-50854874f8c0 tempest-ServersTestJSON-668318435 tempest-ServersTestJSON-668318435-project] Network 49fcc045-9502-4f5e-9731-0384f72814c7 is already hosted by enough agents. {{(pid=105245) _get_dhcp_agents_hosting_network /opt/stack/neutron/neutron/scheduler/dhcp_agent_scheduler.py:275}}
Jun 01 07:05:35.301314 dv-neutron-843791-3-hyperv neutron-server[105245]: DEBUG neutron.scheduler.base_scheduler [None req-0cf9dbac-3f66-4a2d-b878-50854874f8c0 tempest-ServersTestJSON-668318435 tempest-ServersTestJSON-668318435-project] Resources bound (agent type, host, resource id): {{(pid=105245) schedule /opt/stack/neutron/neutron/scheduler/base_scheduler.py:57}}
Jun 01 07:05:35.309160 dv-neutron-843791-3-hyperv neutron-server[105245]: DEBUG neutron.db.l3_dvrscheduler_db [None req-0cf9dbac-3f66-4a2d-b878-50854874f8c0 tempest-ServersTestJSON-668318435 tempest-ServersTestJSON-668318435-project] Received port after_create {{(pid=105245) _notify_l3_agent_new_port /opt/stack/neutron/neutron/db/l3_dvrscheduler_db.py:542}}
Jun 01 07:05:35.319393 dv-neutron-843791-3-hyperv neutron-server[105245]: DEBUG neutron.api.rpc.handlers.resources_rpc [None req-0cf9dbac-3f66-4a2d-b878-50854874f8c0 tempest-ServersTestJSON-668318435 tempest-ServersTestJSON-668318435-project] Pushing event updated for resources: {'Port': ['ID=d5d8e2b9-70ab-4282-a38a-2e9a143cc018,revision_number=1']} {{(pid=105245) push /opt/stack/neutron/neutron/api/rpc/handlers/resources_rpc.py:237}}
Jun 01 07:05:35.361543 dv-neutron-843791-3-hyperv neutron-server[105245]: DEBUG neutron_lib.callbacks.manager [None req-35078aef-337f-4575-a1c6-a66666aebac8 tempest-DHCPAgentSchedulersTestJSON-2106172492 tempest-DHCPAgentSchedulersTestJSON-2106172492-project] Publish callbacks ['neutron.plugins.ml2.plugin.Ml2Plugin._network_delete_after_delete_handler-133843436', 'neutron.plugins.ml2.ovo_rpc._ObjectChangeHandler.handle_event-768017', 'neutron.api.rpc.agentnotifiers.dhcp_rpc_agent_api.DhcpAgentNotifyAPI._native_event_send_dhcp_notification-646492', 'neutron.services.l3_router.l3_router_plugin.DVRResourceOperationHandler.delete_fip_namespaces_for_ext_net-634110'] for network (6e9647f2-e896-4ecf-b843-ec46e02feb63), after_delete {{(pid=105245) _notify_loop /usr/local/lib/python3.8/dist-packages/neutron_lib/callbacks/manager.py:176}}
Jun 01 07:05:35.367027 dv-neutron-843791-3-hyperv neutron-server[105245]: DEBUG neutron_lib.callbacks.manager [None req-8c660bb8-6e2c-4252-8630-9dfc70d9879a tempest-PortsAdminExtendedAttrsIpV6TestJSON-1293300859 tempest-PortsAdminExtendedAttrsIpV6TestJSON-1293300859-project-admin] Publish callbacks [] for port (fc90aa02-9720-4ecd-8130-fe52bf7c5c4c), precommit_create {{(pid=105245) _notify_loop /usr/local/lib/python3.8/dist-packages/neutron_lib/callbacks/manager.py:176}}
Jun 01 07:05:35.378010 dv-neutron-843791-3-hyperv neutron-server[105245]: DEBUG neutron_lib.callbacks.manager [None req-35078aef-337f-4575-a1c6-a66666aebac8 tempest-DHCPAgentSchedulersTestJSON-2106172492 tempest-DHCPAgentSchedulersTestJSON-2106172492-project] Publish callbacks ['neutron.api.rpc.agentnotifiers.dhcp_rpc_agent_api.DhcpAgentNotifyAPI._send_dhcp_notification-646478'] for network (None), before_response {{(pid=105245) _notify_loop /usr/local/lib/python3.8/dist-packages/neutron_lib/callbacks/manager.py:176}}
Jun 01 07:05:35.381194 dv-neutron-843791-3-hyperv neutron-server[105245]: INFO neutron.wsgi [None req-35078aef-337f-4575-a1c6-a66666aebac8 tempest-DHCPAgentSchedulersTestJSON-2106172492 tempest-DHCPAgentSchedulersTestJSON-2106172492-project] 10.222.0.18 "DELETE /v2.0/networks/6e9647f2-e896-4ecf-b843-ec46e02feb63 HTTP/1.1" status: 204 len: 168 time: 1.9458158
Jun 01 07:05:35.402276 dv-neutron-843791-3-hyperv neutron-server[105245]: DEBUG neutron.api.rpc.handlers.resources_rpc [None req-35078aef-337f-4575-a1c6-a66666aebac8 tempest-DHCPAgentSchedulersTestJSON-2106172492 tempest-DHCPAgentSchedulersTestJSON-2106172492-project] Pushing event deleted for resources: {'Network': ['ID=6e9647f2-e896-4ecf-b843-ec46e02feb63,revision_number=None']} {{(pid=105245) push /opt/stack/neutron/neutron/api/rpc/handlers/resources_rpc.py:237}}
Jun 01 07:05:35.464104 dv-neutron-843791-3-hyperv neutron-server[105245]: DEBUG neutron_lib.callbacks.manager [None req-0cf9dbac-3f66-4a2d-b878-50854874f8c0 tempest-ServersTestJSON-668318435 tempest-ServersTestJSON-668318435-project] Publish callbacks [] for floatingip (64c77aa8-a77c-4f5a-b766-72c1aef8c4bc), precommit_create {{(pid=105245) _notify_loop /usr/local/lib/python3.8/dist-packages/neutron_lib/callbacks/manager.py:176}}
Jun 01 07:05:35.477586 dv-neutron-843791-3-hyperv neutron-server[105244]: DEBUG neutron.wsgi [req-722abebf-6b38-4975-9819-dc5eed5f1d4d req-3684b093-e775-4575-98bc-a4637960ce83 service neutron] http://10.222.0.18:9696/v2.0/extensions returned with HTTP 200 {{(pid=105244) __call__ /opt/stack/neutron/neutron/wsgi.py:730}}
Jun 01 07:05:35.478697 dv-neutron-843791-3-hyperv neutron-server[105244]: INFO neutron.wsgi [req-722abebf-6b38-4975-9819-dc5eed5f1d4d req-3684b093-e775-4575-98bc-a4637960ce83 service neutron] 10.222.0.18 "GET /v2.0/extensions HTTP/1.1" status: 200 len: 14320 time: 0.2751265
Jun 01 07:05:35.481913 dv-neutron-843791-3-hyperv neutron-server[105244]: DEBUG neutron_lib.callbacks.manager [None req-cf4afac5-b930-41c3-a9f7-d354ecaaef2e tempest-FloatingIPNegativeTestJSON-1142990992 tempest-FloatingIPNegativeTestJSON-1142990992-project] Publish callbacks [] for floatingip (None), before_create {{(pid=105244) _notify_loop /usr/local/lib/python3.8/dist-packages/neutron_lib/callbacks/manager.py:176}}
Jun 01 07:05:35.484916 dv-neutron-843791-3-hyperv neutron-server[105244]: DEBUG neutron_lib.callbacks.manager [None req-8ae24bc5-9584-4134-b9f1-0cee61447cdd tempest-AllowedAddressPairTestJSON-973608794 tempest-AllowedAddressPairTestJSON-973608794-project] Publish callbacks ['neutron.plugins.ml2.plugin.SecurityGroupServerNotifierRpcMixin._notify_sg_on_port_change-133881904', 'neutron.plugins.ml2.ovo_rpc._ObjectChangeHandler.handle_event-137263', 'neutron.api.rpc.agentnotifiers.dhcp_rpc_agent_api.DhcpAgentNotifyAPI._native_event_send_dhcp_notification-646492', 'neutron.db.l3_db.L3RpcNotifierMixin._notify_gateway_port_ip_changed-8728648544979', 'neutron.db.l3_dvrscheduler_db._notify_l3_agent_port_update-8728648011798', 'neutron.db.l3_hascheduler_db._notify_l3_agent_ha_port_update-8728648011816'] for port (7e865ef1-6eea-408f-a304-908300efe4a0), after_update {{(pid=105244) _notify_loop /usr/local/lib/python3.8/dist-packages/neutron_lib/callbacks/manager.py:176}}
Jun 01 07:05:35.524191 dv-neutron-843791-3-hyperv neutron-server[105245]: DEBUG neutron_lib.callbacks.manager [None req-8c660bb8-6e2c-4252-8630-9dfc70d9879a tempest-PortsAdminExtendedAttrsIpV6TestJSON-1293300859 tempest-PortsAdminExtendedAttrsIpV6TestJSON-1293300859-project-admin] Publish callbacks ['neutron.plugins.ml2.plugin.SecurityGroupServerNotifierRpcMixin._notify_sg_on_port_change-133881904', 'neutron.plugins.ml2.ovo_rpc._ObjectChangeHandler.handle_event-137263', 'neutron.api.rpc.agentnotifiers.dhcp_rpc_agent_api.DhcpAgentNotifyAPI._native_event_send_dhcp_notification-646492', 'neutron.db.l3_dvrscheduler_db._notify_l3_agent_new_port-8728648011780', 'neutron.services.segments.plugin.NovaSegmentNotifier._notify_port_created_or_deleted-3326364'] for port (fc90aa02-9720-4ecd-8130-fe52bf7c5c4c), after_create {{(pid=105245) _notify_loop /usr/local/lib/python3.8/dist-packages/neutron_lib/callbacks/manager.py:176}}
Jun 01 07:05:35.589590 dv-neutron-843791-3-hyperv neutron-server[105244]: INFO neutron.wsgi [None req-f5f7c10a-0464-4acf-bccd-5a8361602238 tempest-ExternalNetworksTestJSON-273427876 tempest-ExternalNetworksTestJSON-273427876-project-admin] 10.222.0.18 "POST /v2.0/networks HTTP/1.1" status: 201 len: 862 time: 1.1060221
Jun 01 07:05:35.589995 dv-neutron-843791-3-hyperv neutron-server[105245]: DEBUG neutron.wsgi [-] (105245) accepted ('10.222.0.18', 34536) {{(pid=105245) server /usr/local/lib/python3.8/dist-packages/eventlet/wsgi.py:1004}}
Jun 01 07:05:35.596187 dv-neutron-843791-3-hyperv neutron-server[105244]: DEBUG neutron.plugins.ml2.plugin [None req-8ae24bc5-9584-4134-b9f1-0cee61447cdd tempest-AllowedAddressPairTestJSON-973608794 tempest-AllowedAddressPairTestJSON-973608794-project] In _notify_port_updated(), no bound segment for port 7e865ef1-6eea-408f-a304-908300efe4a0 on network 8b998e38-d684-4150-a8a9-a6503e5efc37 {{(pid=105244) _notify_port_updated /opt/stack/neutron/neutron/plugins/ml2/plugin.py:937}}
Jun 01 07:05:35.601389 dv-neutron-843791-3-hyperv neutron-server[105244]: DEBUG neutron.pecan_wsgi.hooks.policy_enforcement [None req-8ae24bc5-9584-4134-b9f1-0cee61447cdd tempest-AllowedAddressPairTestJSON-973608794 tempest-AllowedAddressPairTestJSON-973608794-project] Attributes excluded by policy engine: ['standard_attr_id', 'binding:profile', 'binding:host_id', 'binding:vif_type', 'binding:vif_details'] {{(pid=105244) _exclude_attributes_by_policy /opt/stack/neutron/neutron/pecan_wsgi/hooks/policy_enforcement.py:259}}
Jun 01 07:05:35.602019 dv-neutron-843791-3-hyperv neutron-server[105244]: DEBUG neutron_lib.callbacks.manager [None req-8ae24bc5-9584-4134-b9f1-0cee61447cdd tempest-AllowedAddressPairTestJSON-973608794 tempest-AllowedAddressPairTestJSON-973608794-project] Publish callbacks ['neutron.notifiers.nova.Notifier._send_nova_notification-254933'] for port (None), before_response {{(pid=105244) _notify_loop /usr/local/lib/python3.8/dist-packages/neutron_lib/callbacks/manager.py:176}}
Jun 01 07:05:35.603358 dv-neutron-843791-3-hyperv neutron-server[105244]: INFO neutron.wsgi [None req-8ae24bc5-9584-4134-b9f1-0cee61447cdd tempest-AllowedAddressPairTestJSON-973608794 tempest-AllowedAddressPairTestJSON-973608794-project] 10.222.0.18 "PUT /v2.0/ports/7e865ef1-6eea-408f-a304-908300efe4a0 HTTP/1.1" status: 200 len: 996 time: 1.6279898
Jun 01 07:05:35.606511 dv-neutron-843791-3-hyperv neutron-server[105244]: DEBUG neutron.api.rpc.handlers.resources_rpc [None req-f5f7c10a-0464-4acf-bccd-5a8361602238 tempest-ExternalNetworksTestJSON-273427876 tempest-ExternalNetworksTestJSON-273427876-project-admin] Pushing event updated for resources: {'Network': ['ID=44b8b2c4-ae03-4073-aaa7-b6f7c61fbed7,revision_number=1']} {{(pid=105244) push /opt/stack/neutron/neutron/api/rpc/handlers/resources_rpc.py:237}}
Jun 01 07:05:35.608982 dv-neutron-843791-3-hyperv neutron-server[105244]: DEBUG neutron.wsgi [-] (105244) accepted ('10.222.0.18', 34538) {{(pid=105244) server /usr/local/lib/python3.8/dist-packages/eventlet/wsgi.py:1004}}
Jun 01 07:05:35.610698 dv-neutron-843791-3-hyperv neutron-server[105245]: DEBUG neutron.scheduler.dhcp_agent_scheduler [None req-8c660bb8-6e2c-4252-8630-9dfc70d9879a tempest-PortsAdminExtendedAttrsIpV6TestJSON-1293300859 tempest-PortsAdminExtendedAttrsIpV6TestJSON-1293300859-project-admin] Network 5af64039-dad8-474c-a453-ffcd8fc240af is already hosted by enough agents. {{(pid=105245) _get_dhcp_agents_hosting_network /opt/stack/neutron/neutron/scheduler/dhcp_agent_scheduler.py:275}}
Jun 01 07:05:35.638846 dv-neutron-843791-3-hyperv neutron-server[105246]: DEBUG neutron.plugins.ml2.rpc [None req-d00ea854-1d06-4caf-a6b7-f732a31031d0 None None] Network 44b8b2c4-ae03-4073-aaa7-b6f7c61fbed7 details requested by agent ovs-agent-dv-neutron-843791-3-hyperv with host dv-neutron-843791-3-hyperv {{(pid=105246) get_network_details /opt/stack/neutron/neutron/plugins/ml2/rpc.py:248}}
Jun 01 07:05:35.644225 dv-neutron-843791-3-hyperv neutron-server[105245]: DEBUG neutron.scheduler.base_scheduler [None req-8c660bb8-6e2c-4252-8630-9dfc70d9879a tempest-PortsAdminExtendedAttrsIpV6TestJSON-1293300859 tempest-PortsAdminExtendedAttrsIpV6TestJSON-1293300859-project-admin] Resources bound (agent type, host, resource id): {{(pid=105245) schedule /opt/stack/neutron/neutron/scheduler/base_scheduler.py:57}}
Jun 01 07:05:35.701028 dv-neutron-843791-3-hyperv neutron-server[105244]: DEBUG neutron.api.rpc.handlers.resources_rpc [None req-8ae24bc5-9584-4134-b9f1-0cee61447cdd tempest-AllowedAddressPairTestJSON-973608794 tempest-AllowedAddressPairTestJSON-973608794-project] Pushing event updated for resources: {'Port': ['ID=7e865ef1-6eea-408f-a304-908300efe4a0,revision_number=2']} {{(pid=105244) push /opt/stack/neutron/neutron/api/rpc/handlers/resources_rpc.py:237}}
Jun 01 07:05:35.711818 dv-neutron-843791-3-hyperv neutron-server[105244]: DEBUG neutron.pecan_wsgi.hooks.quota_enforcement [None req-4f58a250-4a69-4b77-8040-2d73e39b3a11 tempest-RoutersAdminTest-1198885014 tempest-RoutersAdminTest-1198885014-project-admin] Made reservation on behalf of e23cdb2a91a6491aae50a4a85b281ab9 for: {'port': 1} {{(pid=105244) before /opt/stack/neutron/neutron/pecan_wsgi/hooks/quota_enforcement.py:53}}
Jun 01 07:05:35.714215 dv-neutron-843791-3-hyperv neutron-server[105244]: DEBUG neutron_lib.callbacks.manager [None req-4f58a250-4a69-4b77-8040-2d73e39b3a11 tempest-RoutersAdminTest-1198885014 tempest-RoutersAdminTest-1198885014-project-admin] Publish callbacks ['neutron.plugins.ml2.plugin.SecurityGroupDbMixin._ensure_default_security_group_handler-133882097'] for port (None), before_create {{(pid=105244) _notify_loop /usr/local/lib/python3.8/dist-packages/neutron_lib/callbacks/manager.py:176}}
Jun 01 07:05:35.801378 dv-neutron-843791-3-hyperv neutron-server[105244]: DEBUG neutron.notifiers.nova [None req-4f58a250-4a69-4b77-8040-2d73e39b3a11 tempest-RoutersAdminTest-1198885014 tempest-RoutersAdminTest-1198885014-project-admin] device_id is not set on port 199e5bc8-fdb5-49e1-8a3a-ef1a1b67b6a8 yet. {{(pid=105244) _can_notify /opt/stack/neutron/neutron/notifiers/nova.py:199}}
Jun 01 07:05:35.884005 dv-neutron-843791-3-hyperv neutron-server[105244]: DEBUG neutron.plugins.ml2.plugin [None req-73d3678d-de95-4255-86a7-f797ffd8463b tempest-AllowedAddressPairTestJSON-973608794 tempest-AllowedAddressPairTestJSON-973608794-project] Deleting port 7e865ef1-6eea-408f-a304-908300efe4a0 {{(pid=105244) _pre_delete_port /opt/stack/neutron/neutron/plugins/ml2/plugin.py:2043}}
Jun 01 07:05:35.884347 dv-neutron-843791-3-hyperv neutron-server[105244]: DEBUG neutron_lib.callbacks.manager [None req-73d3678d-de95-4255-86a7-f797ffd8463b tempest-AllowedAddressPairTestJSON-973608794 tempest-AllowedAddressPairTestJSON-973608794-project] Publish callbacks ['neutron.db.l3_db.L3_NAT_dbonly_mixin._prevent_l3_port_delete_callback-8728648571778'] for port (7e865ef1-6eea-408f-a304-908300efe4a0), before_delete {{(pid=105244) _notify_loop /usr/local/lib/python3.8/dist-packages/neutron_lib/callbacks/manager.py:176}}
Jun 01 07:05:35.893435 dv-neutron-843791-3-hyperv neutron-server[105244]: INFO neutron.wsgi [req-722abebf-6b38-4975-9819-dc5eed5f1d4d req-0c2403a7-0f20-4e96-bce5-6791aa13ab81 service neutron] 10.222.0.18 "GET /v2.0/networks/7ab00560-1b71-4418-b51a-d1c45e922063?fields=segments HTTP/1.1" status: 200 len: 212 time: 0.4062464
Jun 01 07:05:35.904839 dv-neutron-843791-3-hyperv neutron-server[105245]: DEBUG neutron.api.rpc.handlers.resources_rpc [None req-8c660bb8-6e2c-4252-8630-9dfc70d9879a tempest-PortsAdminExtendedAttrsIpV6TestJSON-1293300859 tempest-PortsAdminExtendedAttrsIpV6TestJSON-1293300859-project-admin] Pushing event updated for resources: {'Port': ['ID=fc90aa02-9720-4ecd-8130-fe52bf7c5c4c,revision_number=1']} {{(pid=105245) push /opt/stack/neutron/neutron/api/rpc/handlers/resources_rpc.py:237}}
Jun 01 07:05:35.915676 dv-neutron-843791-3-hyperv neutron-server[105244]: INFO neutron.api.v2.resource [None req-cf4afac5-b930-41c3-a9f7-d354ecaaef2e tempest-FloatingIPNegativeTestJSON-1142990992 tempest-FloatingIPNegativeTestJSON-1142990992-project] create failed (client error): The server could not comply with the request since it is either malformed or otherwise incorrect.
Jun 01 07:05:35.922060 dv-neutron-843791-3-hyperv neutron-server[105244]: INFO neutron.wsgi [None req-cf4afac5-b930-41c3-a9f7-d354ecaaef2e tempest-FloatingIPNegativeTestJSON-1142990992 tempest-FloatingIPNegativeTestJSON-1142990992-project] 10.222.0.18 "POST /v2.0/floatingips HTTP/1.1" status: 400 len: 373 time: 0.7832983
Jun 01 07:05:35.922185 dv-neutron-843791-3-hyperv neutron-server[105245]: DEBUG neutron.db.l3_dvrscheduler_db [None req-8c660bb8-6e2c-4252-8630-9dfc70d9879a tempest-PortsAdminExtendedAttrsIpV6TestJSON-1293300859 tempest-PortsAdminExtendedAttrsIpV6TestJSON-1293300859-project-admin] Received port after_create {{(pid=105245) _notify_l3_agent_new_port /opt/stack/neutron/neutron/db/l3_dvrscheduler_db.py:542}}
Jun 01 07:05:35.922185 dv-neutron-843791-3-hyperv neutron-server[105245]: DEBUG neutron.pecan_wsgi.hooks.policy_enforcement [None req-8c660bb8-6e2c-4252-8630-9dfc70d9879a tempest-PortsAdminExtendedAttrsIpV6TestJSON-1293300859 tempest-PortsAdminExtendedAttrsIpV6TestJSON-1293300859-project-admin] Attributes excluded by policy engine: ['standard_attr_id', 'network'] {{(pid=105245) _exclude_attributes_by_policy /opt/stack/neutron/neutron/pecan_wsgi/hooks/policy_enforcement.py:259}}
Jun 01 07:05:35.922185 dv-neutron-843791-3-hyperv neutron-server[105245]: DEBUG neutron_lib.callbacks.manager [None req-8c660bb8-6e2c-4252-8630-9dfc70d9879a tempest-PortsAdminExtendedAttrsIpV6TestJSON-1293300859 tempest-PortsAdminExtendedAttrsIpV6TestJSON-1293300859-project-admin] Publish callbacks ['neutron.notifiers.nova.Notifier._send_nova_notification-254933'] for port (None), before_response {{(pid=105245) _notify_loop /usr/local/lib/python3.8/dist-packages/neutron_lib/callbacks/manager.py:176}}
Jun 01 07:05:35.938595 dv-neutron-843791-3-hyperv neutron-server[105245]: DEBUG neutron.wsgi [-] (105245) accepted ('10.222.0.18', 34542) {{(pid=105245) server /usr/local/lib/python3.8/dist-packages/eventlet/wsgi.py:1004}}
Jun 01 07:05:35.939160 dv-neutron-843791-3-hyperv neutron-server[105245]: DEBUG neutron_lib.callbacks.manager [None req-0cf9dbac-3f66-4a2d-b878-50854874f8c0 tempest-ServersTestJSON-668318435 tempest-ServersTestJSON-668318435-project] Publish callbacks ['neutron.plugins.ml2.plugin.SecurityGroupDbMixin._ensure_default_security_group_handler-133882097'] for port (d5d8e2b9-70ab-4282-a38a-2e9a143cc018), before_update {{(pid=105245) _notify_loop /usr/local/lib/python3.8/dist-packages/neutron_lib/callbacks/manager.py:176}}
Jun 01 07:05:35.942508 dv-neutron-843791-3-hyperv neutron-server[105245]: DEBUG dbcounter [-] [105245] Writing DB stats neutron:SELECT=83,neutron:INSERT=7,neutron:DELETE=7,neutron:UPDATE=3 {{(pid=105245) stat_writer /usr/local/lib/python3.8/dist-packages/dbcounter.py:114}}
Jun 01 07:05:35.947055 dv-neutron-843791-3-hyperv neutron-server[105245]: DEBUG neutron.api.v2.base [None req-2c99b84a-30ae-4752-9032-d085831e9de2 tempest-FloatingIPNegativeTestJSON-1142990992 tempest-FloatingIPNegativeTestJSON-1142990992-project] Request body: {'floatingip': {'floating_network_id': '49fcc045-9502-4f5e-9731-0384f72814c7', 'port_id': 'afc5ddc5-7948-4492-8a81-c1540f238160', 'fixed_ip_address': '172.20.0.11'}} {{(pid=105245) prepare_request_body /opt/stack/neutron/neutron/api/v2/base.py:730}}
Jun 01 07:05:35.972107 dv-neutron-843791-3-hyperv neutron-server[105245]: DEBUG neutron.wsgi [-] (105245) accepted ('10.222.0.18', 34544) {{(pid=105245) server /usr/local/lib/python3.8/dist-packages/eventlet/wsgi.py:1004}}
Jun 01 07:05:35.986377 dv-neutron-843791-3-hyperv neutron-server[105246]: DEBUG neutron.db.provisioning_blocks [None req-15a23696-2c1e-4734-9a20-9f76d236d940 None None] Provisioning complete for port 7e865ef1-6eea-408f-a304-908300efe4a0 triggered by entity DHCP. {{(pid=105246) provisioning_complete /opt/stack/neutron/neutron/db/provisioning_blocks.py:145}}
Jun 01 07:05:35.986748 dv-neutron-843791-3-hyperv neutron-server[105246]: DEBUG neutron_lib.callbacks.manager [None req-15a23696-2c1e-4734-9a20-9f76d236d940 None None] Publish callbacks ['neutron.plugins.ml2.plugin.Ml2Plugin._port_provisioned-133873418'] for port (7e865ef1-6eea-408f-a304-908300efe4a0), provisioning_complete {{(pid=105246) _notify_loop /usr/local/lib/python3.8/dist-packages/neutron_lib/callbacks/manager.py:176}}
Jun 01 07:05:36.006392 dv-neutron-843791-3-hyperv neutron-server[105244]: DEBUG dbcounter [-] [105244] Writing DB stats neutron:SELECT=94,neutron:INSERT=2,neutron:DELETE=4 {{(pid=105244) stat_writer /usr/local/lib/python3.8/dist-packages/dbcounter.py:114}}
Jun 01 07:05:36.024803 dv-neutron-843791-3-hyperv neutron-server[105246]: DEBUG neutron.plugins.ml2.plugin [None req-15a23696-2c1e-4734-9a20-9f76d236d940 None None] Port 7e865ef1-6eea-408f-a304-908300efe4a0 cannot update to ACTIVE because it is not bound. {{(pid=105246) _port_provisioned /opt/stack/neutron/neutron/plugins/ml2/plugin.py:354}}
Jun 01 07:05:36.105449 dv-neutron-843791-3-hyperv neutron-server[105244]: DEBUG neutron.db.db_base_plugin_common [None req-4f58a250-4a69-4b77-8040-2d73e39b3a11 tempest-RoutersAdminTest-1198885014 tempest-RoutersAdminTest-1198885014-project-admin] Allocated IP 172.20.0.4 (46d6c472-60a9-43e3-8938-335a7eb5e23c/b7e39716-d429-49c5-a868-4f64b0e2bd33/199e5bc8-fdb5-49e1-8a3a-ef1a1b67b6a8) {{(pid=105244) _store_ip_allocation /opt/stack/neutron/neutron/db/db_base_plugin_common.py:131}}
Jun 01 07:05:36.105947 dv-neutron-843791-3-hyperv neutron-server[105245]: INFO neutron.wsgi [None req-8c660bb8-6e2c-4252-8630-9dfc70d9879a tempest-PortsAdminExtendedAttrsIpV6TestJSON-1293300859 tempest-PortsAdminExtendedAttrsIpV6TestJSON-1293300859-project-admin] 10.222.0.18 "POST /v2.0/ports HTTP/1.1" status: 201 len: 964 time: 1.5382268
Jun 01 07:05:36.114591 dv-neutron-843791-3-hyperv neutron-server[105244]: DEBUG neutron.wsgi [-] (105244) accepted ('10.222.0.18', 34548) {{(pid=105244) server /usr/local/lib/python3.8/dist-packages/eventlet/wsgi.py:1004}}
Jun 01 07:05:36.115695 dv-neutron-843791-3-hyperv neutron-server[105244]: DEBUG neutron_lib.callbacks.manager [None req-73d3678d-de95-4255-86a7-f797ffd8463b tempest-AllowedAddressPairTestJSON-973608794 tempest-AllowedAddressPairTestJSON-973608794-project] Publish callbacks ['neutron.services.l3_router.l3_router_plugin.L3_NAT_dbonly_mixin._precommit_delete_port_callback-526414'] for port (7e865ef1-6eea-408f-a304-908300efe4a0), precommit_delete {{(pid=105244) _notify_loop /usr/local/lib/python3.8/dist-packages/neutron_lib/callbacks/manager.py:176}}
Jun 01 07:05:36.147643 dv-neutron-843791-3-hyperv neutron-server[105245]: DEBUG neutron.pecan_wsgi.hooks.policy_enforcement [None req-093daddb-04b7-44c5-a0f3-85afb1d3aaff tempest-ExternalNetworksTestJSON-1420303245 tempest-ExternalNetworksTestJSON-1420303245-project] Attributes excluded by policy engine: ['standard_attr_id', 'vlan_transparent', 'provider:network_type', 'provider:physical_network', 'provider:segmentation_id'] {{(pid=105245) _exclude_attributes_by_policy /opt/stack/neutron/neutron/pecan_wsgi/hooks/policy_enforcement.py:259}}
Jun 01 07:05:36.153060 dv-neutron-843791-3-hyperv neutron-server[105245]: DEBUG neutron.pecan_wsgi.hooks.policy_enforcement [None req-093daddb-04b7-44c5-a0f3-85afb1d3aaff tempest-ExternalNetworksTestJSON-1420303245 tempest-ExternalNetworksTestJSON-1420303245-project] Attributes excluded by policy engine: ['standard_attr_id', 'vlan_transparent', 'provider:network_type', 'provider:physical_network', 'provider:segmentation_id'] {{(pid=105245) _exclude_attributes_by_policy /opt/stack/neutron/neutron/pecan_wsgi/hooks/policy_enforcement.py:259}}
Jun 01 07:05:36.159200 dv-neutron-843791-3-hyperv neutron-server[105245]: DEBUG neutron.pecan_wsgi.hooks.policy_enforcement [None req-093daddb-04b7-44c5-a0f3-85afb1d3aaff tempest-ExternalNetworksTestJSON-1420303245 tempest-ExternalNetworksTestJSON-1420303245-project] Attributes excluded by policy engine: ['standard_attr_id', 'vlan_transparent', 'provider:network_type', 'provider:physical_network', 'provider:segmentation_id'] {{(pid=105245) _exclude_attributes_by_policy /opt/stack/neutron/neutron/pecan_wsgi/hooks/policy_enforcement.py:259}}
Jun 01 07:05:36.164639 dv-neutron-843791-3-hyperv neutron-server[105245]: DEBUG neutron.pecan_wsgi.hooks.policy_enforcement [None req-093daddb-04b7-44c5-a0f3-85afb1d3aaff tempest-ExternalNetworksTestJSON-1420303245 tempest-ExternalNetworksTestJSON-1420303245-project] Attributes excluded by policy engine: ['standard_attr_id', 'vlan_transparent', 'provider:network_type', 'provider:physical_network', 'provider:segmentation_id'] {{(pid=105245) _exclude_attributes_by_policy /opt/stack/neutron/neutron/pecan_wsgi/hooks/policy_enforcement.py:259}}
Jun 01 07:05:36.166904 dv-neutron-843791-3-hyperv neutron-server[105244]: DEBUG neutron.plugins.ml2.plugin [None req-73d3678d-de95-4255-86a7-f797ffd8463b tempest-AllowedAddressPairTestJSON-973608794 tempest-AllowedAddressPairTestJSON-973608794-project] Calling delete_port for 7e865ef1-6eea-408f-a304-908300efe4a0 owned by {{(pid=105244) delete_port /opt/stack/neutron/neutron/plugins/ml2/plugin.py:2122}}
Jun 01 07:05:36.169677 dv-neutron-843791-3-hyperv neutron-server[105245]: DEBUG neutron.pecan_wsgi.hooks.policy_enforcement [None req-093daddb-04b7-44c5-a0f3-85afb1d3aaff tempest-ExternalNetworksTestJSON-1420303245 tempest-ExternalNetworksTestJSON-1420303245-project] Attributes excluded by policy engine: ['standard_attr_id', 'vlan_transparent', 'provider:network_type', 'provider:physical_network', 'provider:segmentation_id'] {{(pid=105245) _exclude_attributes_by_policy /opt/stack/neutron/neutron/pecan_wsgi/hooks/policy_enforcement.py:259}}
Jun 01 07:05:36.171473 dv-neutron-843791-3-hyperv neutron-server[105245]: INFO neutron.wsgi [None req-093daddb-04b7-44c5-a0f3-85afb1d3aaff tempest-ExternalNetworksTestJSON-1420303245 tempest-ExternalNetworksTestJSON-1420303245-project] 10.222.0.18 "GET /v2.0/networks HTTP/1.1" status: 200 len: 3056 time: 0.5771825
Jun 01 07:05:36.175731 dv-neutron-843791-3-hyperv neutron-server[105244]: INFO neutron.wsgi [req-722abebf-6b38-4975-9819-dc5eed5f1d4d req-0dcb4989-d2a3-44af-9db7-4fa5d7fefe6a service neutron] 10.222.0.18 "GET /v2.0/networks/7ab00560-1b71-4418-b51a-d1c45e922063?fields=provider%3Aphysical_network&fields=provider%3Anetwork_type HTTP/1.1" status: 200 len: 281 time: 0.2632871
Jun 01 07:05:36.176649 dv-neutron-843791-3-hyperv neutron-server[105245]: DEBUG neutron.wsgi [-] (105245) accepted ('10.222.0.18', 34550) {{(pid=105245) server /usr/local/lib/python3.8/dist-packages/eventlet/wsgi.py:1004}}
Jun 01 07:05:36.193207 dv-neutron-843791-3-hyperv neutron-server[105245]: DEBUG neutron_lib.callbacks.manager [None req-2c99b84a-30ae-4752-9032-d085831e9de2 tempest-FloatingIPNegativeTestJSON-1142990992 tempest-FloatingIPNegativeTestJSON-1142990992-project] Publish callbacks [] for floatingip (None), before_create {{(pid=105245) _notify_loop /usr/local/lib/python3.8/dist-packages/neutron_lib/callbacks/manager.py:176}}
Jun 01 07:05:36.198363 dv-neutron-843791-3-hyperv neutron-server[105244]: DEBUG neutron.pecan_wsgi.hooks.policy_enforcement [None req-bbec1e92-0a30-4325-b635-b6ac08f6f82a tempest-PortsAdminExtendedAttrsIpV6TestJSON-1293300859 tempest-PortsAdminExtendedAttrsIpV6TestJSON-1293300859-project-admin] Attributes excluded by policy engine: ['standard_attr_id'] {{(pid=105244) _exclude_attributes_by_policy /opt/stack/neutron/neutron/pecan_wsgi/hooks/policy_enforcement.py:259}}
Jun 01 07:05:36.202984 dv-neutron-843791-3-hyperv neutron-server[105244]: INFO neutron.wsgi [None req-bbec1e92-0a30-4325-b635-b6ac08f6f82a tempest-PortsAdminExtendedAttrsIpV6TestJSON-1293300859 tempest-PortsAdminExtendedAttrsIpV6TestJSON-1293300859-project-admin] 10.222.0.18 "GET /v2.0/ports/fc90aa02-9720-4ecd-8130-fe52bf7c5c4c HTTP/1.1" status: 200 len: 959 time: 0.0813437
Jun 01 07:05:36.204972 dv-neutron-843791-3-hyperv neutron-server[105244]: DEBUG neutron.wsgi [-] (105244) accepted ('10.222.0.18', 34552) {{(pid=105244) server /usr/local/lib/python3.8/dist-packages/eventlet/wsgi.py:1004}}
Jun 01 07:05:36.351583 dv-neutron-843791-3-hyperv neutron-server[105245]: DEBUG dbcounter [-] [105245] Writing DB stats neutron:SELECT=94,neutron:UPDATE=2,neutron:DELETE=2,neutron:INSERT=2 {{(pid=105245) stat_writer /usr/local/lib/python3.8/dist-packages/dbcounter.py:114}}
Jun 01 07:05:36.380591 dv-neutron-843791-3-hyperv neutron-server[105245]: INFO neutron.wsgi [None req-b4dd2e42-7526-47a7-ad3d-7a188f471872 admin admin] 10.222.0.18 "GET /v2.0/security-groups?tenant_id=8de0a6cb647b4e5caa2a8858dcf37ba7&name=default HTTP/1.1" status: 200 len: 2992 time: 0.3876171
Jun 01 07:05:36.385001 dv-neutron-843791-3-hyperv neutron-server[105244]: DEBUG neutron.wsgi [-] (105244) accepted ('10.222.0.18', 34558) {{(pid=105244) server /usr/local/lib/python3.8/dist-packages/eventlet/wsgi.py:1004}}
Jun 01 07:05:36.422240 dv-neutron-843791-3-hyperv neutron-server[105244]: DEBUG neutron.plugins.ml2.plugin [None req-ca78cca5-6302-415f-9e79-d676a08e3c00 tempest-PortsAdminExtendedAttrsIpV6TestJSON-1293300859 tempest-PortsAdminExtendedAttrsIpV6TestJSON-1293300859-project-admin] Deleting port fc90aa02-9720-4ecd-8130-fe52bf7c5c4c {{(pid=105244) _pre_delete_port /opt/stack/neutron/neutron/plugins/ml2/plugin.py:2043}}
Jun 01 07:05:36.422573 dv-neutron-843791-3-hyperv neutron-server[105244]: DEBUG neutron_lib.callbacks.manager [None req-ca78cca5-6302-415f-9e79-d676a08e3c00 tempest-PortsAdminExtendedAttrsIpV6TestJSON-1293300859 tempest-PortsAdminExtendedAttrsIpV6TestJSON-1293300859-project-admin] Publish callbacks ['neutron.db.l3_db.L3_NAT_dbonly_mixin._prevent_l3_port_delete_callback-8728648571778'] for port (fc90aa02-9720-4ecd-8130-fe52bf7c5c4c), before_delete {{(pid=105244) _notify_loop /usr/local/lib/python3.8/dist-packages/neutron_lib/callbacks/manager.py:176}}
Jun 01 07:05:36.468201 dv-neutron-843791-3-hyperv neutron-server[105245]: DEBUG neutron_lib.callbacks.manager [None req-007681b7-53f3-4ae2-a0f8-69b201f2b424 tempest-ExternalNetworksTestJSON-273427876 tempest-ExternalNetworksTestJSON-273427876-project-admin] Publish callbacks ['neutron.plugins.ml2.plugin.External_net_db_mixin._before_network_delete_handler-133852526'] for network (44b8b2c4-ae03-4073-aaa7-b6f7c61fbed7), before_delete {{(pid=105245) _notify_loop /usr/local/lib/python3.8/dist-packages/neutron_lib/callbacks/manager.py:176}}
Jun 01 07:05:36.477939 dv-neutron-843791-3-hyperv neutron-server[105245]: INFO neutron.services.segments.plugin [-] Segment ae8ab970-5609-41ae-b8d6-b7a14ff44b2b resource provider aggregate not found
Jun 01 07:05:36.489638 dv-neutron-843791-3-hyperv neutron-server[105245]: DEBUG neutron_lib.callbacks.manager [None req-2c99b84a-30ae-4752-9032-d085831e9de2 tempest-FloatingIPNegativeTestJSON-1142990992 tempest-FloatingIPNegativeTestJSON-1142990992-project] Publish callbacks ['neutron.plugins.ml2.plugin.SecurityGroupDbMixin._ensure_default_security_group_handler-133882097'] for port (None), before_create {{(pid=105245) _notify_loop /usr/local/lib/python3.8/dist-packages/neutron_lib/callbacks/manager.py:176}}
Jun 01 07:05:36.567735 dv-neutron-843791-3-hyperv neutron-server[105245]: INFO neutron.services.segments.plugin [-] Segment ae8ab970-5609-41ae-b8d6-b7a14ff44b2b resource provider not found; error: Placement Client Error (4xx): {"errors": [{"status": 404, "title": "Not Found", "detail": "The resource could not be found.\n\n No resource provider with uuid ae8ab970-5609-41ae-b8d6-b7a14ff44b2b found for delete ", "request_id": "req-d83a1c66-b6d4-438b-a3e2-6a9808dad433"}]}
Jun 01 07:05:36.596977 dv-neutron-843791-3-hyperv neutron-server[105244]: DEBUG neutron_lib.callbacks.manager [None req-ca78cca5-6302-415f-9e79-d676a08e3c00 tempest-PortsAdminExtendedAttrsIpV6TestJSON-1293300859 tempest-PortsAdminExtendedAttrsIpV6TestJSON-1293300859-project-admin] Publish callbacks ['neutron.services.l3_router.l3_router_plugin.L3_NAT_dbonly_mixin._precommit_delete_port_callback-526414'] for port (fc90aa02-9720-4ecd-8130-fe52bf7c5c4c), precommit_delete {{(pid=105244) _notify_loop /usr/local/lib/python3.8/dist-packages/neutron_lib/callbacks/manager.py:176}}
Jun 01 07:05:36.599240 dv-neutron-843791-3-hyperv neutron-server[105244]: DEBUG neutron.wsgi [-] (105244) accepted ('10.222.0.18', 34580) {{(pid=105244) server /usr/local/lib/python3.8/dist-packages/eventlet/wsgi.py:1004}}
Jun 01 07:05:36.638120 dv-neutron-843791-3-hyperv neutron-server[105244]: DEBUG neutron.plugins.ml2.plugin [None req-ca78cca5-6302-415f-9e79-d676a08e3c00 tempest-PortsAdminExtendedAttrsIpV6TestJSON-1293300859 tempest-PortsAdminExtendedAttrsIpV6TestJSON-1293300859-project-admin] Calling delete_port for fc90aa02-9720-4ecd-8130-fe52bf7c5c4c owned by {{(pid=105244) delete_port /opt/stack/neutron/neutron/plugins/ml2/plugin.py:2122}}
Jun 01 07:05:36.640010 dv-neutron-843791-3-hyperv neutron-server[105244]: DEBUG neutron_lib.callbacks.manager [None req-715da8ae-3f65-42f0-9cb1-74fc50fe3680 admin admin] Publish callbacks [] for security_group (60dab73b-a28e-4485-976e-cb6b0188f345), before_delete {{(pid=105244) _notify_loop /usr/local/lib/python3.8/dist-packages/neutron_lib/callbacks/manager.py:176}}
Jun 01 07:05:36.645883 dv-neutron-843791-3-hyperv neutron-server[105244]: DEBUG neutron_lib.callbacks.manager [None req-4f58a250-4a69-4b77-8040-2d73e39b3a11 tempest-RoutersAdminTest-1198885014 tempest-RoutersAdminTest-1198885014-project-admin] Publish callbacks [] for port (199e5bc8-fdb5-49e1-8a3a-ef1a1b67b6a8), precommit_create {{(pid=105244) _notify_loop /usr/local/lib/python3.8/dist-packages/neutron_lib/callbacks/manager.py:176}}
Jun 01 07:05:36.678827 dv-neutron-843791-3-hyperv neutron-server[105245]: DEBUG neutron_lib.callbacks.manager [None req-007681b7-53f3-4ae2-a0f8-69b201f2b424 tempest-ExternalNetworksTestJSON-273427876 tempest-ExternalNetworksTestJSON-273427876-project-admin] Publish callbacks ['neutron.plugins.ml2.plugin.Ml2Plugin._network_delete_precommit_handler-133843431', 'neutron.services.segments.db._delete_segments_for_network-8728648463005'] for network (44b8b2c4-ae03-4073-aaa7-b6f7c61fbed7), precommit_delete {{(pid=105245) _notify_loop /usr/local/lib/python3.8/dist-packages/neutron_lib/callbacks/manager.py:176}}
Jun 01 07:05:36.696027 dv-neutron-843791-3-hyperv neutron-server[105245]: DEBUG neutron_lib.callbacks.manager [None req-0cf9dbac-3f66-4a2d-b878-50854874f8c0 tempest-ServersTestJSON-668318435 tempest-ServersTestJSON-668318435-project] Publish callbacks [] for port (d5d8e2b9-70ab-4282-a38a-2e9a143cc018), precommit_update {{(pid=105245) _notify_loop /usr/local/lib/python3.8/dist-packages/neutron_lib/callbacks/manager.py:176}}
Jun 01 07:05:36.720629 dv-neutron-843791-3-hyperv neutron-server[105244]: DEBUG neutron_lib.callbacks.manager [None req-73d3678d-de95-4255-86a7-f797ffd8463b tempest-AllowedAddressPairTestJSON-973608794 tempest-AllowedAddressPairTestJSON-973608794-project] Publish callbacks ['neutron.plugins.ml2.plugin.SecurityGroupServerNotifierRpcMixin._notify_sg_on_port_change-133881904', 'neutron.plugins.ml2.ovo_rpc._ObjectChangeHandler.handle_event-137263', 'neutron.api.rpc.agentnotifiers.dhcp_rpc_agent_api.DhcpAgentNotifyAPI._native_event_send_dhcp_notification-646492', 'neutron.db.l3_db.L3RpcNotifierMixin._notify_routers_callback-8728648544961', 'neutron.db.l3_dvrscheduler_db._notify_port_delete-8728648011789'] for port (7e865ef1-6eea-408f-a304-908300efe4a0), after_delete {{(pid=105244) _notify_loop /usr/local/lib/python3.8/dist-packages/neutron_lib/callbacks/manager.py:176}}
Jun 01 07:05:36.730304 dv-neutron-843791-3-hyperv neutron-server[105245]: DEBUG neutron.services.segments.db [None req-007681b7-53f3-4ae2-a0f8-69b201f2b424 tempest-ExternalNetworksTestJSON-273427876 tempest-ExternalNetworksTestJSON-273427876-project-admin] neutron.services.segments.plugin.Plugin method get_segments called with arguments (,) {'filters': {'network_id': ['44b8b2c4-ae03-4073-aaa7-b6f7c61fbed7']}} {{(pid=105245) wrapper /usr/local/lib/python3.8/dist-packages/oslo_log/helpers.py:65}}
Jun 01 07:05:36.738623 dv-neutron-843791-3-hyperv neutron-server[105244]: DEBUG neutron_lib.callbacks.manager [None req-715da8ae-3f65-42f0-9cb1-74fc50fe3680 admin admin] Publish callbacks [] for security_group (60dab73b-a28e-4485-976e-cb6b0188f345), precommit_delete {{(pid=105244) _notify_loop /usr/local/lib/python3.8/dist-packages/neutron_lib/callbacks/manager.py:176}}
Jun 01 07:05:36.745792 dv-neutron-843791-3-hyperv neutron-server[105245]: DEBUG neutron.services.segments.db [None req-007681b7-53f3-4ae2-a0f8-69b201f2b424 tempest-ExternalNetworksTestJSON-273427876 tempest-ExternalNetworksTestJSON-273427876-project-admin] neutron.services.segments.plugin.Plugin method delete_segment called with arguments (, '0c66d478-1626-416c-88e8-a34bb3366cf9') {'for_net_delete': True} {{(pid=105245) wrapper /usr/local/lib/python3.8/dist-packages/oslo_log/helpers.py:65}}
Jun 01 07:05:36.746080 dv-neutron-843791-3-hyperv neutron-server[105245]: DEBUG neutron.services.segments.db [None req-007681b7-53f3-4ae2-a0f8-69b201f2b424 tempest-ExternalNetworksTestJSON-273427876 tempest-ExternalNetworksTestJSON-273427876-project-admin] neutron.services.segments.plugin.Plugin method get_segment called with arguments (, '0c66d478-1626-416c-88e8-a34bb3366cf9') {} {{(pid=105245) wrapper /usr/local/lib/python3.8/dist-packages/oslo_log/helpers.py:65}}
Jun 01 07:05:36.759739 dv-neutron-843791-3-hyperv neutron-server[105245]: DEBUG neutron_lib.callbacks.manager [None req-007681b7-53f3-4ae2-a0f8-69b201f2b424 tempest-ExternalNetworksTestJSON-273427876 tempest-ExternalNetworksTestJSON-273427876-project-admin] Publish callbacks ['neutron.plugins.ml2.db._prevent_segment_delete_with_port_bound-8728648468134', 'neutron.services.segments.plugin.Plugin._prevent_segment_delete_with_subnet_associated-3726182'] for segment (0c66d478-1626-416c-88e8-a34bb3366cf9), before_delete {{(pid=105245) _notify_loop /usr/local/lib/python3.8/dist-packages/neutron_lib/callbacks/manager.py:176}}
Jun 01 07:05:36.761415 dv-neutron-843791-3-hyperv neutron-server[105245]: DEBUG neutron_lib.callbacks.manager [None req-0cf9dbac-3f66-4a2d-b878-50854874f8c0 tempest-ServersTestJSON-668318435 tempest-ServersTestJSON-668318435-project] Publish callbacks ['neutron.plugins.ml2.plugin.SecurityGroupServerNotifierRpcMixin._notify_sg_on_port_change-133881904', 'neutron.plugins.ml2.ovo_rpc._ObjectChangeHandler.handle_event-137263', 'neutron.api.rpc.agentnotifiers.dhcp_rpc_agent_api.DhcpAgentNotifyAPI._native_event_send_dhcp_notification-646492', 'neutron.db.l3_db.L3RpcNotifierMixin._notify_gateway_port_ip_changed-8728648544979', 'neutron.db.l3_dvrscheduler_db._notify_l3_agent_port_update-8728648011798', 'neutron.db.l3_hascheduler_db._notify_l3_agent_ha_port_update-8728648011816', 'neutron.services.segments.plugin.NovaSegmentNotifier._notify_port_updated-3326355'] for port (d5d8e2b9-70ab-4282-a38a-2e9a143cc018), after_update {{(pid=105245) _notify_loop /usr/local/lib/python3.8/dist-packages/neutron_lib/callbacks/manager.py:176}}
Jun 01 07:05:36.815378 dv-neutron-843791-3-hyperv neutron-server[105245]: DEBUG neutron.db.db_base_plugin_common [None req-2c99b84a-30ae-4752-9032-d085831e9de2 tempest-FloatingIPNegativeTestJSON-1142990992 tempest-FloatingIPNegativeTestJSON-1142990992-project] Allocated IP 172.26.0.254 (49fcc045-9502-4f5e-9731-0384f72814c7/1ad43586-bc4e-4cef-9a64-1b38cdf7f838/a60d2325-bf28-49f5-8b61-8289e5ec4983) {{(pid=105245) _store_ip_allocation /opt/stack/neutron/neutron/db/db_base_plugin_common.py:131}}
Jun 01 07:05:36.826690 dv-neutron-843791-3-hyperv neutron-server[105245]: DEBUG neutron_lib.callbacks.manager [None req-007681b7-53f3-4ae2-a0f8-69b201f2b424 tempest-ExternalNetworksTestJSON-273427876 tempest-ExternalNetworksTestJSON-273427876-project-admin] Publish callbacks ['neutron.plugins.ml2.plugin.Ml2Plugin._handle_segment_change-133848039'] for segment (0c66d478-1626-416c-88e8-a34bb3366cf9), precommit_delete {{(pid=105245) _notify_loop /usr/local/lib/python3.8/dist-packages/neutron_lib/callbacks/manager.py:176}}
Jun 01 07:05:36.829773 dv-neutron-843791-3-hyperv neutron-server[105244]: INFO neutron.wsgi [req-89bd85c2-0bf5-4205-aa76-f766329d2636 req-b453ad96-0b06-4d0e-a616-66b564f2645c tempest-ServerActionsTestJSON-1778071371 tempest-ServerActionsTestJSON-1778071371-project] 10.222.0.18 "GET /v2.0/ports?device_id=3bf20c4c-d7bb-46fe-88fc-e941cd5b3dd3 HTTP/1.1" status: 200 len: 210 time: 0.2230291
Jun 01 07:05:36.842437 dv-neutron-843791-3-hyperv neutron-server[105244]: DEBUG neutron.api.rpc.handlers.resources_rpc [None req-73d3678d-de95-4255-86a7-f797ffd8463b tempest-AllowedAddressPairTestJSON-973608794 tempest-AllowedAddressPairTestJSON-973608794-project] Pushing event deleted for resources: {'Port': ['ID=7e865ef1-6eea-408f-a304-908300efe4a0,revision_number=None']} {{(pid=105244) push /opt/stack/neutron/neutron/api/rpc/handlers/resources_rpc.py:237}}
Jun 01 07:05:36.857125 dv-neutron-843791-3-hyperv neutron-server[105244]: DEBUG dbcounter [-] [105244] Writing DB stats neutron:SELECT=94,neutron:INSERT=5,neutron:UPDATE=1 {{(pid=105244) stat_writer /usr/local/lib/python3.8/dist-packages/dbcounter.py:114}}
Jun 01 07:05:36.871325 dv-neutron-843791-3-hyperv neutron-server[105245]: DEBUG neutron.plugins.ml2.drivers.type_vlan [None req-007681b7-53f3-4ae2-a0f8-69b201f2b424 tempest-ExternalNetworksTestJSON-273427876 tempest-ExternalNetworksTestJSON-273427876-project-admin] Releasing vlan 383 on physical network physnet1 to pool {{(pid=105245) release_segment /opt/stack/neutron/neutron/plugins/ml2/drivers/type_vlan.py:304}}
