May 28 03:31:31.265948 dv-neutron-843698-1-hyperv devstack@keystone.service[87142]: DEBUG keystone.server.flask.request_processing.middleware.auth_context [None req-d005740e-c37b-4db8-975c-25b8ad3b0643 None admin] RBAC: auth_context: {'token': , 'domain_id': None, 'trust_id': None, 'trustor_id': None, 'trustee_id': None, 'domain_name': None, 'group_ids': [], 'user_id': 'f1ffa43eea164520ac87eb30d5749670', 'user_domain_id': 'default', 'system_scope': 'all', 'project_id': None, 'project_domain_id': None, 'roles': ['admin', 'member', 'reader'], 'is_admin_project': True, 'service_user_id': None, 'service_user_domain_id': None, 'service_project_id': None, 'service_project_domain_id': None, 'service_roles': []} {{(pid=87142) fill_context /opt/stack/keystone/keystone/server/flask/request_processing/middleware/auth_context.py:478}}
May 28 03:31:31.267350 dv-neutron-843698-1-hyperv devstack@keystone.service[87142]: DEBUG keystone.server.flask.request_processing.req_logging [None req-d005740e-c37b-4db8-975c-25b8ad3b0643 None admin] REQUEST_METHOD: `GET` {{(pid=87142) log_request_info /opt/stack/keystone/keystone/server/flask/request_processing/req_logging.py:27}}
May 28 03:31:31.267870 dv-neutron-843698-1-hyperv devstack@keystone.service[87142]: DEBUG keystone.server.flask.request_processing.req_logging [None req-d005740e-c37b-4db8-975c-25b8ad3b0643 None admin] SCRIPT_NAME: `/identity` {{(pid=87142) log_request_info /opt/stack/keystone/keystone/server/flask/request_processing/req_logging.py:28}}
May 28 03:31:31.268397 dv-neutron-843698-1-hyperv devstack@keystone.service[87142]: DEBUG keystone.server.flask.request_processing.req_logging [None req-d005740e-c37b-4db8-975c-25b8ad3b0643 None admin] PATH_INFO: `/v3/users/84fe4c95d1e648ff996e45c93db746b5` {{(pid=87142) log_request_info /opt/stack/keystone/keystone/server/flask/request_processing/req_logging.py:29}}
May 28 03:31:31.292162 dv-neutron-843698-1-hyperv devstack@keystone.service[87142]: DEBUG keystone.common.rbac_enforcer.enforcer [None req-d005740e-c37b-4db8-975c-25b8ad3b0643 None admin] RBAC: Authorizing `identity:get_user(user_id=84fe4c95d1e648ff996e45c93db746b5)` {{(pid=87142) enforce_call /opt/stack/keystone/keystone/common/rbac_enforcer/enforcer.py:449}}
May 28 03:31:31.301477 dv-neutron-843698-1-hyperv devstack@keystone.service[87142]: DEBUG keystone.common.rbac_enforcer.enforcer [None req-d005740e-c37b-4db8-975c-25b8ad3b0643 None admin] RBAC: Authorization granted {{(pid=87142) enforce_call /opt/stack/keystone/keystone/common/rbac_enforcer/enforcer.py:457}}
May 28 03:31:31.303741 dv-neutron-843698-1-hyperv devstack@keystone.service[87142]: [pid: 87142|app: 0|req: 50/104] 10.222.0.45 () {56 vars in 1177 bytes} [Sat May 28 03:31:31 2022] GET /identity/v3/users/84fe4c95d1e648ff996e45c93db746b5 => generated 289 bytes in 287 msecs (HTTP/1.1 200) 5 headers in 177 bytes (2 switches on core 0)
May 28 03:31:31.309069 dv-neutron-843698-1-hyperv devstack@keystone.service[87142]: DEBUG keystone.server.flask.request_processing.middleware.auth_context [None req-d005740e-c37b-4db8-975c-25b8ad3b0643 None admin] Authenticating user token {{(pid=87142) process_request /usr/local/lib/python3.8/dist-packages/keystonemiddleware/auth_token/__init__.py:407}}
May 28 03:31:31.382845 dv-neutron-843698-1-hyperv devstack@keystone.service[87143]: DEBUG keystone.server.flask.request_processing.middleware.auth_context [None req-77381508-b1c0-4b71-a932-53d7acb0aa66 None None] Validating token access rules against request {{(pid=87143) validate_allowed_request /usr/local/lib/python3.8/dist-packages/keystonemiddleware/auth_token/__init__.py:545}}
May 28 03:31:31.397952 dv-neutron-843698-1-hyperv devstack@keystone.service[87142]: DEBUG dbcounter [-] [87142] Writing DB stats keystone:SELECT=100 {{(pid=87142) stat_writer /usr/local/lib/python3.8/dist-packages/dbcounter.py:114}}
May 28 03:31:31.441636 dv-neutron-843698-1-hyperv devstack@keystone.service[87143]: DEBUG keystone.server.flask.request_processing.middleware.auth_context [None req-29629412-9c5d-467d-85f3-f08b1ce49afc None admin] RBAC: auth_context: {'token': , 'domain_id': None, 'trust_id': None, 'trustor_id': None, 'trustee_id': None, 'domain_name': None, 'group_ids': [], 'user_id': 'f1ffa43eea164520ac87eb30d5749670', 'user_domain_id': 'default', 'system_scope': 'all', 'project_id': None, 'project_domain_id': None, 'roles': ['admin', 'member', 'reader'], 'is_admin_project': True, 'service_user_id': None, 'service_user_domain_id': None, 'service_project_id': None, 'service_project_domain_id': None, 'service_roles': []} {{(pid=87143) fill_context /opt/stack/keystone/keystone/server/flask/request_processing/middleware/auth_context.py:478}}
May 28 03:31:31.442809 dv-neutron-843698-1-hyperv devstack@keystone.service[87143]: DEBUG keystone.server.flask.request_processing.req_logging [None req-29629412-9c5d-467d-85f3-f08b1ce49afc None admin] REQUEST_METHOD: `GET` {{(pid=87143) log_request_info /opt/stack/keystone/keystone/server/flask/request_processing/req_logging.py:27}}
May 28 03:31:31.443290 dv-neutron-843698-1-hyperv devstack@keystone.service[87143]: DEBUG keystone.server.flask.request_processing.req_logging [None req-29629412-9c5d-467d-85f3-f08b1ce49afc None admin] SCRIPT_NAME: `/identity` {{(pid=87143) log_request_info /opt/stack/keystone/keystone/server/flask/request_processing/req_logging.py:28}}
May 28 03:31:31.443790 dv-neutron-843698-1-hyperv devstack@keystone.service[87143]: DEBUG keystone.server.flask.request_processing.req_logging [None req-29629412-9c5d-467d-85f3-f08b1ce49afc None admin] PATH_INFO: `/v3/domains/default` {{(pid=87143) log_request_info /opt/stack/keystone/keystone/server/flask/request_processing/req_logging.py:29}}
May 28 03:31:31.445342 dv-neutron-843698-1-hyperv devstack@keystone.service[87143]: DEBUG keystone.common.rbac_enforcer.enforcer [None req-29629412-9c5d-467d-85f3-f08b1ce49afc None admin] RBAC: Authorizing `identity:get_domain(domain_id=default)` {{(pid=87143) enforce_call /opt/stack/keystone/keystone/common/rbac_enforcer/enforcer.py:449}}
May 28 03:31:31.447010 dv-neutron-843698-1-hyperv devstack@keystone.service[87143]: DEBUG keystone.common.rbac_enforcer.enforcer [None req-29629412-9c5d-467d-85f3-f08b1ce49afc None admin] RBAC: Authorization granted {{(pid=87143) enforce_call /opt/stack/keystone/keystone/common/rbac_enforcer/enforcer.py:457}}
May 28 03:31:31.454088 dv-neutron-843698-1-hyperv devstack@keystone.service[87143]: [pid: 87143|app: 0|req: 55/105] 10.222.0.45 () {56 vars in 1108 bytes} [Sat May 28 03:31:31 2022] GET /identity/v3/domains/default => generated 199 bytes in 290 msecs (HTTP/1.1 200) 5 headers in 177 bytes (2 switches on core 0)
May 28 03:31:31.459872 dv-neutron-843698-1-hyperv devstack@keystone.service[87143]: DEBUG keystone.server.flask.request_processing.middleware.auth_context [None req-29629412-9c5d-467d-85f3-f08b1ce49afc None admin] Authenticating user token {{(pid=87143) process_request /usr/local/lib/python3.8/dist-packages/keystonemiddleware/auth_token/__init__.py:407}}
May 28 03:31:31.547712 dv-neutron-843698-1-hyperv devstack@keystone.service[87142]: DEBUG keystone.server.flask.request_processing.middleware.auth_context [None req-d005740e-c37b-4db8-975c-25b8ad3b0643 None admin] Validating token access rules against request {{(pid=87142) validate_allowed_request /usr/local/lib/python3.8/dist-packages/keystonemiddleware/auth_token/__init__.py:545}}
May 28 03:31:31.589932 dv-neutron-843698-1-hyperv devstack@keystone.service[87142]: DEBUG keystone.server.flask.request_processing.middleware.auth_context [None req-02a57234-48aa-478a-a74a-5426caeba964 None admin] RBAC: auth_context: {'token': , 'domain_id': None, 'trust_id': None, 'trustor_id': None, 'trustee_id': None, 'domain_name': None, 'group_ids': [], 'user_id': 'f1ffa43eea164520ac87eb30d5749670', 'user_domain_id': 'default', 'system_scope': 'all', 'project_id': None, 'project_domain_id': None, 'roles': ['admin', 'member', 'reader'], 'is_admin_project': True, 'service_user_id': None, 'service_user_domain_id': None, 'service_project_id': None, 'service_project_domain_id': None, 'service_roles': []} {{(pid=87142) fill_context /opt/stack/keystone/keystone/server/flask/request_processing/middleware/auth_context.py:478}}
May 28 03:31:31.590595 dv-neutron-843698-1-hyperv devstack@keystone.service[87142]: DEBUG keystone.server.flask.request_processing.req_logging [None req-02a57234-48aa-478a-a74a-5426caeba964 None admin] REQUEST_METHOD: `GET` {{(pid=87142) log_request_info /opt/stack/keystone/keystone/server/flask/request_processing/req_logging.py:27}}
May 28 03:31:31.590885 dv-neutron-843698-1-hyperv devstack@keystone.service[87142]: DEBUG keystone.server.flask.request_processing.req_logging [None req-02a57234-48aa-478a-a74a-5426caeba964 None admin] SCRIPT_NAME: `/identity` {{(pid=87142) log_request_info /opt/stack/keystone/keystone/server/flask/request_processing/req_logging.py:28}}
May 28 03:31:31.591172 dv-neutron-843698-1-hyperv devstack@keystone.service[87142]: DEBUG keystone.server.flask.request_processing.req_logging [None req-02a57234-48aa-478a-a74a-5426caeba964 None admin] PATH_INFO: `/v3/auth/tokens` {{(pid=87142) log_request_info /opt/stack/keystone/keystone/server/flask/request_processing/req_logging.py:29}}
May 28 03:31:31.667910 dv-neutron-843698-1-hyperv devstack@keystone.service[87142]: DEBUG keystone.common.rbac_enforcer.enforcer [None req-02a57234-48aa-478a-a74a-5426caeba964 None admin] RBAC: Authorizing `identity:validate_token()` {{(pid=87142) enforce_call /opt/stack/keystone/keystone/common/rbac_enforcer/enforcer.py:449}}
May 28 03:31:31.669419 dv-neutron-843698-1-hyperv devstack@keystone.service[87142]: DEBUG keystone.common.rbac_enforcer.enforcer [None req-02a57234-48aa-478a-a74a-5426caeba964 None admin] RBAC: Authorization granted {{(pid=87142) enforce_call /opt/stack/keystone/keystone/common/rbac_enforcer/enforcer.py:457}}
May 28 03:31:31.717745 dv-neutron-843698-1-hyperv devstack@keystone.service[87143]: DEBUG dbcounter [-] [87143] Writing DB stats keystone:SELECT=100 {{(pid=87143) stat_writer /usr/local/lib/python3.8/dist-packages/dbcounter.py:114}}
May 28 03:31:31.733709 dv-neutron-843698-1-hyperv devstack@keystone.service[87143]: DEBUG keystone.server.flask.request_processing.middleware.auth_context [None req-29629412-9c5d-467d-85f3-f08b1ce49afc None admin] Validating token access rules against request {{(pid=87143) validate_allowed_request /usr/local/lib/python3.8/dist-packages/keystonemiddleware/auth_token/__init__.py:545}}
May 28 03:31:31.733903 dv-neutron-843698-1-hyperv devstack@keystone.service[87142]: DEBUG dbcounter [-] [87142] Writing DB stats keystone:SELECT=100 {{(pid=87142) stat_writer /usr/local/lib/python3.8/dist-packages/dbcounter.py:114}}
May 28 03:31:31.833538 dv-neutron-843698-1-hyperv devstack@keystone.service[87143]: DEBUG keystone.server.flask.request_processing.middleware.auth_context [None req-5ea44e86-5c98-4fe6-9874-8cf0457d71e0 None admin] RBAC: auth_context: {'token': , 'domain_id': None, 'trust_id': None, 'trustor_id': None, 'trustee_id': None, 'domain_name': None, 'group_ids': [], 'user_id': 'f1ffa43eea164520ac87eb30d5749670', 'user_domain_id': 'default', 'system_scope': 'all', 'project_id': None, 'project_domain_id': None, 'roles': ['admin', 'member', 'reader'], 'is_admin_project': True, 'service_user_id': None, 'service_user_domain_id': None, 'service_project_id': None, 'service_project_domain_id': None, 'service_roles': []} {{(pid=87143) fill_context /opt/stack/keystone/keystone/server/flask/request_processing/middleware/auth_context.py:478}}
May 28 03:31:31.834613 dv-neutron-843698-1-hyperv devstack@keystone.service[87143]: DEBUG keystone.server.flask.request_processing.req_logging [None req-5ea44e86-5c98-4fe6-9874-8cf0457d71e0 None admin] REQUEST_METHOD: `POST` {{(pid=87143) log_request_info /opt/stack/keystone/keystone/server/flask/request_processing/req_logging.py:27}}
May 28 03:31:31.835112 dv-neutron-843698-1-hyperv devstack@keystone.service[87143]: DEBUG keystone.server.flask.request_processing.req_logging [None req-5ea44e86-5c98-4fe6-9874-8cf0457d71e0 None admin] SCRIPT_NAME: `/identity` {{(pid=87143) log_request_info /opt/stack/keystone/keystone/server/flask/request_processing/req_logging.py:28}}
May 28 03:31:31.835600 dv-neutron-843698-1-hyperv devstack@keystone.service[87143]: DEBUG keystone.server.flask.request_processing.req_logging [None req-5ea44e86-5c98-4fe6-9874-8cf0457d71e0 None admin] PATH_INFO: `/v3/projects` {{(pid=87143) log_request_info /opt/stack/keystone/keystone/server/flask/request_processing/req_logging.py:29}}
May 28 03:31:31.836551 dv-neutron-843698-1-hyperv devstack@keystone.service[87143]: DEBUG keystone.common.rbac_enforcer.enforcer [None req-5ea44e86-5c98-4fe6-9874-8cf0457d71e0 None admin] RBAC: Authorizing `identity:create_project()` {{(pid=87143) enforce_call /opt/stack/keystone/keystone/common/rbac_enforcer/enforcer.py:449}}
May 28 03:31:31.838230 dv-neutron-843698-1-hyperv devstack@keystone.service[87143]: DEBUG keystone.common.rbac_enforcer.enforcer [None req-5ea44e86-5c98-4fe6-9874-8cf0457d71e0 None admin] RBAC: Authorization granted {{(pid=87143) enforce_call /opt/stack/keystone/keystone/common/rbac_enforcer/enforcer.py:457}}
May 28 03:31:31.882307 dv-neutron-843698-1-hyperv devstack@keystone.service[87142]: [pid: 87142|app: 0|req: 51/106] 10.222.0.45 () {58 vars in 1282 bytes} [Sat May 28 03:31:31 2022] GET /identity/v3/auth/tokens => generated 799 bytes in 573 msecs (HTTP/1.1 200) 6 headers in 358 bytes (2 switches on core 0)
May 28 03:31:31.884252 dv-neutron-843698-1-hyperv devstack@keystone.service[87142]: DEBUG keystone.server.flask.request_processing.req_logging [None req-eaafb390-840c-4d3e-939a-4532a7e5930a None None] REQUEST_METHOD: `GET` {{(pid=87142) log_request_info /opt/stack/keystone/keystone/server/flask/request_processing/req_logging.py:27}}
May 28 03:31:31.884917 dv-neutron-843698-1-hyperv devstack@keystone.service[87142]: DEBUG keystone.server.flask.request_processing.req_logging [None req-eaafb390-840c-4d3e-939a-4532a7e5930a None None] SCRIPT_NAME: `/identity` {{(pid=87142) log_request_info /opt/stack/keystone/keystone/server/flask/request_processing/req_logging.py:28}}
May 28 03:31:31.885443 dv-neutron-843698-1-hyperv devstack@keystone.service[87142]: DEBUG keystone.server.flask.request_processing.req_logging [None req-eaafb390-840c-4d3e-939a-4532a7e5930a None None] PATH_INFO: `/` {{(pid=87142) log_request_info /opt/stack/keystone/keystone/server/flask/request_processing/req_logging.py:29}}
May 28 03:31:31.887095 dv-neutron-843698-1-hyperv devstack@keystone.service[87142]: [pid: 87142|app: 0|req: 52/107] 10.222.0.45 () {54 vars in 926 bytes} [Sat May 28 03:31:31 2022] GET /identity => generated 270 bytes in 4 msecs (HTTP/1.1 300) 6 headers in 234 bytes (1 switches on core 0)
May 28 03:31:31.888052 dv-neutron-843698-1-hyperv devstack@keystone.service[87142]: DEBUG keystone.server.flask.request_processing.middleware.auth_context [None req-eaafb390-840c-4d3e-939a-4532a7e5930a None None] Authenticating user token {{(pid=87142) process_request /usr/local/lib/python3.8/dist-packages/keystonemiddleware/auth_token/__init__.py:407}}
May 28 03:31:31.902258 dv-neutron-843698-1-hyperv devstack@keystone.service[87143]: [pid: 87143|app: 0|req: 56/108] 10.222.0.45 () {60 vars in 1141 bytes} [Sat May 28 03:31:31 2022] POST /identity/v3/projects => generated 302 bytes in 443 msecs (HTTP/1.1 201) 5 headers in 182 bytes (2 switches on core 0)
May 28 03:31:31.903961 dv-neutron-843698-1-hyperv devstack@keystone.service[87143]: DEBUG keystone.server.flask.request_processing.req_logging [None req-371c602e-2805-4642-ac1f-288038d1c675 None None] REQUEST_METHOD: `POST` {{(pid=87143) log_request_info /opt/stack/keystone/keystone/server/flask/request_processing/req_logging.py:27}}
May 28 03:31:31.904439 dv-neutron-843698-1-hyperv devstack@keystone.service[87143]: DEBUG keystone.server.flask.request_processing.req_logging [None req-371c602e-2805-4642-ac1f-288038d1c675 None None] SCRIPT_NAME: `/identity` {{(pid=87143) log_request_info /opt/stack/keystone/keystone/server/flask/request_processing/req_logging.py:28}}
May 28 03:31:31.904920 dv-neutron-843698-1-hyperv devstack@keystone.service[87143]: DEBUG keystone.server.flask.request_processing.req_logging [None req-371c602e-2805-4642-ac1f-288038d1c675 None None] PATH_INFO: `/v3/auth/tokens` {{(pid=87143) log_request_info /opt/stack/keystone/keystone/server/flask/request_processing/req_logging.py:29}}
May 28 03:31:31.942635 dv-neutron-843698-1-hyperv devstack@keystone.service[87143]: DEBUG keystone.auth.core [None req-371c602e-2805-4642-ac1f-288038d1c675 None None] MFA Rules not processed for user `f1ffa43eea164520ac87eb30d5749670`. Rule list: `[]` (Enabled: `True`). {{(pid=87143) check_auth_methods_against_rules /opt/stack/keystone/keystone/auth/core.py:438}}
May 28 03:31:31.944255 dv-neutron-843698-1-hyperv devstack@keystone.service[87143]: DEBUG keystone.common.fernet_utils [None req-371c602e-2805-4642-ac1f-288038d1c675 None None] Loaded 2 Fernet keys from /etc/keystone/fernet-keys/, but `[fernet_tokens] max_active_keys = 3`; perhaps there have not been enough key rotations to reach `max_active_keys` yet? {{(pid=87143) load_keys /opt/stack/keystone/keystone/common/fernet_utils.py:286}}
May 28 03:31:32.050445 dv-neutron-843698-1-hyperv devstack@keystone.service[87142]: DEBUG keystone.server.flask.request_processing.middleware.auth_context [None req-eaafb390-840c-4d3e-939a-4532a7e5930a None None] Validating token access rules against request {{(pid=87142) validate_allowed_request /usr/local/lib/python3.8/dist-packages/keystonemiddleware/auth_token/__init__.py:545}}
May 28 03:31:32.075560 dv-neutron-843698-1-hyperv devstack@keystone.service[87143]: [pid: 87143|app: 0|req: 57/109] 10.222.0.45 () {58 vars in 1023 bytes} [Sat May 28 03:31:31 2022] POST /identity/v3/auth/tokens => generated 799 bytes in 172 msecs (HTTP/1.1 201) 6 headers in 363 bytes (1 switches on core 0)
May 28 03:31:32.102946 dv-neutron-843698-1-hyperv devstack@keystone.service[87142]: DEBUG keystone.server.flask.request_processing.middleware.auth_context [None req-47409520-d20a-4629-a1d9-6afae79f7fb5 None admin] RBAC: auth_context: {'token': , 'domain_id': None, 'trust_id': None, 'trustor_id': None, 'trustee_id': None, 'domain_name': None, 'group_ids': [], 'user_id': 'f1ffa43eea164520ac87eb30d5749670', 'user_domain_id': 'default', 'system_scope': 'all', 'project_id': None, 'project_domain_id': None, 'roles': ['admin', 'member', 'reader'], 'is_admin_project': True, 'service_user_id': None, 'service_user_domain_id': None, 'service_project_id': None, 'service_project_domain_id': None, 'service_roles': []} {{(pid=87142) fill_context /opt/stack/keystone/keystone/server/flask/request_processing/middleware/auth_context.py:478}}
May 28 03:31:32.103903 dv-neutron-843698-1-hyperv devstack@keystone.service[87142]: DEBUG keystone.server.flask.request_processing.req_logging [None req-47409520-d20a-4629-a1d9-6afae79f7fb5 None admin] REQUEST_METHOD: `GET` {{(pid=87142) log_request_info /opt/stack/keystone/keystone/server/flask/request_processing/req_logging.py:27}}
May 28 03:31:32.104195 dv-neutron-843698-1-hyperv devstack@keystone.service[87142]: DEBUG keystone.server.flask.request_processing.req_logging [None req-47409520-d20a-4629-a1d9-6afae79f7fb5 None admin] SCRIPT_NAME: `/identity` {{(pid=87142) log_request_info /opt/stack/keystone/keystone/server/flask/request_processing/req_logging.py:28}}
May 28 03:31:32.104476 dv-neutron-843698-1-hyperv devstack@keystone.service[87142]: DEBUG keystone.server.flask.request_processing.req_logging [None req-47409520-d20a-4629-a1d9-6afae79f7fb5 None admin] PATH_INFO: `/v3/projects/4b40ca7093224d8fa9cd56a6f5409f52` {{(pid=87142) log_request_info /opt/stack/keystone/keystone/server/flask/request_processing/req_logging.py:29}}
May 28 03:31:32.106341 dv-neutron-843698-1-hyperv devstack@keystone.service[87143]: DEBUG keystone.server.flask.request_processing.middleware.auth_context [None req-371c602e-2805-4642-ac1f-288038d1c675 None None] Authenticating user token {{(pid=87143) process_request /usr/local/lib/python3.8/dist-packages/keystonemiddleware/auth_token/__init__.py:407}}
May 28 03:31:32.110261 dv-neutron-843698-1-hyperv devstack@keystone.service[87142]: DEBUG keystone.common.rbac_enforcer.enforcer [None req-47409520-d20a-4629-a1d9-6afae79f7fb5 None admin] RBAC: Authorizing `identity:get_project(project_id=4b40ca7093224d8fa9cd56a6f5409f52)` {{(pid=87142) enforce_call /opt/stack/keystone/keystone/common/rbac_enforcer/enforcer.py:449}}
May 28 03:31:32.116666 dv-neutron-843698-1-hyperv devstack@keystone.service[87142]: DEBUG keystone.common.rbac_enforcer.enforcer [None req-47409520-d20a-4629-a1d9-6afae79f7fb5 None admin] RBAC: Authorization granted {{(pid=87142) enforce_call /opt/stack/keystone/keystone/common/rbac_enforcer/enforcer.py:457}}
May 28 03:31:32.122164 dv-neutron-843698-1-hyperv devstack@keystone.service[87142]: [pid: 87142|app: 0|req: 53/110] 10.222.0.45 () {56 vars in 1186 bytes} [Sat May 28 03:31:31 2022] GET /identity/v3/projects/4b40ca7093224d8fa9cd56a6f5409f52 => generated 298 bytes in 234 msecs (HTTP/1.1 200) 5 headers in 177 bytes (1 switches on core 0)
May 28 03:31:32.126527 dv-neutron-843698-1-hyperv devstack@keystone.service[87142]: DEBUG keystone.server.flask.request_processing.req_logging [None req-dedadc0c-c8b1-442d-b4cb-bf87e77a7778 None None] REQUEST_METHOD: `GET` {{(pid=87142) log_request_info /opt/stack/keystone/keystone/server/flask/request_processing/req_logging.py:27}}
May 28 03:31:32.126818 dv-neutron-843698-1-hyperv devstack@keystone.service[87142]: DEBUG keystone.server.flask.request_processing.req_logging [None req-dedadc0c-c8b1-442d-b4cb-bf87e77a7778 None None] SCRIPT_NAME: `/identity` {{(pid=87142) log_request_info /opt/stack/keystone/keystone/server/flask/request_processing/req_logging.py:28}}
May 28 03:31:32.128516 dv-neutron-843698-1-hyperv devstack@keystone.service[87142]: DEBUG keystone.server.flask.request_processing.req_logging [None req-dedadc0c-c8b1-442d-b4cb-bf87e77a7778 None None] PATH_INFO: `/` {{(pid=87142) log_request_info /opt/stack/keystone/keystone/server/flask/request_processing/req_logging.py:29}}
May 28 03:31:32.130352 dv-neutron-843698-1-hyperv devstack@keystone.service[87142]: [pid: 87142|app: 0|req: 54/111] 10.222.0.45 () {54 vars in 926 bytes} [Sat May 28 03:31:32 2022] GET /identity => generated 270 bytes in 5 msecs (HTTP/1.1 300) 6 headers in 234 bytes (1 switches on core 0)
May 28 03:31:32.134040 dv-neutron-843698-1-hyperv devstack@keystone.service[87142]: DEBUG keystone.server.flask.request_processing.middleware.auth_context [None req-dedadc0c-c8b1-442d-b4cb-bf87e77a7778 None None] Authenticating user token {{(pid=87142) process_request /usr/local/lib/python3.8/dist-packages/keystonemiddleware/auth_token/__init__.py:407}}
May 28 03:31:32.156060 dv-neutron-843698-1-hyperv devstack@keystone.service[87142]: DEBUG dbcounter [-] [87142] Writing DB stats keystone:SELECT=100 {{(pid=87142) stat_writer /usr/local/lib/python3.8/dist-packages/dbcounter.py:114}}
May 28 03:31:32.236294 dv-neutron-843698-1-hyperv devstack@keystone.service[87143]: DEBUG dbcounter [-] [87143] Writing DB stats keystone:SELECT=99,keystone:INSERT=1 {{(pid=87143) stat_writer /usr/local/lib/python3.8/dist-packages/dbcounter.py:114}}
May 28 03:31:32.262699 dv-neutron-843698-1-hyperv devstack@keystone.service[87143]: DEBUG keystone.server.flask.request_processing.middleware.auth_context [None req-371c602e-2805-4642-ac1f-288038d1c675 None None] Validating token access rules against request {{(pid=87143) validate_allowed_request /usr/local/lib/python3.8/dist-packages/keystonemiddleware/auth_token/__init__.py:545}}
May 28 03:31:32.271761 dv-neutron-843698-1-hyperv devstack@keystone.service[87142]: DEBUG keystone.server.flask.request_processing.middleware.auth_context [None req-dedadc0c-c8b1-442d-b4cb-bf87e77a7778 None None] Validating token access rules against request {{(pid=87142) validate_allowed_request /usr/local/lib/python3.8/dist-packages/keystonemiddleware/auth_token/__init__.py:545}}
May 28 03:31:32.306914 dv-neutron-843698-1-hyperv devstack@keystone.service[87143]: DEBUG keystone.server.flask.request_processing.middleware.auth_context [None req-5e22169e-12f4-4858-a23c-3d4e82d78bd0 None admin] RBAC: auth_context: {'token': , 'domain_id': None, 'trust_id': None, 'trustor_id': None, 'trustee_id': None, 'domain_name': None, 'group_ids': [], 'user_id': 'f1ffa43eea164520ac87eb30d5749670', 'user_domain_id': 'default', 'system_scope': 'all', 'project_id': None, 'project_domain_id': None, 'roles': ['admin', 'member', 'reader'], 'is_admin_project': True, 'service_user_id': None, 'service_user_domain_id': None, 'service_project_id': None, 'service_project_domain_id': None, 'service_roles': []} {{(pid=87143) fill_context /opt/stack/keystone/keystone/server/flask/request_processing/middleware/auth_context.py:478}}
May 28 03:31:32.307640 dv-neutron-843698-1-hyperv devstack@keystone.service[87143]: DEBUG keystone.server.flask.request_processing.req_logging [None req-5e22169e-12f4-4858-a23c-3d4e82d78bd0 None admin] REQUEST_METHOD: `GET` {{(pid=87143) log_request_info /opt/stack/keystone/keystone/server/flask/request_processing/req_logging.py:27}}
May 28 03:31:32.307965 dv-neutron-843698-1-hyperv devstack@keystone.service[87143]: DEBUG keystone.server.flask.request_processing.req_logging [None req-5e22169e-12f4-4858-a23c-3d4e82d78bd0 None admin] SCRIPT_NAME: `/identity` {{(pid=87143) log_request_info /opt/stack/keystone/keystone/server/flask/request_processing/req_logging.py:28}}
May 28 03:31:32.308239 dv-neutron-843698-1-hyperv devstack@keystone.service[87143]: DEBUG keystone.server.flask.request_processing.req_logging [None req-5e22169e-12f4-4858-a23c-3d4e82d78bd0 None admin] PATH_INFO: `/v3/roles/admin` {{(pid=87143) log_request_info /opt/stack/keystone/keystone/server/flask/request_processing/req_logging.py:29}}
May 28 03:31:32.317931 dv-neutron-843698-1-hyperv devstack@keystone.service[87142]: DEBUG keystone.server.flask.request_processing.middleware.auth_context [None req-7197007e-1315-4cb2-a3eb-7d446c461c09 None admin] RBAC: auth_context: {'token': , 'domain_id': None, 'trust_id': None, 'trustor_id': None, 'trustee_id': None, 'domain_name': None, 'group_ids': [], 'user_id': 'f1ffa43eea164520ac87eb30d5749670', 'user_domain_id': 'default', 'system_scope': 'all', 'project_id': None, 'project_domain_id': None, 'roles': ['admin', 'member', 'reader'], 'is_admin_project': True, 'service_user_id': None, 'service_user_domain_id': None, 'service_project_id': None, 'service_project_domain_id': None, 'service_roles': []} {{(pid=87142) fill_context /opt/stack/keystone/keystone/server/flask/request_processing/middleware/auth_context.py:478}}
May 28 03:31:32.318871 dv-neutron-843698-1-hyperv devstack@keystone.service[87142]: DEBUG keystone.server.flask.request_processing.req_logging [None req-7197007e-1315-4cb2-a3eb-7d446c461c09 None admin] REQUEST_METHOD: `GET` {{(pid=87142) log_request_info /opt/stack/keystone/keystone/server/flask/request_processing/req_logging.py:27}}
May 28 03:31:32.319343 dv-neutron-843698-1-hyperv devstack@keystone.service[87142]: DEBUG keystone.server.flask.request_processing.req_logging [None req-7197007e-1315-4cb2-a3eb-7d446c461c09 None admin] SCRIPT_NAME: `/identity` {{(pid=87142) log_request_info /opt/stack/keystone/keystone/server/flask/request_processing/req_logging.py:28}}
May 28 03:31:32.319842 dv-neutron-843698-1-hyperv devstack@keystone.service[87142]: DEBUG keystone.server.flask.request_processing.req_logging [None req-7197007e-1315-4cb2-a3eb-7d446c461c09 None admin] PATH_INFO: `/v3/role_assignments` {{(pid=87142) log_request_info /opt/stack/keystone/keystone/server/flask/request_processing/req_logging.py:29}}
May 28 03:31:32.320924 dv-neutron-843698-1-hyperv devstack@keystone.service[87143]: DEBUG keystone.common.rbac_enforcer.enforcer [None req-5e22169e-12f4-4858-a23c-3d4e82d78bd0 None admin] Extracting inferred target data resulted in "NOT FOUND (404)". {{(pid=87143) enforce_call /opt/stack/keystone/keystone/common/rbac_enforcer/enforcer.py:409}}
May 28 03:31:32.321351 dv-neutron-843698-1-hyperv devstack@keystone.service[87142]: DEBUG keystone.common.rbac_enforcer.enforcer [None req-7197007e-1315-4cb2-a3eb-7d446c461c09 None admin] RBAC: Adding query filter params (role.id=60bc353fbeb949ddb07fa3afbb44090a, scope.project.id=4b40ca7093224d8fa9cd56a6f5409f52, user.id=84fe4c95d1e648ff996e45c93db746b5) {{(pid=87142) _extract_filter_values /opt/stack/keystone/keystone/common/rbac_enforcer/enforcer.py:167}}
May 28 03:31:32.321858 dv-neutron-843698-1-hyperv devstack@keystone.service[87142]: DEBUG keystone.common.rbac_enforcer.enforcer [None req-7197007e-1315-4cb2-a3eb-7d446c461c09 None admin] RBAC: Authorizing `identity:list_role_assignments()` {{(pid=87142) enforce_call /opt/stack/keystone/keystone/common/rbac_enforcer/enforcer.py:449}}
May 28 03:31:32.323531 dv-neutron-843698-1-hyperv devstack@keystone.service[87142]: DEBUG keystone.common.rbac_enforcer.enforcer [None req-7197007e-1315-4cb2-a3eb-7d446c461c09 None admin] RBAC: Authorization granted {{(pid=87142) enforce_call /opt/stack/keystone/keystone/common/rbac_enforcer/enforcer.py:457}}
May 28 03:31:32.329917 dv-neutron-843698-1-hyperv devstack@keystone.service[87142]: [pid: 87142|app: 0|req: 55/112] 10.222.0.45 () {56 vars in 1374 bytes} [Sat May 28 03:31:32 2022] GET /identity/v3/role_assignments?user.id=84fe4c95d1e648ff996e45c93db746b5&scope.project.id=4b40ca7093224d8fa9cd56a6f5409f52&role.id=60bc353fbeb949ddb07fa3afbb44090a => generated 259 bytes in 198 msecs (HTTP/1.1 200) 5 headers in 177 bytes (1 switches on core 0)
May 28 03:31:32.330881 dv-neutron-843698-1-hyperv devstack@keystone.service[87143]: ERROR keystone.server.flask.application [None req-5e22169e-12f4-4858-a23c-3d4e82d78bd0 None admin] Could not find role: admin.: keystone.exception.RoleNotFound: Could not find role: admin.
May 28 03:31:32.330881 dv-neutron-843698-1-hyperv devstack@keystone.service[87143]: ERROR keystone.server.flask.application
Traceback (most recent call last):
May 28 03:31:32.330881 dv-neutron-843698-1-hyperv devstack@keystone.service[87143]: ERROR keystone.server.flask.application
File "/usr/local/lib/python3.8/dist-packages/flask/app.py", line 1523, in full_dispatch_request
May 28 03:31:32.330881 dv-neutron-843698-1-hyperv devstack@keystone.service[87143]: ERROR keystone.server.flask.application rv = self.dispatch_request()
May 28 03:31:32.330881 dv-neutron-843698-1-hyperv devstack@keystone.service[87143]: ERROR keystone.server.flask.application
File "/usr/local/lib/python3.8/dist-packages/flask/app.py", line 1509, in dispatch_request
May 28 03:31:32.330881 dv-neutron-843698-1-hyperv devstack@keystone.service[87143]: ERROR keystone.server.flask.application return self.ensure_sync(self.view_functions[rule.endpoint])(**req.view_args)
May 28 03:31:32.330881 dv-neutron-843698-1-hyperv devstack@keystone.service[87143]: ERROR keystone.server.flask.application
File "/usr/local/lib/python3.8/dist-packages/flask_restful/__init__.py", line 467, in wrapper
May 28 03:31:32.330881 dv-neutron-843698-1-hyperv devstack@keystone.service[87143]: ERROR keystone.server.flask.application resp = resource(*args, **kwargs)
May 28 03:31:32.330881 dv-neutron-843698-1-hyperv devstack@keystone.service[87143]: ERROR keystone.server.flask.application
File "/usr/local/lib/python3.8/dist-packages/flask/views.py", line 84, in view
May 28 03:31:32.330881 dv-neutron-843698-1-hyperv devstack@keystone.service[87143]: ERROR keystone.server.flask.application return current_app.ensure_sync(self.dispatch_request)(*args, **kwargs)
May 28 03:31:32.330881 dv-neutron-843698-1-hyperv devstack@keystone.service[87143]: ERROR keystone.server.flask.application
File "/usr/local/lib/python3.8/dist-packages/flask_restful/__init__.py", line 582, in dispatch_request
May 28 03:31:32.330881 dv-neutron-843698-1-hyperv devstack@keystone.service[87143]: ERROR keystone.server.flask.application resp = meth(*args, **kwargs)
May 28 03:31:32.330881 dv-neutron-843698-1-hyperv devstack@keystone.service[87143]: ERROR keystone.server.flask.application
File "/opt/stack/keystone/keystone/api/roles.py", line 50, in get
May 28 03:31:32.330881 dv-neutron-843698-1-hyperv devstack@keystone.service[87143]: ERROR keystone.server.flask.application return self._get_role(role_id)
May 28 03:31:32.330881 dv-neutron-843698-1-hyperv devstack@keystone.service[87143]: ERROR keystone.server.flask.application
File "/opt/stack/keystone/keystone/api/roles.py", line 70, in _get_role
May 28 03:31:32.330881 dv-neutron-843698-1-hyperv devstack@keystone.service[87143]: ERROR keystone.server.flask.application ENFORCER.enforce_call(action='identity:get_role')
May 28 03:31:32.331921 dv-neutron-843698-1-hyperv devstack@keystone.service[87143]: ERROR keystone.server.flask.application
File "/opt/stack/keystone/keystone/common/rbac_enforcer/enforcer.py", line 402, in enforce_call
May 28 03:31:32.331921 dv-neutron-843698-1-hyperv devstack@keystone.service[87143]: ERROR keystone.server.flask.application policy_dict.update(cls._extract_member_target_data(
May 28 03:31:32.331921 dv-neutron-843698-1-hyperv devstack@keystone.service[87143]: ERROR keystone.server.flask.application
File "/opt/stack/keystone/keystone/common/rbac_enforcer/enforcer.py", line 234, in _extract_member_target_data
May 28 03:31:32.331921 dv-neutron-843698-1-hyperv devstack@keystone.service[87143]: ERROR keystone.server.flask.application member_name: func(flask.request.view_args[key])
May 28 03:31:32.331921 dv-neutron-843698-1-hyperv devstack@keystone.service[87143]: ERROR keystone.server.flask.application
File "/opt/stack/keystone/keystone/common/manager.py", line 115, in wrapped
May 28 03:31:32.331921 dv-neutron-843698-1-hyperv devstack@keystone.service[87143]: ERROR keystone.server.flask.application __ret_val = __f(*args, **kwargs)
May 28 03:31:32.331921 dv-neutron-843698-1-hyperv devstack@keystone.service[87143]: ERROR keystone.server.flask.application
File "/usr/local/lib/python3.8/dist-packages/decorator.py", line 232, in fun
May 28 03:31:32.331921 dv-neutron-843698-1-hyperv devstack@keystone.service[87143]: ERROR keystone.server.flask.application return caller(func, *(extras + args), **kw)
May 28 03:31:32.331921 dv-neutron-843698-1-hyperv devstack@keystone.service[87143]: ERROR keystone.server.flask.application
File "/usr/local/lib/python3.8/dist-packages/dogpile/cache/region.py", line 1577, in get_or_create_for_user_func
May 28 03:31:32.331921 dv-neutron-843698-1-hyperv devstack@keystone.service[87143]: ERROR keystone.server.flask.application return self.get_or_create(
May 28 03:31:32.331921 dv-neutron-843698-1-hyperv devstack@keystone.service[87143]: ERROR keystone.server.flask.application
File "/usr/local/lib/python3.8/dist-packages/dogpile/cache/region.py", line 1042, in get_or_create
May 28 03:31:32.331921 dv-neutron-843698-1-hyperv devstack@keystone.service[87143]: ERROR keystone.server.flask.application with Lock(
May 28 03:31:32.331921 dv-neutron-843698-1-hyperv devstack@keystone.service[87143]: ERROR keystone.server.flask.application
File "/usr/local/lib/python3.8/dist-packages/dogpile/lock.py", line 185, in __enter__
May 28 03:31:32.331921 dv-neutron-843698-1-hyperv devstack@keystone.service[87143]: ERROR keystone.server.flask.application return self._enter()
May 28 03:31:32.331921 dv-neutron-843698-1-hyperv devstack@keystone.service[87143]: ERROR keystone.server.flask.application
File "/usr/local/lib/python3.8/dist-packages/dogpile/lock.py", line 94, in _enter
May 28 03:31:32.331921 dv-neutron-843698-1-hyperv devstack@keystone.service[87143]: ERROR keystone.server.flask.application generated = self._enter_create(value, createdtime)
May 28 03:31:32.333019 dv-neutron-843698-1-hyperv devstack@keystone.service[87143]: ERROR keystone.server.flask.application
File "/usr/local/lib/python3.8/dist-packages/dogpile/lock.py", line 178, in _enter_create
May 28 03:31:32.333019 dv-neutron-843698-1-hyperv devstack@keystone.service[87143]: ERROR keystone.server.flask.application return self.creator()
May 28 03:31:32.333019 dv-neutron-843698-1-hyperv devstack@keystone.service[87143]: ERROR keystone.server.flask.application
File "/usr/local/lib/python3.8/dist-packages/dogpile/cache/region.py", line 995, in gen_value
May 28 03:31:32.333019 dv-neutron-843698-1-hyperv devstack@keystone.service[87143]: ERROR keystone.server.flask.application created_value = creator(
May 28 03:31:32.333019 dv-neutron-843698-1-hyperv devstack@keystone.service[87143]: ERROR keystone.server.flask.application
File "/opt/stack/keystone/keystone/assignment/core.py", line 1276, in get_role
May 28 03:31:32.333019 dv-neutron-843698-1-hyperv devstack@keystone.service[87143]: ERROR keystone.server.flask.application return self.driver.get_role(role_id)
May 28 03:31:32.333019 dv-neutron-843698-1-hyperv devstack@keystone.service[87143]: ERROR keystone.server.flask.application
File "/opt/stack/keystone/keystone/assignment/role_backends/sql.py", line 70, in get_role
May 28 03:31:32.333019 dv-neutron-843698-1-hyperv devstack@keystone.service[87143]: ERROR keystone.server.flask.application return self._get_role(session, role_id).to_dict()
May 28 03:31:32.333019 dv-neutron-843698-1-hyperv devstack@keystone.service[87143]: ERROR keystone.server.flask.application
File "/opt/stack/keystone/keystone/assignment/role_backends/sql.py", line 65, in _get_role
May 28 03:31:32.333019 dv-neutron-843698-1-hyperv devstack@keystone.service[87143]: ERROR keystone.server.flask.application raise exception.RoleNotFound(role_id=role_id)
May 28 03:31:32.333019 dv-neutron-843698-1-hyperv devstack@keystone.service[87143]: ERROR keystone.server.flask.application keystone.exception.RoleNotFound: Could not find role: admin.
May 28 03:31:32.333019 dv-neutron-843698-1-hyperv devstack@keystone.service[87143]: ERROR keystone.server.flask.application
May 28 03:31:32.333019 dv-neutron-843698-1-hyperv devstack@keystone.service[87143]: [pid: 87143|app: 0|req: 58/113] 10.222.0.45 () {56 vars in 1096 bytes} [Sat May 28 03:31:32 2022] GET /identity/v3/roles/admin => generated 83 bytes in 226 msecs (HTTP/1.1 404) 5 headers in 183 bytes (2 switches on core 0)
May 28 03:31:32.335056 dv-neutron-843698-1-hyperv devstack@keystone.service[87142]: DEBUG keystone.server.flask.request_processing.req_logging [None req-3c818455-5055-463f-92fb-fe9719155d47 None None] REQUEST_METHOD: `POST` {{(pid=87142) log_request_info /opt/stack/keystone/keystone/server/flask/request_processing/req_logging.py:27}}
May 28 03:31:32.335352 dv-neutron-843698-1-hyperv devstack@keystone.service[87142]: DEBUG keystone.server.flask.request_processing.req_logging [None req-3c818455-5055-463f-92fb-fe9719155d47 None None] SCRIPT_NAME: `/identity` {{(pid=87142) log_request_info /opt/stack/keystone/keystone/server/flask/request_processing/req_logging.py:28}}
May 28 03:31:32.335633 dv-neutron-843698-1-hyperv devstack@keystone.service[87142]: DEBUG keystone.server.flask.request_processing.req_logging [None req-3c818455-5055-463f-92fb-fe9719155d47 None None] PATH_INFO: `/v3/auth/tokens` {{(pid=87142) log_request_info /opt/stack/keystone/keystone/server/flask/request_processing/req_logging.py:29}}
May 28 03:31:32.337899 dv-neutron-843698-1-hyperv devstack@keystone.service[87143]: DEBUG keystone.server.flask.request_processing.middleware.auth_context [None req-5e22169e-12f4-4858-a23c-3d4e82d78bd0 None admin] Authenticating user token {{(pid=87143) process_request /usr/local/lib/python3.8/dist-packages/keystonemiddleware/auth_token/__init__.py:407}}
May 28 03:31:32.358898 dv-neutron-843698-1-hyperv devstack@keystone.service[87142]: DEBUG keystone.auth.core [None req-3c818455-5055-463f-92fb-fe9719155d47 None None] MFA Rules not processed for user `f1ffa43eea164520ac87eb30d5749670`. Rule list: `[]` (Enabled: `True`). {{(pid=87142) check_auth_methods_against_rules /opt/stack/keystone/keystone/auth/core.py:438}}
May 28 03:31:32.360497 dv-neutron-843698-1-hyperv devstack@keystone.service[87142]: DEBUG keystone.common.fernet_utils [None req-3c818455-5055-463f-92fb-fe9719155d47 None None] Loaded 2 Fernet keys from /etc/keystone/fernet-keys/, but `[fernet_tokens] max_active_keys = 3`; perhaps there have not been enough key rotations to reach `max_active_keys` yet? {{(pid=87142) load_keys /opt/stack/keystone/keystone/common/fernet_utils.py:286}}
May 28 03:31:32.455792 dv-neutron-843698-1-hyperv devstack@keystone.service[87142]: [pid: 87142|app: 0|req: 56/114] 10.222.0.45 () {58 vars in 1023 bytes} [Sat May 28 03:31:32 2022] POST /identity/v3/auth/tokens => generated 799 bytes in 125 msecs (HTTP/1.1 201) 6 headers in 363 bytes (1 switches on core 0)
May 28 03:31:32.467286 dv-neutron-843698-1-hyperv devstack@keystone.service[87143]: DEBUG keystone.server.flask.request_processing.middleware.auth_context [None req-5e22169e-12f4-4858-a23c-3d4e82d78bd0 None admin] Validating token access rules against request {{(pid=87143) validate_allowed_request /usr/local/lib/python3.8/dist-packages/keystonemiddleware/auth_token/__init__.py:545}}
May 28 03:31:32.478797 dv-neutron-843698-1-hyperv devstack@keystone.service[87142]: DEBUG keystone.server.flask.request_processing.middleware.auth_context [None req-3c818455-5055-463f-92fb-fe9719155d47 None None] Authenticating user token {{(pid=87142) process_request /usr/local/lib/python3.8/dist-packages/keystonemiddleware/auth_token/__init__.py:407}}
May 28 03:31:32.481711 dv-neutron-843698-1-hyperv devstack@keystone.service[87142]: DEBUG dbcounter [-] [87142] Writing DB stats keystone:SELECT=100 {{(pid=87142) stat_writer /usr/local/lib/python3.8/dist-packages/dbcounter.py:114}}
May 28 03:31:32.514216 dv-neutron-843698-1-hyperv devstack@keystone.service[87143]: DEBUG keystone.server.flask.request_processing.middleware.auth_context [None req-31fe436a-bf5d-418e-ac00-4830699dd8a3 None admin] RBAC: auth_context: {'token': , 'domain_id': None, 'trust_id': None, 'trustor_id': None, 'trustee_id': None, 'domain_name': None, 'group_ids': [], 'user_id': 'f1ffa43eea164520ac87eb30d5749670', 'user_domain_id': 'default', 'system_scope': 'all', 'project_id': None, 'project_domain_id': None, 'roles': ['admin', 'member', 'reader'], 'is_admin_project': True, 'service_user_id': None, 'service_user_domain_id': None, 'service_project_id': None, 'service_project_domain_id': None, 'service_roles': []} {{(pid=87143) fill_context /opt/stack/keystone/keystone/server/flask/request_processing/middleware/auth_context.py:478}}
May 28 03:31:32.515269 dv-neutron-843698-1-hyperv devstack@keystone.service[87143]: DEBUG keystone.server.flask.request_processing.req_logging [None req-31fe436a-bf5d-418e-ac00-4830699dd8a3 None admin] REQUEST_METHOD: `GET` {{(pid=87143) log_request_info /opt/stack/keystone/keystone/server/flask/request_processing/req_logging.py:27}}
May 28 03:31:32.515577 dv-neutron-843698-1-hyperv devstack@keystone.service[87143]: DEBUG keystone.server.flask.request_processing.req_logging [None req-31fe436a-bf5d-418e-ac00-4830699dd8a3 None admin] SCRIPT_NAME: `/identity` {{(pid=87143) log_request_info /opt/stack/keystone/keystone/server/flask/request_processing/req_logging.py:28}}
May 28 03:31:32.515896 dv-neutron-843698-1-hyperv devstack@keystone.service[87143]: DEBUG keystone.server.flask.request_processing.req_logging [None req-31fe436a-bf5d-418e-ac00-4830699dd8a3 None admin] PATH_INFO: `/v3/roles` {{(pid=87143) log_request_info /opt/stack/keystone/keystone/server/flask/request_processing/req_logging.py:29}}
May 28 03:31:32.516959 dv-neutron-843698-1-hyperv devstack@keystone.service[87143]: DEBUG keystone.common.rbac_enforcer.enforcer [None req-31fe436a-bf5d-418e-ac00-4830699dd8a3 None admin] RBAC: Adding query filter params (name=admin) {{(pid=87143) _extract_filter_values /opt/stack/keystone/keystone/common/rbac_enforcer/enforcer.py:167}}
May 28 03:31:32.517278 dv-neutron-843698-1-hyperv devstack@keystone.service[87143]: DEBUG keystone.common.rbac_enforcer.enforcer [None req-31fe436a-bf5d-418e-ac00-4830699dd8a3 None admin] RBAC: Authorizing `identity:list_roles()` {{(pid=87143) enforce_call /opt/stack/keystone/keystone/common/rbac_enforcer/enforcer.py:449}}
May 28 03:31:32.518800 dv-neutron-843698-1-hyperv devstack@keystone.service[87143]: DEBUG keystone.common.rbac_enforcer.enforcer [None req-31fe436a-bf5d-418e-ac00-4830699dd8a3 None admin] RBAC: Authorization granted {{(pid=87143) enforce_call /opt/stack/keystone/keystone/common/rbac_enforcer/enforcer.py:457}}
May 28 03:31:32.530457 dv-neutron-843698-1-hyperv devstack@keystone.service[87143]: [pid: 87143|app: 0|req: 59/115] 10.222.0.45 () {56 vars in 1099 bytes} [Sat May 28 03:31:32 2022] GET /identity/v3/roles?name=admin => generated 339 bytes in 193 msecs (HTTP/1.1 200) 5 headers in 177 bytes (2 switches on core 0)
May 28 03:31:32.537064 dv-neutron-843698-1-hyperv devstack@keystone.service[87143]: DEBUG keystone.server.flask.request_processing.middleware.auth_context [None req-31fe436a-bf5d-418e-ac00-4830699dd8a3 None admin] Authenticating user token {{(pid=87143) process_request /usr/local/lib/python3.8/dist-packages/keystonemiddleware/auth_token/__init__.py:407}}
May 28 03:31:32.543835 dv-neutron-843698-1-hyperv devstack@keystone.service[87143]: DEBUG dbcounter [-] [87143] Writing DB stats keystone:SELECT=100 {{(pid=87143) stat_writer /usr/local/lib/python3.8/dist-packages/dbcounter.py:114}}
May 28 03:31:32.642569 dv-neutron-843698-1-hyperv devstack@keystone.service[87142]: DEBUG keystone.server.flask.request_processing.middleware.auth_context [None req-3c818455-5055-463f-92fb-fe9719155d47 None None] Validating token access rules against request {{(pid=87142) validate_allowed_request /usr/local/lib/python3.8/dist-packages/keystonemiddleware/auth_token/__init__.py:545}}
May 28 03:31:32.667584 dv-neutron-843698-1-hyperv devstack@keystone.service[87143]: DEBUG keystone.server.flask.request_processing.middleware.auth_context [None req-31fe436a-bf5d-418e-ac00-4830699dd8a3 None admin] Validating token access rules against request {{(pid=87143) validate_allowed_request /usr/local/lib/python3.8/dist-packages/keystonemiddleware/auth_token/__init__.py:545}}
May 28 03:31:32.713462 dv-neutron-843698-1-hyperv devstack@keystone.service[87143]: DEBUG keystone.server.flask.request_processing.middleware.auth_context [None req-3b7979fd-be44-4d44-95c1-d3020e041b76 None admin] RBAC: auth_context: {'token': , 'domain_id': None, 'trust_id': None, 'trustor_id': None, 'trustee_id': None, 'domain_name': None, 'group_ids': [], 'user_id': 'f1ffa43eea164520ac87eb30d5749670', 'user_domain_id': 'default', 'system_scope': 'all', 'project_id': None, 'project_domain_id': None, 'roles': ['admin', 'member', 'reader'], 'is_admin_project': True, 'service_user_id': None, 'service_user_domain_id': None, 'service_project_id': None, 'service_project_domain_id': None, 'service_roles': []} {{(pid=87143) fill_context /opt/stack/keystone/keystone/server/flask/request_processing/middleware/auth_context.py:478}}
May 28 03:31:32.713687 dv-neutron-843698-1-hyperv devstack@keystone.service[87142]: DEBUG keystone.server.flask.request_processing.middleware.auth_context [None req-56190166-6270-4c65-a8ae-f241d7820d73 None admin] RBAC: auth_context: {'token': , 'domain_id': None, 'trust_id': None, 'trustor_id': None, 'trustee_id': None, 'domain_name': None, 'group_ids': [], 'user_id': 'f1ffa43eea164520ac87eb30d5749670', 'user_domain_id': 'default', 'system_scope': 'all', 'project_id': None, 'project_domain_id': None, 'roles': ['admin', 'member', 'reader'], 'is_admin_project': True, 'service_user_id': None, 'service_user_domain_id': None, 'service_project_id': None, 'service_project_domain_id': None, 'service_roles': []} {{(pid=87142) fill_context /opt/stack/keystone/keystone/server/flask/request_processing/middleware/auth_context.py:478}}
May 28 03:31:32.714358 dv-neutron-843698-1-hyperv devstack@keystone.service[87143]: DEBUG keystone.server.flask.request_processing.req_logging [None req-3b7979fd-be44-4d44-95c1-d3020e041b76 None admin] REQUEST_METHOD: `GET` {{(pid=87143) log_request_info /opt/stack/keystone/keystone/server/flask/request_processing/req_logging.py:27}}
May 28 03:31:32.714648 dv-neutron-843698-1-hyperv devstack@keystone.service[87143]: DEBUG keystone.server.flask.request_processing.req_logging [None req-3b7979fd-be44-4d44-95c1-d3020e041b76 None admin] SCRIPT_NAME: `/identity` {{(pid=87143) log_request_info /opt/stack/keystone/keystone/server/flask/request_processing/req_logging.py:28}}
May 28 03:31:32.714929 dv-neutron-843698-1-hyperv devstack@keystone.service[87143]: DEBUG keystone.server.flask.request_processing.req_logging [None req-3b7979fd-be44-4d44-95c1-d3020e041b76 None admin] PATH_INFO: `/v3/users/f1ffa43eea164520ac87eb30d5749670` {{(pid=87143) log_request_info /opt/stack/keystone/keystone/server/flask/request_processing/req_logging.py:29}}
May 28 03:31:32.715373 dv-neutron-843698-1-hyperv devstack@keystone.service[87142]: DEBUG keystone.server.flask.request_processing.req_logging [None req-56190166-6270-4c65-a8ae-f241d7820d73 None admin] REQUEST_METHOD: `GET` {{(pid=87142) log_request_info /opt/stack/keystone/keystone/server/flask/request_processing/req_logging.py:27}}
May 28 03:31:32.715900 dv-neutron-843698-1-hyperv devstack@keystone.service[87142]: DEBUG keystone.server.flask.request_processing.req_logging [None req-56190166-6270-4c65-a8ae-f241d7820d73 None admin] SCRIPT_NAME: `/identity` {{(pid=87142) log_request_info /opt/stack/keystone/keystone/server/flask/request_processing/req_logging.py:28}}
