May 28 03:31:27.316126 dv-neutron-843698-1-hyperv devstack@keystone.service[87142]: [pid: 87142|app: 0|req: 39/79] 10.222.0.45 () {56 vars in 1108 bytes} [Sat May 28 03:31:27 2022] GET /identity/v3/domains/default => generated 199 bytes in 139 msecs (HTTP/1.1 200) 5 headers in 177 bytes (1 switches on core 0)
May 28 03:31:27.316888 dv-neutron-843698-1-hyperv devstack@keystone.service[87142]: DEBUG keystone.server.flask.request_processing.middleware.auth_context [None req-40242226-3c67-4f73-ba94-b292a19062dd None admin] Authenticating user token {{(pid=87142) process_request /usr/local/lib/python3.8/dist-packages/keystonemiddleware/auth_token/__init__.py:407}}
May 28 03:31:27.406421 dv-neutron-843698-1-hyperv devstack@keystone.service[87143]: [pid: 87143|app: 0|req: 41/80] 10.222.0.45 () {58 vars in 1282 bytes} [Sat May 28 03:31:27 2022] GET /identity/v3/auth/tokens => generated 799 bytes in 306 msecs (HTTP/1.1 200) 6 headers in 358 bytes (1 switches on core 0)
May 28 03:31:27.407275 dv-neutron-843698-1-hyperv devstack@keystone.service[87143]: DEBUG keystone.server.flask.request_processing.middleware.auth_context [None req-a29a51a1-f6ab-470e-9ca9-f129180974b2 None admin] Authenticating user token {{(pid=87143) process_request /usr/local/lib/python3.8/dist-packages/keystonemiddleware/auth_token/__init__.py:407}}
May 28 03:31:27.417313 dv-neutron-843698-1-hyperv devstack@keystone.service[87142]: DEBUG keystone.server.flask.request_processing.middleware.auth_context [None req-40242226-3c67-4f73-ba94-b292a19062dd None admin] Validating token access rules against request {{(pid=87142) validate_allowed_request /usr/local/lib/python3.8/dist-packages/keystonemiddleware/auth_token/__init__.py:545}}
May 28 03:31:27.437882 dv-neutron-843698-1-hyperv devstack@keystone.service[87143]: DEBUG dbcounter [-] [87143] Writing DB stats keystone:SELECT=100 {{(pid=87143) stat_writer /usr/local/lib/python3.8/dist-packages/dbcounter.py:114}}
May 28 03:31:27.450685 dv-neutron-843698-1-hyperv devstack@keystone.service[87142]: DEBUG keystone.server.flask.request_processing.middleware.auth_context [None req-6c5e5208-d28b-4f46-8791-f8ba61c402f6 None admin] RBAC: auth_context: {'token': , 'domain_id': None, 'trust_id': None, 'trustor_id': None, 'trustee_id': None, 'domain_name': None, 'group_ids': [], 'user_id': 'f1ffa43eea164520ac87eb30d5749670', 'user_domain_id': 'default', 'system_scope': 'all', 'project_id': None, 'project_domain_id': None, 'roles': ['admin', 'member', 'reader'], 'is_admin_project': True, 'service_user_id': None, 'service_user_domain_id': None, 'service_project_id': None, 'service_project_domain_id': None, 'service_roles': []} {{(pid=87142) fill_context /opt/stack/keystone/keystone/server/flask/request_processing/middleware/auth_context.py:478}}
May 28 03:31:27.451510 dv-neutron-843698-1-hyperv devstack@keystone.service[87142]: DEBUG keystone.server.flask.request_processing.req_logging [None req-6c5e5208-d28b-4f46-8791-f8ba61c402f6 None admin] REQUEST_METHOD: `GET` {{(pid=87142) log_request_info /opt/stack/keystone/keystone/server/flask/request_processing/req_logging.py:27}}
May 28 03:31:27.451822 dv-neutron-843698-1-hyperv devstack@keystone.service[87142]: DEBUG keystone.server.flask.request_processing.req_logging [None req-6c5e5208-d28b-4f46-8791-f8ba61c402f6 None admin] SCRIPT_NAME: `/identity` {{(pid=87142) log_request_info /opt/stack/keystone/keystone/server/flask/request_processing/req_logging.py:28}}
May 28 03:31:27.452106 dv-neutron-843698-1-hyperv devstack@keystone.service[87142]: DEBUG keystone.server.flask.request_processing.req_logging [None req-6c5e5208-d28b-4f46-8791-f8ba61c402f6 None admin] PATH_INFO: `/v3/roles/member` {{(pid=87142) log_request_info /opt/stack/keystone/keystone/server/flask/request_processing/req_logging.py:29}}
May 28 03:31:27.462962 dv-neutron-843698-1-hyperv devstack@keystone.service[87142]: DEBUG keystone.common.rbac_enforcer.enforcer [None req-6c5e5208-d28b-4f46-8791-f8ba61c402f6 None admin] Extracting inferred target data resulted in "NOT FOUND (404)". {{(pid=87142) enforce_call /opt/stack/keystone/keystone/common/rbac_enforcer/enforcer.py:409}}
May 28 03:31:27.470709 dv-neutron-843698-1-hyperv devstack@keystone.service[87142]: ERROR keystone.server.flask.application [None req-6c5e5208-d28b-4f46-8791-f8ba61c402f6 None admin] Could not find role: member.: keystone.exception.RoleNotFound: Could not find role: member.
May 28 03:31:27.470709 dv-neutron-843698-1-hyperv devstack@keystone.service[87142]: ERROR keystone.server.flask.application
Traceback (most recent call last):
May 28 03:31:27.470709 dv-neutron-843698-1-hyperv devstack@keystone.service[87142]: ERROR keystone.server.flask.application
File "/usr/local/lib/python3.8/dist-packages/flask/app.py", line 1523, in full_dispatch_request
May 28 03:31:27.470709 dv-neutron-843698-1-hyperv devstack@keystone.service[87142]: ERROR keystone.server.flask.application rv = self.dispatch_request()
May 28 03:31:27.470709 dv-neutron-843698-1-hyperv devstack@keystone.service[87142]: ERROR keystone.server.flask.application
File "/usr/local/lib/python3.8/dist-packages/flask/app.py", line 1509, in dispatch_request
May 28 03:31:27.470709 dv-neutron-843698-1-hyperv devstack@keystone.service[87142]: ERROR keystone.server.flask.application return self.ensure_sync(self.view_functions[rule.endpoint])(**req.view_args)
May 28 03:31:27.470709 dv-neutron-843698-1-hyperv devstack@keystone.service[87142]: ERROR keystone.server.flask.application
File "/usr/local/lib/python3.8/dist-packages/flask_restful/__init__.py", line 467, in wrapper
May 28 03:31:27.470709 dv-neutron-843698-1-hyperv devstack@keystone.service[87142]: ERROR keystone.server.flask.application resp = resource(*args, **kwargs)
May 28 03:31:27.470709 dv-neutron-843698-1-hyperv devstack@keystone.service[87142]: ERROR keystone.server.flask.application
File "/usr/local/lib/python3.8/dist-packages/flask/views.py", line 84, in view
May 28 03:31:27.470709 dv-neutron-843698-1-hyperv devstack@keystone.service[87142]: ERROR keystone.server.flask.application return current_app.ensure_sync(self.dispatch_request)(*args, **kwargs)
May 28 03:31:27.470709 dv-neutron-843698-1-hyperv devstack@keystone.service[87142]: ERROR keystone.server.flask.application
File "/usr/local/lib/python3.8/dist-packages/flask_restful/__init__.py", line 582, in dispatch_request
May 28 03:31:27.470709 dv-neutron-843698-1-hyperv devstack@keystone.service[87142]: ERROR keystone.server.flask.application resp = meth(*args, **kwargs)
May 28 03:31:27.470709 dv-neutron-843698-1-hyperv devstack@keystone.service[87142]: ERROR keystone.server.flask.application
File "/opt/stack/keystone/keystone/api/roles.py", line 50, in get
May 28 03:31:27.470709 dv-neutron-843698-1-hyperv devstack@keystone.service[87142]: ERROR keystone.server.flask.application return self._get_role(role_id)
May 28 03:31:27.470709 dv-neutron-843698-1-hyperv devstack@keystone.service[87142]: ERROR keystone.server.flask.application
File "/opt/stack/keystone/keystone/api/roles.py", line 70, in _get_role
May 28 03:31:27.470709 dv-neutron-843698-1-hyperv devstack@keystone.service[87142]: ERROR keystone.server.flask.application ENFORCER.enforce_call(action='identity:get_role')
May 28 03:31:27.472177 dv-neutron-843698-1-hyperv devstack@keystone.service[87142]: ERROR keystone.server.flask.application
File "/opt/stack/keystone/keystone/common/rbac_enforcer/enforcer.py", line 402, in enforce_call
May 28 03:31:27.472177 dv-neutron-843698-1-hyperv devstack@keystone.service[87142]: ERROR keystone.server.flask.application policy_dict.update(cls._extract_member_target_data(
May 28 03:31:27.472177 dv-neutron-843698-1-hyperv devstack@keystone.service[87142]: ERROR keystone.server.flask.application
File "/opt/stack/keystone/keystone/common/rbac_enforcer/enforcer.py", line 234, in _extract_member_target_data
May 28 03:31:27.472177 dv-neutron-843698-1-hyperv devstack@keystone.service[87142]: ERROR keystone.server.flask.application member_name: func(flask.request.view_args[key])
May 28 03:31:27.472177 dv-neutron-843698-1-hyperv devstack@keystone.service[87142]: ERROR keystone.server.flask.application
File "/opt/stack/keystone/keystone/common/manager.py", line 115, in wrapped
May 28 03:31:27.472177 dv-neutron-843698-1-hyperv devstack@keystone.service[87142]: ERROR keystone.server.flask.application __ret_val = __f(*args, **kwargs)
May 28 03:31:27.472177 dv-neutron-843698-1-hyperv devstack@keystone.service[87142]: ERROR keystone.server.flask.application
File "/usr/local/lib/python3.8/dist-packages/decorator.py", line 232, in fun
May 28 03:31:27.472177 dv-neutron-843698-1-hyperv devstack@keystone.service[87142]: ERROR keystone.server.flask.application return caller(func, *(extras + args), **kw)
May 28 03:31:27.472177 dv-neutron-843698-1-hyperv devstack@keystone.service[87142]: ERROR keystone.server.flask.application
File "/usr/local/lib/python3.8/dist-packages/dogpile/cache/region.py", line 1577, in get_or_create_for_user_func
May 28 03:31:27.472177 dv-neutron-843698-1-hyperv devstack@keystone.service[87142]: ERROR keystone.server.flask.application return self.get_or_create(
May 28 03:31:27.472177 dv-neutron-843698-1-hyperv devstack@keystone.service[87142]: ERROR keystone.server.flask.application
File "/usr/local/lib/python3.8/dist-packages/dogpile/cache/region.py", line 1042, in get_or_create
May 28 03:31:27.472177 dv-neutron-843698-1-hyperv devstack@keystone.service[87142]: ERROR keystone.server.flask.application with Lock(
May 28 03:31:27.472177 dv-neutron-843698-1-hyperv devstack@keystone.service[87142]: ERROR keystone.server.flask.application
File "/usr/local/lib/python3.8/dist-packages/dogpile/lock.py", line 185, in __enter__
May 28 03:31:27.472177 dv-neutron-843698-1-hyperv devstack@keystone.service[87142]: ERROR keystone.server.flask.application return self._enter()
May 28 03:31:27.472177 dv-neutron-843698-1-hyperv devstack@keystone.service[87142]: ERROR keystone.server.flask.application
File "/usr/local/lib/python3.8/dist-packages/dogpile/lock.py", line 94, in _enter
May 28 03:31:27.472177 dv-neutron-843698-1-hyperv devstack@keystone.service[87142]: ERROR keystone.server.flask.application generated = self._enter_create(value, createdtime)
May 28 03:31:27.472973 dv-neutron-843698-1-hyperv devstack@keystone.service[87142]: ERROR keystone.server.flask.application
File "/usr/local/lib/python3.8/dist-packages/dogpile/lock.py", line 178, in _enter_create
May 28 03:31:27.472973 dv-neutron-843698-1-hyperv devstack@keystone.service[87142]: ERROR keystone.server.flask.application return self.creator()
May 28 03:31:27.472973 dv-neutron-843698-1-hyperv devstack@keystone.service[87142]: ERROR keystone.server.flask.application
File "/usr/local/lib/python3.8/dist-packages/dogpile/cache/region.py", line 995, in gen_value
May 28 03:31:27.472973 dv-neutron-843698-1-hyperv devstack@keystone.service[87142]: ERROR keystone.server.flask.application created_value = creator(
May 28 03:31:27.472973 dv-neutron-843698-1-hyperv devstack@keystone.service[87142]: ERROR keystone.server.flask.application
File "/opt/stack/keystone/keystone/assignment/core.py", line 1276, in get_role
May 28 03:31:27.472973 dv-neutron-843698-1-hyperv devstack@keystone.service[87142]: ERROR keystone.server.flask.application return self.driver.get_role(role_id)
May 28 03:31:27.472973 dv-neutron-843698-1-hyperv devstack@keystone.service[87142]: ERROR keystone.server.flask.application
File "/opt/stack/keystone/keystone/assignment/role_backends/sql.py", line 70, in get_role
May 28 03:31:27.472973 dv-neutron-843698-1-hyperv devstack@keystone.service[87142]: ERROR keystone.server.flask.application return self._get_role(session, role_id).to_dict()
May 28 03:31:27.472973 dv-neutron-843698-1-hyperv devstack@keystone.service[87142]: ERROR keystone.server.flask.application
File "/opt/stack/keystone/keystone/assignment/role_backends/sql.py", line 65, in _get_role
May 28 03:31:27.472973 dv-neutron-843698-1-hyperv devstack@keystone.service[87142]: ERROR keystone.server.flask.application raise exception.RoleNotFound(role_id=role_id)
May 28 03:31:27.472973 dv-neutron-843698-1-hyperv devstack@keystone.service[87142]: ERROR keystone.server.flask.application keystone.exception.RoleNotFound: Could not find role: member.
May 28 03:31:27.472973 dv-neutron-843698-1-hyperv devstack@keystone.service[87142]: ERROR keystone.server.flask.application
May 28 03:31:27.472973 dv-neutron-843698-1-hyperv devstack@keystone.service[87142]: [pid: 87142|app: 0|req: 40/81] 10.222.0.45 () {56 vars in 1099 bytes} [Sat May 28 03:31:27 2022] GET /identity/v3/roles/member => generated 84 bytes in 156 msecs (HTTP/1.1 404) 5 headers in 183 bytes (1 switches on core 0)
May 28 03:31:27.473605 dv-neutron-843698-1-hyperv devstack@keystone.service[87142]: DEBUG keystone.server.flask.request_processing.middleware.auth_context [None req-6c5e5208-d28b-4f46-8791-f8ba61c402f6 None admin] Authenticating user token {{(pid=87142) process_request /usr/local/lib/python3.8/dist-packages/keystonemiddleware/auth_token/__init__.py:407}}
May 28 03:31:27.510819 dv-neutron-843698-1-hyperv devstack@keystone.service[87143]: DEBUG keystone.server.flask.request_processing.middleware.auth_context [None req-a29a51a1-f6ab-470e-9ca9-f129180974b2 None admin] Validating token access rules against request {{(pid=87143) validate_allowed_request /usr/local/lib/python3.8/dist-packages/keystonemiddleware/auth_token/__init__.py:545}}
May 28 03:31:27.532467 dv-neutron-843698-1-hyperv devstack@keystone.service[87142]: DEBUG dbcounter [-] [87142] Writing DB stats keystone:SELECT=100 {{(pid=87142) stat_writer /usr/local/lib/python3.8/dist-packages/dbcounter.py:114}}
May 28 03:31:27.545102 dv-neutron-843698-1-hyperv devstack@keystone.service[87143]: DEBUG keystone.server.flask.request_processing.middleware.auth_context [None req-79b863ec-adb9-489a-b27e-2440e6c82a50 None admin] RBAC: auth_context: {'token': , 'domain_id': None, 'trust_id': None, 'trustor_id': None, 'trustee_id': None, 'domain_name': None, 'group_ids': [], 'user_id': 'f1ffa43eea164520ac87eb30d5749670', 'user_domain_id': 'default', 'system_scope': 'all', 'project_id': None, 'project_domain_id': None, 'roles': ['admin', 'member', 'reader'], 'is_admin_project': True, 'service_user_id': None, 'service_user_domain_id': None, 'service_project_id': None, 'service_project_domain_id': None, 'service_roles': []} {{(pid=87143) fill_context /opt/stack/keystone/keystone/server/flask/request_processing/middleware/auth_context.py:478}}
May 28 03:31:27.545970 dv-neutron-843698-1-hyperv devstack@keystone.service[87143]: DEBUG keystone.server.flask.request_processing.req_logging [None req-79b863ec-adb9-489a-b27e-2440e6c82a50 None admin] REQUEST_METHOD: `GET` {{(pid=87143) log_request_info /opt/stack/keystone/keystone/server/flask/request_processing/req_logging.py:27}}
May 28 03:31:27.546261 dv-neutron-843698-1-hyperv devstack@keystone.service[87143]: DEBUG keystone.server.flask.request_processing.req_logging [None req-79b863ec-adb9-489a-b27e-2440e6c82a50 None admin] SCRIPT_NAME: `/identity` {{(pid=87143) log_request_info /opt/stack/keystone/keystone/server/flask/request_processing/req_logging.py:28}}
May 28 03:31:27.546544 dv-neutron-843698-1-hyperv devstack@keystone.service[87143]: DEBUG keystone.server.flask.request_processing.req_logging [None req-79b863ec-adb9-489a-b27e-2440e6c82a50 None admin] PATH_INFO: `/v3/users/575e1d8f92384e8d998533adaa3faa2f` {{(pid=87143) log_request_info /opt/stack/keystone/keystone/server/flask/request_processing/req_logging.py:29}}
May 28 03:31:27.561942 dv-neutron-843698-1-hyperv devstack@keystone.service[87143]: DEBUG keystone.common.rbac_enforcer.enforcer [None req-79b863ec-adb9-489a-b27e-2440e6c82a50 None admin] RBAC: Authorizing `identity:get_user(user_id=575e1d8f92384e8d998533adaa3faa2f)` {{(pid=87143) enforce_call /opt/stack/keystone/keystone/common/rbac_enforcer/enforcer.py:449}}
May 28 03:31:27.563393 dv-neutron-843698-1-hyperv devstack@keystone.service[87143]: DEBUG keystone.common.rbac_enforcer.enforcer [None req-79b863ec-adb9-489a-b27e-2440e6c82a50 None admin] RBAC: Authorization granted {{(pid=87143) enforce_call /opt/stack/keystone/keystone/common/rbac_enforcer/enforcer.py:457}}
May 28 03:31:27.569443 dv-neutron-843698-1-hyperv devstack@keystone.service[87143]: [pid: 87143|app: 0|req: 42/82] 10.222.0.45 () {56 vars in 1177 bytes} [Sat May 28 03:31:27 2022] GET /identity/v3/users/575e1d8f92384e8d998533adaa3faa2f => generated 275 bytes in 158 msecs (HTTP/1.1 200) 5 headers in 177 bytes (1 switches on core 0)
May 28 03:31:27.569443 dv-neutron-843698-1-hyperv devstack@keystone.service[87143]: DEBUG keystone.server.flask.request_processing.middleware.auth_context [None req-79b863ec-adb9-489a-b27e-2440e6c82a50 None admin] Authenticating user token {{(pid=87143) process_request /usr/local/lib/python3.8/dist-packages/keystonemiddleware/auth_token/__init__.py:407}}
May 28 03:31:27.574691 dv-neutron-843698-1-hyperv devstack@keystone.service[87142]: DEBUG keystone.server.flask.request_processing.middleware.auth_context [None req-6c5e5208-d28b-4f46-8791-f8ba61c402f6 None admin] Validating token access rules against request {{(pid=87142) validate_allowed_request /usr/local/lib/python3.8/dist-packages/keystonemiddleware/auth_token/__init__.py:545}}
May 28 03:31:27.607020 dv-neutron-843698-1-hyperv devstack@keystone.service[87142]: DEBUG keystone.server.flask.request_processing.middleware.auth_context [None req-1bb9c2d1-1d7d-4202-a761-602f7ecd47c6 None admin] RBAC: auth_context: {'token': , 'domain_id': None, 'trust_id': None, 'trustor_id': None, 'trustee_id': None, 'domain_name': None, 'group_ids': [], 'user_id': 'f1ffa43eea164520ac87eb30d5749670', 'user_domain_id': 'default', 'system_scope': 'all', 'project_id': None, 'project_domain_id': None, 'roles': ['admin', 'member', 'reader'], 'is_admin_project': True, 'service_user_id': None, 'service_user_domain_id': None, 'service_project_id': None, 'service_project_domain_id': None, 'service_roles': []} {{(pid=87142) fill_context /opt/stack/keystone/keystone/server/flask/request_processing/middleware/auth_context.py:478}}
May 28 03:31:27.607913 dv-neutron-843698-1-hyperv devstack@keystone.service[87142]: DEBUG keystone.server.flask.request_processing.req_logging [None req-1bb9c2d1-1d7d-4202-a761-602f7ecd47c6 None admin] REQUEST_METHOD: `GET` {{(pid=87142) log_request_info /opt/stack/keystone/keystone/server/flask/request_processing/req_logging.py:27}}
May 28 03:31:27.608197 dv-neutron-843698-1-hyperv devstack@keystone.service[87142]: DEBUG keystone.server.flask.request_processing.req_logging [None req-1bb9c2d1-1d7d-4202-a761-602f7ecd47c6 None admin] SCRIPT_NAME: `/identity` {{(pid=87142) log_request_info /opt/stack/keystone/keystone/server/flask/request_processing/req_logging.py:28}}
May 28 03:31:27.608471 dv-neutron-843698-1-hyperv devstack@keystone.service[87142]: DEBUG keystone.server.flask.request_processing.req_logging [None req-1bb9c2d1-1d7d-4202-a761-602f7ecd47c6 None admin] PATH_INFO: `/v3/users/575e1d8f92384e8d998533adaa3faa2f` {{(pid=87142) log_request_info /opt/stack/keystone/keystone/server/flask/request_processing/req_logging.py:29}}
May 28 03:31:27.609663 dv-neutron-843698-1-hyperv devstack@keystone.service[87142]: DEBUG keystone.common.rbac_enforcer.enforcer [None req-1bb9c2d1-1d7d-4202-a761-602f7ecd47c6 None admin] RBAC: Authorizing `identity:get_user(user_id=575e1d8f92384e8d998533adaa3faa2f)` {{(pid=87142) enforce_call /opt/stack/keystone/keystone/common/rbac_enforcer/enforcer.py:449}}
May 28 03:31:27.611133 dv-neutron-843698-1-hyperv devstack@keystone.service[87142]: DEBUG keystone.common.rbac_enforcer.enforcer [None req-1bb9c2d1-1d7d-4202-a761-602f7ecd47c6 None admin] RBAC: Authorization granted {{(pid=87142) enforce_call /opt/stack/keystone/keystone/common/rbac_enforcer/enforcer.py:457}}
May 28 03:31:27.613305 dv-neutron-843698-1-hyperv devstack@keystone.service[87142]: [pid: 87142|app: 0|req: 41/83] 10.222.0.45 () {56 vars in 1177 bytes} [Sat May 28 03:31:27 2022] GET /identity/v3/users/575e1d8f92384e8d998533adaa3faa2f => generated 275 bytes in 140 msecs (HTTP/1.1 200) 5 headers in 177 bytes (1 switches on core 0)
May 28 03:31:27.614060 dv-neutron-843698-1-hyperv devstack@keystone.service[87142]: DEBUG keystone.server.flask.request_processing.middleware.auth_context [None req-1bb9c2d1-1d7d-4202-a761-602f7ecd47c6 None admin] Authenticating user token {{(pid=87142) process_request /usr/local/lib/python3.8/dist-packages/keystonemiddleware/auth_token/__init__.py:407}}
May 28 03:31:27.654734 dv-neutron-843698-1-hyperv devstack@keystone.service[87143]: DEBUG dbcounter [-] [87143] Writing DB stats keystone:SELECT=100 {{(pid=87143) stat_writer /usr/local/lib/python3.8/dist-packages/dbcounter.py:114}}
May 28 03:31:27.664816 dv-neutron-843698-1-hyperv devstack@keystone.service[87143]: DEBUG keystone.server.flask.request_processing.middleware.auth_context [None req-79b863ec-adb9-489a-b27e-2440e6c82a50 None admin] Validating token access rules against request {{(pid=87143) validate_allowed_request /usr/local/lib/python3.8/dist-packages/keystonemiddleware/auth_token/__init__.py:545}}
May 28 03:31:27.697917 dv-neutron-843698-1-hyperv devstack@keystone.service[87143]: DEBUG keystone.server.flask.request_processing.middleware.auth_context [None req-3a1e69e1-6711-4fd3-86ff-ff4b84cad25c None admin] RBAC: auth_context: {'token': , 'domain_id': None, 'trust_id': None, 'trustor_id': None, 'trustee_id': None, 'domain_name': None, 'group_ids': [], 'user_id': 'f1ffa43eea164520ac87eb30d5749670', 'user_domain_id': 'default', 'system_scope': 'all', 'project_id': None, 'project_domain_id': None, 'roles': ['admin', 'member', 'reader'], 'is_admin_project': True, 'service_user_id': None, 'service_user_domain_id': None, 'service_project_id': None, 'service_project_domain_id': None, 'service_roles': []} {{(pid=87143) fill_context /opt/stack/keystone/keystone/server/flask/request_processing/middleware/auth_context.py:478}}
May 28 03:31:27.698673 dv-neutron-843698-1-hyperv devstack@keystone.service[87143]: DEBUG keystone.server.flask.request_processing.req_logging [None req-3a1e69e1-6711-4fd3-86ff-ff4b84cad25c None admin] REQUEST_METHOD: `POST` {{(pid=87143) log_request_info /opt/stack/keystone/keystone/server/flask/request_processing/req_logging.py:27}}
May 28 03:31:27.698961 dv-neutron-843698-1-hyperv devstack@keystone.service[87143]: DEBUG keystone.server.flask.request_processing.req_logging [None req-3a1e69e1-6711-4fd3-86ff-ff4b84cad25c None admin] SCRIPT_NAME: `/identity` {{(pid=87143) log_request_info /opt/stack/keystone/keystone/server/flask/request_processing/req_logging.py:28}}
May 28 03:31:27.699241 dv-neutron-843698-1-hyperv devstack@keystone.service[87143]: DEBUG keystone.server.flask.request_processing.req_logging [None req-3a1e69e1-6711-4fd3-86ff-ff4b84cad25c None admin] PATH_INFO: `/v3/users` {{(pid=87143) log_request_info /opt/stack/keystone/keystone/server/flask/request_processing/req_logging.py:29}}
May 28 03:31:27.699973 dv-neutron-843698-1-hyperv devstack@keystone.service[87143]: DEBUG keystone.common.rbac_enforcer.enforcer [None req-3a1e69e1-6711-4fd3-86ff-ff4b84cad25c None admin] RBAC: Authorizing `identity:create_user()` {{(pid=87143) enforce_call /opt/stack/keystone/keystone/common/rbac_enforcer/enforcer.py:449}}
May 28 03:31:27.701401 dv-neutron-843698-1-hyperv devstack@keystone.service[87143]: DEBUG keystone.common.rbac_enforcer.enforcer [None req-3a1e69e1-6711-4fd3-86ff-ff4b84cad25c None admin] RBAC: Authorization granted {{(pid=87143) enforce_call /opt/stack/keystone/keystone/common/rbac_enforcer/enforcer.py:457}}
May 28 03:31:27.715367 dv-neutron-843698-1-hyperv devstack@keystone.service[87142]: DEBUG keystone.server.flask.request_processing.middleware.auth_context [None req-1bb9c2d1-1d7d-4202-a761-602f7ecd47c6 None admin] Validating token access rules against request {{(pid=87142) validate_allowed_request /usr/local/lib/python3.8/dist-packages/keystonemiddleware/auth_token/__init__.py:545}}
May 28 03:31:27.721469 dv-neutron-843698-1-hyperv devstack@keystone.service[87143]: [pid: 87143|app: 0|req: 43/84] 10.222.0.45 () {60 vars in 1132 bytes} [Sat May 28 03:31:27 2022] POST /identity/v3/users => generated 289 bytes in 156 msecs (HTTP/1.1 201) 5 headers in 182 bytes (1 switches on core 0)
May 28 03:31:27.721469 dv-neutron-843698-1-hyperv devstack@keystone.service[87143]: DEBUG keystone.server.flask.request_processing.middleware.auth_context [None req-3a1e69e1-6711-4fd3-86ff-ff4b84cad25c None admin] Authenticating user token {{(pid=87143) process_request /usr/local/lib/python3.8/dist-packages/keystonemiddleware/auth_token/__init__.py:407}}
May 28 03:31:27.744637 dv-neutron-843698-1-hyperv devstack@keystone.service[87142]: DEBUG dbcounter [-] [87142] Writing DB stats keystone:SELECT=100 {{(pid=87142) stat_writer /usr/local/lib/python3.8/dist-packages/dbcounter.py:114}}
May 28 03:31:27.754894 dv-neutron-843698-1-hyperv devstack@keystone.service[87142]: DEBUG keystone.server.flask.request_processing.middleware.auth_context [None req-b705b88e-85e0-4aec-8e91-4fa9ccb66ca3 None admin] RBAC: auth_context: {'token': , 'domain_id': None, 'trust_id': None, 'trustor_id': None, 'trustee_id': None, 'domain_name': None, 'group_ids': [], 'user_id': 'f1ffa43eea164520ac87eb30d5749670', 'user_domain_id': 'default', 'system_scope': 'all', 'project_id': None, 'project_domain_id': None, 'roles': ['admin', 'member', 'reader'], 'is_admin_project': True, 'service_user_id': None, 'service_user_domain_id': None, 'service_project_id': None, 'service_project_domain_id': None, 'service_roles': []} {{(pid=87142) fill_context /opt/stack/keystone/keystone/server/flask/request_processing/middleware/auth_context.py:478}}
May 28 03:31:27.756433 dv-neutron-843698-1-hyperv devstack@keystone.service[87142]: DEBUG keystone.server.flask.request_processing.req_logging [None req-b705b88e-85e0-4aec-8e91-4fa9ccb66ca3 None admin] REQUEST_METHOD: `GET` {{(pid=87142) log_request_info /opt/stack/keystone/keystone/server/flask/request_processing/req_logging.py:27}}
May 28 03:31:27.756731 dv-neutron-843698-1-hyperv devstack@keystone.service[87142]: DEBUG keystone.server.flask.request_processing.req_logging [None req-b705b88e-85e0-4aec-8e91-4fa9ccb66ca3 None admin] SCRIPT_NAME: `/identity` {{(pid=87142) log_request_info /opt/stack/keystone/keystone/server/flask/request_processing/req_logging.py:28}}
May 28 03:31:27.757182 dv-neutron-843698-1-hyperv devstack@keystone.service[87142]: DEBUG keystone.server.flask.request_processing.req_logging [None req-b705b88e-85e0-4aec-8e91-4fa9ccb66ca3 None admin] PATH_INFO: `/v3/projects/4b40ca7093224d8fa9cd56a6f5409f52` {{(pid=87142) log_request_info /opt/stack/keystone/keystone/server/flask/request_processing/req_logging.py:29}}
May 28 03:31:27.758477 dv-neutron-843698-1-hyperv devstack@keystone.service[87142]: DEBUG keystone.common.rbac_enforcer.enforcer [None req-b705b88e-85e0-4aec-8e91-4fa9ccb66ca3 None admin] RBAC: Authorizing `identity:get_project(project_id=4b40ca7093224d8fa9cd56a6f5409f52)` {{(pid=87142) enforce_call /opt/stack/keystone/keystone/common/rbac_enforcer/enforcer.py:449}}
May 28 03:31:27.760013 dv-neutron-843698-1-hyperv devstack@keystone.service[87142]: DEBUG keystone.common.rbac_enforcer.enforcer [None req-b705b88e-85e0-4aec-8e91-4fa9ccb66ca3 None admin] RBAC: Authorization granted {{(pid=87142) enforce_call /opt/stack/keystone/keystone/common/rbac_enforcer/enforcer.py:457}}
May 28 03:31:27.761813 dv-neutron-843698-1-hyperv devstack@keystone.service[87142]: [pid: 87142|app: 0|req: 42/85] 10.222.0.45 () {56 vars in 1186 bytes} [Sat May 28 03:31:27 2022] GET /identity/v3/projects/4b40ca7093224d8fa9cd56a6f5409f52 => generated 298 bytes in 148 msecs (HTTP/1.1 200) 5 headers in 177 bytes (1 switches on core 0)
May 28 03:31:27.769101 dv-neutron-843698-1-hyperv devstack@keystone.service[87142]: DEBUG keystone.server.flask.request_processing.middleware.auth_context [None req-b705b88e-85e0-4aec-8e91-4fa9ccb66ca3 None admin] Authenticating user token {{(pid=87142) process_request /usr/local/lib/python3.8/dist-packages/keystonemiddleware/auth_token/__init__.py:407}}
May 28 03:31:27.845452 dv-neutron-843698-1-hyperv devstack@keystone.service[87143]: DEBUG keystone.server.flask.request_processing.middleware.auth_context [None req-3a1e69e1-6711-4fd3-86ff-ff4b84cad25c None admin] Validating token access rules against request {{(pid=87143) validate_allowed_request /usr/local/lib/python3.8/dist-packages/keystonemiddleware/auth_token/__init__.py:545}}
May 28 03:31:27.880177 dv-neutron-843698-1-hyperv devstack@keystone.service[87142]: DEBUG keystone.server.flask.request_processing.middleware.auth_context [None req-b705b88e-85e0-4aec-8e91-4fa9ccb66ca3 None admin] Validating token access rules against request {{(pid=87142) validate_allowed_request /usr/local/lib/python3.8/dist-packages/keystonemiddleware/auth_token/__init__.py:545}}
May 28 03:31:27.884166 dv-neutron-843698-1-hyperv devstack@keystone.service[87143]: DEBUG keystone.server.flask.request_processing.middleware.auth_context [None req-c7fae7f7-9f34-4889-be4e-b4dc3ed734f4 None admin] RBAC: auth_context: {'token': , 'domain_id': None, 'trust_id': None, 'trustor_id': None, 'trustee_id': None, 'domain_name': None, 'group_ids': [], 'user_id': 'f1ffa43eea164520ac87eb30d5749670', 'user_domain_id': 'default', 'system_scope': 'all', 'project_id': None, 'project_domain_id': None, 'roles': ['admin', 'member', 'reader'], 'is_admin_project': True, 'service_user_id': None, 'service_user_domain_id': None, 'service_project_id': None, 'service_project_domain_id': None, 'service_roles': []} {{(pid=87143) fill_context /opt/stack/keystone/keystone/server/flask/request_processing/middleware/auth_context.py:478}}
May 28 03:31:27.884876 dv-neutron-843698-1-hyperv devstack@keystone.service[87143]: DEBUG keystone.server.flask.request_processing.req_logging [None req-c7fae7f7-9f34-4889-be4e-b4dc3ed734f4 None admin] REQUEST_METHOD: `GET` {{(pid=87143) log_request_info /opt/stack/keystone/keystone/server/flask/request_processing/req_logging.py:27}}
May 28 03:31:27.885164 dv-neutron-843698-1-hyperv devstack@keystone.service[87143]: DEBUG keystone.server.flask.request_processing.req_logging [None req-c7fae7f7-9f34-4889-be4e-b4dc3ed734f4 None admin] SCRIPT_NAME: `/identity` {{(pid=87143) log_request_info /opt/stack/keystone/keystone/server/flask/request_processing/req_logging.py:28}}
May 28 03:31:27.885452 dv-neutron-843698-1-hyperv devstack@keystone.service[87143]: DEBUG keystone.server.flask.request_processing.req_logging [None req-c7fae7f7-9f34-4889-be4e-b4dc3ed734f4 None admin] PATH_INFO: `/v3/roles` {{(pid=87143) log_request_info /opt/stack/keystone/keystone/server/flask/request_processing/req_logging.py:29}}
May 28 03:31:27.886230 dv-neutron-843698-1-hyperv devstack@keystone.service[87143]: DEBUG keystone.common.rbac_enforcer.enforcer [None req-c7fae7f7-9f34-4889-be4e-b4dc3ed734f4 None admin] RBAC: Adding query filter params (name=member) {{(pid=87143) _extract_filter_values /opt/stack/keystone/keystone/common/rbac_enforcer/enforcer.py:167}}
May 28 03:31:27.886549 dv-neutron-843698-1-hyperv devstack@keystone.service[87143]: DEBUG keystone.common.rbac_enforcer.enforcer [None req-c7fae7f7-9f34-4889-be4e-b4dc3ed734f4 None admin] RBAC: Authorizing `identity:list_roles()` {{(pid=87143) enforce_call /opt/stack/keystone/keystone/common/rbac_enforcer/enforcer.py:449}}
May 28 03:31:27.888539 dv-neutron-843698-1-hyperv devstack@keystone.service[87143]: DEBUG keystone.common.rbac_enforcer.enforcer [None req-c7fae7f7-9f34-4889-be4e-b4dc3ed734f4 None admin] RBAC: Authorization granted {{(pid=87143) enforce_call /opt/stack/keystone/keystone/common/rbac_enforcer/enforcer.py:457}}
May 28 03:31:27.903314 dv-neutron-843698-1-hyperv devstack@keystone.service[87143]: [pid: 87143|app: 0|req: 44/86] 10.222.0.45 () {56 vars in 1101 bytes} [Sat May 28 03:31:27 2022] GET /identity/v3/roles?name=member => generated 341 bytes in 176 msecs (HTTP/1.1 200) 5 headers in 177 bytes (1 switches on core 0)
May 28 03:31:27.903314 dv-neutron-843698-1-hyperv devstack@keystone.service[87143]: DEBUG keystone.server.flask.request_processing.middleware.auth_context [None req-c7fae7f7-9f34-4889-be4e-b4dc3ed734f4 None admin] Authenticating user token {{(pid=87143) process_request /usr/local/lib/python3.8/dist-packages/keystonemiddleware/auth_token/__init__.py:407}}
May 28 03:31:27.912472 dv-neutron-843698-1-hyperv devstack@keystone.service[87143]: DEBUG dbcounter [-] [87143] Writing DB stats keystone:SELECT=97,keystone:INSERT=3 {{(pid=87143) stat_writer /usr/local/lib/python3.8/dist-packages/dbcounter.py:114}}
May 28 03:31:27.929470 dv-neutron-843698-1-hyperv devstack@keystone.service[87142]: DEBUG keystone.server.flask.request_processing.middleware.auth_context [None req-5de72362-283a-4eb6-a155-04ba3c681664 None admin] RBAC: auth_context: {'token': , 'domain_id': None, 'trust_id': None, 'trustor_id': None, 'trustee_id': None, 'domain_name': None, 'group_ids': [], 'user_id': 'f1ffa43eea164520ac87eb30d5749670', 'user_domain_id': 'default', 'system_scope': 'all', 'project_id': None, 'project_domain_id': None, 'roles': ['admin', 'member', 'reader'], 'is_admin_project': True, 'service_user_id': None, 'service_user_domain_id': None, 'service_project_id': None, 'service_project_domain_id': None, 'service_roles': []} {{(pid=87142) fill_context /opt/stack/keystone/keystone/server/flask/request_processing/middleware/auth_context.py:478}}
May 28 03:31:27.930166 dv-neutron-843698-1-hyperv devstack@keystone.service[87142]: DEBUG keystone.server.flask.request_processing.req_logging [None req-5de72362-283a-4eb6-a155-04ba3c681664 None admin] REQUEST_METHOD: `GET` {{(pid=87142) log_request_info /opt/stack/keystone/keystone/server/flask/request_processing/req_logging.py:27}}
May 28 03:31:27.930454 dv-neutron-843698-1-hyperv devstack@keystone.service[87142]: DEBUG keystone.server.flask.request_processing.req_logging [None req-5de72362-283a-4eb6-a155-04ba3c681664 None admin] SCRIPT_NAME: `/identity` {{(pid=87142) log_request_info /opt/stack/keystone/keystone/server/flask/request_processing/req_logging.py:28}}
May 28 03:31:27.930727 dv-neutron-843698-1-hyperv devstack@keystone.service[87142]: DEBUG keystone.server.flask.request_processing.req_logging [None req-5de72362-283a-4eb6-a155-04ba3c681664 None admin] PATH_INFO: `/v3/auth/tokens` {{(pid=87142) log_request_info /opt/stack/keystone/keystone/server/flask/request_processing/req_logging.py:29}}
May 28 03:31:28.007460 dv-neutron-843698-1-hyperv devstack@keystone.service[87142]: DEBUG dbcounter [-] [87142] Writing DB stats keystone:SELECT=100 {{(pid=87142) stat_writer /usr/local/lib/python3.8/dist-packages/dbcounter.py:114}}
May 28 03:31:28.018679 dv-neutron-843698-1-hyperv devstack@keystone.service[87142]: DEBUG keystone.common.rbac_enforcer.enforcer [None req-5de72362-283a-4eb6-a155-04ba3c681664 None admin] RBAC: Authorizing `identity:validate_token()` {{(pid=87142) enforce_call /opt/stack/keystone/keystone/common/rbac_enforcer/enforcer.py:449}}
May 28 03:31:28.023819 dv-neutron-843698-1-hyperv devstack@keystone.service[87142]: DEBUG keystone.common.rbac_enforcer.enforcer [None req-5de72362-283a-4eb6-a155-04ba3c681664 None admin] RBAC: Authorization granted {{(pid=87142) enforce_call /opt/stack/keystone/keystone/common/rbac_enforcer/enforcer.py:457}}
May 28 03:31:28.029377 dv-neutron-843698-1-hyperv devstack@keystone.service[87143]: DEBUG keystone.server.flask.request_processing.middleware.auth_context [None req-c7fae7f7-9f34-4889-be4e-b4dc3ed734f4 None admin] Validating token access rules against request {{(pid=87143) validate_allowed_request /usr/local/lib/python3.8/dist-packages/keystonemiddleware/auth_token/__init__.py:545}}
May 28 03:31:28.080909 dv-neutron-843698-1-hyperv devstack@keystone.service[87143]: DEBUG keystone.server.flask.request_processing.middleware.auth_context [None req-4924372f-0fb1-4ac7-bbed-16bdb5cdd5f3 None admin] RBAC: auth_context: {'token': , 'domain_id': None, 'trust_id': None, 'trustor_id': None, 'trustee_id': None, 'domain_name': None, 'group_ids': [], 'user_id': 'f1ffa43eea164520ac87eb30d5749670', 'user_domain_id': 'default', 'system_scope': 'all', 'project_id': None, 'project_domain_id': None, 'roles': ['admin', 'member', 'reader'], 'is_admin_project': True, 'service_user_id': None, 'service_user_domain_id': None, 'service_project_id': None, 'service_project_domain_id': None, 'service_roles': []} {{(pid=87143) fill_context /opt/stack/keystone/keystone/server/flask/request_processing/middleware/auth_context.py:478}}
May 28 03:31:28.082253 dv-neutron-843698-1-hyperv devstack@keystone.service[87143]: DEBUG keystone.server.flask.request_processing.req_logging [None req-4924372f-0fb1-4ac7-bbed-16bdb5cdd5f3 None admin] REQUEST_METHOD: `GET` {{(pid=87143) log_request_info /opt/stack/keystone/keystone/server/flask/request_processing/req_logging.py:27}}
May 28 03:31:28.082253 dv-neutron-843698-1-hyperv devstack@keystone.service[87143]: DEBUG keystone.server.flask.request_processing.req_logging [None req-4924372f-0fb1-4ac7-bbed-16bdb5cdd5f3 None admin] SCRIPT_NAME: `/identity` {{(pid=87143) log_request_info /opt/stack/keystone/keystone/server/flask/request_processing/req_logging.py:28}}
May 28 03:31:28.082253 dv-neutron-843698-1-hyperv devstack@keystone.service[87143]: DEBUG keystone.server.flask.request_processing.req_logging [None req-4924372f-0fb1-4ac7-bbed-16bdb5cdd5f3 None admin] PATH_INFO: `/v3/auth/tokens` {{(pid=87143) log_request_info /opt/stack/keystone/keystone/server/flask/request_processing/req_logging.py:29}}
May 28 03:31:28.150672 dv-neutron-843698-1-hyperv devstack@keystone.service[87142]: [pid: 87142|app: 0|req: 43/87] 10.222.0.45 () {58 vars in 1282 bytes} [Sat May 28 03:31:27 2022] GET /identity/v3/auth/tokens => generated 799 bytes in 384 msecs (HTTP/1.1 200) 6 headers in 358 bytes (1 switches on core 0)
May 28 03:31:28.151789 dv-neutron-843698-1-hyperv devstack@keystone.service[87142]: DEBUG keystone.server.flask.request_processing.middleware.auth_context [None req-5de72362-283a-4eb6-a155-04ba3c681664 None admin] Authenticating user token {{(pid=87142) process_request /usr/local/lib/python3.8/dist-packages/keystonemiddleware/auth_token/__init__.py:407}}
May 28 03:31:28.177782 dv-neutron-843698-1-hyperv devstack@keystone.service[87143]: DEBUG keystone.common.rbac_enforcer.enforcer [None req-4924372f-0fb1-4ac7-bbed-16bdb5cdd5f3 None admin] RBAC: Authorizing `identity:validate_token()` {{(pid=87143) enforce_call /opt/stack/keystone/keystone/common/rbac_enforcer/enforcer.py:449}}
May 28 03:31:28.179272 dv-neutron-843698-1-hyperv devstack@keystone.service[87143]: DEBUG keystone.common.rbac_enforcer.enforcer [None req-4924372f-0fb1-4ac7-bbed-16bdb5cdd5f3 None admin] RBAC: Authorization granted {{(pid=87143) enforce_call /opt/stack/keystone/keystone/common/rbac_enforcer/enforcer.py:457}}
May 28 03:31:28.190470 dv-neutron-843698-1-hyperv devstack@keystone.service[87143]: DEBUG dbcounter [-] [87143] Writing DB stats keystone:SELECT=100 {{(pid=87143) stat_writer /usr/local/lib/python3.8/dist-packages/dbcounter.py:114}}
May 28 03:31:28.267579 dv-neutron-843698-1-hyperv devstack@keystone.service[87142]: DEBUG dbcounter [-] [87142] Writing DB stats keystone:SELECT=100 {{(pid=87142) stat_writer /usr/local/lib/python3.8/dist-packages/dbcounter.py:114}}
May 28 03:31:28.279718 dv-neutron-843698-1-hyperv devstack@keystone.service[87142]: DEBUG keystone.server.flask.request_processing.middleware.auth_context [None req-5de72362-283a-4eb6-a155-04ba3c681664 None admin] Validating token access rules against request {{(pid=87142) validate_allowed_request /usr/local/lib/python3.8/dist-packages/keystonemiddleware/auth_token/__init__.py:545}}
May 28 03:31:28.312049 dv-neutron-843698-1-hyperv devstack@keystone.service[87143]: [pid: 87143|app: 0|req: 45/88] 10.222.0.45 () {58 vars in 1282 bytes} [Sat May 28 03:31:27 2022] GET /identity/v3/auth/tokens => generated 799 bytes in 413 msecs (HTTP/1.1 200) 6 headers in 358 bytes (1 switches on core 0)
May 28 03:31:28.313248 dv-neutron-843698-1-hyperv devstack@keystone.service[87143]: DEBUG keystone.server.flask.request_processing.middleware.auth_context [None req-4924372f-0fb1-4ac7-bbed-16bdb5cdd5f3 None admin] Authenticating user token {{(pid=87143) process_request /usr/local/lib/python3.8/dist-packages/keystonemiddleware/auth_token/__init__.py:407}}
May 28 03:31:28.316330 dv-neutron-843698-1-hyperv devstack@keystone.service[87142]: DEBUG keystone.server.flask.request_processing.middleware.auth_context [None req-0263e376-429f-4af8-8f5e-c0245ef15087 None admin] RBAC: auth_context: {'token': , 'domain_id': None, 'trust_id': None, 'trustor_id': None, 'trustee_id': None, 'domain_name': None, 'group_ids': [], 'user_id': 'f1ffa43eea164520ac87eb30d5749670', 'user_domain_id': 'default', 'system_scope': 'all', 'project_id': None, 'project_domain_id': None, 'roles': ['admin', 'member', 'reader'], 'is_admin_project': True, 'service_user_id': None, 'service_user_domain_id': None, 'service_project_id': None, 'service_project_domain_id': None, 'service_roles': []} {{(pid=87142) fill_context /opt/stack/keystone/keystone/server/flask/request_processing/middleware/auth_context.py:478}}
May 28 03:31:28.317071 dv-neutron-843698-1-hyperv devstack@keystone.service[87142]: DEBUG keystone.server.flask.request_processing.req_logging [None req-0263e376-429f-4af8-8f5e-c0245ef15087 None admin] REQUEST_METHOD: `GET` {{(pid=87142) log_request_info /opt/stack/keystone/keystone/server/flask/request_processing/req_logging.py:27}}
May 28 03:31:28.317335 dv-neutron-843698-1-hyperv devstack@keystone.service[87142]: DEBUG keystone.server.flask.request_processing.req_logging [None req-0263e376-429f-4af8-8f5e-c0245ef15087 None admin] SCRIPT_NAME: `/identity` {{(pid=87142) log_request_info /opt/stack/keystone/keystone/server/flask/request_processing/req_logging.py:28}}
May 28 03:31:28.317622 dv-neutron-843698-1-hyperv devstack@keystone.service[87142]: DEBUG keystone.server.flask.request_processing.req_logging [None req-0263e376-429f-4af8-8f5e-c0245ef15087 None admin] PATH_INFO: `/v3/role_assignments` {{(pid=87142) log_request_info /opt/stack/keystone/keystone/server/flask/request_processing/req_logging.py:29}}
May 28 03:31:28.318510 dv-neutron-843698-1-hyperv devstack@keystone.service[87142]: DEBUG keystone.common.rbac_enforcer.enforcer [None req-0263e376-429f-4af8-8f5e-c0245ef15087 None admin] RBAC: Adding query filter params (role.id=fa3be02e5e904f03b9f60bd3e68ae7d2, scope.project.id=4b40ca7093224d8fa9cd56a6f5409f52, user.id=f1ffa43eea164520ac87eb30d5749670) {{(pid=87142) _extract_filter_values /opt/stack/keystone/keystone/common/rbac_enforcer/enforcer.py:167}}
May 28 03:31:28.318878 dv-neutron-843698-1-hyperv devstack@keystone.service[87142]: DEBUG keystone.common.rbac_enforcer.enforcer [None req-0263e376-429f-4af8-8f5e-c0245ef15087 None admin] RBAC: Authorizing `identity:list_role_assignments()` {{(pid=87142) enforce_call /opt/stack/keystone/keystone/common/rbac_enforcer/enforcer.py:449}}
May 28 03:31:28.320385 dv-neutron-843698-1-hyperv devstack@keystone.service[87142]: DEBUG keystone.common.rbac_enforcer.enforcer [None req-0263e376-429f-4af8-8f5e-c0245ef15087 None admin] RBAC: Authorization granted {{(pid=87142) enforce_call /opt/stack/keystone/keystone/common/rbac_enforcer/enforcer.py:457}}
May 28 03:31:28.326500 dv-neutron-843698-1-hyperv devstack@keystone.service[87142]: [pid: 87142|app: 0|req: 44/89] 10.222.0.45 () {56 vars in 1374 bytes} [Sat May 28 03:31:28 2022] GET /identity/v3/role_assignments?user.id=f1ffa43eea164520ac87eb30d5749670&scope.project.id=4b40ca7093224d8fa9cd56a6f5409f52&role.id=fa3be02e5e904f03b9f60bd3e68ae7d2 => generated 259 bytes in 175 msecs (HTTP/1.1 200) 5 headers in 177 bytes (1 switches on core 0)
May 28 03:31:28.327090 dv-neutron-843698-1-hyperv devstack@keystone.service[87142]: DEBUG keystone.server.flask.request_processing.middleware.auth_context [None req-0263e376-429f-4af8-8f5e-c0245ef15087 None admin] Authenticating user token {{(pid=87142) process_request /usr/local/lib/python3.8/dist-packages/keystonemiddleware/auth_token/__init__.py:407}}
May 28 03:31:28.441939 dv-neutron-843698-1-hyperv devstack@keystone.service[87143]: DEBUG keystone.server.flask.request_processing.middleware.auth_context [None req-4924372f-0fb1-4ac7-bbed-16bdb5cdd5f3 None admin] Validating token access rules against request {{(pid=87143) validate_allowed_request /usr/local/lib/python3.8/dist-packages/keystonemiddleware/auth_token/__init__.py:545}}
May 28 03:31:28.453672 dv-neutron-843698-1-hyperv devstack@keystone.service[87143]: DEBUG dbcounter [-] [87143] Writing DB stats keystone:SELECT=100 {{(pid=87143) stat_writer /usr/local/lib/python3.8/dist-packages/dbcounter.py:114}}
May 28 03:31:28.504192 dv-neutron-843698-1-hyperv devstack@keystone.service[87143]: DEBUG keystone.server.flask.request_processing.middleware.auth_context [None req-1808db08-0415-4eff-9b95-efc61ba01c32 None admin] RBAC: auth_context: {'token': , 'domain_id': None, 'trust_id': None, 'trustor_id': None, 'trustee_id': None, 'domain_name': None, 'group_ids': [], 'user_id': 'f1ffa43eea164520ac87eb30d5749670', 'user_domain_id': 'default', 'system_scope': 'all', 'project_id': None, 'project_domain_id': None, 'roles': ['admin', 'member', 'reader'], 'is_admin_project': True, 'service_user_id': None, 'service_user_domain_id': None, 'service_project_id': None, 'service_project_domain_id': None, 'service_roles': []} {{(pid=87143) fill_context /opt/stack/keystone/keystone/server/flask/request_processing/middleware/auth_context.py:478}}
May 28 03:31:28.505095 dv-neutron-843698-1-hyperv devstack@keystone.service[87143]: DEBUG keystone.server.flask.request_processing.req_logging [None req-1808db08-0415-4eff-9b95-efc61ba01c32 None admin] REQUEST_METHOD: `GET` {{(pid=87143) log_request_info /opt/stack/keystone/keystone/server/flask/request_processing/req_logging.py:27}}
May 28 03:31:28.505384 dv-neutron-843698-1-hyperv devstack@keystone.service[87143]: DEBUG keystone.server.flask.request_processing.req_logging [None req-1808db08-0415-4eff-9b95-efc61ba01c32 None admin] SCRIPT_NAME: `/identity` {{(pid=87143) log_request_info /opt/stack/keystone/keystone/server/flask/request_processing/req_logging.py:28}}
May 28 03:31:28.505661 dv-neutron-843698-1-hyperv devstack@keystone.service[87143]: DEBUG keystone.server.flask.request_processing.req_logging [None req-1808db08-0415-4eff-9b95-efc61ba01c32 None admin] PATH_INFO: `/v3/users/575e1d8f92384e8d998533adaa3faa2f` {{(pid=87143) log_request_info /opt/stack/keystone/keystone/server/flask/request_processing/req_logging.py:29}}
May 28 03:31:28.507347 dv-neutron-843698-1-hyperv devstack@keystone.service[87143]: DEBUG keystone.common.rbac_enforcer.enforcer [None req-1808db08-0415-4eff-9b95-efc61ba01c32 None admin] RBAC: Authorizing `identity:get_user(user_id=575e1d8f92384e8d998533adaa3faa2f)` {{(pid=87143) enforce_call /opt/stack/keystone/keystone/common/rbac_enforcer/enforcer.py:449}}
May 28 03:31:28.508886 dv-neutron-843698-1-hyperv devstack@keystone.service[87143]: DEBUG keystone.common.rbac_enforcer.enforcer [None req-1808db08-0415-4eff-9b95-efc61ba01c32 None admin] RBAC: Authorization granted {{(pid=87143) enforce_call /opt/stack/keystone/keystone/common/rbac_enforcer/enforcer.py:457}}
May 28 03:31:28.510815 dv-neutron-843698-1-hyperv devstack@keystone.service[87143]: [pid: 87143|app: 0|req: 46/90] 10.222.0.45 () {56 vars in 1177 bytes} [Sat May 28 03:31:28 2022] GET /identity/v3/users/575e1d8f92384e8d998533adaa3faa2f => generated 275 bytes in 198 msecs (HTTP/1.1 200) 5 headers in 177 bytes (1 switches on core 0)
May 28 03:31:28.511376 dv-neutron-843698-1-hyperv devstack@keystone.service[87143]: DEBUG keystone.server.flask.request_processing.middleware.auth_context [None req-1808db08-0415-4eff-9b95-efc61ba01c32 None admin] Authenticating user token {{(pid=87143) process_request /usr/local/lib/python3.8/dist-packages/keystonemiddleware/auth_token/__init__.py:407}}
May 28 03:31:28.578541 dv-neutron-843698-1-hyperv devstack@keystone.service[87142]: DEBUG keystone.server.flask.request_processing.middleware.auth_context [None req-0263e376-429f-4af8-8f5e-c0245ef15087 None admin] Validating token access rules against request {{(pid=87142) validate_allowed_request /usr/local/lib/python3.8/dist-packages/keystonemiddleware/auth_token/__init__.py:545}}
May 28 03:31:28.631812 dv-neutron-843698-1-hyperv devstack@keystone.service[87142]: DEBUG keystone.server.flask.request_processing.middleware.auth_context [None req-3ca19557-1b83-4889-94f4-ccd1260a8ab7 None admin] RBAC: auth_context: {'token': , 'domain_id': None, 'trust_id': None, 'trustor_id': None, 'trustee_id': None, 'domain_name': None, 'group_ids': [], 'user_id': 'f1ffa43eea164520ac87eb30d5749670', 'user_domain_id': 'default', 'system_scope': 'all', 'project_id': None, 'project_domain_id': None, 'roles': ['admin', 'member', 'reader'], 'is_admin_project': True, 'service_user_id': None, 'service_user_domain_id': None, 'service_project_id': None, 'service_project_domain_id': None, 'service_roles': []} {{(pid=87142) fill_context /opt/stack/keystone/keystone/server/flask/request_processing/middleware/auth_context.py:478}}
May 28 03:31:28.632686 dv-neutron-843698-1-hyperv devstack@keystone.service[87142]: DEBUG keystone.server.flask.request_processing.req_logging [None req-3ca19557-1b83-4889-94f4-ccd1260a8ab7 None admin] REQUEST_METHOD: `GET` {{(pid=87142) log_request_info /opt/stack/keystone/keystone/server/flask/request_processing/req_logging.py:27}}
