May 27 14:44:44.691543 dv-neutron-843619-1-hyperv devstack@keystone.service[80656]: DEBUG keystone.server.flask.request_processing.req_logging [None req-45503718-43a7-4328-a163-bfb2bf70f9ec None None] PATH_INFO: `/` {{(pid=80656) log_request_info /opt/stack/keystone/keystone/server/flask/request_processing/req_logging.py:29}}
May 27 14:44:44.694177 dv-neutron-843619-1-hyperv devstack@keystone.service[80656]: [pid: 80656|app: 0|req: 111/222] 10.222.0.17 () {54 vars in 926 bytes} [Fri May 27 14:44:44 2022] GET /identity => generated 270 bytes in 8 msecs (HTTP/1.1 300) 6 headers in 234 bytes (1 switches on core 0)
May 27 14:44:44.698264 dv-neutron-843619-1-hyperv devstack@keystone.service[80656]: DEBUG keystone.server.flask.request_processing.middleware.auth_context [None req-45503718-43a7-4328-a163-bfb2bf70f9ec None None] Authenticating user token {{(pid=80656) process_request /usr/local/lib/python3.8/dist-packages/keystonemiddleware/auth_token/__init__.py:407}}
May 27 14:44:44.763904 dv-neutron-843619-1-hyperv devstack@keystone.service[80655]: DEBUG keystone.server.flask.request_processing.middleware.auth_context [None req-3a644f68-98e7-4e71-a996-b04f12893005 None admin] Validating token access rules against request {{(pid=80655) validate_allowed_request /usr/local/lib/python3.8/dist-packages/keystonemiddleware/auth_token/__init__.py:545}}
May 27 14:44:44.809379 dv-neutron-843619-1-hyperv devstack@keystone.service[80655]: DEBUG keystone.server.flask.request_processing.middleware.auth_context [None req-7c787393-74c1-436c-9f40-9679383e2d8d None admin] RBAC: auth_context: {'token': , 'domain_id': None, 'trust_id': None, 'trustor_id': None, 'trustee_id': None, 'domain_name': None, 'group_ids': [], 'user_id': '29a1efa8d5a542e8bff46f3a8ae861c8', 'user_domain_id': 'default', 'system_scope': 'all', 'project_id': None, 'project_domain_id': None, 'roles': ['admin', 'member', 'reader'], 'is_admin_project': True, 'service_user_id': None, 'service_user_domain_id': None, 'service_project_id': None, 'service_project_domain_id': None, 'service_roles': []} {{(pid=80655) fill_context /opt/stack/keystone/keystone/server/flask/request_processing/middleware/auth_context.py:478}}
May 27 14:44:44.810299 dv-neutron-843619-1-hyperv devstack@keystone.service[80655]: DEBUG keystone.server.flask.request_processing.req_logging [None req-7c787393-74c1-436c-9f40-9679383e2d8d None admin] REQUEST_METHOD: `GET` {{(pid=80655) log_request_info /opt/stack/keystone/keystone/server/flask/request_processing/req_logging.py:27}}
May 27 14:44:44.810582 dv-neutron-843619-1-hyperv devstack@keystone.service[80655]: DEBUG keystone.server.flask.request_processing.req_logging [None req-7c787393-74c1-436c-9f40-9679383e2d8d None admin] SCRIPT_NAME: `/identity` {{(pid=80655) log_request_info /opt/stack/keystone/keystone/server/flask/request_processing/req_logging.py:28}}
May 27 14:44:44.810855 dv-neutron-843619-1-hyperv devstack@keystone.service[80655]: DEBUG keystone.server.flask.request_processing.req_logging [None req-7c787393-74c1-436c-9f40-9679383e2d8d None admin] PATH_INFO: `/v3/projects/b23a54c52e9748d59d31bf549ef5a002` {{(pid=80655) log_request_info /opt/stack/keystone/keystone/server/flask/request_processing/req_logging.py:29}}
May 27 14:44:44.812049 dv-neutron-843619-1-hyperv devstack@keystone.service[80655]: DEBUG keystone.common.rbac_enforcer.enforcer [None req-7c787393-74c1-436c-9f40-9679383e2d8d None admin] RBAC: Authorizing `identity:get_project(project_id=b23a54c52e9748d59d31bf549ef5a002)` {{(pid=80655) enforce_call /opt/stack/keystone/keystone/common/rbac_enforcer/enforcer.py:449}}
May 27 14:44:44.813512 dv-neutron-843619-1-hyperv devstack@keystone.service[80655]: DEBUG keystone.common.rbac_enforcer.enforcer [None req-7c787393-74c1-436c-9f40-9679383e2d8d None admin] RBAC: Authorization granted {{(pid=80655) enforce_call /opt/stack/keystone/keystone/common/rbac_enforcer/enforcer.py:457}}
May 27 14:44:44.815619 dv-neutron-843619-1-hyperv devstack@keystone.service[80655]: [pid: 80655|app: 0|req: 112/223] 10.222.0.17 () {56 vars in 1186 bytes} [Fri May 27 14:44:44 2022] GET /identity/v3/projects/b23a54c52e9748d59d31bf549ef5a002 => generated 302 bytes in 180 msecs (HTTP/1.1 200) 5 headers in 177 bytes (2 switches on core 0)
May 27 14:44:44.816817 dv-neutron-843619-1-hyperv devstack@keystone.service[80655]: DEBUG keystone.server.flask.request_processing.req_logging [None req-310cf639-a6d0-477e-9ca3-c053db34ab11 None None] REQUEST_METHOD: `POST` {{(pid=80655) log_request_info /opt/stack/keystone/keystone/server/flask/request_processing/req_logging.py:27}}
May 27 14:44:44.817101 dv-neutron-843619-1-hyperv devstack@keystone.service[80655]: DEBUG keystone.server.flask.request_processing.req_logging [None req-310cf639-a6d0-477e-9ca3-c053db34ab11 None None] SCRIPT_NAME: `/identity` {{(pid=80655) log_request_info /opt/stack/keystone/keystone/server/flask/request_processing/req_logging.py:28}}
May 27 14:44:44.817378 dv-neutron-843619-1-hyperv devstack@keystone.service[80655]: DEBUG keystone.server.flask.request_processing.req_logging [None req-310cf639-a6d0-477e-9ca3-c053db34ab11 None None] PATH_INFO: `/v3/auth/tokens` {{(pid=80655) log_request_info /opt/stack/keystone/keystone/server/flask/request_processing/req_logging.py:29}}
May 27 14:44:44.834869 dv-neutron-843619-1-hyperv devstack@keystone.service[80656]: DEBUG keystone.server.flask.request_processing.middleware.auth_context [None req-45503718-43a7-4328-a163-bfb2bf70f9ec None None] Validating token access rules against request {{(pid=80656) validate_allowed_request /usr/local/lib/python3.8/dist-packages/keystonemiddleware/auth_token/__init__.py:545}}
May 27 14:44:44.840146 dv-neutron-843619-1-hyperv devstack@keystone.service[80655]: DEBUG keystone.auth.core [None req-310cf639-a6d0-477e-9ca3-c053db34ab11 None None] MFA Rules not processed for user `29a1efa8d5a542e8bff46f3a8ae861c8`. Rule list: `[]` (Enabled: `True`). {{(pid=80655) check_auth_methods_against_rules /opt/stack/keystone/keystone/auth/core.py:438}}
May 27 14:44:44.841328 dv-neutron-843619-1-hyperv devstack@keystone.service[80655]: DEBUG keystone.common.fernet_utils [None req-310cf639-a6d0-477e-9ca3-c053db34ab11 None None] Loaded 2 Fernet keys from /etc/keystone/fernet-keys/, but `[fernet_tokens] max_active_keys = 3`; perhaps there have not been enough key rotations to reach `max_active_keys` yet? {{(pid=80655) load_keys /opt/stack/keystone/keystone/common/fernet_utils.py:286}}
May 27 14:44:44.853094 dv-neutron-843619-1-hyperv devstack@keystone.service[80656]: DEBUG dbcounter [-] [80656] Writing DB stats keystone:SELECT=100 {{(pid=80656) stat_writer /usr/local/lib/python3.8/dist-packages/dbcounter.py:114}}
May 27 14:44:44.873105 dv-neutron-843619-1-hyperv devstack@keystone.service[80655]: DEBUG dbcounter [-] [80655] Writing DB stats keystone:SELECT=100 {{(pid=80655) stat_writer /usr/local/lib/python3.8/dist-packages/dbcounter.py:114}}
May 27 14:44:44.886615 dv-neutron-843619-1-hyperv devstack@keystone.service[80656]: DEBUG keystone.server.flask.request_processing.middleware.auth_context [None req-af2b9979-12e1-4ab5-be2a-563aa56a8f24 None admin] RBAC: auth_context: {'token': , 'domain_id': None, 'trust_id': None, 'trustor_id': None, 'trustee_id': None, 'domain_name': None, 'group_ids': [], 'user_id': '29a1efa8d5a542e8bff46f3a8ae861c8', 'user_domain_id': 'default', 'system_scope': 'all', 'project_id': None, 'project_domain_id': None, 'roles': ['admin', 'member', 'reader'], 'is_admin_project': True, 'service_user_id': None, 'service_user_domain_id': None, 'service_project_id': None, 'service_project_domain_id': None, 'service_roles': []} {{(pid=80656) fill_context /opt/stack/keystone/keystone/server/flask/request_processing/middleware/auth_context.py:478}}
May 27 14:44:44.887561 dv-neutron-843619-1-hyperv devstack@keystone.service[80656]: DEBUG keystone.server.flask.request_processing.req_logging [None req-af2b9979-12e1-4ab5-be2a-563aa56a8f24 None admin] REQUEST_METHOD: `GET` {{(pid=80656) log_request_info /opt/stack/keystone/keystone/server/flask/request_processing/req_logging.py:27}}
May 27 14:44:44.888014 dv-neutron-843619-1-hyperv devstack@keystone.service[80656]: DEBUG keystone.server.flask.request_processing.req_logging [None req-af2b9979-12e1-4ab5-be2a-563aa56a8f24 None admin] SCRIPT_NAME: `/identity` {{(pid=80656) log_request_info /opt/stack/keystone/keystone/server/flask/request_processing/req_logging.py:28}}
May 27 14:44:44.888454 dv-neutron-843619-1-hyperv devstack@keystone.service[80656]: DEBUG keystone.server.flask.request_processing.req_logging [None req-af2b9979-12e1-4ab5-be2a-563aa56a8f24 None admin] PATH_INFO: `/v3/roles` {{(pid=80656) log_request_info /opt/stack/keystone/keystone/server/flask/request_processing/req_logging.py:29}}
May 27 14:44:44.889818 dv-neutron-843619-1-hyperv devstack@keystone.service[80656]: DEBUG keystone.common.rbac_enforcer.enforcer [None req-af2b9979-12e1-4ab5-be2a-563aa56a8f24 None admin] RBAC: Adding query filter params (name=admin) {{(pid=80656) _extract_filter_values /opt/stack/keystone/keystone/common/rbac_enforcer/enforcer.py:167}}
May 27 14:44:44.890303 dv-neutron-843619-1-hyperv devstack@keystone.service[80656]: DEBUG keystone.common.rbac_enforcer.enforcer [None req-af2b9979-12e1-4ab5-be2a-563aa56a8f24 None admin] RBAC: Authorizing `identity:list_roles()` {{(pid=80656) enforce_call /opt/stack/keystone/keystone/common/rbac_enforcer/enforcer.py:449}}
May 27 14:44:44.892252 dv-neutron-843619-1-hyperv devstack@keystone.service[80656]: DEBUG keystone.common.rbac_enforcer.enforcer [None req-af2b9979-12e1-4ab5-be2a-563aa56a8f24 None admin] RBAC: Authorization granted {{(pid=80656) enforce_call /opt/stack/keystone/keystone/common/rbac_enforcer/enforcer.py:457}}
May 27 14:44:44.904872 dv-neutron-843619-1-hyperv devstack@keystone.service[80656]: [pid: 80656|app: 0|req: 112/224] 10.222.0.17 () {56 vars in 1099 bytes} [Fri May 27 14:44:44 2022] GET /identity/v3/roles?name=admin => generated 339 bytes in 207 msecs (HTTP/1.1 200) 5 headers in 177 bytes (1 switches on core 0)
May 27 14:44:44.906262 dv-neutron-843619-1-hyperv devstack@keystone.service[80656]: DEBUG keystone.server.flask.request_processing.middleware.auth_context [None req-af2b9979-12e1-4ab5-be2a-563aa56a8f24 None admin] Authenticating user token {{(pid=80656) process_request /usr/local/lib/python3.8/dist-packages/keystonemiddleware/auth_token/__init__.py:407}}
May 27 14:44:44.919447 dv-neutron-843619-1-hyperv devstack@keystone.service[80655]: [pid: 80655|app: 0|req: 113/225] 10.222.0.17 () {58 vars in 1023 bytes} [Fri May 27 14:44:44 2022] POST /identity/v3/auth/tokens => generated 799 bytes in 103 msecs (HTTP/1.1 201) 6 headers in 363 bytes (1 switches on core 0)
May 27 14:44:44.920432 dv-neutron-843619-1-hyperv devstack@keystone.service[80655]: DEBUG keystone.server.flask.request_processing.middleware.auth_context [None req-310cf639-a6d0-477e-9ca3-c053db34ab11 None None] Authenticating user token {{(pid=80655) process_request /usr/local/lib/python3.8/dist-packages/keystonemiddleware/auth_token/__init__.py:407}}
May 27 14:44:45.037442 dv-neutron-843619-1-hyperv devstack@keystone.service[80655]: DEBUG keystone.server.flask.request_processing.middleware.auth_context [None req-310cf639-a6d0-477e-9ca3-c053db34ab11 None None] Validating token access rules against request {{(pid=80655) validate_allowed_request /usr/local/lib/python3.8/dist-packages/keystonemiddleware/auth_token/__init__.py:545}}
May 27 14:44:45.037786 dv-neutron-843619-1-hyperv devstack@keystone.service[80656]: DEBUG keystone.server.flask.request_processing.middleware.auth_context [None req-af2b9979-12e1-4ab5-be2a-563aa56a8f24 None admin] Validating token access rules against request {{(pid=80656) validate_allowed_request /usr/local/lib/python3.8/dist-packages/keystonemiddleware/auth_token/__init__.py:545}}
May 27 14:44:45.076237 dv-neutron-843619-1-hyperv devstack@keystone.service[80655]: DEBUG keystone.server.flask.request_processing.middleware.auth_context [None req-10816638-e241-44d8-bfa5-bceaab73abc8 None admin] RBAC: auth_context: {'token': , 'domain_id': None, 'trust_id': None, 'trustor_id': None, 'trustee_id': None, 'domain_name': None, 'group_ids': [], 'user_id': '29a1efa8d5a542e8bff46f3a8ae861c8', 'user_domain_id': 'default', 'system_scope': 'all', 'project_id': None, 'project_domain_id': None, 'roles': ['admin', 'member', 'reader'], 'is_admin_project': True, 'service_user_id': None, 'service_user_domain_id': None, 'service_project_id': None, 'service_project_domain_id': None, 'service_roles': []} {{(pid=80655) fill_context /opt/stack/keystone/keystone/server/flask/request_processing/middleware/auth_context.py:478}}
May 27 14:44:45.077882 dv-neutron-843619-1-hyperv devstack@keystone.service[80655]: DEBUG keystone.server.flask.request_processing.req_logging [None req-10816638-e241-44d8-bfa5-bceaab73abc8 None admin] REQUEST_METHOD: `GET` {{(pid=80655) log_request_info /opt/stack/keystone/keystone/server/flask/request_processing/req_logging.py:27}}
May 27 14:44:45.078212 dv-neutron-843619-1-hyperv devstack@keystone.service[80655]: DEBUG keystone.server.flask.request_processing.req_logging [None req-10816638-e241-44d8-bfa5-bceaab73abc8 None admin] SCRIPT_NAME: `/identity` {{(pid=80655) log_request_info /opt/stack/keystone/keystone/server/flask/request_processing/req_logging.py:28}}
May 27 14:44:45.078555 dv-neutron-843619-1-hyperv devstack@keystone.service[80655]: DEBUG keystone.server.flask.request_processing.req_logging [None req-10816638-e241-44d8-bfa5-bceaab73abc8 None admin] PATH_INFO: `/v3/users/fbc7e7a1f7d54b718c2bfcc96630c13b` {{(pid=80655) log_request_info /opt/stack/keystone/keystone/server/flask/request_processing/req_logging.py:29}}
May 27 14:44:45.079841 dv-neutron-843619-1-hyperv devstack@keystone.service[80655]: DEBUG keystone.common.rbac_enforcer.enforcer [None req-10816638-e241-44d8-bfa5-bceaab73abc8 None admin] RBAC: Authorizing `identity:get_user(user_id=fbc7e7a1f7d54b718c2bfcc96630c13b)` {{(pid=80655) enforce_call /opt/stack/keystone/keystone/common/rbac_enforcer/enforcer.py:449}}
May 27 14:44:45.082211 dv-neutron-843619-1-hyperv devstack@keystone.service[80655]: DEBUG keystone.common.rbac_enforcer.enforcer [None req-10816638-e241-44d8-bfa5-bceaab73abc8 None admin] RBAC: Authorization granted {{(pid=80655) enforce_call /opt/stack/keystone/keystone/common/rbac_enforcer/enforcer.py:457}}
May 27 14:44:45.083095 dv-neutron-843619-1-hyperv devstack@keystone.service[80656]: DEBUG keystone.server.flask.request_processing.middleware.auth_context [None req-89a05c17-a99b-4c79-a0bb-9f001c8f7a0d None admin] RBAC: auth_context: {'token': , 'domain_id': None, 'trust_id': None, 'trustor_id': None, 'trustee_id': None, 'domain_name': None, 'group_ids': [], 'user_id': '29a1efa8d5a542e8bff46f3a8ae861c8', 'user_domain_id': 'default', 'system_scope': 'all', 'project_id': None, 'project_domain_id': None, 'roles': ['admin', 'member', 'reader'], 'is_admin_project': True, 'service_user_id': None, 'service_user_domain_id': None, 'service_project_id': None, 'service_project_domain_id': None, 'service_roles': []} {{(pid=80656) fill_context /opt/stack/keystone/keystone/server/flask/request_processing/middleware/auth_context.py:478}}
May 27 14:44:45.083935 dv-neutron-843619-1-hyperv devstack@keystone.service[80656]: DEBUG keystone.server.flask.request_processing.req_logging [None req-89a05c17-a99b-4c79-a0bb-9f001c8f7a0d None admin] REQUEST_METHOD: `GET` {{(pid=80656) log_request_info /opt/stack/keystone/keystone/server/flask/request_processing/req_logging.py:27}}
May 27 14:44:45.084387 dv-neutron-843619-1-hyperv devstack@keystone.service[80656]: DEBUG keystone.server.flask.request_processing.req_logging [None req-89a05c17-a99b-4c79-a0bb-9f001c8f7a0d None admin] SCRIPT_NAME: `/identity` {{(pid=80656) log_request_info /opt/stack/keystone/keystone/server/flask/request_processing/req_logging.py:28}}
May 27 14:44:45.084828 dv-neutron-843619-1-hyperv devstack@keystone.service[80656]: DEBUG keystone.server.flask.request_processing.req_logging [None req-89a05c17-a99b-4c79-a0bb-9f001c8f7a0d None admin] PATH_INFO: `/v3/role_assignments` {{(pid=80656) log_request_info /opt/stack/keystone/keystone/server/flask/request_processing/req_logging.py:29}}
May 27 14:44:45.085772 dv-neutron-843619-1-hyperv devstack@keystone.service[80655]: [pid: 80655|app: 0|req: 114/226] 10.222.0.17 () {56 vars in 1177 bytes} [Fri May 27 14:44:44 2022] GET /identity/v3/users/fbc7e7a1f7d54b718c2bfcc96630c13b => generated 283 bytes in 166 msecs (HTTP/1.1 200) 5 headers in 177 bytes (1 switches on core 0)
May 27 14:44:45.086110 dv-neutron-843619-1-hyperv devstack@keystone.service[80656]: DEBUG keystone.common.rbac_enforcer.enforcer [None req-89a05c17-a99b-4c79-a0bb-9f001c8f7a0d None admin] RBAC: Adding query filter params (role.id=70f8ebffb2f24b2f915e1acb6492318c, scope.project.id=b23a54c52e9748d59d31bf549ef5a002, user.id=2dc0e2e7c1c44bc38fed02f5c8917ae6) {{(pid=80656) _extract_filter_values /opt/stack/keystone/keystone/common/rbac_enforcer/enforcer.py:167}}
May 27 14:44:45.086634 dv-neutron-843619-1-hyperv devstack@keystone.service[80655]: DEBUG keystone.server.flask.request_processing.middleware.auth_context [None req-10816638-e241-44d8-bfa5-bceaab73abc8 None admin] Authenticating user token {{(pid=80655) process_request /usr/local/lib/python3.8/dist-packages/keystonemiddleware/auth_token/__init__.py:407}}
May 27 14:44:45.086827 dv-neutron-843619-1-hyperv devstack@keystone.service[80656]: DEBUG keystone.common.rbac_enforcer.enforcer [None req-89a05c17-a99b-4c79-a0bb-9f001c8f7a0d None admin] RBAC: Authorizing `identity:list_role_assignments()` {{(pid=80656) enforce_call /opt/stack/keystone/keystone/common/rbac_enforcer/enforcer.py:449}}
May 27 14:44:45.088478 dv-neutron-843619-1-hyperv devstack@keystone.service[80656]: DEBUG keystone.common.rbac_enforcer.enforcer [None req-89a05c17-a99b-4c79-a0bb-9f001c8f7a0d None admin] RBAC: Authorization granted {{(pid=80656) enforce_call /opt/stack/keystone/keystone/common/rbac_enforcer/enforcer.py:457}}
May 27 14:44:45.095826 dv-neutron-843619-1-hyperv devstack@keystone.service[80656]: [pid: 80656|app: 0|req: 113/227] 10.222.0.17 () {56 vars in 1374 bytes} [Fri May 27 14:44:44 2022] GET /identity/v3/role_assignments?user.id=2dc0e2e7c1c44bc38fed02f5c8917ae6&scope.project.id=b23a54c52e9748d59d31bf549ef5a002&role.id=70f8ebffb2f24b2f915e1acb6492318c => generated 259 bytes in 190 msecs (HTTP/1.1 200) 5 headers in 177 bytes (1 switches on core 0)
May 27 14:44:45.098036 dv-neutron-843619-1-hyperv devstack@keystone.service[80656]: DEBUG keystone.server.flask.request_processing.middleware.auth_context [None req-89a05c17-a99b-4c79-a0bb-9f001c8f7a0d None admin] Authenticating user token {{(pid=80656) process_request /usr/local/lib/python3.8/dist-packages/keystonemiddleware/auth_token/__init__.py:407}}
May 27 14:44:45.146109 dv-neutron-843619-1-hyperv devstack@keystone.service[80656]: DEBUG dbcounter [-] [80656] Writing DB stats keystone:SELECT=100 {{(pid=80656) stat_writer /usr/local/lib/python3.8/dist-packages/dbcounter.py:114}}
May 27 14:44:45.149911 dv-neutron-843619-1-hyperv devstack@keystone.service[80655]: DEBUG dbcounter [-] [80655] Writing DB stats keystone:SELECT=100 {{(pid=80655) stat_writer /usr/local/lib/python3.8/dist-packages/dbcounter.py:114}}
May 27 14:44:45.250176 dv-neutron-843619-1-hyperv devstack@keystone.service[80656]: DEBUG keystone.server.flask.request_processing.middleware.auth_context [None req-89a05c17-a99b-4c79-a0bb-9f001c8f7a0d None admin] Validating token access rules against request {{(pid=80656) validate_allowed_request /usr/local/lib/python3.8/dist-packages/keystonemiddleware/auth_token/__init__.py:545}}
May 27 14:44:45.265205 dv-neutron-843619-1-hyperv devstack@keystone.service[80655]: DEBUG keystone.server.flask.request_processing.middleware.auth_context [None req-10816638-e241-44d8-bfa5-bceaab73abc8 None admin] Validating token access rules against request {{(pid=80655) validate_allowed_request /usr/local/lib/python3.8/dist-packages/keystonemiddleware/auth_token/__init__.py:545}}
May 27 14:44:45.303954 dv-neutron-843619-1-hyperv devstack@keystone.service[80655]: DEBUG keystone.server.flask.request_processing.middleware.auth_context [None req-06bebb14-3435-4b4d-8927-7455673bed29 None admin] RBAC: auth_context: {'token': , 'domain_id': None, 'trust_id': None, 'trustor_id': None, 'trustee_id': None, 'domain_name': None, 'group_ids': [], 'user_id': '29a1efa8d5a542e8bff46f3a8ae861c8', 'user_domain_id': 'default', 'system_scope': 'all', 'project_id': None, 'project_domain_id': None, 'roles': ['admin', 'member', 'reader'], 'is_admin_project': True, 'service_user_id': None, 'service_user_domain_id': None, 'service_project_id': None, 'service_project_domain_id': None, 'service_roles': []} {{(pid=80655) fill_context /opt/stack/keystone/keystone/server/flask/request_processing/middleware/auth_context.py:478}}
May 27 14:44:45.304783 dv-neutron-843619-1-hyperv devstack@keystone.service[80655]: DEBUG keystone.server.flask.request_processing.req_logging [None req-06bebb14-3435-4b4d-8927-7455673bed29 None admin] REQUEST_METHOD: `GET` {{(pid=80655) log_request_info /opt/stack/keystone/keystone/server/flask/request_processing/req_logging.py:27}}
May 27 14:44:45.305064 dv-neutron-843619-1-hyperv devstack@keystone.service[80655]: DEBUG keystone.server.flask.request_processing.req_logging [None req-06bebb14-3435-4b4d-8927-7455673bed29 None admin] SCRIPT_NAME: `/identity` {{(pid=80655) log_request_info /opt/stack/keystone/keystone/server/flask/request_processing/req_logging.py:28}}
May 27 14:44:45.305337 dv-neutron-843619-1-hyperv devstack@keystone.service[80655]: DEBUG keystone.server.flask.request_processing.req_logging [None req-06bebb14-3435-4b4d-8927-7455673bed29 None admin] PATH_INFO: `/v3/roles/anotherrole` {{(pid=80655) log_request_info /opt/stack/keystone/keystone/server/flask/request_processing/req_logging.py:29}}
May 27 14:44:45.317960 dv-neutron-843619-1-hyperv devstack@keystone.service[80655]: DEBUG keystone.common.rbac_enforcer.enforcer [None req-06bebb14-3435-4b4d-8927-7455673bed29 None admin] Extracting inferred target data resulted in "NOT FOUND (404)". {{(pid=80655) enforce_call /opt/stack/keystone/keystone/common/rbac_enforcer/enforcer.py:409}}
May 27 14:44:45.327332 dv-neutron-843619-1-hyperv devstack@keystone.service[80655]: ERROR keystone.server.flask.application [None req-06bebb14-3435-4b4d-8927-7455673bed29 None admin] Could not find role: anotherrole.: keystone.exception.RoleNotFound: Could not find role: anotherrole.
May 27 14:44:45.327332 dv-neutron-843619-1-hyperv devstack@keystone.service[80655]: ERROR keystone.server.flask.application
Traceback (most recent call last):
May 27 14:44:45.327332 dv-neutron-843619-1-hyperv devstack@keystone.service[80655]: ERROR keystone.server.flask.application
File "/usr/local/lib/python3.8/dist-packages/flask/app.py", line 1523, in full_dispatch_request
May 27 14:44:45.327332 dv-neutron-843619-1-hyperv devstack@keystone.service[80655]: ERROR keystone.server.flask.application rv = self.dispatch_request()
May 27 14:44:45.327332 dv-neutron-843619-1-hyperv devstack@keystone.service[80655]: ERROR keystone.server.flask.application
File "/usr/local/lib/python3.8/dist-packages/flask/app.py", line 1509, in dispatch_request
May 27 14:44:45.327332 dv-neutron-843619-1-hyperv devstack@keystone.service[80655]: ERROR keystone.server.flask.application return self.ensure_sync(self.view_functions[rule.endpoint])(**req.view_args)
May 27 14:44:45.327332 dv-neutron-843619-1-hyperv devstack@keystone.service[80655]: ERROR keystone.server.flask.application
File "/usr/local/lib/python3.8/dist-packages/flask_restful/__init__.py", line 467, in wrapper
May 27 14:44:45.327332 dv-neutron-843619-1-hyperv devstack@keystone.service[80655]: ERROR keystone.server.flask.application resp = resource(*args, **kwargs)
May 27 14:44:45.327332 dv-neutron-843619-1-hyperv devstack@keystone.service[80655]: ERROR keystone.server.flask.application
File "/usr/local/lib/python3.8/dist-packages/flask/views.py", line 84, in view
May 27 14:44:45.327332 dv-neutron-843619-1-hyperv devstack@keystone.service[80655]: ERROR keystone.server.flask.application return current_app.ensure_sync(self.dispatch_request)(*args, **kwargs)
May 27 14:44:45.327332 dv-neutron-843619-1-hyperv devstack@keystone.service[80655]: ERROR keystone.server.flask.application
File "/usr/local/lib/python3.8/dist-packages/flask_restful/__init__.py", line 582, in dispatch_request
May 27 14:44:45.327332 dv-neutron-843619-1-hyperv devstack@keystone.service[80655]: ERROR keystone.server.flask.application resp = meth(*args, **kwargs)
May 27 14:44:45.327332 dv-neutron-843619-1-hyperv devstack@keystone.service[80655]: ERROR keystone.server.flask.application
File "/opt/stack/keystone/keystone/api/roles.py", line 50, in get
May 27 14:44:45.327332 dv-neutron-843619-1-hyperv devstack@keystone.service[80655]: ERROR keystone.server.flask.application return self._get_role(role_id)
May 27 14:44:45.327332 dv-neutron-843619-1-hyperv devstack@keystone.service[80655]: ERROR keystone.server.flask.application
File "/opt/stack/keystone/keystone/api/roles.py", line 70, in _get_role
May 27 14:44:45.327332 dv-neutron-843619-1-hyperv devstack@keystone.service[80655]: ERROR keystone.server.flask.application ENFORCER.enforce_call(action='identity:get_role')
May 27 14:44:45.328283 dv-neutron-843619-1-hyperv devstack@keystone.service[80655]: ERROR keystone.server.flask.application
File "/opt/stack/keystone/keystone/common/rbac_enforcer/enforcer.py", line 402, in enforce_call
May 27 14:44:45.328283 dv-neutron-843619-1-hyperv devstack@keystone.service[80655]: ERROR keystone.server.flask.application policy_dict.update(cls._extract_member_target_data(
May 27 14:44:45.328283 dv-neutron-843619-1-hyperv devstack@keystone.service[80655]: ERROR keystone.server.flask.application
File "/opt/stack/keystone/keystone/common/rbac_enforcer/enforcer.py", line 234, in _extract_member_target_data
May 27 14:44:45.328283 dv-neutron-843619-1-hyperv devstack@keystone.service[80655]: ERROR keystone.server.flask.application member_name: func(flask.request.view_args[key])
May 27 14:44:45.328283 dv-neutron-843619-1-hyperv devstack@keystone.service[80655]: ERROR keystone.server.flask.application
File "/opt/stack/keystone/keystone/common/manager.py", line 115, in wrapped
May 27 14:44:45.328283 dv-neutron-843619-1-hyperv devstack@keystone.service[80655]: ERROR keystone.server.flask.application __ret_val = __f(*args, **kwargs)
May 27 14:44:45.328283 dv-neutron-843619-1-hyperv devstack@keystone.service[80655]: ERROR keystone.server.flask.application
File "/usr/local/lib/python3.8/dist-packages/decorator.py", line 232, in fun
May 27 14:44:45.328283 dv-neutron-843619-1-hyperv devstack@keystone.service[80655]: ERROR keystone.server.flask.application return caller(func, *(extras + args), **kw)
May 27 14:44:45.328283 dv-neutron-843619-1-hyperv devstack@keystone.service[80655]: ERROR keystone.server.flask.application
File "/usr/local/lib/python3.8/dist-packages/dogpile/cache/region.py", line 1577, in get_or_create_for_user_func
May 27 14:44:45.328283 dv-neutron-843619-1-hyperv devstack@keystone.service[80655]: ERROR keystone.server.flask.application return self.get_or_create(
May 27 14:44:45.328283 dv-neutron-843619-1-hyperv devstack@keystone.service[80655]: ERROR keystone.server.flask.application
File "/usr/local/lib/python3.8/dist-packages/dogpile/cache/region.py", line 1042, in get_or_create
May 27 14:44:45.328283 dv-neutron-843619-1-hyperv devstack@keystone.service[80655]: ERROR keystone.server.flask.application with Lock(
May 27 14:44:45.328283 dv-neutron-843619-1-hyperv devstack@keystone.service[80655]: ERROR keystone.server.flask.application
File "/usr/local/lib/python3.8/dist-packages/dogpile/lock.py", line 185, in __enter__
May 27 14:44:45.328283 dv-neutron-843619-1-hyperv devstack@keystone.service[80655]: ERROR keystone.server.flask.application return self._enter()
May 27 14:44:45.328283 dv-neutron-843619-1-hyperv devstack@keystone.service[80655]: ERROR keystone.server.flask.application
File "/usr/local/lib/python3.8/dist-packages/dogpile/lock.py", line 94, in _enter
May 27 14:44:45.328283 dv-neutron-843619-1-hyperv devstack@keystone.service[80655]: ERROR keystone.server.flask.application generated = self._enter_create(value, createdtime)
May 27 14:44:45.329071 dv-neutron-843619-1-hyperv devstack@keystone.service[80655]: ERROR keystone.server.flask.application
File "/usr/local/lib/python3.8/dist-packages/dogpile/lock.py", line 178, in _enter_create
May 27 14:44:45.329071 dv-neutron-843619-1-hyperv devstack@keystone.service[80655]: ERROR keystone.server.flask.application return self.creator()
May 27 14:44:45.329071 dv-neutron-843619-1-hyperv devstack@keystone.service[80655]: ERROR keystone.server.flask.application
File "/usr/local/lib/python3.8/dist-packages/dogpile/cache/region.py", line 995, in gen_value
May 27 14:44:45.329071 dv-neutron-843619-1-hyperv devstack@keystone.service[80655]: ERROR keystone.server.flask.application created_value = creator(
May 27 14:44:45.329071 dv-neutron-843619-1-hyperv devstack@keystone.service[80655]: ERROR keystone.server.flask.application
File "/opt/stack/keystone/keystone/assignment/core.py", line 1276, in get_role
May 27 14:44:45.329071 dv-neutron-843619-1-hyperv devstack@keystone.service[80655]: ERROR keystone.server.flask.application return self.driver.get_role(role_id)
May 27 14:44:45.329071 dv-neutron-843619-1-hyperv devstack@keystone.service[80655]: ERROR keystone.server.flask.application
File "/opt/stack/keystone/keystone/assignment/role_backends/sql.py", line 70, in get_role
May 27 14:44:45.329071 dv-neutron-843619-1-hyperv devstack@keystone.service[80655]: ERROR keystone.server.flask.application return self._get_role(session, role_id).to_dict()
May 27 14:44:45.329071 dv-neutron-843619-1-hyperv devstack@keystone.service[80655]: ERROR keystone.server.flask.application
File "/opt/stack/keystone/keystone/assignment/role_backends/sql.py", line 65, in _get_role
May 27 14:44:45.329071 dv-neutron-843619-1-hyperv devstack@keystone.service[80655]: ERROR keystone.server.flask.application raise exception.RoleNotFound(role_id=role_id)
May 27 14:44:45.329071 dv-neutron-843619-1-hyperv devstack@keystone.service[80655]: ERROR keystone.server.flask.application keystone.exception.RoleNotFound: Could not find role: anotherrole.
May 27 14:44:45.329071 dv-neutron-843619-1-hyperv devstack@keystone.service[80655]: ERROR keystone.server.flask.application
May 27 14:44:45.329071 dv-neutron-843619-1-hyperv devstack@keystone.service[80655]: [pid: 80655|app: 0|req: 115/228] 10.222.0.17 () {56 vars in 1114 bytes} [Fri May 27 14:44:45 2022] GET /identity/v3/roles/anotherrole => generated 89 bytes in 242 msecs (HTTP/1.1 404) 5 headers in 183 bytes (1 switches on core 0)
May 27 14:44:45.334989 dv-neutron-843619-1-hyperv devstack@keystone.service[80655]: DEBUG keystone.server.flask.request_processing.middleware.auth_context [None req-06bebb14-3435-4b4d-8927-7455673bed29 None admin] Authenticating user token {{(pid=80655) process_request /usr/local/lib/python3.8/dist-packages/keystonemiddleware/auth_token/__init__.py:407}}
May 27 14:44:45.335142 dv-neutron-843619-1-hyperv devstack@keystone.service[80656]: DEBUG keystone.server.flask.request_processing.middleware.auth_context [None req-4c334241-c991-4e05-a5f2-b2daad33b9ca None admin] RBAC: auth_context: {'token': , 'domain_id': None, 'trust_id': None, 'trustor_id': None, 'trustee_id': None, 'domain_name': None, 'group_ids': [], 'user_id': '29a1efa8d5a542e8bff46f3a8ae861c8', 'user_domain_id': 'default', 'system_scope': 'all', 'project_id': None, 'project_domain_id': None, 'roles': ['admin', 'member', 'reader'], 'is_admin_project': True, 'service_user_id': None, 'service_user_domain_id': None, 'service_project_id': None, 'service_project_domain_id': None, 'service_roles': []} {{(pid=80656) fill_context /opt/stack/keystone/keystone/server/flask/request_processing/middleware/auth_context.py:478}}
May 27 14:44:45.336039 dv-neutron-843619-1-hyperv devstack@keystone.service[80656]: DEBUG keystone.server.flask.request_processing.req_logging [None req-4c334241-c991-4e05-a5f2-b2daad33b9ca None admin] REQUEST_METHOD: `GET` {{(pid=80656) log_request_info /opt/stack/keystone/keystone/server/flask/request_processing/req_logging.py:27}}
May 27 14:44:45.336265 dv-neutron-843619-1-hyperv devstack@keystone.service[80656]: DEBUG keystone.server.flask.request_processing.req_logging [None req-4c334241-c991-4e05-a5f2-b2daad33b9ca None admin] SCRIPT_NAME: `/identity` {{(pid=80656) log_request_info /opt/stack/keystone/keystone/server/flask/request_processing/req_logging.py:28}}
May 27 14:44:45.336544 dv-neutron-843619-1-hyperv devstack@keystone.service[80656]: DEBUG keystone.server.flask.request_processing.req_logging [None req-4c334241-c991-4e05-a5f2-b2daad33b9ca None admin] PATH_INFO: `/v3/projects/b23a54c52e9748d59d31bf549ef5a002` {{(pid=80656) log_request_info /opt/stack/keystone/keystone/server/flask/request_processing/req_logging.py:29}}
May 27 14:44:45.342449 dv-neutron-843619-1-hyperv devstack@keystone.service[80656]: DEBUG keystone.common.rbac_enforcer.enforcer [None req-4c334241-c991-4e05-a5f2-b2daad33b9ca None admin] RBAC: Authorizing `identity:get_project(project_id=b23a54c52e9748d59d31bf549ef5a002)` {{(pid=80656) enforce_call /opt/stack/keystone/keystone/common/rbac_enforcer/enforcer.py:449}}
May 27 14:44:45.343987 dv-neutron-843619-1-hyperv devstack@keystone.service[80656]: DEBUG keystone.common.rbac_enforcer.enforcer [None req-4c334241-c991-4e05-a5f2-b2daad33b9ca None admin] RBAC: Authorization granted {{(pid=80656) enforce_call /opt/stack/keystone/keystone/common/rbac_enforcer/enforcer.py:457}}
May 27 14:44:45.346211 dv-neutron-843619-1-hyperv devstack@keystone.service[80656]: [pid: 80656|app: 0|req: 114/229] 10.222.0.17 () {56 vars in 1186 bytes} [Fri May 27 14:44:45 2022] GET /identity/v3/projects/b23a54c52e9748d59d31bf549ef5a002 => generated 302 bytes in 248 msecs (HTTP/1.1 200) 5 headers in 177 bytes (1 switches on core 0)
May 27 14:44:45.352311 dv-neutron-843619-1-hyperv devstack@keystone.service[80656]: DEBUG keystone.server.flask.request_processing.middleware.auth_context [None req-4c334241-c991-4e05-a5f2-b2daad33b9ca None admin] Authenticating user token {{(pid=80656) process_request /usr/local/lib/python3.8/dist-packages/keystonemiddleware/auth_token/__init__.py:407}}
May 27 14:44:45.430969 dv-neutron-843619-1-hyperv devstack@keystone.service[80655]: DEBUG dbcounter [-] [80655] Writing DB stats keystone:SELECT=100 {{(pid=80655) stat_writer /usr/local/lib/python3.8/dist-packages/dbcounter.py:114}}
May 27 14:44:45.439123 dv-neutron-843619-1-hyperv devstack@keystone.service[80655]: DEBUG keystone.server.flask.request_processing.middleware.auth_context [None req-06bebb14-3435-4b4d-8927-7455673bed29 None admin] Validating token access rules against request {{(pid=80655) validate_allowed_request /usr/local/lib/python3.8/dist-packages/keystonemiddleware/auth_token/__init__.py:545}}
May 27 14:44:45.474163 dv-neutron-843619-1-hyperv devstack@keystone.service[80655]: DEBUG keystone.server.flask.request_processing.middleware.auth_context [None req-1535a48e-8ce2-4373-8aa5-8cefc968a5a4 None admin] RBAC: auth_context: {'token': , 'domain_id': None, 'trust_id': None, 'trustor_id': None, 'trustee_id': None, 'domain_name': None, 'group_ids': [], 'user_id': '29a1efa8d5a542e8bff46f3a8ae861c8', 'user_domain_id': 'default', 'system_scope': 'all', 'project_id': None, 'project_domain_id': None, 'roles': ['admin', 'member', 'reader'], 'is_admin_project': True, 'service_user_id': None, 'service_user_domain_id': None, 'service_project_id': None, 'service_project_domain_id': None, 'service_roles': []} {{(pid=80655) fill_context /opt/stack/keystone/keystone/server/flask/request_processing/middleware/auth_context.py:478}}
May 27 14:44:45.474842 dv-neutron-843619-1-hyperv devstack@keystone.service[80655]: DEBUG keystone.server.flask.request_processing.req_logging [None req-1535a48e-8ce2-4373-8aa5-8cefc968a5a4 None admin] REQUEST_METHOD: `GET` {{(pid=80655) log_request_info /opt/stack/keystone/keystone/server/flask/request_processing/req_logging.py:27}}
May 27 14:44:45.475227 dv-neutron-843619-1-hyperv devstack@keystone.service[80655]: DEBUG keystone.server.flask.request_processing.req_logging [None req-1535a48e-8ce2-4373-8aa5-8cefc968a5a4 None admin] SCRIPT_NAME: `/identity` {{(pid=80655) log_request_info /opt/stack/keystone/keystone/server/flask/request_processing/req_logging.py:28}}
May 27 14:44:45.475512 dv-neutron-843619-1-hyperv devstack@keystone.service[80655]: DEBUG keystone.server.flask.request_processing.req_logging [None req-1535a48e-8ce2-4373-8aa5-8cefc968a5a4 None admin] PATH_INFO: `/v3/roles` {{(pid=80655) log_request_info /opt/stack/keystone/keystone/server/flask/request_processing/req_logging.py:29}}
May 27 14:44:45.476269 dv-neutron-843619-1-hyperv devstack@keystone.service[80655]: DEBUG keystone.common.rbac_enforcer.enforcer [None req-1535a48e-8ce2-4373-8aa5-8cefc968a5a4 None admin] RBAC: Adding query filter params (name=anotherrole) {{(pid=80655) _extract_filter_values /opt/stack/keystone/keystone/common/rbac_enforcer/enforcer.py:167}}
May 27 14:44:45.476580 dv-neutron-843619-1-hyperv devstack@keystone.service[80655]: DEBUG keystone.common.rbac_enforcer.enforcer [None req-1535a48e-8ce2-4373-8aa5-8cefc968a5a4 None admin] RBAC: Authorizing `identity:list_roles()` {{(pid=80655) enforce_call /opt/stack/keystone/keystone/common/rbac_enforcer/enforcer.py:449}}
May 27 14:44:45.477985 dv-neutron-843619-1-hyperv devstack@keystone.service[80655]: DEBUG keystone.common.rbac_enforcer.enforcer [None req-1535a48e-8ce2-4373-8aa5-8cefc968a5a4 None admin] RBAC: Authorization granted {{(pid=80655) enforce_call /opt/stack/keystone/keystone/common/rbac_enforcer/enforcer.py:457}}
May 27 14:44:45.493324 dv-neutron-843619-1-hyperv devstack@keystone.service[80655]: [pid: 80655|app: 0|req: 116/230] 10.222.0.17 () {56 vars in 1111 bytes} [Fri May 27 14:44:45 2022] GET /identity/v3/roles?name=anotherrole => generated 334 bytes in 159 msecs (HTTP/1.1 200) 5 headers in 177 bytes (2 switches on core 0)
May 27 14:44:45.494286 dv-neutron-843619-1-hyperv devstack@keystone.service[80655]: DEBUG keystone.server.flask.request_processing.middleware.auth_context [None req-1535a48e-8ce2-4373-8aa5-8cefc968a5a4 None admin] Authenticating user token {{(pid=80655) process_request /usr/local/lib/python3.8/dist-packages/keystonemiddleware/auth_token/__init__.py:407}}
May 27 14:44:45.596853 dv-neutron-843619-1-hyperv devstack@keystone.service[80655]: DEBUG keystone.server.flask.request_processing.middleware.auth_context [None req-1535a48e-8ce2-4373-8aa5-8cefc968a5a4 None admin] Validating token access rules against request {{(pid=80655) validate_allowed_request /usr/local/lib/python3.8/dist-packages/keystonemiddleware/auth_token/__init__.py:545}}
May 27 14:44:45.631718 dv-neutron-843619-1-hyperv devstack@keystone.service[80655]: DEBUG keystone.server.flask.request_processing.middleware.auth_context [None req-ec31bf0f-321d-4762-8c79-f66332b24af1 None admin] RBAC: auth_context: {'token': , 'domain_id': None, 'trust_id': None, 'trustor_id': None, 'trustee_id': None, 'domain_name': None, 'group_ids': [], 'user_id': '29a1efa8d5a542e8bff46f3a8ae861c8', 'user_domain_id': 'default', 'system_scope': 'all', 'project_id': None, 'project_domain_id': None, 'roles': ['admin', 'member', 'reader'], 'is_admin_project': True, 'service_user_id': None, 'service_user_domain_id': None, 'service_project_id': None, 'service_project_domain_id': None, 'service_roles': []} {{(pid=80655) fill_context /opt/stack/keystone/keystone/server/flask/request_processing/middleware/auth_context.py:478}}
May 27 14:44:45.632604 dv-neutron-843619-1-hyperv devstack@keystone.service[80655]: DEBUG keystone.server.flask.request_processing.req_logging [None req-ec31bf0f-321d-4762-8c79-f66332b24af1 None admin] REQUEST_METHOD: `GET` {{(pid=80655) log_request_info /opt/stack/keystone/keystone/server/flask/request_processing/req_logging.py:27}}
May 27 14:44:45.632884 dv-neutron-843619-1-hyperv devstack@keystone.service[80655]: DEBUG keystone.server.flask.request_processing.req_logging [None req-ec31bf0f-321d-4762-8c79-f66332b24af1 None admin] SCRIPT_NAME: `/identity` {{(pid=80655) log_request_info /opt/stack/keystone/keystone/server/flask/request_processing/req_logging.py:28}}
May 27 14:44:45.633156 dv-neutron-843619-1-hyperv devstack@keystone.service[80655]: DEBUG keystone.server.flask.request_processing.req_logging [None req-ec31bf0f-321d-4762-8c79-f66332b24af1 None admin] PATH_INFO: `/v3/users/fbc7e7a1f7d54b718c2bfcc96630c13b` {{(pid=80655) log_request_info /opt/stack/keystone/keystone/server/flask/request_processing/req_logging.py:29}}
May 27 14:44:45.634377 dv-neutron-843619-1-hyperv devstack@keystone.service[80655]: DEBUG keystone.common.rbac_enforcer.enforcer [None req-ec31bf0f-321d-4762-8c79-f66332b24af1 None admin] RBAC: Authorizing `identity:get_user(user_id=fbc7e7a1f7d54b718c2bfcc96630c13b)` {{(pid=80655) enforce_call /opt/stack/keystone/keystone/common/rbac_enforcer/enforcer.py:449}}
May 27 14:44:45.635929 dv-neutron-843619-1-hyperv devstack@keystone.service[80655]: DEBUG keystone.common.rbac_enforcer.enforcer [None req-ec31bf0f-321d-4762-8c79-f66332b24af1 None admin] RBAC: Authorization granted {{(pid=80655) enforce_call /opt/stack/keystone/keystone/common/rbac_enforcer/enforcer.py:457}}
May 27 14:44:45.637555 dv-neutron-843619-1-hyperv devstack@keystone.service[80655]: [pid: 80655|app: 0|req: 117/231] 10.222.0.17 () {56 vars in 1177 bytes} [Fri May 27 14:44:45 2022] GET /identity/v3/users/fbc7e7a1f7d54b718c2bfcc96630c13b => generated 283 bytes in 144 msecs (HTTP/1.1 200) 5 headers in 177 bytes (1 switches on core 0)
May 27 14:44:45.642965 dv-neutron-843619-1-hyperv devstack@keystone.service[80655]: DEBUG keystone.server.flask.request_processing.middleware.auth_context [None req-ec31bf0f-321d-4762-8c79-f66332b24af1 None admin] Authenticating user token {{(pid=80655) process_request /usr/local/lib/python3.8/dist-packages/keystonemiddleware/auth_token/__init__.py:407}}
May 27 14:44:45.647660 dv-neutron-843619-1-hyperv devstack@keystone.service[80656]: DEBUG keystone.server.flask.request_processing.middleware.auth_context [None req-4c334241-c991-4e05-a5f2-b2daad33b9ca None admin] Validating token access rules against request {{(pid=80656) validate_allowed_request /usr/local/lib/python3.8/dist-packages/keystonemiddleware/auth_token/__init__.py:545}}
May 27 14:44:45.663404 dv-neutron-843619-1-hyperv devstack@keystone.service[80656]: DEBUG dbcounter [-] [80656] Writing DB stats keystone:SELECT=100 {{(pid=80656) stat_writer /usr/local/lib/python3.8/dist-packages/dbcounter.py:114}}
May 27 14:44:45.673269 dv-neutron-843619-1-hyperv devstack@keystone.service[80655]: DEBUG dbcounter [-] [80655] Writing DB stats keystone:SELECT=100 {{(pid=80655) stat_writer /usr/local/lib/python3.8/dist-packages/dbcounter.py:114}}
May 27 14:44:45.704010 dv-neutron-843619-1-hyperv devstack@keystone.service[80656]: DEBUG keystone.server.flask.request_processing.middleware.auth_context [None req-f72ad664-691f-4d4f-9c6b-ce0ba1b475c5 None admin] RBAC: auth_context: {'token': , 'domain_id': None, 'trust_id': None, 'trustor_id': None, 'trustee_id': None, 'domain_name': None, 'group_ids': [], 'user_id': '29a1efa8d5a542e8bff46f3a8ae861c8', 'user_domain_id': 'default', 'system_scope': 'all', 'project_id': None, 'project_domain_id': None, 'roles': ['admin', 'member', 'reader'], 'is_admin_project': True, 'service_user_id': None, 'service_user_domain_id': None, 'service_project_id': None, 'service_project_domain_id': None, 'service_roles': []} {{(pid=80656) fill_context /opt/stack/keystone/keystone/server/flask/request_processing/middleware/auth_context.py:478}}
May 27 14:44:45.704913 dv-neutron-843619-1-hyperv devstack@keystone.service[80656]: DEBUG keystone.server.flask.request_processing.req_logging [None req-f72ad664-691f-4d4f-9c6b-ce0ba1b475c5 None admin] REQUEST_METHOD: `PUT` {{(pid=80656) log_request_info /opt/stack/keystone/keystone/server/flask/request_processing/req_logging.py:27}}
May 27 14:44:45.705197 dv-neutron-843619-1-hyperv devstack@keystone.service[80656]: DEBUG keystone.server.flask.request_processing.req_logging [None req-f72ad664-691f-4d4f-9c6b-ce0ba1b475c5 None admin] SCRIPT_NAME: `/identity` {{(pid=80656) log_request_info /opt/stack/keystone/keystone/server/flask/request_processing/req_logging.py:28}}
May 27 14:44:45.705473 dv-neutron-843619-1-hyperv devstack@keystone.service[80656]: DEBUG keystone.server.flask.request_processing.req_logging [None req-f72ad664-691f-4d4f-9c6b-ce0ba1b475c5 None admin] PATH_INFO: `/v3/projects/b23a54c52e9748d59d31bf549ef5a002/users/fbc7e7a1f7d54b718c2bfcc96630c13b/roles/33320b1cd8da47bdb40d9060d3be2c17` {{(pid=80656) log_request_info /opt/stack/keystone/keystone/server/flask/request_processing/req_logging.py:29}}
May 27 14:44:45.708259 dv-neutron-843619-1-hyperv devstack@keystone.service[80656]: DEBUG keystone.common.rbac_enforcer.enforcer [None req-f72ad664-691f-4d4f-9c6b-ce0ba1b475c5 None admin] RBAC: Authorizing `identity:create_grant(project_id=b23a54c52e9748d59d31bf549ef5a002, user_id=fbc7e7a1f7d54b718c2bfcc96630c13b, role_id=33320b1cd8da47bdb40d9060d3be2c17)` {{(pid=80656) enforce_call /opt/stack/keystone/keystone/common/rbac_enforcer/enforcer.py:449}}
May 27 14:44:45.709801 dv-neutron-843619-1-hyperv devstack@keystone.service[80656]: DEBUG keystone.common.rbac_enforcer.enforcer [None req-f72ad664-691f-4d4f-9c6b-ce0ba1b475c5 None admin] RBAC: Authorization granted {{(pid=80656) enforce_call /opt/stack/keystone/keystone/common/rbac_enforcer/enforcer.py:457}}
May 27 14:44:45.768546 dv-neutron-843619-1-hyperv devstack@keystone.service[80655]: DEBUG keystone.server.flask.request_processing.middleware.auth_context [None req-ec31bf0f-321d-4762-8c79-f66332b24af1 None admin] Validating token access rules against request {{(pid=80655) validate_allowed_request /usr/local/lib/python3.8/dist-packages/keystonemiddleware/auth_token/__init__.py:545}}
May 27 14:44:45.787897 dv-neutron-843619-1-hyperv devstack@keystone.service[80656]: [pid: 80656|app: 0|req: 115/232] 10.222.0.17 () {58 vars in 1439 bytes} [Fri May 27 14:44:45 2022] PUT /identity/v3/projects/b23a54c52e9748d59d31bf549ef5a002/users/fbc7e7a1f7d54b718c2bfcc96630c13b/roles/33320b1cd8da47bdb40d9060d3be2c17 => generated 0 bytes in 436 msecs (HTTP/1.1 204) 3 headers in 132 bytes (0 switches on core 0)
May 27 14:44:45.823996 dv-neutron-843619-1-hyperv devstack@keystone.service[80655]: DEBUG keystone.server.flask.request_processing.middleware.auth_context [None req-cfe4e897-8544-484a-b0de-3c5910dd44a6 None admin] RBAC: auth_context: {'token': , 'domain_id': None, 'trust_id': None, 'trustor_id': None, 'trustee_id': None, 'domain_name': None, 'group_ids': [], 'user_id': '29a1efa8d5a542e8bff46f3a8ae861c8', 'user_domain_id': 'default', 'system_scope': 'all', 'project_id': None, 'project_domain_id': None, 'roles': ['admin', 'member', 'reader'], 'is_admin_project': True, 'service_user_id': None, 'service_user_domain_id': None, 'service_project_id': None, 'service_project_domain_id': None, 'service_roles': []} {{(pid=80655) fill_context /opt/stack/keystone/keystone/server/flask/request_processing/middleware/auth_context.py:478}}
May 27 14:44:45.824900 dv-neutron-843619-1-hyperv devstack@keystone.service[80655]: DEBUG keystone.server.flask.request_processing.req_logging [None req-cfe4e897-8544-484a-b0de-3c5910dd44a6 None admin] REQUEST_METHOD: `GET` {{(pid=80655) log_request_info /opt/stack/keystone/keystone/server/flask/request_processing/req_logging.py:27}}
May 27 14:44:45.825217 dv-neutron-843619-1-hyperv devstack@keystone.service[80655]: DEBUG keystone.server.flask.request_processing.req_logging [None req-cfe4e897-8544-484a-b0de-3c5910dd44a6 None admin] SCRIPT_NAME: `/identity` {{(pid=80655) log_request_info /opt/stack/keystone/keystone/server/flask/request_processing/req_logging.py:28}}
May 27 14:44:45.825506 dv-neutron-843619-1-hyperv devstack@keystone.service[80655]: DEBUG keystone.server.flask.request_processing.req_logging [None req-cfe4e897-8544-484a-b0de-3c5910dd44a6 None admin] PATH_INFO: `/v3/projects/b23a54c52e9748d59d31bf549ef5a002` {{(pid=80655) log_request_info /opt/stack/keystone/keystone/server/flask/request_processing/req_logging.py:29}}
May 27 14:44:45.827008 dv-neutron-843619-1-hyperv devstack@keystone.service[80655]: DEBUG keystone.common.rbac_enforcer.enforcer [None req-cfe4e897-8544-484a-b0de-3c5910dd44a6 None admin] RBAC: Authorizing `identity:get_project(project_id=b23a54c52e9748d59d31bf549ef5a002)` {{(pid=80655) enforce_call /opt/stack/keystone/keystone/common/rbac_enforcer/enforcer.py:449}}
May 27 14:44:45.828497 dv-neutron-843619-1-hyperv devstack@keystone.service[80655]: DEBUG keystone.common.rbac_enforcer.enforcer [None req-cfe4e897-8544-484a-b0de-3c5910dd44a6 None admin] RBAC: Authorization granted {{(pid=80655) enforce_call /opt/stack/keystone/keystone/common/rbac_enforcer/enforcer.py:457}}
May 27 14:44:45.830308 dv-neutron-843619-1-hyperv devstack@keystone.service[80655]: [pid: 80655|app: 0|req: 118/233] 10.222.0.17 () {56 vars in 1186 bytes} [Fri May 27 14:44:45 2022] GET /identity/v3/projects/b23a54c52e9748d59d31bf549ef5a002 => generated 302 bytes in 188 msecs (HTTP/1.1 200) 5 headers in 177 bytes (2 switches on core 0)
May 27 14:44:45.836359 dv-neutron-843619-1-hyperv devstack@keystone.service[80656]: DEBUG keystone.server.flask.request_processing.middleware.auth_context [None req-f72ad664-691f-4d4f-9c6b-ce0ba1b475c5 None admin] Authenticating user token {{(pid=80656) process_request /usr/local/lib/python3.8/dist-packages/keystonemiddleware/auth_token/__init__.py:407}}
