May 27 14:44:41.169145 dv-neutron-843619-1-hyperv devstack@keystone.service[80656]: DEBUG keystone.server.flask.request_processing.req_logging [None req-df4e3349-4fcb-450d-b26f-7a9cbceb225f None admin] SCRIPT_NAME: `/identity` {{(pid=80656) log_request_info /opt/stack/keystone/keystone/server/flask/request_processing/req_logging.py:28}}
May 27 14:44:41.169678 dv-neutron-843619-1-hyperv devstack@keystone.service[80656]: DEBUG keystone.server.flask.request_processing.req_logging [None req-df4e3349-4fcb-450d-b26f-7a9cbceb225f None admin] PATH_INFO: `/v3/roles/reader` {{(pid=80656) log_request_info /opt/stack/keystone/keystone/server/flask/request_processing/req_logging.py:29}}
May 27 14:44:41.187314 dv-neutron-843619-1-hyperv devstack@keystone.service[80656]: DEBUG keystone.common.rbac_enforcer.enforcer [None req-df4e3349-4fcb-450d-b26f-7a9cbceb225f None admin] Extracting inferred target data resulted in "NOT FOUND (404)". {{(pid=80656) enforce_call /opt/stack/keystone/keystone/common/rbac_enforcer/enforcer.py:409}}
May 27 14:44:41.197139 dv-neutron-843619-1-hyperv devstack@keystone.service[80656]: ERROR keystone.server.flask.application [None req-df4e3349-4fcb-450d-b26f-7a9cbceb225f None admin] Could not find role: reader.: keystone.exception.RoleNotFound: Could not find role: reader.
May 27 14:44:41.197139 dv-neutron-843619-1-hyperv devstack@keystone.service[80656]: ERROR keystone.server.flask.application
Traceback (most recent call last):
May 27 14:44:41.197139 dv-neutron-843619-1-hyperv devstack@keystone.service[80656]: ERROR keystone.server.flask.application
File "/usr/local/lib/python3.8/dist-packages/flask/app.py", line 1523, in full_dispatch_request
May 27 14:44:41.197139 dv-neutron-843619-1-hyperv devstack@keystone.service[80656]: ERROR keystone.server.flask.application rv = self.dispatch_request()
May 27 14:44:41.197139 dv-neutron-843619-1-hyperv devstack@keystone.service[80656]: ERROR keystone.server.flask.application
File "/usr/local/lib/python3.8/dist-packages/flask/app.py", line 1509, in dispatch_request
May 27 14:44:41.197139 dv-neutron-843619-1-hyperv devstack@keystone.service[80656]: ERROR keystone.server.flask.application return self.ensure_sync(self.view_functions[rule.endpoint])(**req.view_args)
May 27 14:44:41.197139 dv-neutron-843619-1-hyperv devstack@keystone.service[80656]: ERROR keystone.server.flask.application
File "/usr/local/lib/python3.8/dist-packages/flask_restful/__init__.py", line 467, in wrapper
May 27 14:44:41.197139 dv-neutron-843619-1-hyperv devstack@keystone.service[80656]: ERROR keystone.server.flask.application resp = resource(*args, **kwargs)
May 27 14:44:41.197139 dv-neutron-843619-1-hyperv devstack@keystone.service[80656]: ERROR keystone.server.flask.application
File "/usr/local/lib/python3.8/dist-packages/flask/views.py", line 84, in view
May 27 14:44:41.197139 dv-neutron-843619-1-hyperv devstack@keystone.service[80656]: ERROR keystone.server.flask.application return current_app.ensure_sync(self.dispatch_request)(*args, **kwargs)
May 27 14:44:41.197139 dv-neutron-843619-1-hyperv devstack@keystone.service[80656]: ERROR keystone.server.flask.application
File "/usr/local/lib/python3.8/dist-packages/flask_restful/__init__.py", line 582, in dispatch_request
May 27 14:44:41.197139 dv-neutron-843619-1-hyperv devstack@keystone.service[80656]: ERROR keystone.server.flask.application resp = meth(*args, **kwargs)
May 27 14:44:41.197139 dv-neutron-843619-1-hyperv devstack@keystone.service[80656]: ERROR keystone.server.flask.application
File "/opt/stack/keystone/keystone/api/roles.py", line 50, in get
May 27 14:44:41.197139 dv-neutron-843619-1-hyperv devstack@keystone.service[80656]: ERROR keystone.server.flask.application return self._get_role(role_id)
May 27 14:44:41.197139 dv-neutron-843619-1-hyperv devstack@keystone.service[80656]: ERROR keystone.server.flask.application
File "/opt/stack/keystone/keystone/api/roles.py", line 70, in _get_role
May 27 14:44:41.197139 dv-neutron-843619-1-hyperv devstack@keystone.service[80656]: ERROR keystone.server.flask.application ENFORCER.enforce_call(action='identity:get_role')
May 27 14:44:41.198110 dv-neutron-843619-1-hyperv devstack@keystone.service[80656]: ERROR keystone.server.flask.application
File "/opt/stack/keystone/keystone/common/rbac_enforcer/enforcer.py", line 402, in enforce_call
May 27 14:44:41.198110 dv-neutron-843619-1-hyperv devstack@keystone.service[80656]: ERROR keystone.server.flask.application policy_dict.update(cls._extract_member_target_data(
May 27 14:44:41.198110 dv-neutron-843619-1-hyperv devstack@keystone.service[80656]: ERROR keystone.server.flask.application
File "/opt/stack/keystone/keystone/common/rbac_enforcer/enforcer.py", line 234, in _extract_member_target_data
May 27 14:44:41.198110 dv-neutron-843619-1-hyperv devstack@keystone.service[80656]: ERROR keystone.server.flask.application member_name: func(flask.request.view_args[key])
May 27 14:44:41.198110 dv-neutron-843619-1-hyperv devstack@keystone.service[80656]: ERROR keystone.server.flask.application
File "/opt/stack/keystone/keystone/common/manager.py", line 115, in wrapped
May 27 14:44:41.198110 dv-neutron-843619-1-hyperv devstack@keystone.service[80656]: ERROR keystone.server.flask.application __ret_val = __f(*args, **kwargs)
May 27 14:44:41.198110 dv-neutron-843619-1-hyperv devstack@keystone.service[80656]: ERROR keystone.server.flask.application
File "/usr/local/lib/python3.8/dist-packages/decorator.py", line 232, in fun
May 27 14:44:41.198110 dv-neutron-843619-1-hyperv devstack@keystone.service[80656]: ERROR keystone.server.flask.application return caller(func, *(extras + args), **kw)
May 27 14:44:41.198110 dv-neutron-843619-1-hyperv devstack@keystone.service[80656]: ERROR keystone.server.flask.application
File "/usr/local/lib/python3.8/dist-packages/dogpile/cache/region.py", line 1577, in get_or_create_for_user_func
May 27 14:44:41.198110 dv-neutron-843619-1-hyperv devstack@keystone.service[80656]: ERROR keystone.server.flask.application return self.get_or_create(
May 27 14:44:41.198110 dv-neutron-843619-1-hyperv devstack@keystone.service[80656]: ERROR keystone.server.flask.application
File "/usr/local/lib/python3.8/dist-packages/dogpile/cache/region.py", line 1042, in get_or_create
May 27 14:44:41.198110 dv-neutron-843619-1-hyperv devstack@keystone.service[80656]: ERROR keystone.server.flask.application with Lock(
May 27 14:44:41.198110 dv-neutron-843619-1-hyperv devstack@keystone.service[80656]: ERROR keystone.server.flask.application
File "/usr/local/lib/python3.8/dist-packages/dogpile/lock.py", line 185, in __enter__
May 27 14:44:41.198110 dv-neutron-843619-1-hyperv devstack@keystone.service[80656]: ERROR keystone.server.flask.application return self._enter()
May 27 14:44:41.198110 dv-neutron-843619-1-hyperv devstack@keystone.service[80656]: ERROR keystone.server.flask.application
File "/usr/local/lib/python3.8/dist-packages/dogpile/lock.py", line 94, in _enter
May 27 14:44:41.198110 dv-neutron-843619-1-hyperv devstack@keystone.service[80656]: ERROR keystone.server.flask.application generated = self._enter_create(value, createdtime)
May 27 14:44:41.198907 dv-neutron-843619-1-hyperv devstack@keystone.service[80656]: ERROR keystone.server.flask.application
File "/usr/local/lib/python3.8/dist-packages/dogpile/lock.py", line 178, in _enter_create
May 27 14:44:41.198907 dv-neutron-843619-1-hyperv devstack@keystone.service[80656]: ERROR keystone.server.flask.application return self.creator()
May 27 14:44:41.198907 dv-neutron-843619-1-hyperv devstack@keystone.service[80656]: ERROR keystone.server.flask.application
File "/usr/local/lib/python3.8/dist-packages/dogpile/cache/region.py", line 995, in gen_value
May 27 14:44:41.198907 dv-neutron-843619-1-hyperv devstack@keystone.service[80656]: ERROR keystone.server.flask.application created_value = creator(
May 27 14:44:41.198907 dv-neutron-843619-1-hyperv devstack@keystone.service[80656]: ERROR keystone.server.flask.application
File "/opt/stack/keystone/keystone/assignment/core.py", line 1276, in get_role
May 27 14:44:41.198907 dv-neutron-843619-1-hyperv devstack@keystone.service[80656]: ERROR keystone.server.flask.application return self.driver.get_role(role_id)
May 27 14:44:41.198907 dv-neutron-843619-1-hyperv devstack@keystone.service[80656]: ERROR keystone.server.flask.application
File "/opt/stack/keystone/keystone/assignment/role_backends/sql.py", line 70, in get_role
May 27 14:44:41.198907 dv-neutron-843619-1-hyperv devstack@keystone.service[80656]: ERROR keystone.server.flask.application return self._get_role(session, role_id).to_dict()
May 27 14:44:41.198907 dv-neutron-843619-1-hyperv devstack@keystone.service[80656]: ERROR keystone.server.flask.application
File "/opt/stack/keystone/keystone/assignment/role_backends/sql.py", line 65, in _get_role
May 27 14:44:41.198907 dv-neutron-843619-1-hyperv devstack@keystone.service[80656]: ERROR keystone.server.flask.application raise exception.RoleNotFound(role_id=role_id)
May 27 14:44:41.198907 dv-neutron-843619-1-hyperv devstack@keystone.service[80656]: ERROR keystone.server.flask.application keystone.exception.RoleNotFound: Could not find role: reader.
May 27 14:44:41.198907 dv-neutron-843619-1-hyperv devstack@keystone.service[80656]: ERROR keystone.server.flask.application
May 27 14:44:41.198907 dv-neutron-843619-1-hyperv devstack@keystone.service[80656]: [pid: 80656|app: 0|req: 98/199] 10.222.0.17 () {56 vars in 1099 bytes} [Fri May 27 14:44:40 2022] GET /identity/v3/roles/reader => generated 84 bytes in 224 msecs (HTTP/1.1 404) 5 headers in 183 bytes (1 switches on core 0)
May 27 14:44:41.199572 dv-neutron-843619-1-hyperv devstack@keystone.service[80656]: DEBUG keystone.server.flask.request_processing.middleware.auth_context [None req-df4e3349-4fcb-450d-b26f-7a9cbceb225f None admin] Authenticating user token {{(pid=80656) process_request /usr/local/lib/python3.8/dist-packages/keystonemiddleware/auth_token/__init__.py:407}}
May 27 14:44:41.325353 dv-neutron-843619-1-hyperv devstack@keystone.service[80655]: DEBUG keystone.server.flask.request_processing.middleware.auth_context [None req-e6ee1bf5-1bbf-4a75-9149-c0ff904a2188 None admin] Validating token access rules against request {{(pid=80655) validate_allowed_request /usr/local/lib/python3.8/dist-packages/keystonemiddleware/auth_token/__init__.py:545}}
May 27 14:44:41.329561 dv-neutron-843619-1-hyperv devstack@keystone.service[80656]: DEBUG keystone.server.flask.request_processing.middleware.auth_context [None req-df4e3349-4fcb-450d-b26f-7a9cbceb225f None admin] Validating token access rules against request {{(pid=80656) validate_allowed_request /usr/local/lib/python3.8/dist-packages/keystonemiddleware/auth_token/__init__.py:545}}
May 27 14:44:41.364239 dv-neutron-843619-1-hyperv devstack@keystone.service[80655]: DEBUG keystone.server.flask.request_processing.middleware.auth_context [None req-72ed9b7c-7b39-4f73-a3d3-c69c44c7578b None admin] RBAC: auth_context: {'token': , 'domain_id': None, 'trust_id': None, 'trustor_id': None, 'trustee_id': None, 'domain_name': None, 'group_ids': [], 'user_id': '29a1efa8d5a542e8bff46f3a8ae861c8', 'user_domain_id': 'default', 'system_scope': 'all', 'project_id': None, 'project_domain_id': None, 'roles': ['admin', 'member', 'reader'], 'is_admin_project': True, 'service_user_id': None, 'service_user_domain_id': None, 'service_project_id': None, 'service_project_domain_id': None, 'service_roles': []} {{(pid=80655) fill_context /opt/stack/keystone/keystone/server/flask/request_processing/middleware/auth_context.py:478}}
May 27 14:44:41.364453 dv-neutron-843619-1-hyperv devstack@keystone.service[80656]: DEBUG keystone.server.flask.request_processing.middleware.auth_context [None req-750b0f97-a521-480c-9f1b-8eb65b6564b3 None admin] RBAC: auth_context: {'token': , 'domain_id': None, 'trust_id': None, 'trustor_id': None, 'trustee_id': None, 'domain_name': None, 'group_ids': [], 'user_id': '29a1efa8d5a542e8bff46f3a8ae861c8', 'user_domain_id': 'default', 'system_scope': 'all', 'project_id': None, 'project_domain_id': None, 'roles': ['admin', 'member', 'reader'], 'is_admin_project': True, 'service_user_id': None, 'service_user_domain_id': None, 'service_project_id': None, 'service_project_domain_id': None, 'service_roles': []} {{(pid=80656) fill_context /opt/stack/keystone/keystone/server/flask/request_processing/middleware/auth_context.py:478}}
May 27 14:44:41.365181 dv-neutron-843619-1-hyperv devstack@keystone.service[80656]: DEBUG keystone.server.flask.request_processing.req_logging [None req-750b0f97-a521-480c-9f1b-8eb65b6564b3 None admin] REQUEST_METHOD: `GET` {{(pid=80656) log_request_info /opt/stack/keystone/keystone/server/flask/request_processing/req_logging.py:27}}
May 27 14:44:41.365468 dv-neutron-843619-1-hyperv devstack@keystone.service[80655]: DEBUG keystone.server.flask.request_processing.req_logging [None req-72ed9b7c-7b39-4f73-a3d3-c69c44c7578b None admin] REQUEST_METHOD: `GET` {{(pid=80655) log_request_info /opt/stack/keystone/keystone/server/flask/request_processing/req_logging.py:27}}
May 27 14:44:41.365655 dv-neutron-843619-1-hyperv devstack@keystone.service[80656]: DEBUG keystone.server.flask.request_processing.req_logging [None req-750b0f97-a521-480c-9f1b-8eb65b6564b3 None admin] SCRIPT_NAME: `/identity` {{(pid=80656) log_request_info /opt/stack/keystone/keystone/server/flask/request_processing/req_logging.py:28}}
May 27 14:44:41.366078 dv-neutron-843619-1-hyperv devstack@keystone.service[80656]: DEBUG keystone.server.flask.request_processing.req_logging [None req-750b0f97-a521-480c-9f1b-8eb65b6564b3 None admin] PATH_INFO: `/v3/role_assignments` {{(pid=80656) log_request_info /opt/stack/keystone/keystone/server/flask/request_processing/req_logging.py:29}}
May 27 14:44:41.366269 dv-neutron-843619-1-hyperv devstack@keystone.service[80655]: DEBUG keystone.server.flask.request_processing.req_logging [None req-72ed9b7c-7b39-4f73-a3d3-c69c44c7578b None admin] SCRIPT_NAME: `/identity` {{(pid=80655) log_request_info /opt/stack/keystone/keystone/server/flask/request_processing/req_logging.py:28}}
May 27 14:44:41.366679 dv-neutron-843619-1-hyperv devstack@keystone.service[80655]: DEBUG keystone.server.flask.request_processing.req_logging [None req-72ed9b7c-7b39-4f73-a3d3-c69c44c7578b None admin] PATH_INFO: `/v3/auth/tokens` {{(pid=80655) log_request_info /opt/stack/keystone/keystone/server/flask/request_processing/req_logging.py:29}}
May 27 14:44:41.367143 dv-neutron-843619-1-hyperv devstack@keystone.service[80656]: DEBUG keystone.common.rbac_enforcer.enforcer [None req-750b0f97-a521-480c-9f1b-8eb65b6564b3 None admin] RBAC: Adding query filter params (role.id=33320b1cd8da47bdb40d9060d3be2c17, scope.project.id=b23a54c52e9748d59d31bf549ef5a002, user.id=fbc7e7a1f7d54b718c2bfcc96630c13b) {{(pid=80656) _extract_filter_values /opt/stack/keystone/keystone/common/rbac_enforcer/enforcer.py:167}}
May 27 14:44:41.367557 dv-neutron-843619-1-hyperv devstack@keystone.service[80656]: DEBUG keystone.common.rbac_enforcer.enforcer [None req-750b0f97-a521-480c-9f1b-8eb65b6564b3 None admin] RBAC: Authorizing `identity:list_role_assignments()` {{(pid=80656) enforce_call /opt/stack/keystone/keystone/common/rbac_enforcer/enforcer.py:449}}
May 27 14:44:41.369160 dv-neutron-843619-1-hyperv devstack@keystone.service[80656]: DEBUG keystone.common.rbac_enforcer.enforcer [None req-750b0f97-a521-480c-9f1b-8eb65b6564b3 None admin] RBAC: Authorization granted {{(pid=80656) enforce_call /opt/stack/keystone/keystone/common/rbac_enforcer/enforcer.py:457}}
May 27 14:44:41.375297 dv-neutron-843619-1-hyperv devstack@keystone.service[80656]: [pid: 80656|app: 0|req: 99/200] 10.222.0.17 () {56 vars in 1374 bytes} [Fri May 27 14:44:41 2022] GET /identity/v3/role_assignments?user.id=fbc7e7a1f7d54b718c2bfcc96630c13b&scope.project.id=b23a54c52e9748d59d31bf549ef5a002&role.id=33320b1cd8da47bdb40d9060d3be2c17 => generated 259 bytes in 176 msecs (HTTP/1.1 200) 5 headers in 177 bytes (1 switches on core 0)
May 27 14:44:41.376011 dv-neutron-843619-1-hyperv devstack@keystone.service[80656]: DEBUG keystone.server.flask.request_processing.middleware.auth_context [None req-750b0f97-a521-480c-9f1b-8eb65b6564b3 None admin] Authenticating user token {{(pid=80656) process_request /usr/local/lib/python3.8/dist-packages/keystonemiddleware/auth_token/__init__.py:407}}
May 27 14:44:41.427329 dv-neutron-843619-1-hyperv devstack@keystone.service[80656]: DEBUG dbcounter [-] [80656] Writing DB stats keystone:SELECT=100 {{(pid=80656) stat_writer /usr/local/lib/python3.8/dist-packages/dbcounter.py:114}}
May 27 14:44:41.434509 dv-neutron-843619-1-hyperv devstack@keystone.service[80655]: DEBUG dbcounter [-] [80655] Writing DB stats keystone:SELECT=100 {{(pid=80655) stat_writer /usr/local/lib/python3.8/dist-packages/dbcounter.py:114}}
May 27 14:44:41.449690 dv-neutron-843619-1-hyperv devstack@keystone.service[80655]: DEBUG keystone.common.rbac_enforcer.enforcer [None req-72ed9b7c-7b39-4f73-a3d3-c69c44c7578b None admin] RBAC: Authorizing `identity:validate_token()` {{(pid=80655) enforce_call /opt/stack/keystone/keystone/common/rbac_enforcer/enforcer.py:449}}
May 27 14:44:41.451701 dv-neutron-843619-1-hyperv devstack@keystone.service[80655]: DEBUG keystone.common.rbac_enforcer.enforcer [None req-72ed9b7c-7b39-4f73-a3d3-c69c44c7578b None admin] RBAC: Authorization granted {{(pid=80655) enforce_call /opt/stack/keystone/keystone/common/rbac_enforcer/enforcer.py:457}}
May 27 14:44:41.489180 dv-neutron-843619-1-hyperv devstack@keystone.service[80656]: DEBUG keystone.server.flask.request_processing.middleware.auth_context [None req-750b0f97-a521-480c-9f1b-8eb65b6564b3 None admin] Validating token access rules against request {{(pid=80656) validate_allowed_request /usr/local/lib/python3.8/dist-packages/keystonemiddleware/auth_token/__init__.py:545}}
May 27 14:44:41.526143 dv-neutron-843619-1-hyperv devstack@keystone.service[80656]: DEBUG keystone.server.flask.request_processing.middleware.auth_context [None req-467214f5-7a7d-4031-8f15-a6129ea5defa None admin] RBAC: auth_context: {'token': , 'domain_id': None, 'trust_id': None, 'trustor_id': None, 'trustee_id': None, 'domain_name': None, 'group_ids': [], 'user_id': '29a1efa8d5a542e8bff46f3a8ae861c8', 'user_domain_id': 'default', 'system_scope': 'all', 'project_id': None, 'project_domain_id': None, 'roles': ['admin', 'member', 'reader'], 'is_admin_project': True, 'service_user_id': None, 'service_user_domain_id': None, 'service_project_id': None, 'service_project_domain_id': None, 'service_roles': []} {{(pid=80656) fill_context /opt/stack/keystone/keystone/server/flask/request_processing/middleware/auth_context.py:478}}
May 27 14:44:41.526813 dv-neutron-843619-1-hyperv devstack@keystone.service[80656]: DEBUG keystone.server.flask.request_processing.req_logging [None req-467214f5-7a7d-4031-8f15-a6129ea5defa None admin] REQUEST_METHOD: `GET` {{(pid=80656) log_request_info /opt/stack/keystone/keystone/server/flask/request_processing/req_logging.py:27}}
May 27 14:44:41.527093 dv-neutron-843619-1-hyperv devstack@keystone.service[80656]: DEBUG keystone.server.flask.request_processing.req_logging [None req-467214f5-7a7d-4031-8f15-a6129ea5defa None admin] SCRIPT_NAME: `/identity` {{(pid=80656) log_request_info /opt/stack/keystone/keystone/server/flask/request_processing/req_logging.py:28}}
May 27 14:44:41.527384 dv-neutron-843619-1-hyperv devstack@keystone.service[80656]: DEBUG keystone.server.flask.request_processing.req_logging [None req-467214f5-7a7d-4031-8f15-a6129ea5defa None admin] PATH_INFO: `/v3/roles` {{(pid=80656) log_request_info /opt/stack/keystone/keystone/server/flask/request_processing/req_logging.py:29}}
May 27 14:44:41.528126 dv-neutron-843619-1-hyperv devstack@keystone.service[80656]: DEBUG keystone.common.rbac_enforcer.enforcer [None req-467214f5-7a7d-4031-8f15-a6129ea5defa None admin] RBAC: Adding query filter params (name=reader) {{(pid=80656) _extract_filter_values /opt/stack/keystone/keystone/common/rbac_enforcer/enforcer.py:167}}
May 27 14:44:41.528432 dv-neutron-843619-1-hyperv devstack@keystone.service[80656]: DEBUG keystone.common.rbac_enforcer.enforcer [None req-467214f5-7a7d-4031-8f15-a6129ea5defa None admin] RBAC: Authorizing `identity:list_roles()` {{(pid=80656) enforce_call /opt/stack/keystone/keystone/common/rbac_enforcer/enforcer.py:449}}
May 27 14:44:41.529897 dv-neutron-843619-1-hyperv devstack@keystone.service[80656]: DEBUG keystone.common.rbac_enforcer.enforcer [None req-467214f5-7a7d-4031-8f15-a6129ea5defa None admin] RBAC: Authorization granted {{(pid=80656) enforce_call /opt/stack/keystone/keystone/common/rbac_enforcer/enforcer.py:457}}
May 27 14:44:41.543847 dv-neutron-843619-1-hyperv devstack@keystone.service[80656]: [pid: 80656|app: 0|req: 100/201] 10.222.0.17 () {56 vars in 1101 bytes} [Fri May 27 14:44:41 2022] GET /identity/v3/roles?name=reader => generated 341 bytes in 164 msecs (HTTP/1.1 200) 5 headers in 177 bytes (1 switches on core 0)
May 27 14:44:41.545380 dv-neutron-843619-1-hyperv devstack@keystone.service[80656]: DEBUG keystone.server.flask.request_processing.middleware.auth_context [None req-467214f5-7a7d-4031-8f15-a6129ea5defa None admin] Authenticating user token {{(pid=80656) process_request /usr/local/lib/python3.8/dist-packages/keystonemiddleware/auth_token/__init__.py:407}}
May 27 14:44:41.616855 dv-neutron-843619-1-hyperv devstack@keystone.service[80655]: [pid: 80655|app: 0|req: 102/202] 10.222.0.17 () {58 vars in 1282 bytes} [Fri May 27 14:44:41 2022] GET /identity/v3/auth/tokens => generated 799 bytes in 451 msecs (HTTP/1.1 200) 6 headers in 358 bytes (1 switches on core 0)
May 27 14:44:41.623573 dv-neutron-843619-1-hyperv devstack@keystone.service[80655]: DEBUG keystone.server.flask.request_processing.middleware.auth_context [None req-72ed9b7c-7b39-4f73-a3d3-c69c44c7578b None admin] Authenticating user token {{(pid=80655) process_request /usr/local/lib/python3.8/dist-packages/keystonemiddleware/auth_token/__init__.py:407}}
May 27 14:44:41.777079 dv-neutron-843619-1-hyperv devstack@keystone.service[80655]: DEBUG dbcounter [-] [80655] Writing DB stats keystone:SELECT=100 {{(pid=80655) stat_writer /usr/local/lib/python3.8/dist-packages/dbcounter.py:114}}
May 27 14:44:41.788329 dv-neutron-843619-1-hyperv devstack@keystone.service[80656]: DEBUG keystone.server.flask.request_processing.middleware.auth_context [None req-467214f5-7a7d-4031-8f15-a6129ea5defa None admin] Validating token access rules against request {{(pid=80656) validate_allowed_request /usr/local/lib/python3.8/dist-packages/keystonemiddleware/auth_token/__init__.py:545}}
May 27 14:44:41.801982 dv-neutron-843619-1-hyperv devstack@keystone.service[80656]: DEBUG dbcounter [-] [80656] Writing DB stats keystone:SELECT=100 {{(pid=80656) stat_writer /usr/local/lib/python3.8/dist-packages/dbcounter.py:114}}
May 27 14:44:41.802159 dv-neutron-843619-1-hyperv devstack@keystone.service[80655]: DEBUG keystone.server.flask.request_processing.middleware.auth_context [None req-72ed9b7c-7b39-4f73-a3d3-c69c44c7578b None admin] Validating token access rules against request {{(pid=80655) validate_allowed_request /usr/local/lib/python3.8/dist-packages/keystonemiddleware/auth_token/__init__.py:545}}
May 27 14:44:41.856507 dv-neutron-843619-1-hyperv devstack@keystone.service[80656]: DEBUG keystone.server.flask.request_processing.middleware.auth_context [None req-69e72d48-e52f-48a8-b4a5-c4203433a589 None admin] RBAC: auth_context: {'token': , 'domain_id': None, 'trust_id': None, 'trustor_id': None, 'trustee_id': None, 'domain_name': None, 'group_ids': [], 'user_id': '29a1efa8d5a542e8bff46f3a8ae861c8', 'user_domain_id': 'default', 'system_scope': 'all', 'project_id': None, 'project_domain_id': None, 'roles': ['admin', 'member', 'reader'], 'is_admin_project': True, 'service_user_id': None, 'service_user_domain_id': None, 'service_project_id': None, 'service_project_domain_id': None, 'service_roles': []} {{(pid=80656) fill_context /opt/stack/keystone/keystone/server/flask/request_processing/middleware/auth_context.py:478}}
May 27 14:44:41.857398 dv-neutron-843619-1-hyperv devstack@keystone.service[80656]: DEBUG keystone.server.flask.request_processing.req_logging [None req-69e72d48-e52f-48a8-b4a5-c4203433a589 None admin] REQUEST_METHOD: `GET` {{(pid=80656) log_request_info /opt/stack/keystone/keystone/server/flask/request_processing/req_logging.py:27}}
May 27 14:44:41.857705 dv-neutron-843619-1-hyperv devstack@keystone.service[80656]: DEBUG keystone.server.flask.request_processing.req_logging [None req-69e72d48-e52f-48a8-b4a5-c4203433a589 None admin] SCRIPT_NAME: `/identity` {{(pid=80656) log_request_info /opt/stack/keystone/keystone/server/flask/request_processing/req_logging.py:28}}
May 27 14:44:41.857982 dv-neutron-843619-1-hyperv devstack@keystone.service[80656]: DEBUG keystone.server.flask.request_processing.req_logging [None req-69e72d48-e52f-48a8-b4a5-c4203433a589 None admin] PATH_INFO: `/v3/users/ce002edd7f0f45d8bad097d3f29c9024` {{(pid=80656) log_request_info /opt/stack/keystone/keystone/server/flask/request_processing/req_logging.py:29}}
May 27 14:44:41.861344 dv-neutron-843619-1-hyperv devstack@keystone.service[80656]: DEBUG keystone.common.rbac_enforcer.enforcer [None req-69e72d48-e52f-48a8-b4a5-c4203433a589 None admin] RBAC: Authorizing `identity:get_user(user_id=ce002edd7f0f45d8bad097d3f29c9024)` {{(pid=80656) enforce_call /opt/stack/keystone/keystone/common/rbac_enforcer/enforcer.py:449}}
May 27 14:44:41.863563 dv-neutron-843619-1-hyperv devstack@keystone.service[80656]: DEBUG keystone.common.rbac_enforcer.enforcer [None req-69e72d48-e52f-48a8-b4a5-c4203433a589 None admin] RBAC: Authorization granted {{(pid=80656) enforce_call /opt/stack/keystone/keystone/common/rbac_enforcer/enforcer.py:457}}
May 27 14:44:41.865436 dv-neutron-843619-1-hyperv devstack@keystone.service[80656]: [pid: 80656|app: 0|req: 101/203] 10.222.0.17 () {56 vars in 1177 bytes} [Fri May 27 14:44:41 2022] GET /identity/v3/users/ce002edd7f0f45d8bad097d3f29c9024 => generated 289 bytes in 321 msecs (HTTP/1.1 200) 5 headers in 177 bytes (1 switches on core 0)
May 27 14:44:41.871543 dv-neutron-843619-1-hyperv devstack@keystone.service[80656]: DEBUG keystone.server.flask.request_processing.middleware.auth_context [None req-69e72d48-e52f-48a8-b4a5-c4203433a589 None admin] Authenticating user token {{(pid=80656) process_request /usr/local/lib/python3.8/dist-packages/keystonemiddleware/auth_token/__init__.py:407}}
May 27 14:44:41.872411 dv-neutron-843619-1-hyperv devstack@keystone.service[80655]: DEBUG keystone.server.flask.request_processing.middleware.auth_context [None req-1a7c8ab4-6756-4b56-8558-3fac502680a7 None admin] RBAC: auth_context: {'token': , 'domain_id': None, 'trust_id': None, 'trustor_id': None, 'trustee_id': None, 'domain_name': None, 'group_ids': [], 'user_id': '29a1efa8d5a542e8bff46f3a8ae861c8', 'user_domain_id': 'default', 'system_scope': 'all', 'project_id': None, 'project_domain_id': None, 'roles': ['admin', 'member', 'reader'], 'is_admin_project': True, 'service_user_id': None, 'service_user_domain_id': None, 'service_project_id': None, 'service_project_domain_id': None, 'service_roles': []} {{(pid=80655) fill_context /opt/stack/keystone/keystone/server/flask/request_processing/middleware/auth_context.py:478}}
May 27 14:44:41.873278 dv-neutron-843619-1-hyperv devstack@keystone.service[80655]: DEBUG keystone.server.flask.request_processing.req_logging [None req-1a7c8ab4-6756-4b56-8558-3fac502680a7 None admin] REQUEST_METHOD: `GET` {{(pid=80655) log_request_info /opt/stack/keystone/keystone/server/flask/request_processing/req_logging.py:27}}
May 27 14:44:41.873554 dv-neutron-843619-1-hyperv devstack@keystone.service[80655]: DEBUG keystone.server.flask.request_processing.req_logging [None req-1a7c8ab4-6756-4b56-8558-3fac502680a7 None admin] SCRIPT_NAME: `/identity` {{(pid=80655) log_request_info /opt/stack/keystone/keystone/server/flask/request_processing/req_logging.py:28}}
May 27 14:44:41.873863 dv-neutron-843619-1-hyperv devstack@keystone.service[80655]: DEBUG keystone.server.flask.request_processing.req_logging [None req-1a7c8ab4-6756-4b56-8558-3fac502680a7 None admin] PATH_INFO: `/v3/projects/b23a54c52e9748d59d31bf549ef5a002` {{(pid=80655) log_request_info /opt/stack/keystone/keystone/server/flask/request_processing/req_logging.py:29}}
May 27 14:44:41.875333 dv-neutron-843619-1-hyperv devstack@keystone.service[80655]: DEBUG keystone.common.rbac_enforcer.enforcer [None req-1a7c8ab4-6756-4b56-8558-3fac502680a7 None admin] RBAC: Authorizing `identity:get_project(project_id=b23a54c52e9748d59d31bf549ef5a002)` {{(pid=80655) enforce_call /opt/stack/keystone/keystone/common/rbac_enforcer/enforcer.py:449}}
May 27 14:44:41.876789 dv-neutron-843619-1-hyperv devstack@keystone.service[80655]: DEBUG keystone.common.rbac_enforcer.enforcer [None req-1a7c8ab4-6756-4b56-8558-3fac502680a7 None admin] RBAC: Authorization granted {{(pid=80655) enforce_call /opt/stack/keystone/keystone/common/rbac_enforcer/enforcer.py:457}}
May 27 14:44:41.880900 dv-neutron-843619-1-hyperv devstack@keystone.service[80655]: [pid: 80655|app: 0|req: 103/204] 10.222.0.17 () {56 vars in 1186 bytes} [Fri May 27 14:44:41 2022] GET /identity/v3/projects/b23a54c52e9748d59d31bf549ef5a002 => generated 302 bytes in 258 msecs (HTTP/1.1 200) 5 headers in 177 bytes (1 switches on core 0)
May 27 14:44:41.891497 dv-neutron-843619-1-hyperv devstack@keystone.service[80655]: DEBUG keystone.server.flask.request_processing.middleware.auth_context [None req-1a7c8ab4-6756-4b56-8558-3fac502680a7 None admin] Authenticating user token {{(pid=80655) process_request /usr/local/lib/python3.8/dist-packages/keystonemiddleware/auth_token/__init__.py:407}}
May 27 14:44:42.026206 dv-neutron-843619-1-hyperv devstack@keystone.service[80655]: DEBUG keystone.server.flask.request_processing.middleware.auth_context [None req-1a7c8ab4-6756-4b56-8558-3fac502680a7 None admin] Validating token access rules against request {{(pid=80655) validate_allowed_request /usr/local/lib/python3.8/dist-packages/keystonemiddleware/auth_token/__init__.py:545}}
May 27 14:44:42.062503 dv-neutron-843619-1-hyperv devstack@keystone.service[80655]: DEBUG keystone.server.flask.request_processing.middleware.auth_context [None req-69a2e6a1-43d5-484e-8a2c-e68c889208f3 None admin] RBAC: auth_context: {'token': , 'domain_id': None, 'trust_id': None, 'trustor_id': None, 'trustee_id': None, 'domain_name': None, 'group_ids': [], 'user_id': '29a1efa8d5a542e8bff46f3a8ae861c8', 'user_domain_id': 'default', 'system_scope': 'all', 'project_id': None, 'project_domain_id': None, 'roles': ['admin', 'member', 'reader'], 'is_admin_project': True, 'service_user_id': None, 'service_user_domain_id': None, 'service_project_id': None, 'service_project_domain_id': None, 'service_roles': []} {{(pid=80655) fill_context /opt/stack/keystone/keystone/server/flask/request_processing/middleware/auth_context.py:478}}
May 27 14:44:42.063169 dv-neutron-843619-1-hyperv devstack@keystone.service[80655]: DEBUG keystone.server.flask.request_processing.req_logging [None req-69a2e6a1-43d5-484e-8a2c-e68c889208f3 None admin] REQUEST_METHOD: `GET` {{(pid=80655) log_request_info /opt/stack/keystone/keystone/server/flask/request_processing/req_logging.py:27}}
May 27 14:44:42.063451 dv-neutron-843619-1-hyperv devstack@keystone.service[80655]: DEBUG keystone.server.flask.request_processing.req_logging [None req-69a2e6a1-43d5-484e-8a2c-e68c889208f3 None admin] SCRIPT_NAME: `/identity` {{(pid=80655) log_request_info /opt/stack/keystone/keystone/server/flask/request_processing/req_logging.py:28}}
May 27 14:44:42.063728 dv-neutron-843619-1-hyperv devstack@keystone.service[80655]: DEBUG keystone.server.flask.request_processing.req_logging [None req-69a2e6a1-43d5-484e-8a2c-e68c889208f3 None admin] PATH_INFO: `/v3/role_assignments` {{(pid=80655) log_request_info /opt/stack/keystone/keystone/server/flask/request_processing/req_logging.py:29}}
May 27 14:44:42.064369 dv-neutron-843619-1-hyperv devstack@keystone.service[80656]: DEBUG keystone.server.flask.request_processing.middleware.auth_context [None req-69e72d48-e52f-48a8-b4a5-c4203433a589 None admin] Validating token access rules against request {{(pid=80656) validate_allowed_request /usr/local/lib/python3.8/dist-packages/keystonemiddleware/auth_token/__init__.py:545}}
May 27 14:44:42.064563 dv-neutron-843619-1-hyperv devstack@keystone.service[80655]: DEBUG keystone.common.rbac_enforcer.enforcer [None req-69a2e6a1-43d5-484e-8a2c-e68c889208f3 None admin] RBAC: Adding query filter params (role.id=019cd833ae4644adb0ada46f51e0333c, scope.project.id=b23a54c52e9748d59d31bf549ef5a002, user.id=fbc7e7a1f7d54b718c2bfcc96630c13b) {{(pid=80655) _extract_filter_values /opt/stack/keystone/keystone/common/rbac_enforcer/enforcer.py:167}}
May 27 14:44:42.064878 dv-neutron-843619-1-hyperv devstack@keystone.service[80655]: DEBUG keystone.common.rbac_enforcer.enforcer [None req-69a2e6a1-43d5-484e-8a2c-e68c889208f3 None admin] RBAC: Authorizing `identity:list_role_assignments()` {{(pid=80655) enforce_call /opt/stack/keystone/keystone/common/rbac_enforcer/enforcer.py:449}}
May 27 14:44:42.067020 dv-neutron-843619-1-hyperv devstack@keystone.service[80655]: DEBUG keystone.common.rbac_enforcer.enforcer [None req-69a2e6a1-43d5-484e-8a2c-e68c889208f3 None admin] RBAC: Authorization granted {{(pid=80655) enforce_call /opt/stack/keystone/keystone/common/rbac_enforcer/enforcer.py:457}}
May 27 14:44:42.073689 dv-neutron-843619-1-hyperv devstack@keystone.service[80655]: [pid: 80655|app: 0|req: 104/205] 10.222.0.17 () {56 vars in 1374 bytes} [Fri May 27 14:44:41 2022] GET /identity/v3/role_assignments?user.id=fbc7e7a1f7d54b718c2bfcc96630c13b&scope.project.id=b23a54c52e9748d59d31bf549ef5a002&role.id=019cd833ae4644adb0ada46f51e0333c => generated 259 bytes in 187 msecs (HTTP/1.1 200) 5 headers in 177 bytes (1 switches on core 0)
May 27 14:44:42.127326 dv-neutron-843619-1-hyperv devstack@keystone.service[80656]: DEBUG keystone.server.flask.request_processing.middleware.auth_context [None req-d5e255cd-f28b-4326-84a5-f9c35ce5212c None admin] RBAC: auth_context: {'token': , 'domain_id': None, 'trust_id': None, 'trustor_id': None, 'trustee_id': None, 'domain_name': None, 'group_ids': [], 'user_id': '29a1efa8d5a542e8bff46f3a8ae861c8', 'user_domain_id': 'default', 'system_scope': 'all', 'project_id': None, 'project_domain_id': None, 'roles': ['admin', 'member', 'reader'], 'is_admin_project': True, 'service_user_id': None, 'service_user_domain_id': None, 'service_project_id': None, 'service_project_domain_id': None, 'service_roles': []} {{(pid=80656) fill_context /opt/stack/keystone/keystone/server/flask/request_processing/middleware/auth_context.py:478}}
May 27 14:44:42.128552 dv-neutron-843619-1-hyperv devstack@keystone.service[80656]: DEBUG keystone.server.flask.request_processing.req_logging [None req-d5e255cd-f28b-4326-84a5-f9c35ce5212c None admin] REQUEST_METHOD: `GET` {{(pid=80656) log_request_info /opt/stack/keystone/keystone/server/flask/request_processing/req_logging.py:27}}
May 27 14:44:42.128840 dv-neutron-843619-1-hyperv devstack@keystone.service[80656]: DEBUG keystone.server.flask.request_processing.req_logging [None req-d5e255cd-f28b-4326-84a5-f9c35ce5212c None admin] SCRIPT_NAME: `/identity` {{(pid=80656) log_request_info /opt/stack/keystone/keystone/server/flask/request_processing/req_logging.py:28}}
May 27 14:44:42.129115 dv-neutron-843619-1-hyperv devstack@keystone.service[80656]: DEBUG keystone.server.flask.request_processing.req_logging [None req-d5e255cd-f28b-4326-84a5-f9c35ce5212c None admin] PATH_INFO: `/v3/auth/tokens` {{(pid=80656) log_request_info /opt/stack/keystone/keystone/server/flask/request_processing/req_logging.py:29}}
May 27 14:44:42.187323 dv-neutron-843619-1-hyperv devstack@keystone.service[80656]: DEBUG dbcounter [-] [80656] Writing DB stats keystone:SELECT=100 {{(pid=80656) stat_writer /usr/local/lib/python3.8/dist-packages/dbcounter.py:114}}
May 27 14:44:42.233489 dv-neutron-843619-1-hyperv devstack@keystone.service[80656]: DEBUG keystone.common.rbac_enforcer.enforcer [None req-d5e255cd-f28b-4326-84a5-f9c35ce5212c None admin] RBAC: Authorizing `identity:validate_token()` {{(pid=80656) enforce_call /opt/stack/keystone/keystone/common/rbac_enforcer/enforcer.py:449}}
May 27 14:44:42.235001 dv-neutron-843619-1-hyperv devstack@keystone.service[80656]: DEBUG keystone.common.rbac_enforcer.enforcer [None req-d5e255cd-f28b-4326-84a5-f9c35ce5212c None admin] RBAC: Authorization granted {{(pid=80656) enforce_call /opt/stack/keystone/keystone/common/rbac_enforcer/enforcer.py:457}}
May 27 14:44:42.378314 dv-neutron-843619-1-hyperv devstack@keystone.service[80656]: [pid: 80656|app: 0|req: 102/206] 10.222.0.17 () {58 vars in 1282 bytes} [Fri May 27 14:44:41 2022] GET /identity/v3/auth/tokens => generated 799 bytes in 507 msecs (HTTP/1.1 200) 6 headers in 358 bytes (1 switches on core 0)
May 27 14:44:42.383851 dv-neutron-843619-1-hyperv devstack@keystone.service[80655]: DEBUG keystone.server.flask.request_processing.middleware.auth_context [None req-69a2e6a1-43d5-484e-8a2c-e68c889208f3 None admin] Authenticating user token {{(pid=80655) process_request /usr/local/lib/python3.8/dist-packages/keystonemiddleware/auth_token/__init__.py:407}}
May 27 14:44:42.414048 dv-neutron-843619-1-hyperv devstack@keystone.service[80655]: DEBUG dbcounter [-] [80655] Writing DB stats keystone:SELECT=100 {{(pid=80655) stat_writer /usr/local/lib/python3.8/dist-packages/dbcounter.py:114}}
May 27 14:44:42.531311 dv-neutron-843619-1-hyperv devstack@keystone.service[80655]: DEBUG keystone.server.flask.request_processing.middleware.auth_context [None req-69a2e6a1-43d5-484e-8a2c-e68c889208f3 None admin] Validating token access rules against request {{(pid=80655) validate_allowed_request /usr/local/lib/python3.8/dist-packages/keystonemiddleware/auth_token/__init__.py:545}}
May 27 14:44:42.583193 dv-neutron-843619-1-hyperv devstack@keystone.service[80655]: DEBUG keystone.server.flask.request_processing.middleware.auth_context [None req-8c7c057f-2707-4a24-b63b-3704ee62d42d None admin] RBAC: auth_context: {'token': , 'domain_id': None, 'trust_id': None, 'trustor_id': None, 'trustee_id': None, 'domain_name': None, 'group_ids': [], 'user_id': '29a1efa8d5a542e8bff46f3a8ae861c8', 'user_domain_id': 'default', 'system_scope': 'all', 'project_id': None, 'project_domain_id': None, 'roles': ['admin', 'member', 'reader'], 'is_admin_project': True, 'service_user_id': None, 'service_user_domain_id': None, 'service_project_id': None, 'service_project_domain_id': None, 'service_roles': []} {{(pid=80655) fill_context /opt/stack/keystone/keystone/server/flask/request_processing/middleware/auth_context.py:478}}
May 27 14:44:42.584070 dv-neutron-843619-1-hyperv devstack@keystone.service[80655]: DEBUG keystone.server.flask.request_processing.req_logging [None req-8c7c057f-2707-4a24-b63b-3704ee62d42d None admin] REQUEST_METHOD: `GET` {{(pid=80655) log_request_info /opt/stack/keystone/keystone/server/flask/request_processing/req_logging.py:27}}
May 27 14:44:42.584351 dv-neutron-843619-1-hyperv devstack@keystone.service[80655]: DEBUG keystone.server.flask.request_processing.req_logging [None req-8c7c057f-2707-4a24-b63b-3704ee62d42d None admin] SCRIPT_NAME: `/identity` {{(pid=80655) log_request_info /opt/stack/keystone/keystone/server/flask/request_processing/req_logging.py:28}}
May 27 14:44:42.584630 dv-neutron-843619-1-hyperv devstack@keystone.service[80655]: DEBUG keystone.server.flask.request_processing.req_logging [None req-8c7c057f-2707-4a24-b63b-3704ee62d42d None admin] PATH_INFO: `/v3/projects/ab417d9ade6e4f389ff577d7bc2cb875` {{(pid=80655) log_request_info /opt/stack/keystone/keystone/server/flask/request_processing/req_logging.py:29}}
May 27 14:44:42.586603 dv-neutron-843619-1-hyperv devstack@keystone.service[80655]: DEBUG keystone.common.rbac_enforcer.enforcer [None req-8c7c057f-2707-4a24-b63b-3704ee62d42d None admin] RBAC: Authorizing `identity:get_project(project_id=ab417d9ade6e4f389ff577d7bc2cb875)` {{(pid=80655) enforce_call /opt/stack/keystone/keystone/common/rbac_enforcer/enforcer.py:449}}
May 27 14:44:42.588122 dv-neutron-843619-1-hyperv devstack@keystone.service[80655]: DEBUG keystone.common.rbac_enforcer.enforcer [None req-8c7c057f-2707-4a24-b63b-3704ee62d42d None admin] RBAC: Authorization granted {{(pid=80655) enforce_call /opt/stack/keystone/keystone/common/rbac_enforcer/enforcer.py:457}}
May 27 14:44:42.590175 dv-neutron-843619-1-hyperv devstack@keystone.service[80655]: [pid: 80655|app: 0|req: 105/207] 10.222.0.17 () {56 vars in 1186 bytes} [Fri May 27 14:44:42 2022] GET /identity/v3/projects/ab417d9ade6e4f389ff577d7bc2cb875 => generated 298 bytes in 207 msecs (HTTP/1.1 200) 5 headers in 177 bytes (1 switches on core 0)
May 27 14:44:42.595708 dv-neutron-843619-1-hyperv devstack@keystone.service[80656]: DEBUG keystone.server.flask.request_processing.middleware.auth_context [None req-d5e255cd-f28b-4326-84a5-f9c35ce5212c None admin] Authenticating user token {{(pid=80656) process_request /usr/local/lib/python3.8/dist-packages/keystonemiddleware/auth_token/__init__.py:407}}
May 27 14:44:42.682551 dv-neutron-843619-1-hyperv devstack@keystone.service[80656]: DEBUG dbcounter [-] [80656] Writing DB stats keystone:SELECT=100 {{(pid=80656) stat_writer /usr/local/lib/python3.8/dist-packages/dbcounter.py:114}}
May 27 14:44:42.720065 dv-neutron-843619-1-hyperv devstack@keystone.service[80656]: DEBUG keystone.server.flask.request_processing.middleware.auth_context [None req-d5e255cd-f28b-4326-84a5-f9c35ce5212c None admin] Validating token access rules against request {{(pid=80656) validate_allowed_request /usr/local/lib/python3.8/dist-packages/keystonemiddleware/auth_token/__init__.py:545}}
May 27 14:44:42.766874 dv-neutron-843619-1-hyperv devstack@keystone.service[80656]: DEBUG keystone.server.flask.request_processing.middleware.auth_context [None req-9cfb0cae-fc48-41e7-aa5d-d19ecb8edc72 None admin] RBAC: auth_context: {'token': , 'domain_id': None, 'trust_id': None, 'trustor_id': None, 'trustee_id': None, 'domain_name': None, 'group_ids': [], 'user_id': '29a1efa8d5a542e8bff46f3a8ae861c8', 'user_domain_id': 'default', 'system_scope': 'all', 'project_id': None, 'project_domain_id': None, 'roles': ['admin', 'member', 'reader'], 'is_admin_project': True, 'service_user_id': None, 'service_user_domain_id': None, 'service_project_id': None, 'service_project_domain_id': None, 'service_roles': []} {{(pid=80656) fill_context /opt/stack/keystone/keystone/server/flask/request_processing/middleware/auth_context.py:478}}
May 27 14:44:42.767533 dv-neutron-843619-1-hyperv devstack@keystone.service[80656]: DEBUG keystone.server.flask.request_processing.req_logging [None req-9cfb0cae-fc48-41e7-aa5d-d19ecb8edc72 None admin] REQUEST_METHOD: `GET` {{(pid=80656) log_request_info /opt/stack/keystone/keystone/server/flask/request_processing/req_logging.py:27}}
May 27 14:44:42.767812 dv-neutron-843619-1-hyperv devstack@keystone.service[80656]: DEBUG keystone.server.flask.request_processing.req_logging [None req-9cfb0cae-fc48-41e7-aa5d-d19ecb8edc72 None admin] SCRIPT_NAME: `/identity` {{(pid=80656) log_request_info /opt/stack/keystone/keystone/server/flask/request_processing/req_logging.py:28}}
May 27 14:44:42.768083 dv-neutron-843619-1-hyperv devstack@keystone.service[80656]: DEBUG keystone.server.flask.request_processing.req_logging [None req-9cfb0cae-fc48-41e7-aa5d-d19ecb8edc72 None admin] PATH_INFO: `/v3/role_assignments` {{(pid=80656) log_request_info /opt/stack/keystone/keystone/server/flask/request_processing/req_logging.py:29}}
May 27 14:44:42.769781 dv-neutron-843619-1-hyperv devstack@keystone.service[80656]: DEBUG keystone.common.rbac_enforcer.enforcer [None req-9cfb0cae-fc48-41e7-aa5d-d19ecb8edc72 None admin] RBAC: Adding query filter params (role.id=b5acf18a84a94986add1ef7a6f922995, scope.project.id=ab417d9ade6e4f389ff577d7bc2cb875, user.id=ce002edd7f0f45d8bad097d3f29c9024) {{(pid=80656) _extract_filter_values /opt/stack/keystone/keystone/common/rbac_enforcer/enforcer.py:167}}
May 27 14:44:42.770207 dv-neutron-843619-1-hyperv devstack@keystone.service[80656]: DEBUG keystone.common.rbac_enforcer.enforcer [None req-9cfb0cae-fc48-41e7-aa5d-d19ecb8edc72 None admin] RBAC: Authorizing `identity:list_role_assignments()` {{(pid=80656) enforce_call /opt/stack/keystone/keystone/common/rbac_enforcer/enforcer.py:449}}
May 27 14:44:42.772392 dv-neutron-843619-1-hyperv devstack@keystone.service[80656]: DEBUG keystone.common.rbac_enforcer.enforcer [None req-9cfb0cae-fc48-41e7-aa5d-d19ecb8edc72 None admin] RBAC: Authorization granted {{(pid=80656) enforce_call /opt/stack/keystone/keystone/common/rbac_enforcer/enforcer.py:457}}
May 27 14:44:42.784905 dv-neutron-843619-1-hyperv devstack@keystone.service[80656]: [pid: 80656|app: 0|req: 103/208] 10.222.0.17 () {56 vars in 1374 bytes} [Fri May 27 14:44:42 2022] GET /identity/v3/role_assignments?user.id=ce002edd7f0f45d8bad097d3f29c9024&scope.project.id=ab417d9ade6e4f389ff577d7bc2cb875&role.id=b5acf18a84a94986add1ef7a6f922995 => generated 608 bytes in 190 msecs (HTTP/1.1 200) 5 headers in 177 bytes (1 switches on core 0)
May 27 14:44:43.521990 dv-neutron-843619-1-hyperv devstack@keystone.service[80655]: DEBUG keystone.server.flask.request_processing.req_logging [None req-a489ffef-06bd-4b14-af14-3a522ecef924 None None] REQUEST_METHOD: `GET` {{(pid=80655) log_request_info /opt/stack/keystone/keystone/server/flask/request_processing/req_logging.py:27}}
May 27 14:44:43.522503 dv-neutron-843619-1-hyperv devstack@keystone.service[80655]: DEBUG keystone.server.flask.request_processing.req_logging [None req-a489ffef-06bd-4b14-af14-3a522ecef924 None None] SCRIPT_NAME: `/identity` {{(pid=80655) log_request_info /opt/stack/keystone/keystone/server/flask/request_processing/req_logging.py:28}}
May 27 14:44:43.522503 dv-neutron-843619-1-hyperv devstack@keystone.service[80655]: DEBUG keystone.server.flask.request_processing.req_logging [None req-a489ffef-06bd-4b14-af14-3a522ecef924 None None] PATH_INFO: `/` {{(pid=80655) log_request_info /opt/stack/keystone/keystone/server/flask/request_processing/req_logging.py:29}}
May 27 14:44:43.523890 dv-neutron-843619-1-hyperv devstack@keystone.service[80655]: [pid: 80655|app: 0|req: 106/209] 10.222.0.17 () {54 vars in 926 bytes} [Fri May 27 14:44:43 2022] GET /identity => generated 270 bytes in 3 msecs (HTTP/1.1 300) 6 headers in 234 bytes (1 switches on core 0)
May 27 14:44:43.530317 dv-neutron-843619-1-hyperv devstack@keystone.service[80656]: DEBUG keystone.server.flask.request_processing.req_logging [None req-5f3267f8-fcac-4e46-b675-051dd9cdb941 None None] REQUEST_METHOD: `POST` {{(pid=80656) log_request_info /opt/stack/keystone/keystone/server/flask/request_processing/req_logging.py:27}}
May 27 14:44:43.530820 dv-neutron-843619-1-hyperv devstack@keystone.service[80656]: DEBUG keystone.server.flask.request_processing.req_logging [None req-5f3267f8-fcac-4e46-b675-051dd9cdb941 None None] SCRIPT_NAME: `/identity` {{(pid=80656) log_request_info /opt/stack/keystone/keystone/server/flask/request_processing/req_logging.py:28}}
May 27 14:44:43.530922 dv-neutron-843619-1-hyperv devstack@keystone.service[80656]: DEBUG keystone.server.flask.request_processing.req_logging [None req-5f3267f8-fcac-4e46-b675-051dd9cdb941 None None] PATH_INFO: `/v3/auth/tokens` {{(pid=80656) log_request_info /opt/stack/keystone/keystone/server/flask/request_processing/req_logging.py:29}}
May 27 14:44:43.554176 dv-neutron-843619-1-hyperv devstack@keystone.service[80656]: DEBUG keystone.auth.core [None req-5f3267f8-fcac-4e46-b675-051dd9cdb941 None None] MFA Rules not processed for user `29a1efa8d5a542e8bff46f3a8ae861c8`. Rule list: `[]` (Enabled: `True`). {{(pid=80656) check_auth_methods_against_rules /opt/stack/keystone/keystone/auth/core.py:438}}
May 27 14:44:43.555362 dv-neutron-843619-1-hyperv devstack@keystone.service[80656]: DEBUG keystone.common.fernet_utils [None req-5f3267f8-fcac-4e46-b675-051dd9cdb941 None None] Loaded 2 Fernet keys from /etc/keystone/fernet-keys/, but `[fernet_tokens] max_active_keys = 3`; perhaps there have not been enough key rotations to reach `max_active_keys` yet? {{(pid=80656) load_keys /opt/stack/keystone/keystone/common/fernet_utils.py:286}}
May 27 14:44:43.646937 dv-neutron-843619-1-hyperv devstack@keystone.service[80656]: [pid: 80656|app: 0|req: 104/210] 10.222.0.17 () {58 vars in 1023 bytes} [Fri May 27 14:44:43 2022] POST /identity/v3/auth/tokens => generated 799 bytes in 118 msecs (HTTP/1.1 201) 6 headers in 363 bytes (1 switches on core 0)
May 27 14:44:43.669528 dv-neutron-843619-1-hyperv devstack@keystone.service[80655]: DEBUG keystone.server.flask.request_processing.middleware.auth_context [None req-a489ffef-06bd-4b14-af14-3a522ecef924 None None] Authenticating user token {{(pid=80655) process_request /usr/local/lib/python3.8/dist-packages/keystonemiddleware/auth_token/__init__.py:407}}
May 27 14:44:43.677677 dv-neutron-843619-1-hyperv devstack@keystone.service[80656]: DEBUG keystone.server.flask.request_processing.req_logging [None req-6c425f11-283f-44d2-b65c-083fb070db8d None None] REQUEST_METHOD: `GET` {{(pid=80656) log_request_info /opt/stack/keystone/keystone/server/flask/request_processing/req_logging.py:27}}
May 27 14:44:43.677677 dv-neutron-843619-1-hyperv devstack@keystone.service[80656]: DEBUG keystone.server.flask.request_processing.req_logging [None req-6c425f11-283f-44d2-b65c-083fb070db8d None None] SCRIPT_NAME: `/identity` {{(pid=80656) log_request_info /opt/stack/keystone/keystone/server/flask/request_processing/req_logging.py:28}}
