May 27 11:30:31.787270 dv-neutron-843601-1-hyperv neutron-server[105020]: INFO neutron.plugins.ml2.plugin [None req-da9264c8-0d7c-48df-94f9-e320ee44c94e tempest-PortsAdminExtendedAttrsTestJSON-1345651449 tempest-PortsAdminExtendedAttrsTestJSON-1345651449-project-admin] Attempt 7 to bind port d93fbdc9-ad25-48d1-8da5-0629a94a83b1
May 27 11:30:31.793131 dv-neutron-843601-1-hyperv neutron-server[105021]: DEBUG neutron.db.provisioning_blocks [None req-268b43cc-c4e4-42f3-bb9f-5044108c79c6 None None] Provisioning complete for port 9728d5d9-7965-4ade-a074-53bf3b396e97 triggered by entity DHCP. {{(pid=105021) provisioning_complete /opt/stack/neutron/neutron/db/provisioning_blocks.py:145}}
May 27 11:30:31.793296 dv-neutron-843601-1-hyperv neutron-server[105019]: DEBUG neutron_lib.callbacks.manager [None req-654319d4-647e-4904-8d3c-c4b86b35597b tempest-RoutersAdminTest-65689290 tempest-RoutersAdminTest-65689290-project-admin] Publish callbacks [] for router_controller (3bab21a0-dd8e-47cd-8a71-be34b477f058), precommit_add_association {{(pid=105019) _notify_loop /usr/local/lib/python3.8/dist-packages/neutron_lib/callbacks/manager.py:176}}
May 27 11:30:31.793793 dv-neutron-843601-1-hyperv neutron-server[105021]: DEBUG neutron_lib.callbacks.manager [None req-268b43cc-c4e4-42f3-bb9f-5044108c79c6 None None] Publish callbacks ['neutron.plugins.ml2.plugin.Ml2Plugin._port_provisioned-870350'] for port (9728d5d9-7965-4ade-a074-53bf3b396e97), provisioning_complete {{(pid=105021) _notify_loop /usr/local/lib/python3.8/dist-packages/neutron_lib/callbacks/manager.py:176}}
May 27 11:30:31.822305 dv-neutron-843601-1-hyperv neutron-server[105020]: DEBUG neutron.pecan_wsgi.hooks.policy_enforcement [req-370351fb-2465-4dfa-b1c5-9c418ffc10e4 req-8932abb7-20a1-46a5-9840-d9ecec331a17 tempest-ServersTestManualDisk-1143899062 tempest-ServersTestManualDisk-1143899062-project] Attributes excluded by policy engine: ['standard_attr_id', 'binding:profile', 'binding:host_id', 'binding:vif_type', 'binding:vif_details'] {{(pid=105020) _exclude_attributes_by_policy /opt/stack/neutron/neutron/pecan_wsgi/hooks/policy_enforcement.py:259}}
May 27 11:30:31.824443 dv-neutron-843601-1-hyperv neutron-server[105020]: INFO neutron.wsgi [req-370351fb-2465-4dfa-b1c5-9c418ffc10e4 req-8932abb7-20a1-46a5-9840-d9ecec331a17 tempest-ServersTestManualDisk-1143899062 tempest-ServersTestManualDisk-1143899062-project] 10.222.0.41 "GET /v2.0/ports?device_id=aac61eed-8855-4d01-91b7-f21b60032d91 HTTP/1.1" status: 200 len: 944 time: 0.1732810
May 27 11:30:31.839013 dv-neutron-843601-1-hyperv neutron-server[105019]: DEBUG neutron.api.rpc.handlers.resources_rpc [None req-336352a9-de95-4426-88e5-0b47f458cec7 service neutron] Pushing event updated for resources: {'Port': ['ID=e57a72a4-f027-40bd-af07-2a3f9c5f7d29,revision_number=2']} {{(pid=105019) push /opt/stack/neutron/neutron/api/rpc/handlers/resources_rpc.py:237}}
May 27 11:30:31.848201 dv-neutron-843601-1-hyperv neutron-server[105021]: DEBUG dbcounter [-] [105021] Writing DB stats neutron:SELECT=97,neutron:UPDATE=2,neutron:INSERT=1 {{(pid=105021) stat_writer /usr/local/lib/python3.8/dist-packages/dbcounter.py:114}}
May 27 11:30:31.890698 dv-neutron-843601-1-hyperv neutron-server[105020]: DEBUG neutron.plugins.ml2.managers [None req-da9264c8-0d7c-48df-94f9-e320ee44c94e tempest-PortsAdminExtendedAttrsTestJSON-1345651449 tempest-PortsAdminExtendedAttrsTestJSON-1345651449-project-admin] Attempting to bind port d93fbdc9-ad25-48d1-8da5-0629a94a83b1 on host hv-neutron-8436 for vnic_type normal with profile {{(pid=105020) bind_port /opt/stack/neutron/neutron/plugins/ml2/managers.py:811}}
May 27 11:30:31.891139 dv-neutron-843601-1-hyperv neutron-server[105020]: DEBUG neutron.plugins.ml2.managers [None req-da9264c8-0d7c-48df-94f9-e320ee44c94e tempest-PortsAdminExtendedAttrsTestJSON-1345651449 tempest-PortsAdminExtendedAttrsTestJSON-1345651449-project-admin] Attempting to bind port d93fbdc9-ad25-48d1-8da5-0629a94a83b1 by drivers openvswitch,hyperv on host hv-neutron-8436 at level 0 using segments [{'id': 'ad1ac824-2541-4063-8616-d40ccfe65799', 'network_type': 'vlan', 'physical_network': 'physnet1', 'segmentation_id': 355, 'network_id': '6edab8c1-977a-4cfa-bff9-9e31c43c1e23'}] {{(pid=105020) _bind_port_level /opt/stack/neutron/neutron/plugins/ml2/managers.py:836}}
May 27 11:30:31.891598 dv-neutron-843601-1-hyperv neutron-server[105020]: DEBUG neutron.plugins.ml2.drivers.mech_agent [None req-da9264c8-0d7c-48df-94f9-e320ee44c94e tempest-PortsAdminExtendedAttrsTestJSON-1345651449 tempest-PortsAdminExtendedAttrsTestJSON-1345651449-project-admin] Attempting to bind port d93fbdc9-ad25-48d1-8da5-0629a94a83b1 on network 6edab8c1-977a-4cfa-bff9-9e31c43c1e23 {{(pid=105020) bind_port /opt/stack/neutron/neutron/plugins/ml2/drivers/mech_agent.py:91}}
May 27 11:30:31.935771 dv-neutron-843601-1-hyperv neutron-server[105021]: DEBUG neutron.plugins.ml2.db [None req-223481dd-0bce-4cf8-81c7-c5eac85d18f3 None None] For port 9728d5d9-7965-4ade-a074-53bf3b396e97, host dv-neutron-843601-1-hyperv, got binding levels [PortBindingLevel(driver='openvswitch',host='dv-neutron-843601-1-hyperv',level=0,port_id=9728d5d9-7965-4ade-a074-53bf3b396e97,segment=NetworkSegment(be862cfd-49de-481c-af95-b1da4ab7495d),segment_id=be862cfd-49de-481c-af95-b1da4ab7495d)] {{(pid=105021) get_binding_level_objs /opt/stack/neutron/neutron/plugins/ml2/db.py:74}}
May 27 11:30:31.978285 dv-neutron-843601-1-hyperv neutron-server[105021]: DEBUG neutron.plugins.ml2.plugin [None req-268b43cc-c4e4-42f3-bb9f-5044108c79c6 None None] Current status of the port 9728d5d9-7965-4ade-a074-53bf3b396e97 is: DOWN; New status is: ACTIVE {{(pid=105021) _update_individual_port_db_status /opt/stack/neutron/neutron/plugins/ml2/plugin.py:2298}}
May 27 11:30:31.978975 dv-neutron-843601-1-hyperv neutron-server[105021]: DEBUG neutron_lib.callbacks.manager [None req-268b43cc-c4e4-42f3-bb9f-5044108c79c6 None None] Publish callbacks ['neutron.plugins.ml2.plugin.SecurityGroupDbMixin._ensure_default_security_group_handler-733936'] for port (9728d5d9-7965-4ade-a074-53bf3b396e97), before_update {{(pid=105021) _notify_loop /usr/local/lib/python3.8/dist-packages/neutron_lib/callbacks/manager.py:176}}
May 27 11:30:31.982656 dv-neutron-843601-1-hyperv neutron-server[105020]: INFO neutron.wsgi [req-370351fb-2465-4dfa-b1c5-9c418ffc10e4 req-97314cdc-63eb-41f6-bf32-ae8579c7aa58 tempest-ServersTestManualDisk-1143899062 tempest-ServersTestManualDisk-1143899062-project] 10.222.0.41 "GET /v2.0/security-groups?id=8bae8eaf-ed99-4070-a9df-b5e4933a349d&fields=id&fields=name HTTP/1.1" status: 200 len: 313 time: 0.1138003
May 27 11:30:31.983529 dv-neutron-843601-1-hyperv neutron-server[105020]: DEBUG neutron.objects.ports [None req-58e762e1-70ba-434b-b7d1-f2e534e8a73d tempest-ExternalNetworksTestJSON-1547521303 tempest-ExternalNetworksTestJSON-1547521303-project-admin] Time-cost: Fetching 0 ports in 0 security groups {{(pid=105020) get_objects /opt/stack/neutron/neutron/objects/ports.py:463}}
May 27 11:30:31.984079 dv-neutron-843601-1-hyperv neutron-server[105020]: DEBUG neutron_lib.callbacks.manager [None req-58e762e1-70ba-434b-b7d1-f2e534e8a73d tempest-ExternalNetworksTestJSON-1547521303 tempest-ExternalNetworksTestJSON-1547521303-project-admin] Publish callbacks ['neutron.plugins.ml2.ovo_rpc._ObjectChangeHandler.handle_event-16763570', 'neutron.api.rpc.agentnotifiers.dhcp_rpc_agent_api.DhcpAgentNotifyAPI._native_event_send_dhcp_notification-479463', 'neutron.services.segments.plugin.NovaSegmentNotifier._notify_subnet_created-13391622', 'neutron.services.segments.plugin.SegmentHostRoutes.host_routes_after_create-134155863'] for subnet (8f876084-419c-4a1d-8118-cad5a999af97), after_create {{(pid=105020) _notify_loop /usr/local/lib/python3.8/dist-packages/neutron_lib/callbacks/manager.py:176}}
May 27 11:30:32.047096 dv-neutron-843601-1-hyperv neutron-server[105021]: DEBUG neutron_lib.callbacks.manager [None req-223481dd-0bce-4cf8-81c7-c5eac85d18f3 None None] Publish callbacks ['neutron.plugins.ml2.plugin.SecurityGroupServerNotifierRpcMixin._notify_sg_on_port_change-734976', 'neutron.plugins.ml2.ovo_rpc._ObjectChangeHandler.handle_event-47334', 'neutron.api.rpc.agentnotifiers.dhcp_rpc_agent_api.DhcpAgentNotifyAPI._native_event_send_dhcp_notification-479463', 'neutron.db.l3_db.L3RpcNotifierMixin._notify_gateway_port_ip_changed-8776304654053', 'neutron.db.l3_dvrscheduler_db._notify_l3_agent_port_update-8776304130901', 'neutron.db.l3_hascheduler_db._notify_l3_agent_ha_port_update-8776304130919'] for port (9728d5d9-7965-4ade-a074-53bf3b396e97), after_update {{(pid=105021) _notify_loop /usr/local/lib/python3.8/dist-packages/neutron_lib/callbacks/manager.py:176}}
May 27 11:30:32.067058 dv-neutron-843601-1-hyperv neutron-server[105020]: DEBUG neutron.plugins.ml2.drivers.mech_agent [None req-da9264c8-0d7c-48df-94f9-e320ee44c94e tempest-PortsAdminExtendedAttrsTestJSON-1345651449 tempest-PortsAdminExtendedAttrsTestJSON-1345651449-project-admin] Port d93fbdc9-ad25-48d1-8da5-0629a94a83b1 on network 6edab8c1-977a-4cfa-bff9-9e31c43c1e23 not bound, no agent of type Open vSwitch agent registered on host hv-neutron-8436 {{(pid=105020) bind_port /opt/stack/neutron/neutron/plugins/ml2/drivers/mech_agent.py:103}}
May 27 11:30:32.067451 dv-neutron-843601-1-hyperv neutron-server[105020]: ERROR neutron.plugins.ml2.managers [None req-da9264c8-0d7c-48df-94f9-e320ee44c94e tempest-PortsAdminExtendedAttrsTestJSON-1345651449 tempest-PortsAdminExtendedAttrsTestJSON-1345651449-project-admin] Failed to bind port d93fbdc9-ad25-48d1-8da5-0629a94a83b1 on host hv-neutron-8436 for vnic_type normal using segments [{'id': 'ad1ac824-2541-4063-8616-d40ccfe65799', 'network_type': 'vlan', 'physical_network': 'physnet1', 'segmentation_id': 355, 'network_id': '6edab8c1-977a-4cfa-bff9-9e31c43c1e23'}]
May 27 11:30:32.072828 dv-neutron-843601-1-hyperv neutron-server[105020]: INFO neutron.plugins.ml2.plugin [None req-da9264c8-0d7c-48df-94f9-e320ee44c94e tempest-PortsAdminExtendedAttrsTestJSON-1345651449 tempest-PortsAdminExtendedAttrsTestJSON-1345651449-project-admin] Attempt 8 to bind port d93fbdc9-ad25-48d1-8da5-0629a94a83b1
May 27 11:30:32.084727 dv-neutron-843601-1-hyperv neutron-server[105020]: DEBUG dbcounter [-] [105020] Writing DB stats neutron:SELECT=93,neutron:UPDATE=4,neutron:INSERT=3 {{(pid=105020) stat_writer /usr/local/lib/python3.8/dist-packages/dbcounter.py:114}}
May 27 11:30:32.161054 dv-neutron-843601-1-hyperv neutron-server[105020]: DEBUG dbcounter [-] [105020] Writing DB stats neutron:SELECT=95,neutron:UPDATE=1,neutron:INSERT=4 {{(pid=105020) stat_writer /usr/local/lib/python3.8/dist-packages/dbcounter.py:114}}
May 27 11:30:32.163020 dv-neutron-843601-1-hyperv neutron-server[105021]: DEBUG neutron.api.rpc.handlers.resources_rpc [None req-223481dd-0bce-4cf8-81c7-c5eac85d18f3 None None] Pushing event updated for resources: {'Port': ['ID=9728d5d9-7965-4ade-a074-53bf3b396e97,revision_number=3']} {{(pid=105021) push /opt/stack/neutron/neutron/api/rpc/handlers/resources_rpc.py:237}}
May 27 11:30:32.178795 dv-neutron-843601-1-hyperv neutron-server[105020]: DEBUG neutron.plugins.ml2.managers [None req-da9264c8-0d7c-48df-94f9-e320ee44c94e tempest-PortsAdminExtendedAttrsTestJSON-1345651449 tempest-PortsAdminExtendedAttrsTestJSON-1345651449-project-admin] Attempting to bind port d93fbdc9-ad25-48d1-8da5-0629a94a83b1 on host hv-neutron-8436 for vnic_type normal with profile {{(pid=105020) bind_port /opt/stack/neutron/neutron/plugins/ml2/managers.py:811}}
May 27 11:30:32.179868 dv-neutron-843601-1-hyperv neutron-server[105020]: DEBUG neutron.plugins.ml2.managers [None req-da9264c8-0d7c-48df-94f9-e320ee44c94e tempest-PortsAdminExtendedAttrsTestJSON-1345651449 tempest-PortsAdminExtendedAttrsTestJSON-1345651449-project-admin] Attempting to bind port d93fbdc9-ad25-48d1-8da5-0629a94a83b1 by drivers openvswitch,hyperv on host hv-neutron-8436 at level 0 using segments [{'id': 'ad1ac824-2541-4063-8616-d40ccfe65799', 'network_type': 'vlan', 'physical_network': 'physnet1', 'segmentation_id': 355, 'network_id': '6edab8c1-977a-4cfa-bff9-9e31c43c1e23'}] {{(pid=105020) _bind_port_level /opt/stack/neutron/neutron/plugins/ml2/managers.py:836}}
May 27 11:30:32.179868 dv-neutron-843601-1-hyperv neutron-server[105020]: DEBUG neutron.plugins.ml2.drivers.mech_agent [None req-da9264c8-0d7c-48df-94f9-e320ee44c94e tempest-PortsAdminExtendedAttrsTestJSON-1345651449 tempest-PortsAdminExtendedAttrsTestJSON-1345651449-project-admin] Attempting to bind port d93fbdc9-ad25-48d1-8da5-0629a94a83b1 on network 6edab8c1-977a-4cfa-bff9-9e31c43c1e23 {{(pid=105020) bind_port /opt/stack/neutron/neutron/plugins/ml2/drivers/mech_agent.py:91}}
May 27 11:30:32.186542 dv-neutron-843601-1-hyperv neutron-server[105020]: DEBUG neutron.api.rpc.handlers.resources_rpc [None req-58e762e1-70ba-434b-b7d1-f2e534e8a73d tempest-ExternalNetworksTestJSON-1547521303 tempest-ExternalNetworksTestJSON-1547521303-project-admin] Pushing event updated for resources: {'Subnet': ['ID=8f876084-419c-4a1d-8118-cad5a999af97,revision_number=0']} {{(pid=105020) push /opt/stack/neutron/neutron/api/rpc/handlers/resources_rpc.py:237}}
May 27 11:30:32.195681 dv-neutron-843601-1-hyperv neutron-server[105020]: DEBUG neutron.plugins.ml2.drivers.mech_agent [None req-58e762e1-70ba-434b-b7d1-f2e534e8a73d tempest-ExternalNetworksTestJSON-1547521303 tempest-ExternalNetworksTestJSON-1547521303-project-admin] Checking segment: {'id': '4600d29c-4da6-42a8-8e9a-c5d2224a5971', 'network_type': 'vlan', 'physical_network': 'physnet1', 'segmentation_id': 372, 'network_id': 'ba8b6ab6-9fff-4460-b6ff-fc5ee89d480d'} for mappings: {'physnet1': 'br-data'} with network types: ['local', 'flat', 'vlan'] {{(pid=105020) check_segment_for_agent /opt/stack/neutron/neutron/plugins/ml2/drivers/mech_agent.py:373}}
May 27 11:30:32.196364 dv-neutron-843601-1-hyperv neutron-server[105020]: DEBUG neutron.scheduler.dhcp_agent_scheduler [None req-58e762e1-70ba-434b-b7d1-f2e534e8a73d tempest-ExternalNetworksTestJSON-1547521303 tempest-ExternalNetworksTestJSON-1547521303-project-admin] Network hostable DHCP agents. Network: ba8b6ab6-9fff-4460-b6ff-fc5ee89d480d, hostable agents: ['c6aefe0b-0d33-44cf-aa26-025e8a16c109'], hosted agents: [] {{(pid=105020) _get_network_hostable_dhcp_agents /opt/stack/neutron/neutron/scheduler/dhcp_agent_scheduler.py:329}}
May 27 11:30:32.204712 dv-neutron-843601-1-hyperv neutron-server[105020]: DEBUG neutron.plugins.ml2.drivers.mech_agent [None req-da9264c8-0d7c-48df-94f9-e320ee44c94e tempest-PortsAdminExtendedAttrsTestJSON-1345651449 tempest-PortsAdminExtendedAttrsTestJSON-1345651449-project-admin] Port d93fbdc9-ad25-48d1-8da5-0629a94a83b1 on network 6edab8c1-977a-4cfa-bff9-9e31c43c1e23 not bound, no agent of type Open vSwitch agent registered on host hv-neutron-8436 {{(pid=105020) bind_port /opt/stack/neutron/neutron/plugins/ml2/drivers/mech_agent.py:103}}
May 27 11:30:32.205706 dv-neutron-843601-1-hyperv neutron-server[105020]: ERROR neutron.plugins.ml2.managers [None req-da9264c8-0d7c-48df-94f9-e320ee44c94e tempest-PortsAdminExtendedAttrsTestJSON-1345651449 tempest-PortsAdminExtendedAttrsTestJSON-1345651449-project-admin] Failed to bind port d93fbdc9-ad25-48d1-8da5-0629a94a83b1 on host hv-neutron-8436 for vnic_type normal using segments [{'id': 'ad1ac824-2541-4063-8616-d40ccfe65799', 'network_type': 'vlan', 'physical_network': 'physnet1', 'segmentation_id': 355, 'network_id': '6edab8c1-977a-4cfa-bff9-9e31c43c1e23'}]
May 27 11:30:32.215457 dv-neutron-843601-1-hyperv neutron-server[105020]: INFO neutron.plugins.ml2.plugin [None req-da9264c8-0d7c-48df-94f9-e320ee44c94e tempest-PortsAdminExtendedAttrsTestJSON-1345651449 tempest-PortsAdminExtendedAttrsTestJSON-1345651449-project-admin] Attempt 9 to bind port d93fbdc9-ad25-48d1-8da5-0629a94a83b1
May 27 11:30:32.247473 dv-neutron-843601-1-hyperv neutron-server[105021]: DEBUG neutron_lib.db.api [None req-268b43cc-c4e4-42f3-bb9f-5044108c79c6 None None] Retry wrapper got retriable exception: UPDATE statement on table 'standardattributes' expected to update 1 row(s); 0 were matched. {{(pid=105021) wrapped /usr/local/lib/python3.8/dist-packages/neutron_lib/db/api.py:188}}
May 27 11:30:32.247910 dv-neutron-843601-1-hyperv neutron-server[105021]: DEBUG oslo_db.api [None req-268b43cc-c4e4-42f3-bb9f-5044108c79c6 None None] Performing DB retry for function neutron.plugins.ml2.plugin.Ml2Plugin.update_port_statuses {{(pid=105021) wrapper /usr/local/lib/python3.8/dist-packages/oslo_db/api.py:155}}
May 27 11:30:32.266436 dv-neutron-843601-1-hyperv neutron-server[105020]: DEBUG neutron_lib.callbacks.manager [None req-9ea38ea1-7e86-4161-8647-39c242d175bb tempest-ExtraDHCPOptionsIpV6TestJSON-1217554996 tempest-ExtraDHCPOptionsIpV6TestJSON-1217554996-project] Publish callbacks ['neutron.plugins.ml2.plugin.SecurityGroupServerNotifierRpcMixin._notify_sg_on_port_change-734976', 'neutron.plugins.ml2.ovo_rpc._ObjectChangeHandler.handle_event-47334', 'neutron.api.rpc.agentnotifiers.dhcp_rpc_agent_api.DhcpAgentNotifyAPI._native_event_send_dhcp_notification-479463', 'neutron.db.l3_dvrscheduler_db._notify_l3_agent_new_port-8776304130883', 'neutron.services.segments.plugin.NovaSegmentNotifier._notify_port_created_or_deleted-13391542'] for port (b5343f7d-a7ac-4deb-a384-9fe2ffb98b2b), after_create {{(pid=105020) _notify_loop /usr/local/lib/python3.8/dist-packages/neutron_lib/callbacks/manager.py:176}}
May 27 11:30:32.321595 dv-neutron-843601-1-hyperv neutron-server[105020]: DEBUG neutron.plugins.ml2.managers [None req-da9264c8-0d7c-48df-94f9-e320ee44c94e tempest-PortsAdminExtendedAttrsTestJSON-1345651449 tempest-PortsAdminExtendedAttrsTestJSON-1345651449-project-admin] Attempting to bind port d93fbdc9-ad25-48d1-8da5-0629a94a83b1 on host hv-neutron-8436 for vnic_type normal with profile {{(pid=105020) bind_port /opt/stack/neutron/neutron/plugins/ml2/managers.py:811}}
May 27 11:30:32.321930 dv-neutron-843601-1-hyperv neutron-server[105020]: DEBUG neutron.plugins.ml2.managers [None req-da9264c8-0d7c-48df-94f9-e320ee44c94e tempest-PortsAdminExtendedAttrsTestJSON-1345651449 tempest-PortsAdminExtendedAttrsTestJSON-1345651449-project-admin] Attempting to bind port d93fbdc9-ad25-48d1-8da5-0629a94a83b1 by drivers openvswitch,hyperv on host hv-neutron-8436 at level 0 using segments [{'id': 'ad1ac824-2541-4063-8616-d40ccfe65799', 'network_type': 'vlan', 'physical_network': 'physnet1', 'segmentation_id': 355, 'network_id': '6edab8c1-977a-4cfa-bff9-9e31c43c1e23'}] {{(pid=105020) _bind_port_level /opt/stack/neutron/neutron/plugins/ml2/managers.py:836}}
May 27 11:30:32.323039 dv-neutron-843601-1-hyperv neutron-server[105020]: DEBUG neutron.plugins.ml2.drivers.mech_agent [None req-da9264c8-0d7c-48df-94f9-e320ee44c94e tempest-PortsAdminExtendedAttrsTestJSON-1345651449 tempest-PortsAdminExtendedAttrsTestJSON-1345651449-project-admin] Attempting to bind port d93fbdc9-ad25-48d1-8da5-0629a94a83b1 on network 6edab8c1-977a-4cfa-bff9-9e31c43c1e23 {{(pid=105020) bind_port /opt/stack/neutron/neutron/plugins/ml2/drivers/mech_agent.py:91}}
May 27 11:30:32.337097 dv-neutron-843601-1-hyperv neutron-server[105020]: DEBUG neutron.api.rpc.handlers.resources_rpc [None req-9ea38ea1-7e86-4161-8647-39c242d175bb tempest-ExtraDHCPOptionsIpV6TestJSON-1217554996 tempest-ExtraDHCPOptionsIpV6TestJSON-1217554996-project] Pushing event updated for resources: {'Port': ['ID=b5343f7d-a7ac-4deb-a384-9fe2ffb98b2b,revision_number=1']} {{(pid=105020) push /opt/stack/neutron/neutron/api/rpc/handlers/resources_rpc.py:237}}
May 27 11:30:32.341487 dv-neutron-843601-1-hyperv neutron-server[105020]: DEBUG neutron.plugins.ml2.drivers.mech_agent [None req-da9264c8-0d7c-48df-94f9-e320ee44c94e tempest-PortsAdminExtendedAttrsTestJSON-1345651449 tempest-PortsAdminExtendedAttrsTestJSON-1345651449-project-admin] Port d93fbdc9-ad25-48d1-8da5-0629a94a83b1 on network 6edab8c1-977a-4cfa-bff9-9e31c43c1e23 not bound, no agent of type Open vSwitch agent registered on host hv-neutron-8436 {{(pid=105020) bind_port /opt/stack/neutron/neutron/plugins/ml2/drivers/mech_agent.py:103}}
May 27 11:30:32.341815 dv-neutron-843601-1-hyperv neutron-server[105020]: ERROR neutron.plugins.ml2.managers [None req-da9264c8-0d7c-48df-94f9-e320ee44c94e tempest-PortsAdminExtendedAttrsTestJSON-1345651449 tempest-PortsAdminExtendedAttrsTestJSON-1345651449-project-admin] Failed to bind port d93fbdc9-ad25-48d1-8da5-0629a94a83b1 on host hv-neutron-8436 for vnic_type normal using segments [{'id': 'ad1ac824-2541-4063-8616-d40ccfe65799', 'network_type': 'vlan', 'physical_network': 'physnet1', 'segmentation_id': 355, 'network_id': '6edab8c1-977a-4cfa-bff9-9e31c43c1e23'}]
May 27 11:30:32.343512 dv-neutron-843601-1-hyperv neutron-server[105020]: INFO neutron.plugins.ml2.plugin [None req-da9264c8-0d7c-48df-94f9-e320ee44c94e tempest-PortsAdminExtendedAttrsTestJSON-1345651449 tempest-PortsAdminExtendedAttrsTestJSON-1345651449-project-admin] Attempt 10 to bind port d93fbdc9-ad25-48d1-8da5-0629a94a83b1
May 27 11:30:32.351887 dv-neutron-843601-1-hyperv neutron-server[105020]: DEBUG neutron.scheduler.dhcp_agent_scheduler [None req-58e762e1-70ba-434b-b7d1-f2e534e8a73d tempest-ExternalNetworksTestJSON-1547521303 tempest-ExternalNetworksTestJSON-1547521303-project-admin] Network ba8b6ab6-9fff-4460-b6ff-fc5ee89d480d is scheduled to be hosted by DHCP agent c6aefe0b-0d33-44cf-aa26-025e8a16c109 with binding_index 1 {{(pid=105020) bind /opt/stack/neutron/neutron/scheduler/dhcp_agent_scheduler.py:227}}
May 27 11:30:32.353875 dv-neutron-843601-1-hyperv neutron-server[105020]: DEBUG neutron.scheduler.dhcp_agent_scheduler [None req-9ea38ea1-7e86-4161-8647-39c242d175bb tempest-ExtraDHCPOptionsIpV6TestJSON-1217554996 tempest-ExtraDHCPOptionsIpV6TestJSON-1217554996-project] Network ba5ed38c-0f92-4f16-839b-33e67c6b5403 is already hosted by enough agents. {{(pid=105020) _get_dhcp_agents_hosting_network /opt/stack/neutron/neutron/scheduler/dhcp_agent_scheduler.py:275}}
May 27 11:30:32.365257 dv-neutron-843601-1-hyperv neutron-server[105020]: DEBUG neutron.scheduler.base_scheduler [None req-9ea38ea1-7e86-4161-8647-39c242d175bb tempest-ExtraDHCPOptionsIpV6TestJSON-1217554996 tempest-ExtraDHCPOptionsIpV6TestJSON-1217554996-project] Resources bound (agent type, host, resource id): {{(pid=105020) schedule /opt/stack/neutron/neutron/scheduler/base_scheduler.py:57}}
May 27 11:30:32.369005 dv-neutron-843601-1-hyperv neutron-server[105020]: DEBUG neutron.db.l3_dvrscheduler_db [None req-9ea38ea1-7e86-4161-8647-39c242d175bb tempest-ExtraDHCPOptionsIpV6TestJSON-1217554996 tempest-ExtraDHCPOptionsIpV6TestJSON-1217554996-project] Received port after_create {{(pid=105020) _notify_l3_agent_new_port /opt/stack/neutron/neutron/db/l3_dvrscheduler_db.py:536}}
May 27 11:30:32.376375 dv-neutron-843601-1-hyperv neutron-server[105020]: DEBUG neutron.pecan_wsgi.hooks.policy_enforcement [None req-9ea38ea1-7e86-4161-8647-39c242d175bb tempest-ExtraDHCPOptionsIpV6TestJSON-1217554996 tempest-ExtraDHCPOptionsIpV6TestJSON-1217554996-project] Attributes excluded by policy engine: ['standard_attr_id', 'binding:profile', 'binding:host_id', 'binding:vif_type', 'binding:vif_details', 'network'] {{(pid=105020) _exclude_attributes_by_policy /opt/stack/neutron/neutron/pecan_wsgi/hooks/policy_enforcement.py:259}}
May 27 11:30:32.377031 dv-neutron-843601-1-hyperv neutron-server[105020]: DEBUG neutron_lib.callbacks.manager [None req-9ea38ea1-7e86-4161-8647-39c242d175bb tempest-ExtraDHCPOptionsIpV6TestJSON-1217554996 tempest-ExtraDHCPOptionsIpV6TestJSON-1217554996-project] Publish callbacks ['neutron.notifiers.nova.Notifier._send_nova_notification-56712'] for port (None), before_response {{(pid=105020) _notify_loop /usr/local/lib/python3.8/dist-packages/neutron_lib/callbacks/manager.py:176}}
May 27 11:30:32.389085 dv-neutron-843601-1-hyperv neutron-server[105020]: DEBUG neutron.plugins.ml2.managers [None req-da9264c8-0d7c-48df-94f9-e320ee44c94e tempest-PortsAdminExtendedAttrsTestJSON-1345651449 tempest-PortsAdminExtendedAttrsTestJSON-1345651449-project-admin] Attempting to bind port d93fbdc9-ad25-48d1-8da5-0629a94a83b1 on host hv-neutron-8436 for vnic_type normal with profile {{(pid=105020) bind_port /opt/stack/neutron/neutron/plugins/ml2/managers.py:811}}
May 27 11:30:32.389328 dv-neutron-843601-1-hyperv neutron-server[105020]: DEBUG neutron.plugins.ml2.managers [None req-da9264c8-0d7c-48df-94f9-e320ee44c94e tempest-PortsAdminExtendedAttrsTestJSON-1345651449 tempest-PortsAdminExtendedAttrsTestJSON-1345651449-project-admin] Attempting to bind port d93fbdc9-ad25-48d1-8da5-0629a94a83b1 by drivers openvswitch,hyperv on host hv-neutron-8436 at level 0 using segments [{'id': 'ad1ac824-2541-4063-8616-d40ccfe65799', 'network_type': 'vlan', 'physical_network': 'physnet1', 'segmentation_id': 355, 'network_id': '6edab8c1-977a-4cfa-bff9-9e31c43c1e23'}] {{(pid=105020) _bind_port_level /opt/stack/neutron/neutron/plugins/ml2/managers.py:836}}
May 27 11:30:32.389664 dv-neutron-843601-1-hyperv neutron-server[105020]: DEBUG neutron.plugins.ml2.drivers.mech_agent [None req-da9264c8-0d7c-48df-94f9-e320ee44c94e tempest-PortsAdminExtendedAttrsTestJSON-1345651449 tempest-PortsAdminExtendedAttrsTestJSON-1345651449-project-admin] Attempting to bind port d93fbdc9-ad25-48d1-8da5-0629a94a83b1 on network 6edab8c1-977a-4cfa-bff9-9e31c43c1e23 {{(pid=105020) bind_port /opt/stack/neutron/neutron/plugins/ml2/drivers/mech_agent.py:91}}
May 27 11:30:32.399067 dv-neutron-843601-1-hyperv neutron-server[105020]: DEBUG neutron.plugins.ml2.drivers.mech_agent [None req-da9264c8-0d7c-48df-94f9-e320ee44c94e tempest-PortsAdminExtendedAttrsTestJSON-1345651449 tempest-PortsAdminExtendedAttrsTestJSON-1345651449-project-admin] Port d93fbdc9-ad25-48d1-8da5-0629a94a83b1 on network 6edab8c1-977a-4cfa-bff9-9e31c43c1e23 not bound, no agent of type Open vSwitch agent registered on host hv-neutron-8436 {{(pid=105020) bind_port /opt/stack/neutron/neutron/plugins/ml2/drivers/mech_agent.py:103}}
May 27 11:30:32.399396 dv-neutron-843601-1-hyperv neutron-server[105020]: ERROR neutron.plugins.ml2.managers [None req-da9264c8-0d7c-48df-94f9-e320ee44c94e tempest-PortsAdminExtendedAttrsTestJSON-1345651449 tempest-PortsAdminExtendedAttrsTestJSON-1345651449-project-admin] Failed to bind port d93fbdc9-ad25-48d1-8da5-0629a94a83b1 on host hv-neutron-8436 for vnic_type normal using segments [{'id': 'ad1ac824-2541-4063-8616-d40ccfe65799', 'network_type': 'vlan', 'physical_network': 'physnet1', 'segmentation_id': 355, 'network_id': '6edab8c1-977a-4cfa-bff9-9e31c43c1e23'}]
May 27 11:30:32.399769 dv-neutron-843601-1-hyperv neutron-server[105020]: DEBUG neutron_lib.callbacks.manager [None req-da9264c8-0d7c-48df-94f9-e320ee44c94e tempest-PortsAdminExtendedAttrsTestJSON-1345651449 tempest-PortsAdminExtendedAttrsTestJSON-1345651449-project-admin] Publish callbacks ['neutron.plugins.ml2.plugin.SecurityGroupDbMixin._ensure_default_security_group_handler-733936'] for port (d93fbdc9-ad25-48d1-8da5-0629a94a83b1), before_update {{(pid=105020) _notify_loop /usr/local/lib/python3.8/dist-packages/neutron_lib/callbacks/manager.py:176}}
May 27 11:30:32.436753 dv-neutron-843601-1-hyperv neutron-server[105019]: DEBUG neutron.pecan_wsgi.hooks.policy_enforcement [req-21b72923-99fa-4eb9-84f9-17209ae5ac28 req-b27893e5-f002-460c-93ef-5f18e2bf9a70 service neutron] Attributes excluded by policy engine: ['standard_attr_id'] {{(pid=105019) _exclude_attributes_by_policy /opt/stack/neutron/neutron/pecan_wsgi/hooks/policy_enforcement.py:259}}
May 27 11:30:32.439183 dv-neutron-843601-1-hyperv neutron-server[105019]: INFO neutron.wsgi [req-21b72923-99fa-4eb9-84f9-17209ae5ac28 req-b27893e5-f002-460c-93ef-5f18e2bf9a70 service neutron] 10.222.0.42 "GET /v2.0/ports?tenant_id=1ca0f028abea4061866d87eace33ce32&device_id=8b9b10b2-0a07-4877-ae75-2d71f829bd5b HTTP/1.1" status: 200 len: 1127 time: 0.5692816
May 27 11:30:32.464057 dv-neutron-843601-1-hyperv neutron-server[105020]: DEBUG neutron.scheduler.base_scheduler [None req-58e762e1-70ba-434b-b7d1-f2e534e8a73d tempest-ExternalNetworksTestJSON-1547521303 tempest-ExternalNetworksTestJSON-1547521303-project-admin] Resources bound (agent type, host, resource id): (DHCP agent, dv-neutron-843601-1-hyperv, ba8b6ab6-9fff-4460-b6ff-fc5ee89d480d) {{(pid=105020) schedule /opt/stack/neutron/neutron/scheduler/base_scheduler.py:57}}
May 27 11:30:32.483834 dv-neutron-843601-1-hyperv neutron-server[105021]: DEBUG neutron.api.rpc.handlers.dhcp_rpc [None req-41596652-62df-449e-9fe6-e320faf7d6e1 None None] Network ba8b6ab6-9fff-4460-b6ff-fc5ee89d480d requested from dv-neutron-843601-1-hyperv {{(pid=105021) get_network_info /opt/stack/neutron/neutron/api/rpc/handlers/dhcp_rpc.py:191}}
May 27 11:30:32.502903 dv-neutron-843601-1-hyperv neutron-server[105020]: DEBUG neutron.pecan_wsgi.hooks.policy_enforcement [None req-58e762e1-70ba-434b-b7d1-f2e534e8a73d tempest-ExternalNetworksTestJSON-1547521303 tempest-ExternalNetworksTestJSON-1547521303-project-admin] Attributes excluded by policy engine: ['standard_attr_id', 'shared', 'segment_id', 'network'] {{(pid=105020) _exclude_attributes_by_policy /opt/stack/neutron/neutron/pecan_wsgi/hooks/policy_enforcement.py:259}}
May 27 11:30:32.503503 dv-neutron-843601-1-hyperv neutron-server[105020]: DEBUG neutron_lib.callbacks.manager [None req-58e762e1-70ba-434b-b7d1-f2e534e8a73d tempest-ExternalNetworksTestJSON-1547521303 tempest-ExternalNetworksTestJSON-1547521303-project-admin] Publish callbacks ['neutron.api.rpc.agentnotifiers.dhcp_rpc_agent_api.DhcpAgentNotifyAPI._send_dhcp_notification-479449'] for subnet (None), before_response {{(pid=105020) _notify_loop /usr/local/lib/python3.8/dist-packages/neutron_lib/callbacks/manager.py:176}}
May 27 11:30:32.529364 dv-neutron-843601-1-hyperv neutron-server[105020]: INFO neutron.wsgi [None req-9ea38ea1-7e86-4161-8647-39c242d175bb tempest-ExtraDHCPOptionsIpV6TestJSON-1217554996 tempest-ExtraDHCPOptionsIpV6TestJSON-1217554996-project] 10.222.0.41 "POST /v2.0/ports HTTP/1.1" status: 201 len: 941 time: 5.2545829
May 27 11:30:32.546045 dv-neutron-843601-1-hyperv neutron-server[105020]: DEBUG neutron.wsgi [-] (105020) accepted ('10.222.0.41', 45440) {{(pid=105020) server /usr/local/lib/python3.8/dist-packages/eventlet/wsgi.py:1004}}
May 27 11:30:32.553034 dv-neutron-843601-1-hyperv neutron-server[105020]: DEBUG neutron.api.v2.base [None req-f9e31a9c-ee54-40da-a5ff-ed539c176d1c tempest-ExtraDHCPOptionsIpV6TestJSON-1217554996 tempest-ExtraDHCPOptionsIpV6TestJSON-1217554996-project] Request body: {'port': {'network_id': 'ba5ed38c-0f92-4f16-839b-33e67c6b5403', 'name': 'tempest-ExtraDHCPOptionsIpV6TestJSON-124480508', 'extra_dhcp_opts': [{'opt_value': 'pxelinux.0', 'opt_name': 'bootfile-name'}, {'opt_value': '2015::dead', 'opt_name': 'tftp-server'}, {'opt_value': '2015::badd', 'opt_name': 'server-ip-address'}]}} {{(pid=105020) prepare_request_body /opt/stack/neutron/neutron/api/v2/base.py:730}}
May 27 11:30:32.553709 dv-neutron-843601-1-hyperv neutron-server[105020]: DEBUG neutron_lib.api.validators [None req-f9e31a9c-ee54-40da-a5ff-ed539c176d1c tempest-ExtraDHCPOptionsIpV6TestJSON-1217554996 tempest-ExtraDHCPOptionsIpV6TestJSON-1217554996-project] bootfile-name is not in valid_values {{(pid=105020) validate_values /usr/local/lib/python3.8/dist-packages/neutron_lib/api/validators/__init__.py:165}}
May 27 11:30:32.554270 dv-neutron-843601-1-hyperv neutron-server[105020]: DEBUG neutron_lib.api.validators [None req-f9e31a9c-ee54-40da-a5ff-ed539c176d1c tempest-ExtraDHCPOptionsIpV6TestJSON-1217554996 tempest-ExtraDHCPOptionsIpV6TestJSON-1217554996-project] tftp-server is not in valid_values {{(pid=105020) validate_values /usr/local/lib/python3.8/dist-packages/neutron_lib/api/validators/__init__.py:165}}
May 27 11:30:32.554630 dv-neutron-843601-1-hyperv neutron-server[105020]: DEBUG neutron_lib.api.validators [None req-f9e31a9c-ee54-40da-a5ff-ed539c176d1c tempest-ExtraDHCPOptionsIpV6TestJSON-1217554996 tempest-ExtraDHCPOptionsIpV6TestJSON-1217554996-project] server-ip-address is not in valid_values {{(pid=105020) validate_values /usr/local/lib/python3.8/dist-packages/neutron_lib/api/validators/__init__.py:165}}
May 27 11:30:32.579214 dv-neutron-843601-1-hyperv neutron-server[105019]: DEBUG neutron.plugins.ml2.plugin [None req-69440213-286e-436f-9370-4cc8eccf334f tempest-AllowedAddressPairTestJSON-1468231139 tempest-AllowedAddressPairTestJSON-1468231139-project] Deleting port 38ea35f2-6ab3-4a3c-b337-e927908203b5 {{(pid=105019) _pre_delete_port /opt/stack/neutron/neutron/plugins/ml2/plugin.py:2043}}
May 27 11:30:32.579682 dv-neutron-843601-1-hyperv neutron-server[105019]: DEBUG neutron_lib.callbacks.manager [None req-69440213-286e-436f-9370-4cc8eccf334f tempest-AllowedAddressPairTestJSON-1468231139 tempest-AllowedAddressPairTestJSON-1468231139-project] Publish callbacks ['neutron.db.l3_db.L3_NAT_dbonly_mixin._prevent_l3_port_delete_callback-8776304644325'] for port (38ea35f2-6ab3-4a3c-b337-e927908203b5), before_delete {{(pid=105019) _notify_loop /usr/local/lib/python3.8/dist-packages/neutron_lib/callbacks/manager.py:176}}
May 27 11:30:32.591589 dv-neutron-843601-1-hyperv neutron-server[105019]: DEBUG neutron.pecan_wsgi.hooks.policy_enforcement [req-9b2dc4e5-c059-46f7-967a-a5347d509e4b req-d8d1e90a-6616-4a5e-ba64-401e99b1aba2 tempest-ServerActionsTestJSON-731349296 tempest-ServerActionsTestJSON-731349296-project] Attributes excluded by policy engine: ['standard_attr_id', 'binding:profile', 'binding:host_id', 'binding:vif_type', 'binding:vif_details'] {{(pid=105019) _exclude_attributes_by_policy /opt/stack/neutron/neutron/pecan_wsgi/hooks/policy_enforcement.py:259}}
May 27 11:30:32.593278 dv-neutron-843601-1-hyperv neutron-server[105019]: INFO neutron.wsgi [req-9b2dc4e5-c059-46f7-967a-a5347d509e4b req-d8d1e90a-6616-4a5e-ba64-401e99b1aba2 tempest-ServerActionsTestJSON-731349296 tempest-ServerActionsTestJSON-731349296-project] 10.222.0.41 "GET /v2.0/ports?device_id=8b9b10b2-0a07-4877-ae75-2d71f829bd5b HTTP/1.1" status: 200 len: 943 time: 0.2698269
May 27 11:30:32.597310 dv-neutron-843601-1-hyperv neutron-server[105019]: DEBUG neutron.pecan_wsgi.hooks.policy_enforcement [req-b23cf772-d14e-4346-9732-8e1fad98526c req-0070a9cb-e256-4b01-bafb-7bdff5e5125c service neutron] Attributes excluded by policy engine: ['standard_attr_id', 'vlan_transparent'] {{(pid=105019) _exclude_attributes_by_policy /opt/stack/neutron/neutron/pecan_wsgi/hooks/policy_enforcement.py:259}}
May 27 11:30:32.598990 dv-neutron-843601-1-hyperv neutron-server[105019]: INFO neutron.wsgi [req-b23cf772-d14e-4346-9732-8e1fad98526c req-0070a9cb-e256-4b01-bafb-7bdff5e5125c service neutron] 10.222.0.42 "GET /v2.0/networks?id=24fc733f-234f-4f32-92b5-6c742b8c9d08 HTTP/1.1" status: 200 len: 913 time: 0.7333655
May 27 11:30:32.628504 dv-neutron-843601-1-hyperv neutron-server[105020]: DEBUG neutron.pecan_wsgi.hooks.policy_enforcement [req-d93d2291-5e8e-4cbe-80de-f1bae275d98f req-ffa2ae58-c548-445d-af3d-280380b8dccb tempest-ServersTestJSON-614362898 tempest-ServersTestJSON-614362898-project] Attributes excluded by policy engine: ['standard_attr_id', 'binding:profile', 'binding:host_id', 'binding:vif_type', 'binding:vif_details'] {{(pid=105020) _exclude_attributes_by_policy /opt/stack/neutron/neutron/pecan_wsgi/hooks/policy_enforcement.py:259}}
May 27 11:30:32.636564 dv-neutron-843601-1-hyperv neutron-server[105020]: INFO neutron.wsgi [req-d93d2291-5e8e-4cbe-80de-f1bae275d98f req-ffa2ae58-c548-445d-af3d-280380b8dccb tempest-ServersTestJSON-614362898 tempest-ServersTestJSON-614362898-project] 10.222.0.41 "GET /v2.0/ports?device_id=058966cc-1df7-430f-a1f1-2dc811d5aef7 HTTP/1.1" status: 200 len: 943 time: 0.1890659
May 27 11:30:32.644926 dv-neutron-843601-1-hyperv neutron-server[105021]: DEBUG neutron.api.rpc.handlers.dhcp_rpc [None req-c505d7f9-0bbd-4c8d-a195-146b45db6365 None None] Network ba8b6ab6-9fff-4460-b6ff-fc5ee89d480d requested from dv-neutron-843601-1-hyperv {{(pid=105021) get_network_info /opt/stack/neutron/neutron/api/rpc/handlers/dhcp_rpc.py:191}}
May 27 11:30:32.675693 dv-neutron-843601-1-hyperv neutron-server[105020]: DEBUG neutron.plugins.ml2.db [None req-da9264c8-0d7c-48df-94f9-e320ee44c94e tempest-PortsAdminExtendedAttrsTestJSON-1345651449 tempest-PortsAdminExtendedAttrsTestJSON-1345651449-project-admin] For port d93fbdc9-ad25-48d1-8da5-0629a94a83b1, host hv-neutron-8436, cleared binding levels {{(pid=105020) clear_binding_levels /opt/stack/neutron/neutron/plugins/ml2/db.py:87}}
May 27 11:30:32.676070 dv-neutron-843601-1-hyperv neutron-server[105020]: DEBUG neutron.plugins.ml2.db [None req-da9264c8-0d7c-48df-94f9-e320ee44c94e tempest-PortsAdminExtendedAttrsTestJSON-1345651449 tempest-PortsAdminExtendedAttrsTestJSON-1345651449-project-admin] Attempted to set empty binding levels {{(pid=105020) set_binding_levels /opt/stack/neutron/neutron/plugins/ml2/db.py:65}}
May 27 11:30:32.676931 dv-neutron-843601-1-hyperv neutron-server[105019]: DEBUG neutron_lib.callbacks.manager [None req-654319d4-647e-4904-8d3c-c4b86b35597b tempest-RoutersAdminTest-65689290 tempest-RoutersAdminTest-65689290-project-admin] Publish callbacks [] for router_gateway (3bab21a0-dd8e-47cd-8a71-be34b477f058), precommit_update {{(pid=105019) _notify_loop /usr/local/lib/python3.8/dist-packages/neutron_lib/callbacks/manager.py:176}}
May 27 11:30:32.732857 dv-neutron-843601-1-hyperv neutron-server[105020]: INFO neutron.wsgi [None req-58e762e1-70ba-434b-b7d1-f2e534e8a73d tempest-ExternalNetworksTestJSON-1547521303 tempest-ExternalNetworksTestJSON-1547521303-project-admin] 10.222.0.41 "POST /v2.0/subnets HTTP/1.1" status: 201 len: 802 time: 2.7120614
May 27 11:30:32.738552 dv-neutron-843601-1-hyperv neutron-server[105019]: DEBUG neutron.wsgi [-] (105019) accepted ('10.222.0.41', 45442) {{(pid=105019) server /usr/local/lib/python3.8/dist-packages/eventlet/wsgi.py:1004}}
May 27 11:30:32.738552 dv-neutron-843601-1-hyperv neutron-server[105019]: DEBUG neutron.plugins.ml2.managers [req-b329bd4e-f46a-474f-bedc-a194ec001381 req-336352a9-de95-4426-88e5-0b47f458cec7 service neutron] Attempting to bind port e57a72a4-f027-40bd-af07-2a3f9c5f7d29 on host hv-neutron-8436 for vnic_type normal with profile {{(pid=105019) bind_port /opt/stack/neutron/neutron/plugins/ml2/managers.py:811}}
May 27 11:30:32.738552 dv-neutron-843601-1-hyperv neutron-server[105019]: DEBUG neutron.plugins.ml2.managers [req-b329bd4e-f46a-474f-bedc-a194ec001381 req-336352a9-de95-4426-88e5-0b47f458cec7 service neutron] Attempting to bind port e57a72a4-f027-40bd-af07-2a3f9c5f7d29 by drivers openvswitch,hyperv on host hv-neutron-8436 at level 0 using segments [{'id': '1d3bc688-b238-450c-8b39-d1de5768eb8c', 'network_type': 'vlan', 'physical_network': 'physnet1', 'segmentation_id': 381, 'network_id': '9753bc4e-1af9-462b-89f9-02fb8569f99b'}] {{(pid=105019) _bind_port_level /opt/stack/neutron/neutron/plugins/ml2/managers.py:836}}
May 27 11:30:32.738831 dv-neutron-843601-1-hyperv neutron-server[105019]: DEBUG neutron.plugins.ml2.drivers.mech_agent [req-b329bd4e-f46a-474f-bedc-a194ec001381 req-336352a9-de95-4426-88e5-0b47f458cec7 service neutron] Attempting to bind port e57a72a4-f027-40bd-af07-2a3f9c5f7d29 on network 9753bc4e-1af9-462b-89f9-02fb8569f99b {{(pid=105019) bind_port /opt/stack/neutron/neutron/plugins/ml2/drivers/mech_agent.py:91}}
May 27 11:30:32.747970 dv-neutron-843601-1-hyperv neutron-server[105020]: DEBUG neutron_lib.callbacks.manager [None req-da9264c8-0d7c-48df-94f9-e320ee44c94e tempest-PortsAdminExtendedAttrsTestJSON-1345651449 tempest-PortsAdminExtendedAttrsTestJSON-1345651449-project-admin] Publish callbacks ['neutron.plugins.ml2.plugin.SecurityGroupServerNotifierRpcMixin._notify_sg_on_port_change-734976', 'neutron.plugins.ml2.ovo_rpc._ObjectChangeHandler.handle_event-47334', 'neutron.api.rpc.agentnotifiers.dhcp_rpc_agent_api.DhcpAgentNotifyAPI._native_event_send_dhcp_notification-479463', 'neutron.db.l3_db.L3RpcNotifierMixin._notify_gateway_port_ip_changed-8776304654053', 'neutron.db.l3_dvrscheduler_db._notify_l3_agent_port_update-8776304130901', 'neutron.db.l3_hascheduler_db._notify_l3_agent_ha_port_update-8776304130919', 'neutron.services.segments.plugin.NovaSegmentNotifier._notify_port_updated-13391489'] for port (d93fbdc9-ad25-48d1-8da5-0629a94a83b1), after_update {{(pid=105020) _notify_loop /usr/local/lib/python3.8/dist-packages/neutron_lib/callbacks/manager.py:176}}
May 27 11:30:32.763886 dv-neutron-843601-1-hyperv neutron-server[105019]: DEBUG neutron.api.v2.base [None req-3aa16462-f9e0-4497-badd-350c1a9f1118 tempest-ExternalNetworksTestJSON-1547521303 tempest-ExternalNetworksTestJSON-1547521303-project-admin] Request body: {'floatingip': {'floating_network_id': 'ba8b6ab6-9fff-4460-b6ff-fc5ee89d480d'}} {{(pid=105019) prepare_request_body /opt/stack/neutron/neutron/api/v2/base.py:730}}
May 27 11:30:32.785971 dv-neutron-843601-1-hyperv neutron-server[105021]: DEBUG dbcounter [-] [105021] Writing DB stats neutron:SELECT=97,neutron:UPDATE=3 {{(pid=105021) stat_writer /usr/local/lib/python3.8/dist-packages/dbcounter.py:114}}
May 27 11:30:32.791638 dv-neutron-843601-1-hyperv neutron-server[105020]: INFO neutron.wsgi [req-d93d2291-5e8e-4cbe-80de-f1bae275d98f req-25a0be32-5daf-4391-85e4-8354c5703e90 tempest-ServersTestJSON-614362898 tempest-ServersTestJSON-614362898-project] 10.222.0.41 "GET /v2.0/security-groups?id=50783074-c095-44ed-b9a7-505a28feaa87&fields=id&fields=name HTTP/1.1" status: 200 len: 312 time: 0.1542780
May 27 11:30:32.805385 dv-neutron-843601-1-hyperv neutron-server[105020]: DEBUG neutron.plugins.ml2.plugin [None req-da9264c8-0d7c-48df-94f9-e320ee44c94e tempest-PortsAdminExtendedAttrsTestJSON-1345651449 tempest-PortsAdminExtendedAttrsTestJSON-1345651449-project-admin] In _notify_port_updated(), no bound segment for port d93fbdc9-ad25-48d1-8da5-0629a94a83b1 on network 6edab8c1-977a-4cfa-bff9-9e31c43c1e23 {{(pid=105020) _notify_port_updated /opt/stack/neutron/neutron/plugins/ml2/plugin.py:937}}
May 27 11:30:32.806190 dv-neutron-843601-1-hyperv neutron-server[105020]: DEBUG neutron.pecan_wsgi.hooks.policy_enforcement [None req-da9264c8-0d7c-48df-94f9-e320ee44c94e tempest-PortsAdminExtendedAttrsTestJSON-1345651449 tempest-PortsAdminExtendedAttrsTestJSON-1345651449-project-admin] Attributes excluded by policy engine: ['standard_attr_id'] {{(pid=105020) _exclude_attributes_by_policy /opt/stack/neutron/neutron/pecan_wsgi/hooks/policy_enforcement.py:259}}
May 27 11:30:32.807119 dv-neutron-843601-1-hyperv neutron-server[105020]: DEBUG neutron_lib.callbacks.manager [None req-da9264c8-0d7c-48df-94f9-e320ee44c94e tempest-PortsAdminExtendedAttrsTestJSON-1345651449 tempest-PortsAdminExtendedAttrsTestJSON-1345651449-project-admin] Publish callbacks ['neutron.notifiers.nova.Notifier._send_nova_notification-56712'] for port (None), before_response {{(pid=105020) _notify_loop /usr/local/lib/python3.8/dist-packages/neutron_lib/callbacks/manager.py:176}}
May 27 11:30:32.811188 dv-neutron-843601-1-hyperv neutron-server[105020]: INFO neutron.wsgi [None req-da9264c8-0d7c-48df-94f9-e320ee44c94e tempest-PortsAdminExtendedAttrsTestJSON-1345651449 tempest-PortsAdminExtendedAttrsTestJSON-1345651449-project-admin] 10.222.0.41 "PUT /v2.0/ports/d93fbdc9-ad25-48d1-8da5-0629a94a83b1 HTTP/1.1" status: 200 len: 977 time: 5.2592554
May 27 11:30:32.816572 dv-neutron-843601-1-hyperv neutron-server[105019]: DEBUG neutron.plugins.ml2.drivers.mech_agent [req-b329bd4e-f46a-474f-bedc-a194ec001381 req-336352a9-de95-4426-88e5-0b47f458cec7 service neutron] Port e57a72a4-f027-40bd-af07-2a3f9c5f7d29 on network 9753bc4e-1af9-462b-89f9-02fb8569f99b not bound, no agent of type Open vSwitch agent registered on host hv-neutron-8436 {{(pid=105019) bind_port /opt/stack/neutron/neutron/plugins/ml2/drivers/mech_agent.py:103}}
May 27 11:30:32.816572 dv-neutron-843601-1-hyperv neutron-server[105019]: DEBUG neutron.plugins.ml2.drivers.mech_agent [req-b329bd4e-f46a-474f-bedc-a194ec001381 req-336352a9-de95-4426-88e5-0b47f458cec7 service neutron] Attempting to bind port e57a72a4-f027-40bd-af07-2a3f9c5f7d29 on network 9753bc4e-1af9-462b-89f9-02fb8569f99b {{(pid=105019) bind_port /opt/stack/neutron/neutron/plugins/ml2/drivers/mech_agent.py:91}}
May 27 11:30:32.817223 dv-neutron-843601-1-hyperv neutron-server[105020]: DEBUG neutron.wsgi [-] (105020) accepted ('10.222.0.41', 45444) {{(pid=105020) server /usr/local/lib/python3.8/dist-packages/eventlet/wsgi.py:1004}}
May 27 11:30:32.837705 dv-neutron-843601-1-hyperv neutron-server[105021]: DEBUG neutron.plugins.ml2.plugin [None req-268b43cc-c4e4-42f3-bb9f-5044108c79c6 None None] Current status of the port 9728d5d9-7965-4ade-a074-53bf3b396e97 is: ACTIVE; New status is: ACTIVE {{(pid=105021) _update_individual_port_db_status /opt/stack/neutron/neutron/plugins/ml2/plugin.py:2298}}
May 27 11:30:32.878286 dv-neutron-843601-1-hyperv neutron-server[105019]: DEBUG neutron.plugins.ml2.drivers.mech_agent [req-b329bd4e-f46a-474f-bedc-a194ec001381 req-336352a9-de95-4426-88e5-0b47f458cec7 service neutron] Checking agent: {'id': 'aaa96579-1f25-4600-828e-0ea7d9f89110', 'agent_type': 'HyperV agent', 'binary': 'neutron-hyperv-agent', 'topic': 'N/A', 'host': 'hv-neutron-8436', 'admin_state_up': True, 'created_at': datetime.datetime(2022, 5, 27, 11, 28, 7), 'started_at': datetime.datetime(2022, 5, 27, 11, 28, 7), 'heartbeat_timestamp': datetime.datetime(2022, 5, 27, 11, 30, 7), 'description': None, 'resources_synced': None, 'availability_zone': None, 'alive': True, 'configurations': {'vswitch_mappings': {'physnet1$': 'br-data'}}, 'resource_versions': {}} {{(pid=105019) bind_port /opt/stack/neutron/neutron/plugins/ml2/drivers/mech_agent.py:110}}
May 27 11:30:32.878559 dv-neutron-843601-1-hyperv neutron-server[105019]: DEBUG neutron.plugins.ml2.drivers.mech_agent [req-b329bd4e-f46a-474f-bedc-a194ec001381 req-336352a9-de95-4426-88e5-0b47f458cec7 service neutron] Checking segment: {'id': '1d3bc688-b238-450c-8b39-d1de5768eb8c', 'network_type': 'vlan', 'physical_network': 'physnet1', 'segmentation_id': 381, 'network_id': '9753bc4e-1af9-462b-89f9-02fb8569f99b'} for mappings: {'physnet1$': 'br-data'} with network types: ['local', 'flat', 'vlan'] {{(pid=105019) check_segment_for_agent /opt/stack/neutron/neutron/plugins/ml2/drivers/mech_agent.py:373}}
May 27 11:30:32.878925 dv-neutron-843601-1-hyperv neutron-server[105019]: DEBUG neutron.plugins.ml2.drivers.mech_agent [req-b329bd4e-f46a-474f-bedc-a194ec001381 req-336352a9-de95-4426-88e5-0b47f458cec7 service neutron] Bound using segment: {'id': '1d3bc688-b238-450c-8b39-d1de5768eb8c', 'network_type': 'vlan', 'physical_network': 'physnet1', 'segmentation_id': 381, 'network_id': '9753bc4e-1af9-462b-89f9-02fb8569f99b'} {{(pid=105019) bind_port /opt/stack/neutron/neutron/plugins/ml2/drivers/mech_agent.py:120}}
May 27 11:30:32.879364 dv-neutron-843601-1-hyperv neutron-server[105019]: DEBUG neutron.plugins.ml2.managers [req-b329bd4e-f46a-474f-bedc-a194ec001381 req-336352a9-de95-4426-88e5-0b47f458cec7 service neutron] Bound port: e57a72a4-f027-40bd-af07-2a3f9c5f7d29, host: hv-neutron-8436, vif_type: hyperv, vif_details: {"connectivity": "legacy", "port_filter": false}, binding_levels: [{'bound_driver': 'hyperv', 'bound_segment': {'id': '1d3bc688-b238-450c-8b39-d1de5768eb8c', 'network_type': 'vlan', 'physical_network': 'physnet1', 'segmentation_id': 381, 'network_id': '9753bc4e-1af9-462b-89f9-02fb8569f99b'}}] {{(pid=105019) _bind_port_level /opt/stack/neutron/neutron/plugins/ml2/managers.py:948}}
May 27 11:30:32.879716 dv-neutron-843601-1-hyperv neutron-server[105019]: DEBUG neutron_lib.callbacks.manager [req-b329bd4e-f46a-474f-bedc-a194ec001381 req-336352a9-de95-4426-88e5-0b47f458cec7 service neutron] Publish callbacks ['neutron.plugins.ml2.plugin.SecurityGroupDbMixin._ensure_default_security_group_handler-733936'] for port (e57a72a4-f027-40bd-af07-2a3f9c5f7d29), before_update {{(pid=105019) _notify_loop /usr/local/lib/python3.8/dist-packages/neutron_lib/callbacks/manager.py:176}}
May 27 11:30:32.905633 dv-neutron-843601-1-hyperv neutron-server[105020]: DEBUG neutron.api.rpc.handlers.resources_rpc [None req-da9264c8-0d7c-48df-94f9-e320ee44c94e tempest-PortsAdminExtendedAttrsTestJSON-1345651449 tempest-PortsAdminExtendedAttrsTestJSON-1345651449-project-admin] Pushing event updated for resources: {'Port': ['ID=d93fbdc9-ad25-48d1-8da5-0629a94a83b1,revision_number=3']} {{(pid=105020) push /opt/stack/neutron/neutron/api/rpc/handlers/resources_rpc.py:237}}
May 27 11:30:32.941537 dv-neutron-843601-1-hyperv neutron-server[105019]: INFO neutron.wsgi [req-9b2dc4e5-c059-46f7-967a-a5347d509e4b req-8c5df9c4-07a3-444a-8f15-65046fa351e9 tempest-ServerActionsTestJSON-731349296 tempest-ServerActionsTestJSON-731349296-project] 10.222.0.41 "GET /v2.0/security-groups?id=2f81cee4-08b5-485f-810a-8deec4b8c359&fields=id&fields=name HTTP/1.1" status: 200 len: 312 time: 0.2563651
May 27 11:30:32.944711 dv-neutron-843601-1-hyperv neutron-server[105020]: DEBUG neutron.pecan_wsgi.hooks.policy_enforcement [None req-48c38719-5639-45c8-aa08-f1aea04d7bcd tempest-PortsAdminExtendedAttrsTestJSON-1345651449 tempest-PortsAdminExtendedAttrsTestJSON-1345651449-project-admin] Attributes excluded by policy engine: ['standard_attr_id'] {{(pid=105020) _exclude_attributes_by_policy /opt/stack/neutron/neutron/pecan_wsgi/hooks/policy_enforcement.py:259}}
May 27 11:30:32.945794 dv-neutron-843601-1-hyperv neutron-server[105020]: DEBUG neutron.pecan_wsgi.hooks.policy_enforcement [None req-48c38719-5639-45c8-aa08-f1aea04d7bcd tempest-PortsAdminExtendedAttrsTestJSON-1345651449 tempest-PortsAdminExtendedAttrsTestJSON-1345651449-project-admin] Attributes excluded by policy engine: ['standard_attr_id'] {{(pid=105020) _exclude_attributes_by_policy /opt/stack/neutron/neutron/pecan_wsgi/hooks/policy_enforcement.py:259}}
