Jun 01 07:48:20.238895 dv-neutron-843490-1-hyperv neutron-server[89011]: DEBUG neutron_lib.callbacks.manager [None req-9bc32801-6771-4cc6-87d1-2354b489f83e tempest-FloatingIPAdminTestJSON-425195720 tempest-FloatingIPAdminTestJSON-425195720-project] Notify callbacks ['neutron.plugins.ml2.ovo_rpc._ObjectChangeHandler.handle_event-1597123', 'neutron.api.rpc.agentnotifiers.dhcp_rpc_agent_api.DhcpAgentNotifyAPI._native_event_send_dhcp_notification-1644327', 'neutron.services.segments.plugin.NovaSegmentNotifier._notify_subnet_created-7553909', 'neutron.services.segments.plugin.SegmentHostRoutes.host_routes_after_create-8282141'] for subnet, after_create {{(pid=89011) _notify_loop /usr/local/lib/python3.8/dist-packages/neutron_lib/callbacks/manager.py:192}}
Jun 01 07:48:20.247986 dv-neutron-843490-1-hyperv neutron-server[89010]: DEBUG neutron_lib.callbacks.manager [None req-8c4c8059-2dd0-4919-878e-a115c78192f9 admin admin] Notify callbacks [] for security_group, before_response {{(pid=89010) _notify_loop /usr/local/lib/python3.8/dist-packages/neutron_lib/callbacks/manager.py:192}}
Jun 01 07:48:20.251120 dv-neutron-843490-1-hyperv neutron-server[89010]: INFO neutron.wsgi [None req-8c4c8059-2dd0-4919-878e-a115c78192f9 admin admin] 10.222.0.15 "DELETE /v2.0/security-groups/26ad2e19-6f28-4f50-b831-f1bdc9bf8fe9 HTTP/1.1" status: 204 len: 168 time: 1.2936137
Jun 01 07:48:20.331756 dv-neutron-843490-1-hyperv neutron-server[89011]: DEBUG neutron.db.quota.driver [None req-b7e42f7c-d7e2-437b-88ae-47669b1549b8 tempest-ExtraDHCPOptionsIpV6TestJSON-466086383 tempest-ExtraDHCPOptionsIpV6TestJSON-466086383-project] Resources subnetpool have unlimited quota limit. It is not required to calculate headroom {{(pid=89011) make_reservation /opt/stack/neutron/neutron/db/quota/driver.py:219}}
Jun 01 07:48:20.335867 dv-neutron-843490-1-hyperv neutron-server[89011]: DEBUG neutron.quota.resource [None req-b7e42f7c-d7e2-437b-88ae-47669b1549b8 tempest-ExtraDHCPOptionsIpV6TestJSON-466086383 tempest-ExtraDHCPOptionsIpV6TestJSON-466086383-project] Usage tracker for resource:port and tenant:9219017957684e4ea45034da3c97add3 is out of sync, need to count used quota {{(pid=89011) count_used /opt/stack/neutron/neutron/quota/resource.py:270}}
Jun 01 07:48:20.338932 dv-neutron-843490-1-hyperv neutron-server[89011]: DEBUG neutron.quota.resource [None req-b7e42f7c-d7e2-437b-88ae-47669b1549b8 tempest-ExtraDHCPOptionsIpV6TestJSON-466086383 tempest-ExtraDHCPOptionsIpV6TestJSON-466086383-project] Quota usage for port was recalculated. Used quota:2. {{(pid=89011) count_used /opt/stack/neutron/neutron/quota/resource.py:290}}
Jun 01 07:48:20.344919 dv-neutron-843490-1-hyperv neutron-server[89011]: DEBUG neutron.db.quota.driver [None req-b7e42f7c-d7e2-437b-88ae-47669b1549b8 tempest-ExtraDHCPOptionsIpV6TestJSON-466086383 tempest-ExtraDHCPOptionsIpV6TestJSON-466086383-project] Attempting to reserve 1 items for resource port. Total usage: 2; quota limit: 500; headroom:498 {{(pid=89011) make_reservation /opt/stack/neutron/neutron/db/quota/driver.py:246}}
Jun 01 07:48:20.430108 dv-neutron-843490-1-hyperv neutron-server[89012]: DEBUG neutron.api.rpc.handlers.dhcp_rpc [None req-603dd864-c73b-434e-9f60-9ff72cc17ac2 None None] Network e18b31df-93d2-433c-93aa-15214a6dd636 requested from dv-neutron-843490-1-hyperv {{(pid=89012) get_network_info /opt/stack/neutron/neutron/api/rpc/handlers/dhcp_rpc.py:213}}
Jun 01 07:48:20.472923 dv-neutron-843490-1-hyperv neutron-server[89011]: DEBUG neutron.api.rpc.handlers.resources_rpc [None req-9bc32801-6771-4cc6-87d1-2354b489f83e tempest-FloatingIPAdminTestJSON-425195720 tempest-FloatingIPAdminTestJSON-425195720-project] Pushing event updated for resources: {'Subnet': ['ID=c563fae4-2596-4d6f-8cea-404f2b79e786,revision_number=0']} {{(pid=89011) push /opt/stack/neutron/neutron/api/rpc/handlers/resources_rpc.py:237}}
Jun 01 07:48:20.512901 dv-neutron-843490-1-hyperv neutron-server[89011]: DEBUG neutron.plugins.ml2.drivers.mech_agent [None req-9bc32801-6771-4cc6-87d1-2354b489f83e tempest-FloatingIPAdminTestJSON-425195720 tempest-FloatingIPAdminTestJSON-425195720-project] Checking segment: {'id': 'bb7bbd72-c219-47fa-9a1f-2f0cfe09e33c', 'network_type': 'vlan', 'physical_network': 'physnet1', 'segmentation_id': 409, 'network_id': 'bbb2fb0f-1000-4a24-a402-818e57d72dd9'} for mappings: {'physnet1': 'br-data'} with network types: ['local', 'flat', 'vlan'] {{(pid=89011) check_segment_for_agent /opt/stack/neutron/neutron/plugins/ml2/drivers/mech_agent.py:343}}
Jun 01 07:48:20.513133 dv-neutron-843490-1-hyperv neutron-server[89011]: DEBUG neutron.scheduler.dhcp_agent_scheduler [None req-9bc32801-6771-4cc6-87d1-2354b489f83e tempest-FloatingIPAdminTestJSON-425195720 tempest-FloatingIPAdminTestJSON-425195720-project] Network hostable DHCP agents. Network: bbb2fb0f-1000-4a24-a402-818e57d72dd9, hostable agents: ['970e2f1e-2fe1-4cb1-8c64-8fa2c333e4ec'], hosted agents: [] {{(pid=89011) _get_network_hostable_dhcp_agents /opt/stack/neutron/neutron/scheduler/dhcp_agent_scheduler.py:329}}
Jun 01 07:48:20.526939 dv-neutron-843490-1-hyperv neutron-server[89011]: DEBUG neutron.db.quota.driver [None req-d25972e3-341d-494d-88f0-cff85be33281 tempest-AllowedAddressPairIpV6TestJSON-1475716629 tempest-AllowedAddressPairIpV6TestJSON-1475716629-project] Resources subnetpool have unlimited quota limit. It is not required to calculate headroom {{(pid=89011) make_reservation /opt/stack/neutron/neutron/db/quota/driver.py:219}}
Jun 01 07:48:20.528765 dv-neutron-843490-1-hyperv neutron-server[89010]: DEBUG neutron.scheduler.l3_agent_scheduler [None req-940b7efb-c8bc-4563-aec9-49361a5d9c75 tempest-FloatingIPTestJSON-1155946199 tempest-FloatingIPTestJSON-1155946199-project] Router 58f330f2-b0af-4abc-8f3a-8daf98f03b03 is scheduled to L3 agent f6472f4f-6522-42af-b4a9-e3299ee10012 with binding_index 1 {{(pid=89010) bind_router /opt/stack/neutron/neutron/scheduler/l3_agent_scheduler.py:210}}
Jun 01 07:48:20.532138 dv-neutron-843490-1-hyperv neutron-server[89011]: DEBUG neutron.quota.resource [None req-d25972e3-341d-494d-88f0-cff85be33281 tempest-AllowedAddressPairIpV6TestJSON-1475716629 tempest-AllowedAddressPairIpV6TestJSON-1475716629-project] Usage tracker for resource:port and tenant:f662b7f73aaf4e2388295e5ed52db0c2 is out of sync, need to count used quota {{(pid=89011) count_used /opt/stack/neutron/neutron/quota/resource.py:270}}
Jun 01 07:48:20.536752 dv-neutron-843490-1-hyperv neutron-server[89011]: DEBUG neutron.quota.resource [None req-d25972e3-341d-494d-88f0-cff85be33281 tempest-AllowedAddressPairIpV6TestJSON-1475716629 tempest-AllowedAddressPairIpV6TestJSON-1475716629-project] Quota usage for port was recalculated. Used quota:2. {{(pid=89011) count_used /opt/stack/neutron/neutron/quota/resource.py:290}}
Jun 01 07:48:20.545444 dv-neutron-843490-1-hyperv neutron-server[89011]: DEBUG neutron.db.quota.driver [None req-d25972e3-341d-494d-88f0-cff85be33281 tempest-AllowedAddressPairIpV6TestJSON-1475716629 tempest-AllowedAddressPairIpV6TestJSON-1475716629-project] Attempting to reserve 1 items for resource port. Total usage: 2; quota limit: 500; headroom:498 {{(pid=89011) make_reservation /opt/stack/neutron/neutron/db/quota/driver.py:246}}
Jun 01 07:48:20.581289 dv-neutron-843490-1-hyperv neutron-server[89011]: DEBUG neutron.pecan_wsgi.hooks.quota_enforcement [None req-b7e42f7c-d7e2-437b-88ae-47669b1549b8 tempest-ExtraDHCPOptionsIpV6TestJSON-466086383 tempest-ExtraDHCPOptionsIpV6TestJSON-466086383-project] Made reservation on behalf of 9219017957684e4ea45034da3c97add3 for: {'port': 1} {{(pid=89011) before /opt/stack/neutron/neutron/pecan_wsgi/hooks/quota_enforcement.py:53}}
Jun 01 07:48:20.585318 dv-neutron-843490-1-hyperv neutron-server[89011]: DEBUG neutron_lib.callbacks.manager [None req-b7e42f7c-d7e2-437b-88ae-47669b1549b8 tempest-ExtraDHCPOptionsIpV6TestJSON-466086383 tempest-ExtraDHCPOptionsIpV6TestJSON-466086383-project] Notify callbacks ['neutron.plugins.ml2.plugin.SecurityGroupDbMixin._ensure_default_security_group_handler-669526'] for port, before_create {{(pid=89011) _notify_loop /usr/local/lib/python3.8/dist-packages/neutron_lib/callbacks/manager.py:192}}
Jun 01 07:48:20.636860 dv-neutron-843490-1-hyperv neutron-server[89012]: DEBUG neutron.db.provisioning_blocks [None req-1e31d57a-89b6-479d-b55f-11525f985396 None None] Provisioning for port 90fe68dd-d893-450a-89f6-892b985e1173 completed by entity DHCP. {{(pid=89012) provisioning_complete /opt/stack/neutron/neutron/db/provisioning_blocks.py:133}}
Jun 01 07:48:20.646154 dv-neutron-843490-1-hyperv neutron-server[89012]: DEBUG neutron.db.provisioning_blocks [None req-1e31d57a-89b6-479d-b55f-11525f985396 None None] Provisioning complete for port 90fe68dd-d893-450a-89f6-892b985e1173 triggered by entity DHCP. {{(pid=89012) provisioning_complete /opt/stack/neutron/neutron/db/provisioning_blocks.py:139}}
Jun 01 07:48:20.646541 dv-neutron-843490-1-hyperv neutron-server[89012]: DEBUG neutron_lib.callbacks.manager [None req-1e31d57a-89b6-479d-b55f-11525f985396 None None] Notify callbacks ['neutron.plugins.ml2.plugin.Ml2Plugin._port_provisioned-661069'] for port, provisioning_complete {{(pid=89012) _notify_loop /usr/local/lib/python3.8/dist-packages/neutron_lib/callbacks/manager.py:192}}
Jun 01 07:48:20.696654 dv-neutron-843490-1-hyperv neutron-server[89011]: DEBUG neutron.scheduler.dhcp_agent_scheduler [None req-9bc32801-6771-4cc6-87d1-2354b489f83e tempest-FloatingIPAdminTestJSON-425195720 tempest-FloatingIPAdminTestJSON-425195720-project] Network bbb2fb0f-1000-4a24-a402-818e57d72dd9 is scheduled to be hosted by DHCP agent 970e2f1e-2fe1-4cb1-8c64-8fa2c333e4ec with binding_index 1 {{(pid=89011) bind /opt/stack/neutron/neutron/scheduler/dhcp_agent_scheduler.py:227}}
Jun 01 07:48:20.701683 dv-neutron-843490-1-hyperv neutron-server[89011]: DEBUG neutron.pecan_wsgi.hooks.quota_enforcement [None req-d25972e3-341d-494d-88f0-cff85be33281 tempest-AllowedAddressPairIpV6TestJSON-1475716629 tempest-AllowedAddressPairIpV6TestJSON-1475716629-project] Made reservation on behalf of f662b7f73aaf4e2388295e5ed52db0c2 for: {'port': 1} {{(pid=89011) before /opt/stack/neutron/neutron/pecan_wsgi/hooks/quota_enforcement.py:53}}
Jun 01 07:48:20.705112 dv-neutron-843490-1-hyperv neutron-server[89011]: DEBUG neutron_lib.callbacks.manager [None req-d25972e3-341d-494d-88f0-cff85be33281 tempest-AllowedAddressPairIpV6TestJSON-1475716629 tempest-AllowedAddressPairIpV6TestJSON-1475716629-project] Notify callbacks ['neutron.plugins.ml2.plugin.SecurityGroupDbMixin._ensure_default_security_group_handler-669526'] for port, before_create {{(pid=89011) _notify_loop /usr/local/lib/python3.8/dist-packages/neutron_lib/callbacks/manager.py:192}}
Jun 01 07:48:20.728587 dv-neutron-843490-1-hyperv neutron-server[89011]: DEBUG neutron.notifiers.nova [None req-b7e42f7c-d7e2-437b-88ae-47669b1549b8 tempest-ExtraDHCPOptionsIpV6TestJSON-466086383 tempest-ExtraDHCPOptionsIpV6TestJSON-466086383-project] device_id is not set on port 405d7c59-cbbb-45e1-abd2-18fc9b8547c9 yet. {{(pid=89011) _can_notify /opt/stack/neutron/neutron/notifiers/nova.py:199}}
Jun 01 07:48:20.761714 dv-neutron-843490-1-hyperv neutron-server[89010]: DEBUG neutron.api.rpc.agentnotifiers.l3_rpc_agent_api [None req-940b7efb-c8bc-4563-aec9-49361a5d9c75 tempest-FloatingIPTestJSON-1155946199 tempest-FloatingIPTestJSON-1155946199-project] Notify agent at l3_agent.dv-neutron-843490-1-hyperv the message routers_updated {{(pid=89010) _agent_notification /opt/stack/neutron/neutron/api/rpc/agentnotifiers/l3_rpc_agent_api.py:68}}
Jun 01 07:48:20.782601 dv-neutron-843490-1-hyperv neutron-server[89013]: DEBUG neutron.api.rpc.handlers.l3_rpc [None req-1e2c7d31-b21f-4cff-b3af-84cf8a7253a6 None None] Sync routers for ids ['58f330f2-b0af-4abc-8f3a-8daf98f03b03'] in dv-neutron-843490-1-hyperv {{(pid=89013) sync_routers /opt/stack/neutron/neutron/api/rpc/handlers/l3_rpc.py:125}}
Jun 01 07:48:20.803297 dv-neutron-843490-1-hyperv neutron-server[89011]: DEBUG neutron.notifiers.nova [None req-d25972e3-341d-494d-88f0-cff85be33281 tempest-AllowedAddressPairIpV6TestJSON-1475716629 tempest-AllowedAddressPairIpV6TestJSON-1475716629-project] device_id is not set on port 36a4ec61-fd79-4738-b72b-d86d93994c82 yet. {{(pid=89011) _can_notify /opt/stack/neutron/neutron/notifiers/nova.py:199}}
Jun 01 07:48:20.803744 dv-neutron-843490-1-hyperv neutron-server[89013]: DEBUG neutron.db.l3_dvrscheduler_db [None req-1e2c7d31-b21f-4cff-b3af-84cf8a7253a6 None None] Routers {'58f330f2-b0af-4abc-8f3a-8daf98f03b03'} bound to L3 agent in host dv-neutron-843490-1-hyperv {{(pid=89013) _get_router_ids_for_agent /opt/stack/neutron/neutron/db/l3_dvrscheduler_db.py:423}}
Jun 01 07:48:20.806368 dv-neutron-843490-1-hyperv neutron-server[89013]: DEBUG neutron.db.l3_hamode_db [None req-1e2c7d31-b21f-4cff-b3af-84cf8a7253a6 None None] neutron.services.l3_router.l3_router_plugin.L3RouterPlugin method get_ha_sync_data_for_host called with arguments (, 'dv-neutron-843490-1-hyperv', Agent(admin_state_up=True,agent_type='L3 agent',availability_zone='nova',binary='neutron-l3-agent',configurations={"agent_mode": "legacy", "ex_gw_ports": 3, "extensions": [], "floating_ips": 0, "handle_internal_only_routers": true, "interface_driver": "openvswitch", "interfaces": 2, "log_agent_heartbeats": false, "routers": 3},created_at=2022-06-01T07:39:08Z,description=,heartbeat_timestamp=2022-06-01T07:48:08Z,host='dv-neutron-843490-1-hyperv',id=f6472f4f-6522-42af-b4a9-e3299ee10012,load=0,resource_versions=,resources_synced=,started_at=2022-06-01T07:39:09Z,topic='l3_agent')) {'router_ids': ['58f330f2-b0af-4abc-8f3a-8daf98f03b03'], 'active': True} {{(pid=89013) wrapper /usr/local/lib/python3.8/dist-packages/oslo_log/helpers.py:65}}
Jun 01 07:48:20.854307 dv-neutron-843490-1-hyperv neutron-server[89010]: DEBUG neutron_lib.callbacks.manager [None req-940b7efb-c8bc-4563-aec9-49361a5d9c75 tempest-FloatingIPTestJSON-1155946199 tempest-FloatingIPTestJSON-1155946199-project] Notify callbacks [] for router, before_response {{(pid=89010) _notify_loop /usr/local/lib/python3.8/dist-packages/neutron_lib/callbacks/manager.py:192}}
Jun 01 07:48:20.861946 dv-neutron-843490-1-hyperv neutron-server[89010]: INFO neutron.wsgi [None req-940b7efb-c8bc-4563-aec9-49361a5d9c75 tempest-FloatingIPTestJSON-1155946199 tempest-FloatingIPTestJSON-1155946199-project] 10.222.0.15 "POST /v2.0/routers HTTP/1.1" status: 201 len: 887 time: 7.7191772
Jun 01 07:48:20.861946 dv-neutron-843490-1-hyperv neutron-server[89010]: DEBUG neutron.wsgi [-] (89010) accepted ('10.222.0.15', 48546) {{(pid=89010) server /usr/local/lib/python3.8/dist-packages/eventlet/wsgi.py:992}}
Jun 01 07:48:20.917416 dv-neutron-843490-1-hyperv neutron-server[89011]: DEBUG neutron.scheduler.base_scheduler [None req-9bc32801-6771-4cc6-87d1-2354b489f83e tempest-FloatingIPAdminTestJSON-425195720 tempest-FloatingIPAdminTestJSON-425195720-project] Resources bound (agent type, host, resource id): (DHCP agent, dv-neutron-843490-1-hyperv, bbb2fb0f-1000-4a24-a402-818e57d72dd9) {{(pid=89011) schedule /opt/stack/neutron/neutron/scheduler/base_scheduler.py:57}}
Jun 01 07:48:20.947129 dv-neutron-843490-1-hyperv neutron-server[89012]: DEBUG neutron.plugins.ml2.plugin [None req-1e31d57a-89b6-479d-b55f-11525f985396 None None] Current status of the port 90fe68dd-d893-450a-89f6-892b985e1173 is: DOWN; New status is: ACTIVE {{(pid=89012) _update_individual_port_db_status /opt/stack/neutron/neutron/plugins/ml2/plugin.py:2163}}
Jun 01 07:48:20.947759 dv-neutron-843490-1-hyperv neutron-server[89012]: DEBUG neutron_lib.callbacks.manager [None req-1e31d57a-89b6-479d-b55f-11525f985396 None None] Notify callbacks ['neutron.plugins.ml2.plugin.SecurityGroupDbMixin._ensure_default_security_group_handler-669526'] for port, before_update {{(pid=89012) _notify_loop /usr/local/lib/python3.8/dist-packages/neutron_lib/callbacks/manager.py:192}}
Jun 01 07:48:20.950792 dv-neutron-843490-1-hyperv neutron-server[89011]: DEBUG neutron.pecan_wsgi.hooks.policy_enforcement [None req-9bc32801-6771-4cc6-87d1-2354b489f83e tempest-FloatingIPAdminTestJSON-425195720 tempest-FloatingIPAdminTestJSON-425195720-project] Attributes excluded by policy engine: ['standard_attr_id', 'shared', 'segment_id', 'network'] {{(pid=89011) _exclude_attributes_by_policy /opt/stack/neutron/neutron/pecan_wsgi/hooks/policy_enforcement.py:259}}
Jun 01 07:48:20.959497 dv-neutron-843490-1-hyperv neutron-server[89011]: DEBUG neutron_lib.callbacks.manager [None req-9bc32801-6771-4cc6-87d1-2354b489f83e tempest-FloatingIPAdminTestJSON-425195720 tempest-FloatingIPAdminTestJSON-425195720-project] Notify callbacks ['neutron.api.rpc.agentnotifiers.dhcp_rpc_agent_api.DhcpAgentNotifyAPI._send_dhcp_notification-1644361'] for subnet, before_response {{(pid=89011) _notify_loop /usr/local/lib/python3.8/dist-packages/neutron_lib/callbacks/manager.py:192}}
Jun 01 07:48:20.967968 dv-neutron-843490-1-hyperv neutron-server[89013]: DEBUG neutron.db.l3_hamode_db [None req-1e2c7d31-b21f-4cff-b3af-84cf8a7253a6 None None] neutron.services.l3_router.l3_router_plugin.L3RouterPlugin method _process_sync_ha_data called with arguments (, [], 'dv-neutron-843490-1-hyperv', False) {} {{(pid=89013) wrapper /usr/local/lib/python3.8/dist-packages/oslo_log/helpers.py:65}}
Jun 01 07:48:20.979276 dv-neutron-843490-1-hyperv neutron-server[89013]: DEBUG neutron.db.l3_dvrscheduler_db [None req-1e2c7d31-b21f-4cff-b3af-84cf8a7253a6 None None] Routers {'58f330f2-b0af-4abc-8f3a-8daf98f03b03'} bound to L3 agent in host dv-neutron-843490-1-hyperv {{(pid=89013) _get_router_ids_for_agent /opt/stack/neutron/neutron/db/l3_dvrscheduler_db.py:423}}
Jun 01 07:48:20.981501 dv-neutron-843490-1-hyperv neutron-server[89013]: DEBUG neutron.db.l3_hamode_db [None req-1e2c7d31-b21f-4cff-b3af-84cf8a7253a6 None None] neutron.services.l3_router.l3_router_plugin.L3RouterPlugin method get_ha_sync_data_for_host called with arguments (, 'dv-neutron-843490-1-hyperv', Agent(admin_state_up=True,agent_type='L3 agent',availability_zone='nova',binary='neutron-l3-agent',configurations={"agent_mode": "legacy", "ex_gw_ports": 3, "extensions": [], "floating_ips": 0, "handle_internal_only_routers": true, "interface_driver": "openvswitch", "interfaces": 2, "log_agent_heartbeats": false, "routers": 3},created_at=2022-06-01T07:39:08Z,description=,heartbeat_timestamp=2022-06-01T07:48:08Z,host='dv-neutron-843490-1-hyperv',id=f6472f4f-6522-42af-b4a9-e3299ee10012,load=0,resource_versions=,resources_synced=,started_at=2022-06-01T07:39:09Z,topic='l3_agent')) {'router_ids': ['58f330f2-b0af-4abc-8f3a-8daf98f03b03'], 'active': True} {{(pid=89013) wrapper /usr/local/lib/python3.8/dist-packages/oslo_log/helpers.py:65}}
Jun 01 07:48:20.997642 dv-neutron-843490-1-hyperv neutron-server[89012]: DEBUG neutron.api.rpc.handlers.dhcp_rpc [None req-6f7aa864-ba16-4853-b1ab-8b2f2a2f7aba None None] Network bbb2fb0f-1000-4a24-a402-818e57d72dd9 requested from dv-neutron-843490-1-hyperv {{(pid=89012) get_network_info /opt/stack/neutron/neutron/api/rpc/handlers/dhcp_rpc.py:213}}
Jun 01 07:48:21.021564 dv-neutron-843490-1-hyperv neutron-server[89011]: DEBUG neutron.wsgi [-] (89011) accepted ('10.222.0.32', 49852) {{(pid=89011) server /usr/local/lib/python3.8/dist-packages/eventlet/wsgi.py:992}}
Jun 01 07:48:21.078402 dv-neutron-843490-1-hyperv neutron-server[89013]: DEBUG neutron.db.l3_hamode_db [None req-1e2c7d31-b21f-4cff-b3af-84cf8a7253a6 None None] neutron.services.l3_router.l3_router_plugin.L3RouterPlugin method _process_sync_ha_data called with arguments (, [], 'dv-neutron-843490-1-hyperv', False) {} {{(pid=89013) wrapper /usr/local/lib/python3.8/dist-packages/oslo_log/helpers.py:65}}
Jun 01 07:48:21.082190 dv-neutron-843490-1-hyperv neutron-server[89013]: DEBUG neutron.api.rpc.handlers.l3_rpc [None req-1e2c7d31-b21f-4cff-b3af-84cf8a7253a6 None None] The sync data for ids ['58f330f2-b0af-4abc-8f3a-8daf98f03b03'] in dv-neutron-843490-1-hyperv is: [] {{(pid=89013) sync_routers /opt/stack/neutron/neutron/api/rpc/handlers/l3_rpc.py:137}}
Jun 01 07:48:21.123196 dv-neutron-843490-1-hyperv neutron-server[89012]: DEBUG neutron.plugins.ml2.db [None req-1e31d57a-89b6-479d-b55f-11525f985396 None None] For port 90fe68dd-d893-450a-89f6-892b985e1173, host dv-neutron-843490-1-hyperv, got binding levels [PortBindingLevel(driver='openvswitch',host='dv-neutron-843490-1-hyperv',level=0,port_id=90fe68dd-d893-450a-89f6-892b985e1173,segment=NetworkSegment(44c48691-1ecb-4c5e-a240-2463fc5bcc24),segment_id=44c48691-1ecb-4c5e-a240-2463fc5bcc24)] {{(pid=89012) get_binding_level_objs /opt/stack/neutron/neutron/plugins/ml2/db.py:75}}
Jun 01 07:48:21.319358 dv-neutron-843490-1-hyperv neutron-server[89010]: INFO neutron.wsgi [req-d4282fc6-84bf-4924-917b-7784f9a0e568 req-72d51097-25f9-4c4b-9311-decbf9dcfa60 tempest-ServersTestManualDisk-795696599 tempest-ServersTestManualDisk-795696599-project] 10.222.0.15 "GET /v2.0/ports?device_id=ee7b96ed-3e40-43c1-9660-b21110809ae8 HTTP/1.1" status: 200 len: 210 time: 0.1227860
Jun 01 07:48:21.365141 dv-neutron-843490-1-hyperv neutron-server[89012]: DEBUG neutron_lib.callbacks.manager [None req-1e31d57a-89b6-479d-b55f-11525f985396 None None] Notify callbacks ['neutron.plugins.ml2.plugin.SecurityGroupServerNotifierRpcMixin.notify_sg_on_port_change-669461', 'neutron.plugins.ml2.ovo_rpc._ObjectChangeHandler.handle_event-169360', 'neutron.api.rpc.agentnotifiers.dhcp_rpc_agent_api.DhcpAgentNotifyAPI._native_event_send_dhcp_notification-1644327', 'neutron.db.l3_db.L3RpcNotifierMixin._notify_gateway_port_ip_changed-8777232509615', 'neutron.db.l3_dvrscheduler_db._notify_l3_agent_port_update-8777231984222', 'neutron.db.l3_hascheduler_db._notify_l3_agent_ha_port_update-8777231984267'] for port, after_update {{(pid=89012) _notify_loop /usr/local/lib/python3.8/dist-packages/neutron_lib/callbacks/manager.py:192}}
Jun 01 07:48:21.374968 dv-neutron-843490-1-hyperv neutron-server[89012]: DEBUG neutron_lib.callbacks.manager [None req-ffef3540-02e6-43ad-ac53-8686c0931ba6 None None] Notify callbacks ['neutron.services.segments.db._update_segment_host_mapping_for_agent-8777232438730', 'neutron.plugins.ml2.plugin.Ml2Plugin._retry_binding_revived_agents-661022'] for agent, after_update {{(pid=89012) _notify_loop /usr/local/lib/python3.8/dist-packages/neutron_lib/callbacks/manager.py:192}}
Jun 01 07:48:21.450013 dv-neutron-843490-1-hyperv neutron-server[89012]: DEBUG neutron.api.rpc.handlers.dhcp_rpc [None req-8e3bfb6c-f650-4abf-84d3-075e9865bb45 None None] Create dhcp port {'port': {'name': '', 'admin_state_up': True, 'device_id': 'dhcp9af61426-a495-5e83-a1cc-c6debcc6e649-bbb2fb0f-1000-4a24-a402-818e57d72dd9', 'network_id': 'bbb2fb0f-1000-4a24-a402-818e57d72dd9', 'tenant_id': '90d67a721ea14022a612b6dcff19470b', 'fixed_ips': [{'subnet_id': 'c563fae4-2596-4d6f-8cea-404f2b79e786'}]}} from dv-neutron-843490-1-hyperv. {{(pid=89012) create_dhcp_port /opt/stack/neutron/neutron/api/rpc/handlers/dhcp_rpc.py:279}}
Jun 01 07:48:21.451322 dv-neutron-843490-1-hyperv neutron-server[89012]: DEBUG neutron_lib.callbacks.manager [None req-8e3bfb6c-f650-4abf-84d3-075e9865bb45 None None] Notify callbacks ['neutron.plugins.ml2.plugin.SecurityGroupDbMixin._ensure_default_security_group_handler-669526'] for port, before_create {{(pid=89012) _notify_loop /usr/local/lib/python3.8/dist-packages/neutron_lib/callbacks/manager.py:192}}
Jun 01 07:48:21.694468 dv-neutron-843490-1-hyperv neutron-server[89011]: DEBUG neutron.db.db_base_plugin_common [None req-d25972e3-341d-494d-88f0-cff85be33281 tempest-AllowedAddressPairIpV6TestJSON-1475716629 tempest-AllowedAddressPairIpV6TestJSON-1475716629-project] Allocated IP 2001:db8::ef (7c256a04-5eef-45f5-87f3-3bce31d8c8b4/ea0697ab-f8f9-4c54-a9ad-5f8667ff3078/36a4ec61-fd79-4738-b72b-d86d93994c82) {{(pid=89011) _store_ip_allocation /opt/stack/neutron/neutron/db/db_base_plugin_common.py:131}}
Jun 01 07:48:21.743895 dv-neutron-843490-1-hyperv neutron-server[89012]: DEBUG neutron.api.rpc.handlers.resources_rpc [None req-1e31d57a-89b6-479d-b55f-11525f985396 None None] Pushing event updated for resources: {'Port': ['ID=90fe68dd-d893-450a-89f6-892b985e1173,revision_number=3']} {{(pid=89012) push /opt/stack/neutron/neutron/api/rpc/handlers/resources_rpc.py:237}}
Jun 01 07:48:21.787992 dv-neutron-843490-1-hyperv neutron-server[89012]: DEBUG neutron.db.provisioning_blocks [None req-19e630ce-e57f-4c48-8ba8-7ec260e5e2f4 None None] Provisioning complete for port 90fe68dd-d893-450a-89f6-892b985e1173 triggered by entity DHCP. {{(pid=89012) provisioning_complete /opt/stack/neutron/neutron/db/provisioning_blocks.py:139}}
Jun 01 07:48:21.790838 dv-neutron-843490-1-hyperv neutron-server[89012]: DEBUG neutron_lib.callbacks.manager [None req-19e630ce-e57f-4c48-8ba8-7ec260e5e2f4 None None] Notify callbacks ['neutron.plugins.ml2.plugin.Ml2Plugin._port_provisioned-661069'] for port, provisioning_complete {{(pid=89012) _notify_loop /usr/local/lib/python3.8/dist-packages/neutron_lib/callbacks/manager.py:192}}
Jun 01 07:48:21.992869 dv-neutron-843490-1-hyperv neutron-server[89011]: DEBUG neutron.pecan_wsgi.hooks.policy_enforcement [req-82c09ea6-ba63-43fb-abea-b0be3e25115b req-bd72650e-ef83-4d03-8edf-a95f44f7001f tempest-ServersTestJSON-787492888 tempest-ServersTestJSON-787492888-project] Attributes excluded by policy engine: ['standard_attr_id', 'vlan_transparent', 'provider:network_type', 'provider:physical_network', 'provider:segmentation_id'] {{(pid=89011) _exclude_attributes_by_policy /opt/stack/neutron/neutron/pecan_wsgi/hooks/policy_enforcement.py:259}}
Jun 01 07:48:21.994825 dv-neutron-843490-1-hyperv neutron-server[89011]: INFO neutron.wsgi [req-82c09ea6-ba63-43fb-abea-b0be3e25115b req-bd72650e-ef83-4d03-8edf-a95f44f7001f tempest-ServersTestJSON-787492888 tempest-ServersTestJSON-787492888-project] 10.222.0.32 "GET /v2.0/networks?id=7e26794c-9c46-4d60-a195-c96a6666bdaf HTTP/1.1" status: 200 len: 805 time: 0.9614649
Jun 01 07:48:21.996231 dv-neutron-843490-1-hyperv neutron-server[89011]: INFO neutron.wsgi [None req-9bc32801-6771-4cc6-87d1-2354b489f83e tempest-FloatingIPAdminTestJSON-425195720 tempest-FloatingIPAdminTestJSON-425195720-project] 10.222.0.15 "POST /v2.0/subnets HTTP/1.1" status: 201 len: 801 time: 3.2485859
Jun 01 07:48:22.004198 dv-neutron-843490-1-hyperv neutron-server[89010]: DEBUG neutron.wsgi [-] (89010) accepted ('10.222.0.15', 48592) {{(pid=89010) server /usr/local/lib/python3.8/dist-packages/eventlet/wsgi.py:992}}
Jun 01 07:48:22.023030 dv-neutron-843490-1-hyperv neutron-server[89010]: DEBUG neutron.api.v2.base [None req-0aa0d439-2575-445c-a3eb-cf87f3d35502 tempest-FloatingIPAdminTestJSON-425195720 tempest-FloatingIPAdminTestJSON-425195720-project] Request body: {'router': {'name': 'tempest-FloatingIPAdminTestJSON-router-185147801', 'external_gateway_info': {'network_id': 'c7fcc4e7-7d9c-49f0-95d1-c467f2b8ad3c'}, 'admin_state_up': False}} {{(pid=89010) prepare_request_body /opt/stack/neutron/neutron/api/v2/base.py:729}}
Jun 01 07:48:22.038646 dv-neutron-843490-1-hyperv neutron-server[89010]: DEBUG neutron.db.quota.driver [None req-0aa0d439-2575-445c-a3eb-cf87f3d35502 tempest-FloatingIPAdminTestJSON-425195720 tempest-FloatingIPAdminTestJSON-425195720-project] Resources subnetpool have unlimited quota limit. It is not required to calculate headroom {{(pid=89010) make_reservation /opt/stack/neutron/neutron/db/quota/driver.py:219}}
Jun 01 07:48:22.051158 dv-neutron-843490-1-hyperv neutron-server[89010]: DEBUG neutron.quota.resource [None req-0aa0d439-2575-445c-a3eb-cf87f3d35502 tempest-FloatingIPAdminTestJSON-425195720 tempest-FloatingIPAdminTestJSON-425195720-project] Usage tracker for resource:router and tenant:90d67a721ea14022a612b6dcff19470b is out of sync, need to count used quota {{(pid=89010) count_used /opt/stack/neutron/neutron/quota/resource.py:270}}
Jun 01 07:48:22.060490 dv-neutron-843490-1-hyperv neutron-server[89012]: DEBUG neutron.db.db_base_plugin_common [None req-8e3bfb6c-f650-4abf-84d3-075e9865bb45 None None] Allocated IP 172.20.0.2 (bbb2fb0f-1000-4a24-a402-818e57d72dd9/c563fae4-2596-4d6f-8cea-404f2b79e786/90be6c93-9830-4a4b-96a6-912673566753) {{(pid=89012) _store_ip_allocation /opt/stack/neutron/neutron/db/db_base_plugin_common.py:131}}
Jun 01 07:48:22.069103 dv-neutron-843490-1-hyperv neutron-server[89011]: DEBUG neutron.db.db_base_plugin_common [None req-b7e42f7c-d7e2-437b-88ae-47669b1549b8 tempest-ExtraDHCPOptionsIpV6TestJSON-466086383 tempest-ExtraDHCPOptionsIpV6TestJSON-466086383-project] Allocated IP 2001:db8::9c (e18b31df-93d2-433c-93aa-15214a6dd636/3e77ffac-c3b3-4a12-bc8d-3127b2545099/405d7c59-cbbb-45e1-abd2-18fc9b8547c9) {{(pid=89011) _store_ip_allocation /opt/stack/neutron/neutron/db/db_base_plugin_common.py:131}}
Jun 01 07:48:22.081055 dv-neutron-843490-1-hyperv neutron-server[89011]: INFO neutron.wsgi [req-0bb62156-f436-419c-bfc7-e4c2d244538a req-179609ef-ca4f-452f-8c19-2ee021397242 tempest-ServersTestJSON-787492888 tempest-ServersTestJSON-787492888-project] 10.222.0.15 "GET /v2.0/ports?device_id=b26eed18-b569-4379-ac3b-61f8e3fd9d3e HTTP/1.1" status: 200 len: 210 time: 0.6200433
Jun 01 07:48:22.083575 dv-neutron-843490-1-hyperv neutron-server[89010]: DEBUG neutron.quota.resource [None req-0aa0d439-2575-445c-a3eb-cf87f3d35502 tempest-FloatingIPAdminTestJSON-425195720 tempest-FloatingIPAdminTestJSON-425195720-project] Quota usage for router was recalculated. Used quota:0. {{(pid=89010) count_used /opt/stack/neutron/neutron/quota/resource.py:290}}
Jun 01 07:48:22.113021 dv-neutron-843490-1-hyperv neutron-server[89010]: DEBUG neutron.db.quota.driver [None req-0aa0d439-2575-445c-a3eb-cf87f3d35502 tempest-FloatingIPAdminTestJSON-425195720 tempest-FloatingIPAdminTestJSON-425195720-project] Attempting to reserve 1 items for resource router. Total usage: 0; quota limit: 100; headroom:100 {{(pid=89010) make_reservation /opt/stack/neutron/neutron/db/quota/driver.py:246}}
Jun 01 07:48:22.166630 dv-neutron-843490-1-hyperv neutron-server[89011]: INFO neutron.wsgi [req-82c09ea6-ba63-43fb-abea-b0be3e25115b req-aceb29c0-b9c0-45d0-97e1-b735981dbcd0 tempest-ServersTestJSON-787492888 tempest-ServersTestJSON-787492888-project] 10.222.0.32 "GET /v2.0/security-groups?fields=id&fields=name&tenant_id=cb8cb2fdcf2d4c15b74ef8e066c52a58 HTTP/1.1" status: 200 len: 379 time: 0.0784583
Jun 01 07:48:22.191173 dv-neutron-843490-1-hyperv neutron-server[89011]: DEBUG neutron.api.v2.base [req-82c09ea6-ba63-43fb-abea-b0be3e25115b req-aa7a58b4-bcd4-4fb8-bd7b-ea6759dbcad9 tempest-ServersTestJSON-787492888 tempest-ServersTestJSON-787492888-project] Request body: {'port': {'device_id': 'b26eed18-b569-4379-ac3b-61f8e3fd9d3e', 'network_id': '7e26794c-9c46-4d60-a195-c96a6666bdaf', 'admin_state_up': True, 'tenant_id': 'cb8cb2fdcf2d4c15b74ef8e066c52a58', 'security_groups': ['eeed0442-b732-4ae1-9d90-0e3009c191e4']}} {{(pid=89011) prepare_request_body /opt/stack/neutron/neutron/api/v2/base.py:729}}
Jun 01 07:48:22.240577 dv-neutron-843490-1-hyperv neutron-server[89012]: DEBUG neutron.plugins.ml2.plugin [None req-19e630ce-e57f-4c48-8ba8-7ec260e5e2f4 None None] Current status of the port 90fe68dd-d893-450a-89f6-892b985e1173 is: ACTIVE; New status is: ACTIVE {{(pid=89012) _update_individual_port_db_status /opt/stack/neutron/neutron/plugins/ml2/plugin.py:2163}}
Jun 01 07:48:22.355388 dv-neutron-843490-1-hyperv neutron-server[89011]: DEBUG neutron.db.quota.driver [req-82c09ea6-ba63-43fb-abea-b0be3e25115b req-aa7a58b4-bcd4-4fb8-bd7b-ea6759dbcad9 tempest-ServersTestJSON-787492888 tempest-ServersTestJSON-787492888-project] Resources subnetpool have unlimited quota limit. It is not required to calculate headroom {{(pid=89011) make_reservation /opt/stack/neutron/neutron/db/quota/driver.py:219}}
Jun 01 07:48:22.359575 dv-neutron-843490-1-hyperv neutron-server[89011]: DEBUG neutron.quota.resource [req-82c09ea6-ba63-43fb-abea-b0be3e25115b req-aa7a58b4-bcd4-4fb8-bd7b-ea6759dbcad9 tempest-ServersTestJSON-787492888 tempest-ServersTestJSON-787492888-project] Usage tracker for resource:port and tenant:cb8cb2fdcf2d4c15b74ef8e066c52a58 is out of sync, need to count used quota {{(pid=89011) count_used /opt/stack/neutron/neutron/quota/resource.py:270}}
Jun 01 07:48:22.369225 dv-neutron-843490-1-hyperv neutron-server[89011]: DEBUG neutron.quota.resource [req-82c09ea6-ba63-43fb-abea-b0be3e25115b req-aa7a58b4-bcd4-4fb8-bd7b-ea6759dbcad9 tempest-ServersTestJSON-787492888 tempest-ServersTestJSON-787492888-project] Quota usage for port was recalculated. Used quota:3. {{(pid=89011) count_used /opt/stack/neutron/neutron/quota/resource.py:290}}
Jun 01 07:48:22.371433 dv-neutron-843490-1-hyperv neutron-server[89011]: DEBUG neutron.db.quota.driver [req-82c09ea6-ba63-43fb-abea-b0be3e25115b req-aa7a58b4-bcd4-4fb8-bd7b-ea6759dbcad9 tempest-ServersTestJSON-787492888 tempest-ServersTestJSON-787492888-project] Attempting to reserve 1 items for resource port. Total usage: 3; quota limit: 500; headroom:497 {{(pid=89011) make_reservation /opt/stack/neutron/neutron/db/quota/driver.py:246}}
Jun 01 07:48:22.424442 dv-neutron-843490-1-hyperv neutron-server[89010]: DEBUG neutron_lib.callbacks.manager [None req-0aa0d439-2575-445c-a3eb-cf87f3d35502 tempest-FloatingIPAdminTestJSON-425195720 tempest-FloatingIPAdminTestJSON-425195720-project] Notify callbacks ['neutron.services.l3_router.l3_router_plugin.L3_HA_NAT_db_mixin._before_router_create-1675008', 'neutron.services.l3_router.service_providers.driver_controller.DriverController._check_router_request-7319'] for router, before_create {{(pid=89010) _notify_loop /usr/local/lib/python3.8/dist-packages/neutron_lib/callbacks/manager.py:192}}
Jun 01 07:48:22.439808 dv-neutron-843490-1-hyperv neutron-server[89010]: DEBUG neutron_lib.callbacks.manager [None req-0aa0d439-2575-445c-a3eb-cf87f3d35502 tempest-FloatingIPAdminTestJSON-425195720 tempest-FloatingIPAdminTestJSON-425195720-project] Notify callbacks ['neutron.services.l3_router.l3_router_plugin.L3_HA_NAT_db_mixin._precommit_router_create-1672117', 'neutron.services.l3_router.l3_router_plugin.DVRResourceOperationHandler._set_distributed_flag-1673253', 'neutron.services.l3_router.l3_router_plugin.RouterAvailabilityZoneMixin._process_az_request-1711647', 'neutron.services.l3_router.service_providers.driver_controller.DriverController._set_router_provider-7326'] for router, precommit_create {{(pid=89010) _notify_loop /usr/local/lib/python3.8/dist-packages/neutron_lib/callbacks/manager.py:192}}
Jun 01 07:48:22.472769 dv-neutron-843490-1-hyperv neutron-server[89012]: DEBUG neutron.db.provisioning_blocks [None req-19e630ce-e57f-4c48-8ba8-7ec260e5e2f4 None None] Provisioning for port f787af3a-b805-468d-ad5f-9baaa95a5ce1 completed by entity DHCP. {{(pid=89012) provisioning_complete /opt/stack/neutron/neutron/db/provisioning_blocks.py:133}}
Jun 01 07:48:22.491506 dv-neutron-843490-1-hyperv neutron-server[89012]: DEBUG neutron.db.provisioning_blocks [None req-19e630ce-e57f-4c48-8ba8-7ec260e5e2f4 None None] Provisioning complete for port f787af3a-b805-468d-ad5f-9baaa95a5ce1 triggered by entity DHCP. {{(pid=89012) provisioning_complete /opt/stack/neutron/neutron/db/provisioning_blocks.py:139}}
Jun 01 07:48:22.492567 dv-neutron-843490-1-hyperv neutron-server[89012]: DEBUG neutron_lib.callbacks.manager [None req-19e630ce-e57f-4c48-8ba8-7ec260e5e2f4 None None] Notify callbacks ['neutron.plugins.ml2.plugin.Ml2Plugin._port_provisioned-661069'] for port, provisioning_complete {{(pid=89012) _notify_loop /usr/local/lib/python3.8/dist-packages/neutron_lib/callbacks/manager.py:192}}
Jun 01 07:48:22.534155 dv-neutron-843490-1-hyperv neutron-server[89010]: DEBUG neutron_lib.callbacks.manager [None req-0aa0d439-2575-445c-a3eb-cf87f3d35502 tempest-FloatingIPAdminTestJSON-425195720 tempest-FloatingIPAdminTestJSON-425195720-project] Notify callbacks [] for router_controller, precommit_add_association {{(pid=89010) _notify_loop /usr/local/lib/python3.8/dist-packages/neutron_lib/callbacks/manager.py:192}}
Jun 01 07:48:22.548616 dv-neutron-843490-1-hyperv neutron-server[89011]: DEBUG neutron.pecan_wsgi.hooks.quota_enforcement [req-82c09ea6-ba63-43fb-abea-b0be3e25115b req-aa7a58b4-bcd4-4fb8-bd7b-ea6759dbcad9 tempest-ServersTestJSON-787492888 tempest-ServersTestJSON-787492888-project] Made reservation on behalf of cb8cb2fdcf2d4c15b74ef8e066c52a58 for: {'port': 1} {{(pid=89011) before /opt/stack/neutron/neutron/pecan_wsgi/hooks/quota_enforcement.py:53}}
Jun 01 07:48:22.550652 dv-neutron-843490-1-hyperv neutron-server[89010]: DEBUG neutron_lib.callbacks.manager [None req-92dcafa9-92cd-4c81-b5d1-b1d924a44151 tempest-FloatingIPTestJSON-1155946199 tempest-FloatingIPTestJSON-1155946199-project] Notify callbacks ['neutron.plugins.ml2.plugin.SecurityGroupDbMixin._ensure_default_security_group_handler-669526'] for port, before_create {{(pid=89010) _notify_loop /usr/local/lib/python3.8/dist-packages/neutron_lib/callbacks/manager.py:192}}
Jun 01 07:48:22.552831 dv-neutron-843490-1-hyperv neutron-server[89011]: DEBUG neutron_lib.callbacks.manager [req-82c09ea6-ba63-43fb-abea-b0be3e25115b req-aa7a58b4-bcd4-4fb8-bd7b-ea6759dbcad9 tempest-ServersTestJSON-787492888 tempest-ServersTestJSON-787492888-project] Notify callbacks ['neutron.plugins.ml2.plugin.SecurityGroupDbMixin._ensure_default_security_group_handler-669526'] for port, before_create {{(pid=89011) _notify_loop /usr/local/lib/python3.8/dist-packages/neutron_lib/callbacks/manager.py:192}}
Jun 01 07:48:22.555640 dv-neutron-843490-1-hyperv neutron-server[89012]: DEBUG neutron_lib.callbacks.manager [None req-8e3bfb6c-f650-4abf-84d3-075e9865bb45 None None] Notify callbacks [] for port, precommit_create {{(pid=89012) _notify_loop /usr/local/lib/python3.8/dist-packages/neutron_lib/callbacks/manager.py:192}}
Jun 01 07:48:22.570506 dv-neutron-843490-1-hyperv neutron-server[89012]: DEBUG neutron.plugins.ml2.plugin [None req-19e630ce-e57f-4c48-8ba8-7ec260e5e2f4 None None] Port f787af3a-b805-468d-ad5f-9baaa95a5ce1 cannot update to ACTIVE because it is not bound. {{(pid=89012) _port_provisioned /opt/stack/neutron/neutron/plugins/ml2/plugin.py:337}}
Jun 01 07:48:22.573277 dv-neutron-843490-1-hyperv neutron-server[89012]: DEBUG neutron.db.provisioning_blocks [None req-8e3bfb6c-f650-4abf-84d3-075e9865bb45 None None] Transition to ACTIVE for port object 90be6c93-9830-4a4b-96a6-912673566753 will not be triggered until provisioned by entity L2. {{(pid=89012) add_provisioning_component /opt/stack/neutron/neutron/db/provisioning_blocks.py:73}}
Jun 01 07:48:22.575526 dv-neutron-843490-1-hyperv neutron-server[89011]: DEBUG neutron_lib.callbacks.manager [None req-d25972e3-341d-494d-88f0-cff85be33281 tempest-AllowedAddressPairIpV6TestJSON-1475716629 tempest-AllowedAddressPairIpV6TestJSON-1475716629-project] Notify callbacks [] for port, precommit_create {{(pid=89011) _notify_loop /usr/local/lib/python3.8/dist-packages/neutron_lib/callbacks/manager.py:192}}
Jun 01 07:48:22.615661 dv-neutron-843490-1-hyperv neutron-server[89012]: DEBUG neutron.db.provisioning_blocks [None req-8e3bfb6c-f650-4abf-84d3-075e9865bb45 None None] Transition to ACTIVE for port object 90be6c93-9830-4a4b-96a6-912673566753 will not be triggered until provisioned by entity DHCP. {{(pid=89012) add_provisioning_component /opt/stack/neutron/neutron/db/provisioning_blocks.py:73}}
Jun 01 07:48:22.673412 dv-neutron-843490-1-hyperv neutron-server[89011]: DEBUG neutron.db.provisioning_blocks [None req-d25972e3-341d-494d-88f0-cff85be33281 tempest-AllowedAddressPairIpV6TestJSON-1475716629 tempest-AllowedAddressPairIpV6TestJSON-1475716629-project] Transition to ACTIVE for port object 36a4ec61-fd79-4738-b72b-d86d93994c82 will not be triggered until provisioned by entity DHCP. {{(pid=89011) add_provisioning_component /opt/stack/neutron/neutron/db/provisioning_blocks.py:73}}
Jun 01 07:48:22.677231 dv-neutron-843490-1-hyperv neutron-server[89011]: DEBUG neutron.wsgi [-] (89011) accepted ('10.222.0.32', 49858) {{(pid=89011) server /usr/local/lib/python3.8/dist-packages/eventlet/wsgi.py:992}}
Jun 01 07:48:22.705061 dv-neutron-843490-1-hyperv neutron-server[89012]: DEBUG neutron.db.provisioning_blocks [None req-d32fa463-853a-4d4b-96fe-e6ed01df1eb1 None None] Provisioning complete for port f787af3a-b805-468d-ad5f-9baaa95a5ce1 triggered by entity DHCP. {{(pid=89012) provisioning_complete /opt/stack/neutron/neutron/db/provisioning_blocks.py:139}}
Jun 01 07:48:22.705863 dv-neutron-843490-1-hyperv neutron-server[89012]: DEBUG neutron_lib.callbacks.manager [None req-d32fa463-853a-4d4b-96fe-e6ed01df1eb1 None None] Notify callbacks ['neutron.plugins.ml2.plugin.Ml2Plugin._port_provisioned-661069'] for port, provisioning_complete {{(pid=89012) _notify_loop /usr/local/lib/python3.8/dist-packages/neutron_lib/callbacks/manager.py:192}}
Jun 01 07:48:22.805685 dv-neutron-843490-1-hyperv neutron-server[89012]: DEBUG neutron.plugins.ml2.plugin [None req-d32fa463-853a-4d4b-96fe-e6ed01df1eb1 None None] Port f787af3a-b805-468d-ad5f-9baaa95a5ce1 cannot update to ACTIVE because it is not bound. {{(pid=89012) _port_provisioned /opt/stack/neutron/neutron/plugins/ml2/plugin.py:337}}
Jun 01 07:48:22.810434 dv-neutron-843490-1-hyperv neutron-server[89012]: DEBUG neutron_lib.callbacks.manager [None req-8e3bfb6c-f650-4abf-84d3-075e9865bb45 None None] Notify callbacks ['neutron.plugins.ml2.plugin.SecurityGroupServerNotifierRpcMixin.notify_sg_on_port_change-669461', 'neutron.plugins.ml2.ovo_rpc._ObjectChangeHandler.handle_event-169360', 'neutron.api.rpc.agentnotifiers.dhcp_rpc_agent_api.DhcpAgentNotifyAPI._native_event_send_dhcp_notification-1644327', 'neutron.db.l3_dvrscheduler_db._notify_l3_agent_new_port-8777231984204'] for port, after_create {{(pid=89012) _notify_loop /usr/local/lib/python3.8/dist-packages/neutron_lib/callbacks/manager.py:192}}
Jun 01 07:48:22.846000 dv-neutron-843490-1-hyperv neutron-server[89010]: DEBUG neutron.wsgi [-] (89010) accepted ('10.222.0.15', 48628) {{(pid=89010) server /usr/local/lib/python3.8/dist-packages/eventlet/wsgi.py:992}}
Jun 01 07:48:22.882204 dv-neutron-843490-1-hyperv neutron-server[89010]: INFO neutron.wsgi [req-1359d59f-1815-435b-87d8-1f6f4cd6bec4 req-7e0ba515-5f76-4b92-a1d9-7df1f51d2b09 tempest-ServersTestManualDisk-795696599 tempest-ServersTestManualDisk-795696599-project] 10.222.0.15 "GET /v2.0/ports?device_id=ee7b96ed-3e40-43c1-9660-b21110809ae8 HTTP/1.1" status: 200 len: 210 time: 0.3138323
Jun 01 07:48:22.926955 dv-neutron-843490-1-hyperv neutron-server[89012]: DEBUG neutron.scheduler.dhcp_agent_scheduler [None req-8e3bfb6c-f650-4abf-84d3-075e9865bb45 None None] Network bbb2fb0f-1000-4a24-a402-818e57d72dd9 is already hosted by enough agents. {{(pid=89012) _get_dhcp_agents_hosting_network /opt/stack/neutron/neutron/scheduler/dhcp_agent_scheduler.py:275}}
Jun 01 07:48:22.932189 dv-neutron-843490-1-hyperv neutron-server[89012]: DEBUG neutron.scheduler.base_scheduler [None req-8e3bfb6c-f650-4abf-84d3-075e9865bb45 None None] Resources bound (agent type, host, resource id): {{(pid=89012) schedule /opt/stack/neutron/neutron/scheduler/base_scheduler.py:57}}
Jun 01 07:48:22.943531 dv-neutron-843490-1-hyperv neutron-server[89012]: DEBUG neutron.db.l3_dvrscheduler_db [None req-8e3bfb6c-f650-4abf-84d3-075e9865bb45 None None] Received port after_create {{(pid=89012) _notify_l3_agent_new_port /opt/stack/neutron/neutron/db/l3_dvrscheduler_db.py:538}}
Jun 01 07:48:23.017229 dv-neutron-843490-1-hyperv neutron-server[89011]: DEBUG neutron.db.db_base_plugin_common [req-82c09ea6-ba63-43fb-abea-b0be3e25115b req-aa7a58b4-bcd4-4fb8-bd7b-ea6759dbcad9 tempest-ServersTestJSON-787492888 tempest-ServersTestJSON-787492888-project] Allocated IP 172.20.0.5 (7e26794c-9c46-4d60-a195-c96a6666bdaf/d9c6ec10-ee88-4d36-9c8b-89af999a2257/e10ee031-a189-4343-a514-34997357a6e7) {{(pid=89011) _store_ip_allocation /opt/stack/neutron/neutron/db/db_base_plugin_common.py:131}}
Jun 01 07:48:23.024893 dv-neutron-843490-1-hyperv neutron-server[89011]: DEBUG neutron_lib.callbacks.manager [None req-b7e42f7c-d7e2-437b-88ae-47669b1549b8 tempest-ExtraDHCPOptionsIpV6TestJSON-466086383 tempest-ExtraDHCPOptionsIpV6TestJSON-466086383-project] Notify callbacks [] for port, precommit_create {{(pid=89011) _notify_loop /usr/local/lib/python3.8/dist-packages/neutron_lib/callbacks/manager.py:192}}
Jun 01 07:48:23.074828 dv-neutron-843490-1-hyperv neutron-server[89011]: DEBUG neutron.pecan_wsgi.hooks.policy_enforcement [req-265e1895-abda-447c-ba47-a45474e9baa7 req-e94447f2-7387-4776-bcee-c00e8f107f43 tempest-ServersTestManualDisk-795696599 tempest-ServersTestManualDisk-795696599-project] Attributes excluded by policy engine: ['standard_attr_id', 'vlan_transparent', 'provider:network_type', 'provider:physical_network', 'provider:segmentation_id'] {{(pid=89011) _exclude_attributes_by_policy /opt/stack/neutron/neutron/pecan_wsgi/hooks/policy_enforcement.py:259}}
Jun 01 07:48:23.075611 dv-neutron-843490-1-hyperv neutron-server[89011]: DEBUG neutron.quota.resource [req-265e1895-abda-447c-ba47-a45474e9baa7 req-e94447f2-7387-4776-bcee-c00e8f107f43 tempest-ServersTestManualDisk-795696599 tempest-ServersTestManualDisk-795696599-project] Synchronizing usage tracker for tenant:6fc96d2281584dacb73faa8e0f781fdc on resource:network {{(pid=89011) resync /opt/stack/neutron/neutron/quota/resource.py:241}}
Jun 01 07:48:23.080577 dv-neutron-843490-1-hyperv neutron-server[89012]: DEBUG neutron.api.rpc.handlers.resources_rpc [None req-8e3bfb6c-f650-4abf-84d3-075e9865bb45 None None] Pushing event updated for resources: {'Port': ['ID=90be6c93-9830-4a4b-96a6-912673566753,revision_number=1']} {{(pid=89012) push /opt/stack/neutron/neutron/api/rpc/handlers/resources_rpc.py:237}}
Jun 01 07:48:23.088138 dv-neutron-843490-1-hyperv neutron-server[89011]: DEBUG neutron.db.provisioning_blocks [None req-b7e42f7c-d7e2-437b-88ae-47669b1549b8 tempest-ExtraDHCPOptionsIpV6TestJSON-466086383 tempest-ExtraDHCPOptionsIpV6TestJSON-466086383-project] Transition to ACTIVE for port object 405d7c59-cbbb-45e1-abd2-18fc9b8547c9 will not be triggered until provisioned by entity DHCP. {{(pid=89011) add_provisioning_component /opt/stack/neutron/neutron/db/provisioning_blocks.py:73}}
Jun 01 07:48:23.109657 dv-neutron-843490-1-hyperv neutron-server[89012]: DEBUG neutron.plugins.ml2.managers [None req-8e3bfb6c-f650-4abf-84d3-075e9865bb45 None None] Attempting to bind port 90be6c93-9830-4a4b-96a6-912673566753 on host dv-neutron-843490-1-hyperv for vnic_type normal with profile {{(pid=89012) bind_port /opt/stack/neutron/neutron/plugins/ml2/managers.py:790}}
Jun 01 07:48:23.110601 dv-neutron-843490-1-hyperv neutron-server[89012]: DEBUG neutron.plugins.ml2.managers [None req-8e3bfb6c-f650-4abf-84d3-075e9865bb45 None None] Attempting to bind port 90be6c93-9830-4a4b-96a6-912673566753 by drivers openvswitch,hyperv on host dv-neutron-843490-1-hyperv at level 0 using segments [{'id': 'bb7bbd72-c219-47fa-9a1f-2f0cfe09e33c', 'network_type': 'vlan', 'physical_network': 'physnet1', 'segmentation_id': 409, 'network_id': 'bbb2fb0f-1000-4a24-a402-818e57d72dd9'}] {{(pid=89012) _bind_port_level /opt/stack/neutron/neutron/plugins/ml2/managers.py:815}}
Jun 01 07:48:23.111300 dv-neutron-843490-1-hyperv neutron-server[89012]: DEBUG neutron.plugins.ml2.drivers.mech_agent [None req-8e3bfb6c-f650-4abf-84d3-075e9865bb45 None None] Attempting to bind port 90be6c93-9830-4a4b-96a6-912673566753 on network bbb2fb0f-1000-4a24-a402-818e57d72dd9 {{(pid=89012) bind_port /opt/stack/neutron/neutron/plugins/ml2/drivers/mech_agent.py:86}}
Jun 01 07:48:23.126765 dv-neutron-843490-1-hyperv neutron-server[89012]: DEBUG neutron.plugins.ml2.drivers.mech_agent [None req-8e3bfb6c-f650-4abf-84d3-075e9865bb45 None None] Checking agent: {'id': 'ba248499-088b-4ab7-9131-05abb90236bc', 'agent_type': 'Open vSwitch agent', 'binary': 'neutron-openvswitch-agent', 'topic': 'N/A', 'host': 'dv-neutron-843490-1-hyperv', 'admin_state_up': True, 'created_at': datetime.datetime(2022, 6, 1, 7, 39, 9), 'started_at': datetime.datetime(2022, 6, 1, 7, 39, 39), 'heartbeat_timestamp': datetime.datetime(2022, 6, 1, 7, 48, 9), 'description': None, 'resources_synced': None, 'availability_zone': None, 'alive': True, 'configurations': {'arp_responder_enabled': False, 'baremetal_smartnic': False, 'bridge_mappings': {'physnet1': 'br-data'}, 'datapath_type': 'system', 'devices': 0, 'enable_distributed_routing': False, 'extensions': [], 'in_distributed_mode': False, 'integration_bridge': 'br-int', 'l2_population': False, 'log_agent_heartbeats': False, 'ovs_capabilities': {'datapath_types': ['netdev', 'system'], 'iface_types': ['erspan', 'geneve', 'gre', 'internal', 'ip6erspan', 'ip6gre', 'lisp', 'patch', 'stt', 'system', 'tap', 'vxlan']}, 'ovs_hybrid_plug': False, 'resource_provider_bandwidths': {}, 'resource_provider_hypervisors': {'br-data': 'dv-neutron-843490-1-hyperv'}, 'resource_provider_inventory_defaults': {'allocation_ratio': 1.0, 'min_unit': 1, 'step_size': 1, 'reserved': 0}, 'tunnel_types': [], 'tunneling_ip': None, 'vhostuser_socket_dir': '/var/run/openvswitch'}, 'resource_versions': {'AddressGroup': '1.2', 'ConntrackHelper': '1.0', 'Log': '1.0', 'Network': '1.1', 'Port': '1.7', 'PortForwarding': '1.2', 'QosPolicy': '1.8', 'SecurityGroup': '1.4', 'SecurityGroupRule': '1.2', 'SubPort': '1.0', 'Subnet': '1.1', 'Trunk': '1.1'}} {{(pid=89012) bind_port /opt/stack/neutron/neutron/plugins/ml2/drivers/mech_agent.py:105}}
Jun 01 07:48:23.127141 dv-neutron-843490-1-hyperv neutron-server[89012]: DEBUG neutron.plugins.ml2.drivers.mech_agent [None req-8e3bfb6c-f650-4abf-84d3-075e9865bb45 None None] Checking segment: {'id': 'bb7bbd72-c219-47fa-9a1f-2f0cfe09e33c', 'network_type': 'vlan', 'physical_network': 'physnet1', 'segmentation_id': 409, 'network_id': 'bbb2fb0f-1000-4a24-a402-818e57d72dd9'} for mappings: {'physnet1': 'br-data'} with network types: ['local', 'flat', 'vlan'] {{(pid=89012) check_segment_for_agent /opt/stack/neutron/neutron/plugins/ml2/drivers/mech_agent.py:343}}
