May 27 09:54:28.571189 dv-neutron-843489-1-hyperv devstack@n-api.service[102652]: DEBUG nova.api.openstack.wsgi_app [-] oslo_messaging_rabbit.ssl_cert_file = {{(pid=102652) log_opt_values /usr/local/lib/python3.8/dist-packages/oslo_config/cfg.py:2609}}
May 27 09:54:28.571492 dv-neutron-843489-1-hyperv devstack@n-api.service[102652]: DEBUG nova.api.openstack.wsgi_app [-] oslo_messaging_rabbit.ssl_key_file = {{(pid=102652) log_opt_values /usr/local/lib/python3.8/dist-packages/oslo_config/cfg.py:2609}}
May 27 09:54:28.571815 dv-neutron-843489-1-hyperv devstack@n-api.service[102652]: DEBUG nova.api.openstack.wsgi_app [-] oslo_messaging_rabbit.ssl_version = {{(pid=102652) log_opt_values /usr/local/lib/python3.8/dist-packages/oslo_config/cfg.py:2609}}
May 27 09:54:28.572187 dv-neutron-843489-1-hyperv devstack@n-api.service[102652]: DEBUG nova.api.openstack.wsgi_app [-] oslo_messaging_notifications.driver = ['messagingv2'] {{(pid=102652) log_opt_values /usr/local/lib/python3.8/dist-packages/oslo_config/cfg.py:2609}}
May 27 09:54:28.572499 dv-neutron-843489-1-hyperv devstack@n-api.service[102652]: DEBUG nova.api.openstack.wsgi_app [-] oslo_messaging_notifications.retry = -1 {{(pid=102652) log_opt_values /usr/local/lib/python3.8/dist-packages/oslo_config/cfg.py:2609}}
May 27 09:54:28.572838 dv-neutron-843489-1-hyperv devstack@n-api.service[102652]: DEBUG nova.api.openstack.wsgi_app [-] oslo_messaging_notifications.topics = ['notifications'] {{(pid=102652) log_opt_values /usr/local/lib/python3.8/dist-packages/oslo_config/cfg.py:2609}}
May 27 09:54:28.573165 dv-neutron-843489-1-hyperv devstack@n-api.service[102652]: DEBUG nova.api.openstack.wsgi_app [-] oslo_messaging_notifications.transport_url = **** {{(pid=102652) log_opt_values /usr/local/lib/python3.8/dist-packages/oslo_config/cfg.py:2609}}
May 27 09:54:28.573406 dv-neutron-843489-1-hyperv devstack@n-api.service[102652]: DEBUG nova.api.openstack.wsgi_app [-] ******************************************************************************** {{(pid=102652) log_opt_values /usr/local/lib/python3.8/dist-packages/oslo_config/cfg.py:2613}}
May 27 09:54:28.594774 dv-neutron-843489-1-hyperv devstack@n-api.service[102653]: DEBUG oslo_db.sqlalchemy.engines [None req-ca64f10b-4801-4b2f-92c3-203522f22419 None None] MySQL server mode set to STRICT_TRANS_TABLES,STRICT_ALL_TABLES,NO_ZERO_IN_DATE,NO_ZERO_DATE,ERROR_FOR_DIVISION_BY_ZERO,TRADITIONAL,NO_ENGINE_SUBSTITUTION {{(pid=102653) _check_effective_sql_mode /usr/local/lib/python3.8/dist-packages/oslo_db/sqlalchemy/engines.py:314}}
May 27 09:54:28.596441 dv-neutron-843489-1-hyperv devstack@n-api.service[102652]: DEBUG oslo_db.sqlalchemy.engines [None req-d8c5c27f-1b49-494a-9a3f-911a2826a3ff None None] MySQL server mode set to STRICT_TRANS_TABLES,STRICT_ALL_TABLES,NO_ZERO_IN_DATE,NO_ZERO_DATE,ERROR_FOR_DIVISION_BY_ZERO,TRADITIONAL,NO_ENGINE_SUBSTITUTION {{(pid=102652) _check_effective_sql_mode /usr/local/lib/python3.8/dist-packages/oslo_db/sqlalchemy/engines.py:314}}
May 27 09:54:28.767708 dv-neutron-843489-1-hyperv devstack@n-api.service[102653]: DEBUG nova.context [None req-ca64f10b-4801-4b2f-92c3-203522f22419 None None] Found 2 cells: 00000000-0000-0000-0000-000000000000(cell0),77aa561e-62aa-4c93-a9f7-75bdc17d4d3e(cell1) {{(pid=102653) load_cells /opt/stack/nova/nova/context.py:464}}
May 27 09:54:28.770022 dv-neutron-843489-1-hyperv devstack@n-api.service[102652]: DEBUG nova.context [None req-d8c5c27f-1b49-494a-9a3f-911a2826a3ff None None] Found 2 cells: 00000000-0000-0000-0000-000000000000(cell0),77aa561e-62aa-4c93-a9f7-75bdc17d4d3e(cell1) {{(pid=102652) load_cells /opt/stack/nova/nova/context.py:464}}
May 27 09:54:28.772715 dv-neutron-843489-1-hyperv devstack@n-api.service[102653]: DEBUG oslo_concurrency.lockutils [None req-ca64f10b-4801-4b2f-92c3-203522f22419 None None] Lock "00000000-0000-0000-0000-000000000000" acquired by "nova.context.set_target_cell..get_or_set_cached_cell_and_set_connections" :: waited 0.000s {{(pid=102653) inner /usr/local/lib/python3.8/dist-packages/oslo_concurrency/lockutils.py:355}}
May 27 09:54:28.774300 dv-neutron-843489-1-hyperv devstack@n-api.service[102652]: DEBUG oslo_concurrency.lockutils [None req-d8c5c27f-1b49-494a-9a3f-911a2826a3ff None None] Lock "00000000-0000-0000-0000-000000000000" acquired by "nova.context.set_target_cell..get_or_set_cached_cell_and_set_connections" :: waited 0.000s {{(pid=102652) inner /usr/local/lib/python3.8/dist-packages/oslo_concurrency/lockutils.py:355}}
May 27 09:54:28.774436 dv-neutron-843489-1-hyperv devstack@n-api.service[102653]: DEBUG oslo_concurrency.lockutils [None req-ca64f10b-4801-4b2f-92c3-203522f22419 None None] Lock "00000000-0000-0000-0000-000000000000" released by "nova.context.set_target_cell..get_or_set_cached_cell_and_set_connections" :: held 0.002s {{(pid=102653) inner /usr/local/lib/python3.8/dist-packages/oslo_concurrency/lockutils.py:367}}
May 27 09:54:28.775124 dv-neutron-843489-1-hyperv devstack@n-api.service[102653]: DEBUG oslo_concurrency.lockutils [None req-ca64f10b-4801-4b2f-92c3-203522f22419 None None] Lock "77aa561e-62aa-4c93-a9f7-75bdc17d4d3e" acquired by "nova.context.set_target_cell..get_or_set_cached_cell_and_set_connections" :: waited 0.000s {{(pid=102653) inner /usr/local/lib/python3.8/dist-packages/oslo_concurrency/lockutils.py:355}}
May 27 09:54:28.775870 dv-neutron-843489-1-hyperv devstack@n-api.service[102652]: DEBUG oslo_concurrency.lockutils [None req-d8c5c27f-1b49-494a-9a3f-911a2826a3ff None None] Lock "00000000-0000-0000-0000-000000000000" released by "nova.context.set_target_cell..get_or_set_cached_cell_and_set_connections" :: held 0.002s {{(pid=102652) inner /usr/local/lib/python3.8/dist-packages/oslo_concurrency/lockutils.py:367}}
May 27 09:54:28.776708 dv-neutron-843489-1-hyperv devstack@n-api.service[102652]: DEBUG oslo_concurrency.lockutils [None req-d8c5c27f-1b49-494a-9a3f-911a2826a3ff None None] Lock "77aa561e-62aa-4c93-a9f7-75bdc17d4d3e" acquired by "nova.context.set_target_cell..get_or_set_cached_cell_and_set_connections" :: waited 0.000s {{(pid=102652) inner /usr/local/lib/python3.8/dist-packages/oslo_concurrency/lockutils.py:355}}
May 27 09:54:28.777099 dv-neutron-843489-1-hyperv devstack@n-api.service[102653]: DEBUG oslo_concurrency.lockutils [None req-ca64f10b-4801-4b2f-92c3-203522f22419 None None] Lock "77aa561e-62aa-4c93-a9f7-75bdc17d4d3e" released by "nova.context.set_target_cell..get_or_set_cached_cell_and_set_connections" :: held 0.002s {{(pid=102653) inner /usr/local/lib/python3.8/dist-packages/oslo_concurrency/lockutils.py:367}}
May 27 09:54:28.778646 dv-neutron-843489-1-hyperv devstack@n-api.service[102652]: DEBUG oslo_concurrency.lockutils [None req-d8c5c27f-1b49-494a-9a3f-911a2826a3ff None None] Lock "77aa561e-62aa-4c93-a9f7-75bdc17d4d3e" released by "nova.context.set_target_cell..get_or_set_cached_cell_and_set_connections" :: held 0.002s {{(pid=102652) inner /usr/local/lib/python3.8/dist-packages/oslo_concurrency/lockutils.py:367}}
May 27 09:54:28.787846 dv-neutron-843489-1-hyperv devstack@n-api.service[102653]: DEBUG oslo_db.sqlalchemy.engines [None req-ca64f10b-4801-4b2f-92c3-203522f22419 None None] MySQL server mode set to STRICT_TRANS_TABLES,STRICT_ALL_TABLES,NO_ZERO_IN_DATE,NO_ZERO_DATE,ERROR_FOR_DIVISION_BY_ZERO,TRADITIONAL,NO_ENGINE_SUBSTITUTION {{(pid=102653) _check_effective_sql_mode /usr/local/lib/python3.8/dist-packages/oslo_db/sqlalchemy/engines.py:314}}
May 27 09:54:28.790905 dv-neutron-843489-1-hyperv devstack@n-api.service[102653]: DEBUG oslo_db.sqlalchemy.engines [None req-ca64f10b-4801-4b2f-92c3-203522f22419 None None] MySQL server mode set to STRICT_TRANS_TABLES,STRICT_ALL_TABLES,NO_ZERO_IN_DATE,NO_ZERO_DATE,ERROR_FOR_DIVISION_BY_ZERO,TRADITIONAL,NO_ENGINE_SUBSTITUTION {{(pid=102653) _check_effective_sql_mode /usr/local/lib/python3.8/dist-packages/oslo_db/sqlalchemy/engines.py:314}}
May 27 09:54:28.794112 dv-neutron-843489-1-hyperv devstack@n-api.service[102652]: DEBUG oslo_db.sqlalchemy.engines [None req-d8c5c27f-1b49-494a-9a3f-911a2826a3ff None None] MySQL server mode set to STRICT_TRANS_TABLES,STRICT_ALL_TABLES,NO_ZERO_IN_DATE,NO_ZERO_DATE,ERROR_FOR_DIVISION_BY_ZERO,TRADITIONAL,NO_ENGINE_SUBSTITUTION {{(pid=102652) _check_effective_sql_mode /usr/local/lib/python3.8/dist-packages/oslo_db/sqlalchemy/engines.py:314}}
May 27 09:54:28.796899 dv-neutron-843489-1-hyperv devstack@n-api.service[102652]: DEBUG oslo_db.sqlalchemy.engines [None req-d8c5c27f-1b49-494a-9a3f-911a2826a3ff None None] MySQL server mode set to STRICT_TRANS_TABLES,STRICT_ALL_TABLES,NO_ZERO_IN_DATE,NO_ZERO_DATE,ERROR_FOR_DIVISION_BY_ZERO,TRADITIONAL,NO_ENGINE_SUBSTITUTION {{(pid=102652) _check_effective_sql_mode /usr/local/lib/python3.8/dist-packages/oslo_db/sqlalchemy/engines.py:314}}
May 27 09:54:29.055027 dv-neutron-843489-1-hyperv devstack@n-api.service[102653]: DEBUG oslo_db.sqlalchemy.engines [None req-ca64f10b-4801-4b2f-92c3-203522f22419 None None] MySQL server mode set to STRICT_TRANS_TABLES,STRICT_ALL_TABLES,NO_ZERO_IN_DATE,NO_ZERO_DATE,ERROR_FOR_DIVISION_BY_ZERO,TRADITIONAL,NO_ENGINE_SUBSTITUTION {{(pid=102653) _check_effective_sql_mode /usr/local/lib/python3.8/dist-packages/oslo_db/sqlalchemy/engines.py:314}}
May 27 09:54:29.058437 dv-neutron-843489-1-hyperv devstack@n-api.service[102652]: DEBUG oslo_db.sqlalchemy.engines [None req-d8c5c27f-1b49-494a-9a3f-911a2826a3ff None None] MySQL server mode set to STRICT_TRANS_TABLES,STRICT_ALL_TABLES,NO_ZERO_IN_DATE,NO_ZERO_DATE,ERROR_FOR_DIVISION_BY_ZERO,TRADITIONAL,NO_ENGINE_SUBSTITUTION {{(pid=102652) _check_effective_sql_mode /usr/local/lib/python3.8/dist-packages/oslo_db/sqlalchemy/engines.py:314}}
May 27 09:54:29.492415 dv-neutron-843489-1-hyperv devstack@n-api.service[102653]: WARNING keystonemiddleware.auth_token [None req-ca64f10b-4801-4b2f-92c3-203522f22419 None None] AuthToken middleware is set with keystone_authtoken.service_token_roles_required set to False. This is backwards compatible but deprecated behaviour. Please set this to True.
May 27 09:54:29.498926 dv-neutron-843489-1-hyperv devstack@n-api.service[102653]: WARNING keystonemiddleware.auth_token [None req-ca64f10b-4801-4b2f-92c3-203522f22419 None None] Configuring www_authenticate_uri to point to the public identity endpoint is required; clients may not be able to authenticate against an admin endpoint
May 27 09:54:29.513875 dv-neutron-843489-1-hyperv devstack@n-api.service[102652]: WARNING keystonemiddleware.auth_token [None req-d8c5c27f-1b49-494a-9a3f-911a2826a3ff None None] AuthToken middleware is set with keystone_authtoken.service_token_roles_required set to False. This is backwards compatible but deprecated behaviour. Please set this to True.
May 27 09:54:29.520834 dv-neutron-843489-1-hyperv devstack@n-api.service[102652]: WARNING keystonemiddleware.auth_token [None req-d8c5c27f-1b49-494a-9a3f-911a2826a3ff None None] Configuring www_authenticate_uri to point to the public identity endpoint is required; clients may not be able to authenticate against an admin endpoint
May 27 09:54:29.842363 dv-neutron-843489-1-hyperv devstack@n-api.service[102653]: WARNING keystonemiddleware.auth_token [None req-ca64f10b-4801-4b2f-92c3-203522f22419 None None] AuthToken middleware is set with keystone_authtoken.service_token_roles_required set to False. This is backwards compatible but deprecated behaviour. Please set this to True.
May 27 09:54:29.848228 dv-neutron-843489-1-hyperv devstack@n-api.service[102653]: WARNING keystonemiddleware.auth_token [None req-ca64f10b-4801-4b2f-92c3-203522f22419 None None] Configuring www_authenticate_uri to point to the public identity endpoint is required; clients may not be able to authenticate against an admin endpoint
May 27 09:54:29.854334 dv-neutron-843489-1-hyperv devstack@n-api.service[102653]: WSGI app 0 (mountpoint='') ready in 6 seconds on interpreter 0x562644eb99c0 pid: 102653 (default app)
May 27 09:54:29.856420 dv-neutron-843489-1-hyperv devstack@n-api.service[102653]: DEBUG nova.api.openstack.wsgi [None req-ca64f10b-4801-4b2f-92c3-203522f22419 None None] Calling method '>' {{(pid=102653) _process_stack /opt/stack/nova/nova/api/openstack/wsgi.py:513}}
May 27 09:54:29.857577 dv-neutron-843489-1-hyperv devstack@n-api.service[102653]: INFO nova.api.openstack.requestlog [None req-ca64f10b-4801-4b2f-92c3-203522f22419 None None] 10.222.0.58 "GET /compute/v2.1/" status: 200 len: 388 microversion: 2.1 time: 0.001732
May 27 09:54:29.857990 dv-neutron-843489-1-hyperv devstack@n-api.service[102653]: [pid: 102653|app: 0|req: 1/1] 10.222.0.58 () {50 vars in 788 bytes} [Fri May 27 09:54:29 2022] GET /compute/v2.1/ => generated 388 bytes in 3 msecs (HTTP/1.1 200) 9 headers in 357 bytes (1 switches on core 0)
May 27 09:54:29.863686 dv-neutron-843489-1-hyperv devstack@n-api.service[102652]: WARNING keystonemiddleware.auth_token [None req-d8c5c27f-1b49-494a-9a3f-911a2826a3ff None None] AuthToken middleware is set with keystone_authtoken.service_token_roles_required set to False. This is backwards compatible but deprecated behaviour. Please set this to True.
May 27 09:54:29.868897 dv-neutron-843489-1-hyperv devstack@n-api.service[102652]: WARNING keystonemiddleware.auth_token [None req-d8c5c27f-1b49-494a-9a3f-911a2826a3ff None None] Configuring www_authenticate_uri to point to the public identity endpoint is required; clients may not be able to authenticate against an admin endpoint
May 27 09:54:29.875075 dv-neutron-843489-1-hyperv devstack@n-api.service[102652]: WSGI app 0 (mountpoint='') ready in 6 seconds on interpreter 0x562644eb99c0 pid: 102652 (default app)
May 27 09:55:52.054068 dv-neutron-843489-1-hyperv devstack@n-api.service[102653]: DEBUG nova.api.openstack.wsgi [None req-ca64f10b-4801-4b2f-92c3-203522f22419 None None] Calling method '>' {{(pid=102653) _process_stack /opt/stack/nova/nova/api/openstack/wsgi.py:513}}
May 27 09:55:52.055461 dv-neutron-843489-1-hyperv devstack@n-api.service[102653]: INFO nova.api.openstack.requestlog [None req-ca64f10b-4801-4b2f-92c3-203522f22419 None None] 10.222.0.58 "GET /compute/v2.1" status: 200 len: 388 microversion: 2.1 time: 0.001801
May 27 09:55:52.056206 dv-neutron-843489-1-hyperv devstack@n-api.service[102653]: [pid: 102653|app: 0|req: 2/2] 10.222.0.58 () {54 vars in 930 bytes} [Fri May 27 09:55:52 2022] GET /compute/v2.1 => generated 388 bytes in 3 msecs (HTTP/1.1 200) 9 headers in 357 bytes (1 switches on core 0)
May 27 09:55:52.489649 dv-neutron-843489-1-hyperv devstack@n-api.service[102652]: DEBUG nova.api.openstack.wsgi [None req-8a79a87b-c003-42f7-9f80-9ad226074ed4 admin admin] Calling method '>' {{(pid=102652) _process_stack /opt/stack/nova/nova/api/openstack/wsgi.py:513}}
May 27 09:55:52.519157 dv-neutron-843489-1-hyperv devstack@n-api.service[102652]: INFO nova.api.openstack.requestlog [None req-8a79a87b-c003-42f7-9f80-9ad226074ed4 admin admin] 10.222.0.58 "GET /compute/v2.1/flavors/detail?is_public=True" status: 200 len: 15 microversion: 2.61 time: 0.453186
May 27 09:55:52.519886 dv-neutron-843489-1-hyperv devstack@n-api.service[102652]: [pid: 102652|app: 0|req: 1/3] 10.222.0.58 () {60 vars in 1291 bytes} [Fri May 27 09:55:52 2022] GET /compute/v2.1/flavors/detail?is_public=True => generated 15 bytes in 455 msecs (HTTP/1.1 200) 9 headers in 358 bytes (1 switches on core 0)
May 27 09:55:54.749176 dv-neutron-843489-1-hyperv devstack@n-api.service[102653]: DEBUG nova.api.openstack.wsgi [None req-ca64f10b-4801-4b2f-92c3-203522f22419 None None] Calling method '>' {{(pid=102653) _process_stack /opt/stack/nova/nova/api/openstack/wsgi.py:513}}
May 27 09:55:54.750757 dv-neutron-843489-1-hyperv devstack@n-api.service[102653]: INFO nova.api.openstack.requestlog [None req-ca64f10b-4801-4b2f-92c3-203522f22419 None None] 10.222.0.58 "GET /compute/v2.1" status: 200 len: 388 microversion: 2.1 time: 0.001528
May 27 09:55:54.751546 dv-neutron-843489-1-hyperv devstack@n-api.service[102653]: [pid: 102653|app: 0|req: 3/4] 10.222.0.58 () {54 vars in 930 bytes} [Fri May 27 09:55:54 2022] GET /compute/v2.1 => generated 388 bytes in 3 msecs (HTTP/1.1 200) 9 headers in 357 bytes (1 switches on core 0)
May 27 09:55:54.811204 dv-neutron-843489-1-hyperv devstack@n-api.service[102652]: DEBUG nova.api.openstack.wsgi [None req-3c7fcce0-3183-4488-9030-6f1ac89afe7c admin admin] Action: 'create', calling method: >, body: {"flavor": {"os-flavor-access:is_public": true, "ram": 256, "rxtx_factor": 1.0, "vcpus": 1, "swap": 0, "id": "c1", "OS-FLV-EXT-DATA:ephemeral": 0, "name": "cirros256", "disk": 1}} {{(pid=102652) _process_stack /opt/stack/nova/nova/api/openstack/wsgi.py:511}}
May 27 09:55:54.829500 dv-neutron-843489-1-hyperv devstack@n-api.service[102652]: /usr/local/lib/python3.8/dist-packages/oslo_policy/policy.py:1075: UserWarning: Policy os_compute_api:os-flavor-manage:create failed scope check. The token used to make the request was project scoped but the policy requires ['system'] scope. This behavior may change in the future where using the intended scope is required
May 27 09:55:54.829500 dv-neutron-843489-1-hyperv devstack@n-api.service[102652]: warnings.warn(msg)
May 27 09:55:54.907493 dv-neutron-843489-1-hyperv devstack@n-api.service[102652]: INFO nova.api.openstack.requestlog [None req-3c7fcce0-3183-4488-9030-6f1ac89afe7c admin admin] 10.222.0.58 "POST /compute/v2.1/flavors" status: 200 len: 407 microversion: 2.61 time: 0.148518
May 27 09:55:54.916361 dv-neutron-843489-1-hyperv devstack@n-api.service[102652]: [pid: 102652|app: 0|req: 2/5] 10.222.0.58 () {64 vars in 1282 bytes} [Fri May 27 09:55:54 2022] POST /compute/v2.1/flavors => generated 407 bytes in 154 msecs (HTTP/1.1 200) 9 headers in 359 bytes (1 switches on core 0)
May 27 09:55:55.134459 dv-neutron-843489-1-hyperv devstack@n-api.service[102653]: DEBUG nova.api.openstack.wsgi [None req-ad3f29d9-4472-4ae1-ac3a-26b0a8e10787 admin admin] Action: 'create', calling method: >, body: {"extra_specs": {"hw_rng:allowed": "True"}} {{(pid=102653) _process_stack /opt/stack/nova/nova/api/openstack/wsgi.py:511}}
May 27 09:55:55.136826 dv-neutron-843489-1-hyperv devstack@n-api.service[102653]: /usr/local/lib/python3.8/dist-packages/oslo_policy/policy.py:1075: UserWarning: Policy os_compute_api:os-flavor-extra-specs:create failed scope check. The token used to make the request was project scoped but the policy requires ['system'] scope. This behavior may change in the future where using the intended scope is required
May 27 09:55:55.136826 dv-neutron-843489-1-hyperv devstack@n-api.service[102653]: warnings.warn(msg)
May 27 09:55:55.242039 dv-neutron-843489-1-hyperv devstack@n-api.service[102653]: INFO nova.api.openstack.requestlog [None req-ad3f29d9-4472-4ae1-ac3a-26b0a8e10787 admin admin] 10.222.0.58 "POST /compute/v2.1/flavors/c1/os-extra_specs" status: 200 len: 43 microversion: 2.61 time: 0.323914
May 27 09:55:55.242540 dv-neutron-843489-1-hyperv devstack@n-api.service[102653]: [pid: 102653|app: 0|req: 4/6] 10.222.0.58 () {64 vars in 1335 bytes} [Fri May 27 09:55:54 2022] POST /compute/v2.1/flavors/c1/os-extra_specs => generated 43 bytes in 325 msecs (HTTP/1.1 200) 9 headers in 358 bytes (1 switches on core 0)
May 27 09:55:57.485872 dv-neutron-843489-1-hyperv devstack@n-api.service[102652]: DEBUG nova.api.openstack.wsgi [None req-3c7fcce0-3183-4488-9030-6f1ac89afe7c admin admin] Calling method '>' {{(pid=102652) _process_stack /opt/stack/nova/nova/api/openstack/wsgi.py:513}}
May 27 09:55:57.486914 dv-neutron-843489-1-hyperv devstack@n-api.service[102652]: INFO nova.api.openstack.requestlog [None req-3c7fcce0-3183-4488-9030-6f1ac89afe7c admin admin] 10.222.0.58 "GET /compute/v2.1" status: 200 len: 388 microversion: 2.1 time: 0.001444
May 27 09:55:57.487511 dv-neutron-843489-1-hyperv devstack@n-api.service[102652]: [pid: 102652|app: 0|req: 3/7] 10.222.0.58 () {54 vars in 930 bytes} [Fri May 27 09:55:57 2022] GET /compute/v2.1 => generated 388 bytes in 3 msecs (HTTP/1.1 200) 9 headers in 357 bytes (1 switches on core 0)
May 27 09:55:57.599652 dv-neutron-843489-1-hyperv devstack@n-api.service[102653]: DEBUG nova.api.openstack.wsgi [None req-8b09bbad-7bc5-4abf-a20e-bba5f31af1f6 admin admin] Action: 'create', calling method: >, body: {"flavor": {"os-flavor-access:is_public": true, "vcpus": 1, "id": "d1", "rxtx_factor": 1.0, "swap": 0, "OS-FLV-EXT-DATA:ephemeral": 0, "disk": 5, "name": "ds512M", "ram": 512}} {{(pid=102653) _process_stack /opt/stack/nova/nova/api/openstack/wsgi.py:511}}
May 27 09:55:57.618235 dv-neutron-843489-1-hyperv devstack@n-api.service[102653]: /usr/local/lib/python3.8/dist-packages/oslo_policy/policy.py:1075: UserWarning: Policy os_compute_api:os-flavor-manage:create failed scope check. The token used to make the request was project scoped but the policy requires ['system'] scope. This behavior may change in the future where using the intended scope is required
May 27 09:55:57.618235 dv-neutron-843489-1-hyperv devstack@n-api.service[102653]: warnings.warn(msg)
May 27 09:55:57.687562 dv-neutron-843489-1-hyperv devstack@n-api.service[102653]: INFO nova.api.openstack.requestlog [None req-8b09bbad-7bc5-4abf-a20e-bba5f31af1f6 admin admin] 10.222.0.58 "POST /compute/v2.1/flavors" status: 200 len: 404 microversion: 2.61 time: 0.193830
May 27 09:55:57.688880 dv-neutron-843489-1-hyperv devstack@n-api.service[102653]: [pid: 102653|app: 0|req: 5/8] 10.222.0.58 () {64 vars in 1282 bytes} [Fri May 27 09:55:57 2022] POST /compute/v2.1/flavors => generated 404 bytes in 196 msecs (HTTP/1.1 200) 9 headers in 359 bytes (2 switches on core 0)
May 27 09:55:57.703708 dv-neutron-843489-1-hyperv devstack@n-api.service[102652]: DEBUG nova.api.openstack.wsgi [None req-ae37b6e1-e8cf-41a5-a60e-1caf56866bc3 admin admin] Action: 'create', calling method: >, body: {"extra_specs": {"hw_rng:allowed": "True"}} {{(pid=102652) _process_stack /opt/stack/nova/nova/api/openstack/wsgi.py:511}}
May 27 09:55:57.705208 dv-neutron-843489-1-hyperv devstack@n-api.service[102652]: /usr/local/lib/python3.8/dist-packages/oslo_policy/policy.py:1075: UserWarning: Policy os_compute_api:os-flavor-extra-specs:create failed scope check. The token used to make the request was project scoped but the policy requires ['system'] scope. This behavior may change in the future where using the intended scope is required
May 27 09:55:57.705208 dv-neutron-843489-1-hyperv devstack@n-api.service[102652]: warnings.warn(msg)
May 27 09:55:57.776043 dv-neutron-843489-1-hyperv devstack@n-api.service[102652]: INFO nova.api.openstack.requestlog [None req-ae37b6e1-e8cf-41a5-a60e-1caf56866bc3 admin admin] 10.222.0.58 "POST /compute/v2.1/flavors/d1/os-extra_specs" status: 200 len: 43 microversion: 2.61 time: 0.077132
May 27 09:55:57.776587 dv-neutron-843489-1-hyperv devstack@n-api.service[102652]: [pid: 102652|app: 0|req: 4/9] 10.222.0.58 () {64 vars in 1335 bytes} [Fri May 27 09:55:57 2022] POST /compute/v2.1/flavors/d1/os-extra_specs => generated 43 bytes in 79 msecs (HTTP/1.1 200) 9 headers in 358 bytes (1 switches on core 0)
May 27 09:56:00.105708 dv-neutron-843489-1-hyperv devstack@n-api.service[102653]: DEBUG nova.api.openstack.wsgi [None req-8b09bbad-7bc5-4abf-a20e-bba5f31af1f6 admin admin] Calling method '>' {{(pid=102653) _process_stack /opt/stack/nova/nova/api/openstack/wsgi.py:513}}
May 27 09:56:00.107630 dv-neutron-843489-1-hyperv devstack@n-api.service[102653]: INFO nova.api.openstack.requestlog [None req-8b09bbad-7bc5-4abf-a20e-bba5f31af1f6 admin admin] 10.222.0.58 "GET /compute/v2.1" status: 200 len: 388 microversion: 2.1 time: 0.002358
May 27 09:56:00.109995 dv-neutron-843489-1-hyperv devstack@n-api.service[102653]: [pid: 102653|app: 0|req: 6/10] 10.222.0.58 () {54 vars in 930 bytes} [Fri May 27 09:56:00 2022] GET /compute/v2.1 => generated 388 bytes in 4 msecs (HTTP/1.1 200) 9 headers in 357 bytes (1 switches on core 0)
May 27 09:56:00.173536 dv-neutron-843489-1-hyperv devstack@n-api.service[102652]: DEBUG nova.api.openstack.wsgi [None req-6790b232-5a49-4f3c-8f38-749e8ceee816 admin admin] Action: 'create', calling method: >, body: {"flavor": {"OS-FLV-EXT-DATA:ephemeral": 0, "os-flavor-access:is_public": true, "swap": 0, "vcpus": 1, "name": "ds1G", "id": "d2", "rxtx_factor": 1.0, "disk": 10, "ram": 1024}} {{(pid=102652) _process_stack /opt/stack/nova/nova/api/openstack/wsgi.py:511}}
May 27 09:56:00.242587 dv-neutron-843489-1-hyperv devstack@n-api.service[102652]: INFO nova.api.openstack.requestlog [None req-6790b232-5a49-4f3c-8f38-749e8ceee816 admin admin] 10.222.0.58 "POST /compute/v2.1/flavors" status: 200 len: 404 microversion: 2.61 time: 0.126643
May 27 09:56:00.257477 dv-neutron-843489-1-hyperv devstack@n-api.service[102653]: DEBUG nova.api.openstack.wsgi [None req-05c72f20-997c-499c-af9a-885d9792bff7 admin admin] Action: 'create', calling method: >, body: {"extra_specs": {"hw_rng:allowed": "True"}} {{(pid=102653) _process_stack /opt/stack/nova/nova/api/openstack/wsgi.py:511}}
May 27 09:56:00.263636 dv-neutron-843489-1-hyperv devstack@n-api.service[102652]: [pid: 102652|app: 0|req: 5/11] 10.222.0.58 () {64 vars in 1282 bytes} [Fri May 27 09:56:00 2022] POST /compute/v2.1/flavors => generated 404 bytes in 146 msecs (HTTP/1.1 200) 9 headers in 359 bytes (1 switches on core 0)
May 27 09:56:00.388578 dv-neutron-843489-1-hyperv devstack@n-api.service[102653]: INFO nova.api.openstack.requestlog [None req-05c72f20-997c-499c-af9a-885d9792bff7 admin admin] 10.222.0.58 "POST /compute/v2.1/flavors/d2/os-extra_specs" status: 200 len: 43 microversion: 2.61 time: 0.134446
May 27 09:56:00.390152 dv-neutron-843489-1-hyperv devstack@n-api.service[102653]: [pid: 102653|app: 0|req: 7/12] 10.222.0.58 () {64 vars in 1335 bytes} [Fri May 27 09:56:00 2022] POST /compute/v2.1/flavors/d2/os-extra_specs => generated 43 bytes in 137 msecs (HTTP/1.1 200) 9 headers in 358 bytes (1 switches on core 0)
May 27 09:56:02.748974 dv-neutron-843489-1-hyperv devstack@n-api.service[102652]: DEBUG nova.api.openstack.wsgi [None req-6790b232-5a49-4f3c-8f38-749e8ceee816 admin admin] Calling method '>' {{(pid=102652) _process_stack /opt/stack/nova/nova/api/openstack/wsgi.py:513}}
May 27 09:56:02.750684 dv-neutron-843489-1-hyperv devstack@n-api.service[102652]: INFO nova.api.openstack.requestlog [None req-6790b232-5a49-4f3c-8f38-749e8ceee816 admin admin] 10.222.0.58 "GET /compute/v2.1" status: 200 len: 388 microversion: 2.1 time: 0.002174
May 27 09:56:02.751578 dv-neutron-843489-1-hyperv devstack@n-api.service[102652]: [pid: 102652|app: 0|req: 6/13] 10.222.0.58 () {54 vars in 930 bytes} [Fri May 27 09:56:02 2022] GET /compute/v2.1 => generated 388 bytes in 3 msecs (HTTP/1.1 200) 9 headers in 357 bytes (1 switches on core 0)
May 27 09:56:02.813548 dv-neutron-843489-1-hyperv devstack@n-api.service[102653]: DEBUG nova.api.openstack.wsgi [None req-faf5bded-a4c4-4c12-882b-fce74aae40e2 admin admin] Action: 'create', calling method: >, body: {"flavor": {"ram": 2048, "id": "d3", "rxtx_factor": 1.0, "swap": 0, "os-flavor-access:is_public": true, "disk": 10, "OS-FLV-EXT-DATA:ephemeral": 0, "name": "ds2G", "vcpus": 2}} {{(pid=102653) _process_stack /opt/stack/nova/nova/api/openstack/wsgi.py:511}}
May 27 09:56:02.904592 dv-neutron-843489-1-hyperv devstack@n-api.service[102653]: INFO nova.api.openstack.requestlog [None req-faf5bded-a4c4-4c12-882b-fce74aae40e2 admin admin] 10.222.0.58 "POST /compute/v2.1/flavors" status: 200 len: 404 microversion: 2.61 time: 0.146224
May 27 09:56:02.913080 dv-neutron-843489-1-hyperv devstack@n-api.service[102653]: [pid: 102653|app: 0|req: 8/14] 10.222.0.58 () {64 vars in 1282 bytes} [Fri May 27 09:56:02 2022] POST /compute/v2.1/flavors => generated 404 bytes in 155 msecs (HTTP/1.1 200) 9 headers in 359 bytes (1 switches on core 0)
May 27 09:56:02.920459 dv-neutron-843489-1-hyperv devstack@n-api.service[102652]: DEBUG nova.api.openstack.wsgi [None req-f8789775-2d91-432f-a779-a9c5fe97c5ac admin admin] Action: 'create', calling method: >, body: {"extra_specs": {"hw_rng:allowed": "True"}} {{(pid=102652) _process_stack /opt/stack/nova/nova/api/openstack/wsgi.py:511}}
May 27 09:56:03.005041 dv-neutron-843489-1-hyperv devstack@n-api.service[102652]: INFO nova.api.openstack.requestlog [None req-f8789775-2d91-432f-a779-a9c5fe97c5ac admin admin] 10.222.0.58 "POST /compute/v2.1/flavors/d3/os-extra_specs" status: 200 len: 43 microversion: 2.61 time: 0.088269
May 27 09:56:03.014421 dv-neutron-843489-1-hyperv devstack@n-api.service[102652]: [pid: 102652|app: 0|req: 7/15] 10.222.0.58 () {64 vars in 1335 bytes} [Fri May 27 09:56:02 2022] POST /compute/v2.1/flavors/d3/os-extra_specs => generated 43 bytes in 92 msecs (HTTP/1.1 200) 9 headers in 358 bytes (1 switches on core 0)
May 27 09:56:05.342232 dv-neutron-843489-1-hyperv devstack@n-api.service[102653]: DEBUG nova.api.openstack.wsgi [None req-faf5bded-a4c4-4c12-882b-fce74aae40e2 admin admin] Calling method '>' {{(pid=102653) _process_stack /opt/stack/nova/nova/api/openstack/wsgi.py:513}}
May 27 09:56:05.343219 dv-neutron-843489-1-hyperv devstack@n-api.service[102653]: INFO nova.api.openstack.requestlog [None req-faf5bded-a4c4-4c12-882b-fce74aae40e2 admin admin] 10.222.0.58 "GET /compute/v2.1" status: 200 len: 388 microversion: 2.1 time: 0.001447
May 27 09:56:05.343895 dv-neutron-843489-1-hyperv devstack@n-api.service[102653]: [pid: 102653|app: 0|req: 9/16] 10.222.0.58 () {54 vars in 930 bytes} [Fri May 27 09:56:05 2022] GET /compute/v2.1 => generated 388 bytes in 3 msecs (HTTP/1.1 200) 9 headers in 357 bytes (1 switches on core 0)
May 27 09:56:05.426129 dv-neutron-843489-1-hyperv devstack@n-api.service[102652]: DEBUG nova.api.openstack.wsgi [None req-7badee1f-fe1e-4399-a4a2-5a6cec4d68ff admin admin] Action: 'create', calling method: >, body: {"flavor": {"OS-FLV-EXT-DATA:ephemeral": 0, "vcpus": 4, "id": "d4", "rxtx_factor": 1.0, "os-flavor-access:is_public": true, "disk": 20, "ram": 4096, "name": "ds4G", "swap": 0}} {{(pid=102652) _process_stack /opt/stack/nova/nova/api/openstack/wsgi.py:511}}
May 27 09:56:05.530452 dv-neutron-843489-1-hyperv devstack@n-api.service[102652]: INFO nova.api.openstack.requestlog [None req-7badee1f-fe1e-4399-a4a2-5a6cec4d68ff admin admin] 10.222.0.58 "POST /compute/v2.1/flavors" status: 200 len: 404 microversion: 2.61 time: 0.178993
May 27 09:56:05.531692 dv-neutron-843489-1-hyperv devstack@n-api.service[102652]: [pid: 102652|app: 0|req: 8/17] 10.222.0.58 () {64 vars in 1282 bytes} [Fri May 27 09:56:05 2022] POST /compute/v2.1/flavors => generated 404 bytes in 181 msecs (HTTP/1.1 200) 9 headers in 359 bytes (1 switches on core 0)
May 27 09:56:05.554619 dv-neutron-843489-1-hyperv devstack@n-api.service[102653]: DEBUG nova.api.openstack.wsgi [None req-5757f99d-ffb4-43e1-b017-83dbee1a1683 admin admin] Action: 'create', calling method: >, body: {"extra_specs": {"hw_rng:allowed": "True"}} {{(pid=102653) _process_stack /opt/stack/nova/nova/api/openstack/wsgi.py:511}}
May 27 09:56:05.644249 dv-neutron-843489-1-hyperv devstack@n-api.service[102653]: INFO nova.api.openstack.requestlog [None req-5757f99d-ffb4-43e1-b017-83dbee1a1683 admin admin] 10.222.0.58 "POST /compute/v2.1/flavors/d4/os-extra_specs" status: 200 len: 43 microversion: 2.61 time: 0.101135
May 27 09:56:05.644825 dv-neutron-843489-1-hyperv devstack@n-api.service[102653]: [pid: 102653|app: 0|req: 10/18] 10.222.0.58 () {64 vars in 1335 bytes} [Fri May 27 09:56:05 2022] POST /compute/v2.1/flavors/d4/os-extra_specs => generated 43 bytes in 102 msecs (HTTP/1.1 200) 9 headers in 358 bytes (1 switches on core 0)
May 27 09:56:07.932453 dv-neutron-843489-1-hyperv devstack@n-api.service[102652]: DEBUG nova.api.openstack.wsgi [None req-7badee1f-fe1e-4399-a4a2-5a6cec4d68ff admin admin] Calling method '>' {{(pid=102652) _process_stack /opt/stack/nova/nova/api/openstack/wsgi.py:513}}
May 27 09:56:07.934073 dv-neutron-843489-1-hyperv devstack@n-api.service[102652]: INFO nova.api.openstack.requestlog [None req-7badee1f-fe1e-4399-a4a2-5a6cec4d68ff admin admin] 10.222.0.58 "GET /compute/v2.1" status: 200 len: 388 microversion: 2.1 time: 0.002081
May 27 09:56:07.949112 dv-neutron-843489-1-hyperv devstack@n-api.service[102652]: [pid: 102652|app: 0|req: 9/19] 10.222.0.58 () {54 vars in 930 bytes} [Fri May 27 09:56:07 2022] GET /compute/v2.1 => generated 388 bytes in 16 msecs (HTTP/1.1 200) 9 headers in 357 bytes (1 switches on core 0)
May 27 09:56:08.012563 dv-neutron-843489-1-hyperv devstack@n-api.service[102653]: DEBUG nova.api.openstack.wsgi [None req-052bbafa-06be-41cf-8cd8-c753bfd2f263 admin admin] Calling method '>' {{(pid=102653) _process_stack /opt/stack/nova/nova/api/openstack/wsgi.py:513}}
May 27 09:56:08.042159 dv-neutron-843489-1-hyperv devstack@n-api.service[102653]: INFO nova.api.openstack.requestlog [None req-052bbafa-06be-41cf-8cd8-c753bfd2f263 admin admin] 10.222.0.58 "GET /compute/v2.1/flavors/detail?is_public=True" status: 200 len: 2106 microversion: 2.61 time: 0.099215
May 27 09:56:08.056517 dv-neutron-843489-1-hyperv devstack@n-api.service[102653]: [pid: 102653|app: 0|req: 11/20] 10.222.0.58 () {60 vars in 1291 bytes} [Fri May 27 09:56:07 2022] GET /compute/v2.1/flavors/detail?is_public=True => generated 2106 bytes in 114 msecs (HTTP/1.1 200) 9 headers in 360 bytes (2 switches on core 0)
May 27 09:56:10.340323 dv-neutron-843489-1-hyperv devstack@n-api.service[102652]: DEBUG nova.api.openstack.wsgi [None req-7badee1f-fe1e-4399-a4a2-5a6cec4d68ff admin admin] Calling method '>' {{(pid=102652) _process_stack /opt/stack/nova/nova/api/openstack/wsgi.py:513}}
May 27 09:56:10.341884 dv-neutron-843489-1-hyperv devstack@n-api.service[102652]: INFO nova.api.openstack.requestlog [None req-7badee1f-fe1e-4399-a4a2-5a6cec4d68ff admin admin] 10.222.0.58 "GET /compute/v2.1" status: 200 len: 388 microversion: 2.1 time: 0.002074
May 27 09:56:10.348286 dv-neutron-843489-1-hyperv devstack@n-api.service[102652]: [pid: 102652|app: 0|req: 10/21] 10.222.0.58 () {54 vars in 930 bytes} [Fri May 27 09:56:10 2022] GET /compute/v2.1 => generated 388 bytes in 9 msecs (HTTP/1.1 200) 9 headers in 357 bytes (1 switches on core 0)
May 27 09:56:10.404764 dv-neutron-843489-1-hyperv devstack@n-api.service[102653]: DEBUG nova.api.openstack.wsgi [None req-7f49a7ff-6b00-4997-888c-fe83a525c10c admin admin] Action: 'create', calling method: >, body: {"flavor": {"id": "1", "ram": 512, "OS-FLV-EXT-DATA:ephemeral": 0, "name": "m1.tiny", "rxtx_factor": 1.0, "os-flavor-access:is_public": true, "swap": 0, "disk": 1, "vcpus": 1}} {{(pid=102653) _process_stack /opt/stack/nova/nova/api/openstack/wsgi.py:511}}
May 27 09:56:10.475440 dv-neutron-843489-1-hyperv devstack@n-api.service[102653]: INFO nova.api.openstack.requestlog [None req-7f49a7ff-6b00-4997-888c-fe83a525c10c admin admin] 10.222.0.58 "POST /compute/v2.1/flavors" status: 200 len: 402 microversion: 2.61 time: 0.125959
May 27 09:56:10.476308 dv-neutron-843489-1-hyperv devstack@n-api.service[102653]: [pid: 102653|app: 0|req: 12/22] 10.222.0.58 () {64 vars in 1282 bytes} [Fri May 27 09:56:10 2022] POST /compute/v2.1/flavors => generated 402 bytes in 128 msecs (HTTP/1.1 200) 9 headers in 359 bytes (1 switches on core 0)
May 27 09:56:10.489645 dv-neutron-843489-1-hyperv devstack@n-api.service[102652]: DEBUG nova.api.openstack.wsgi [None req-5eb1ff47-5258-47de-a7b0-3876121e6031 admin admin] Action: 'create', calling method: >, body: {"extra_specs": {"hw_rng:allowed": "True"}} {{(pid=102652) _process_stack /opt/stack/nova/nova/api/openstack/wsgi.py:511}}
May 27 09:56:10.565892 dv-neutron-843489-1-hyperv devstack@n-api.service[102652]: INFO nova.api.openstack.requestlog [None req-5eb1ff47-5258-47de-a7b0-3876121e6031 admin admin] 10.222.0.58 "POST /compute/v2.1/flavors/1/os-extra_specs" status: 200 len: 43 microversion: 2.61 time: 0.080027
May 27 09:56:10.566580 dv-neutron-843489-1-hyperv devstack@n-api.service[102652]: [pid: 102652|app: 0|req: 11/23] 10.222.0.58 () {64 vars in 1332 bytes} [Fri May 27 09:56:10 2022] POST /compute/v2.1/flavors/1/os-extra_specs => generated 43 bytes in 82 msecs (HTTP/1.1 200) 9 headers in 358 bytes (1 switches on core 0)
May 27 09:56:13.197611 dv-neutron-843489-1-hyperv devstack@n-api.service[102653]: DEBUG nova.api.openstack.wsgi [None req-7f49a7ff-6b00-4997-888c-fe83a525c10c admin admin] Calling method '>' {{(pid=102653) _process_stack /opt/stack/nova/nova/api/openstack/wsgi.py:513}}
May 27 09:56:13.198660 dv-neutron-843489-1-hyperv devstack@n-api.service[102653]: INFO nova.api.openstack.requestlog [None req-7f49a7ff-6b00-4997-888c-fe83a525c10c admin admin] 10.222.0.58 "GET /compute/v2.1" status: 200 len: 388 microversion: 2.1 time: 0.001511
May 27 09:56:13.199063 dv-neutron-843489-1-hyperv devstack@n-api.service[102653]: [pid: 102653|app: 0|req: 13/24] 10.222.0.58 () {54 vars in 930 bytes} [Fri May 27 09:56:13 2022] GET /compute/v2.1 => generated 388 bytes in 2 msecs (HTTP/1.1 200) 9 headers in 357 bytes (1 switches on core 0)
May 27 09:56:13.297232 dv-neutron-843489-1-hyperv devstack@n-api.service[102652]: DEBUG nova.api.openstack.wsgi [None req-f62d9637-fa62-49c1-b4ea-51c53b3b9a6f admin admin] Action: 'create', calling method: >, body: {"flavor": {"name": "m1.small", "ram": 2048, "OS-FLV-EXT-DATA:ephemeral": 0, "disk": 20, "swap": 0, "rxtx_factor": 1.0, "id": "2", "os-flavor-access:is_public": true, "vcpus": 1}} {{(pid=102652) _process_stack /opt/stack/nova/nova/api/openstack/wsgi.py:511}}
May 27 09:56:13.386687 dv-neutron-843489-1-hyperv devstack@n-api.service[102652]: INFO nova.api.openstack.requestlog [None req-f62d9637-fa62-49c1-b4ea-51c53b3b9a6f admin admin] 10.222.0.58 "POST /compute/v2.1/flavors" status: 200 len: 405 microversion: 2.61 time: 0.180674
May 27 09:56:13.387450 dv-neutron-843489-1-hyperv devstack@n-api.service[102652]: [pid: 102652|app: 0|req: 12/25] 10.222.0.58 () {64 vars in 1282 bytes} [Fri May 27 09:56:13 2022] POST /compute/v2.1/flavors => generated 405 bytes in 182 msecs (HTTP/1.1 200) 9 headers in 359 bytes (2 switches on core 0)
May 27 09:56:13.402154 dv-neutron-843489-1-hyperv devstack@n-api.service[102653]: DEBUG nova.api.openstack.wsgi [None req-727c2829-bfd3-4a12-85bb-07701e1fdeea admin admin] Action: 'create', calling method: >, body: {"extra_specs": {"hw_rng:allowed": "True"}} {{(pid=102653) _process_stack /opt/stack/nova/nova/api/openstack/wsgi.py:511}}
May 27 09:56:13.530889 dv-neutron-843489-1-hyperv devstack@n-api.service[102653]: INFO nova.api.openstack.requestlog [None req-727c2829-bfd3-4a12-85bb-07701e1fdeea admin admin] 10.222.0.58 "POST /compute/v2.1/flavors/2/os-extra_specs" status: 200 len: 43 microversion: 2.61 time: 0.132843
May 27 09:56:13.531719 dv-neutron-843489-1-hyperv devstack@n-api.service[102653]: [pid: 102653|app: 0|req: 14/26] 10.222.0.58 () {64 vars in 1332 bytes} [Fri May 27 09:56:13 2022] POST /compute/v2.1/flavors/2/os-extra_specs => generated 43 bytes in 135 msecs (HTTP/1.1 200) 9 headers in 358 bytes (1 switches on core 0)
May 27 09:56:15.827488 dv-neutron-843489-1-hyperv devstack@n-api.service[102652]: DEBUG nova.api.openstack.wsgi [None req-f62d9637-fa62-49c1-b4ea-51c53b3b9a6f admin admin] Calling method '>' {{(pid=102652) _process_stack /opt/stack/nova/nova/api/openstack/wsgi.py:513}}
May 27 09:56:15.828556 dv-neutron-843489-1-hyperv devstack@n-api.service[102652]: INFO nova.api.openstack.requestlog [None req-f62d9637-fa62-49c1-b4ea-51c53b3b9a6f admin admin] 10.222.0.58 "GET /compute/v2.1" status: 200 len: 388 microversion: 2.1 time: 0.002016
May 27 09:56:15.828954 dv-neutron-843489-1-hyperv devstack@n-api.service[102652]: [pid: 102652|app: 0|req: 13/27] 10.222.0.58 () {54 vars in 930 bytes} [Fri May 27 09:56:15 2022] GET /compute/v2.1 => generated 388 bytes in 3 msecs (HTTP/1.1 200) 9 headers in 357 bytes (1 switches on core 0)
May 27 09:56:15.888346 dv-neutron-843489-1-hyperv devstack@n-api.service[102653]: DEBUG nova.api.openstack.wsgi [None req-41f5e2ff-d252-41d0-bfd5-f9250f0dd81c admin admin] Action: 'create', calling method: >, body: {"flavor": {"rxtx_factor": 1.0, "ram": 4096, "swap": 0, "os-flavor-access:is_public": true, "vcpus": 2, "OS-FLV-EXT-DATA:ephemeral": 0, "disk": 40, "id": "3", "name": "m1.medium"}} {{(pid=102653) _process_stack /opt/stack/nova/nova/api/openstack/wsgi.py:511}}
May 27 09:56:15.978574 dv-neutron-843489-1-hyperv devstack@n-api.service[102653]: INFO nova.api.openstack.requestlog [None req-41f5e2ff-d252-41d0-bfd5-f9250f0dd81c admin admin] 10.222.0.58 "POST /compute/v2.1/flavors" status: 200 len: 406 microversion: 2.61 time: 0.143092
May 27 09:56:15.979213 dv-neutron-843489-1-hyperv devstack@n-api.service[102653]: [pid: 102653|app: 0|req: 15/28] 10.222.0.58 () {64 vars in 1282 bytes} [Fri May 27 09:56:15 2022] POST /compute/v2.1/flavors => generated 406 bytes in 144 msecs (HTTP/1.1 200) 9 headers in 359 bytes (2 switches on core 0)
May 27 09:56:15.991771 dv-neutron-843489-1-hyperv devstack@n-api.service[102652]: DEBUG nova.api.openstack.wsgi [None req-e626604b-afa1-40b0-8bec-b0b9c697d2d1 admin admin] Action: 'create', calling method: >, body: {"extra_specs": {"hw_rng:allowed": "True"}} {{(pid=102652) _process_stack /opt/stack/nova/nova/api/openstack/wsgi.py:511}}
May 27 09:56:16.062050 dv-neutron-843489-1-hyperv devstack@n-api.service[102652]: INFO nova.api.openstack.requestlog [None req-e626604b-afa1-40b0-8bec-b0b9c697d2d1 admin admin] 10.222.0.58 "POST /compute/v2.1/flavors/3/os-extra_specs" status: 200 len: 43 microversion: 2.61 time: 0.073649
May 27 09:56:16.062792 dv-neutron-843489-1-hyperv devstack@n-api.service[102652]: [pid: 102652|app: 0|req: 14/29] 10.222.0.58 () {64 vars in 1332 bytes} [Fri May 27 09:56:15 2022] POST /compute/v2.1/flavors/3/os-extra_specs => generated 43 bytes in 75 msecs (HTTP/1.1 200) 9 headers in 358 bytes (1 switches on core 0)
May 27 09:56:18.279713 dv-neutron-843489-1-hyperv devstack@n-api.service[102653]: DEBUG nova.api.openstack.wsgi [None req-41f5e2ff-d252-41d0-bfd5-f9250f0dd81c admin admin] Calling method '>' {{(pid=102653) _process_stack /opt/stack/nova/nova/api/openstack/wsgi.py:513}}
May 27 09:56:18.281462 dv-neutron-843489-1-hyperv devstack@n-api.service[102653]: INFO nova.api.openstack.requestlog [None req-41f5e2ff-d252-41d0-bfd5-f9250f0dd81c admin admin] 10.222.0.58 "GET /compute/v2.1" status: 200 len: 388 microversion: 2.1 time: 0.002175
May 27 09:56:18.281933 dv-neutron-843489-1-hyperv devstack@n-api.service[102653]: [pid: 102653|app: 0|req: 16/30] 10.222.0.58 () {54 vars in 930 bytes} [Fri May 27 09:56:18 2022] GET /compute/v2.1 => generated 388 bytes in 3 msecs (HTTP/1.1 200) 9 headers in 357 bytes (1 switches on core 0)
May 27 09:56:18.340218 dv-neutron-843489-1-hyperv devstack@n-api.service[102652]: DEBUG nova.api.openstack.wsgi [None req-97dc7c7d-ba17-4cf7-89de-8260069b9221 admin admin] Action: 'create', calling method: >, body: {"flavor": {"os-flavor-access:is_public": true, "swap": 0, "disk": 80, "name": "m1.large", "id": "4", "OS-FLV-EXT-DATA:ephemeral": 0, "vcpus": 4, "rxtx_factor": 1.0, "ram": 8192}} {{(pid=102652) _process_stack /opt/stack/nova/nova/api/openstack/wsgi.py:511}}
May 27 09:56:18.394718 dv-neutron-843489-1-hyperv devstack@n-api.service[102652]: INFO nova.api.openstack.requestlog [None req-97dc7c7d-ba17-4cf7-89de-8260069b9221 admin admin] 10.222.0.58 "POST /compute/v2.1/flavors" status: 200 len: 405 microversion: 2.61 time: 0.106313
May 27 09:56:18.395293 dv-neutron-843489-1-hyperv devstack@n-api.service[102652]: [pid: 102652|app: 0|req: 15/31] 10.222.0.58 () {64 vars in 1282 bytes} [Fri May 27 09:56:18 2022] POST /compute/v2.1/flavors => generated 405 bytes in 108 msecs (HTTP/1.1 200) 9 headers in 359 bytes (1 switches on core 0)
May 27 09:56:18.407883 dv-neutron-843489-1-hyperv devstack@n-api.service[102653]: DEBUG nova.api.openstack.wsgi [None req-ffe323e4-7a70-4db6-ac2b-6270db9ae5c6 admin admin] Action: 'create', calling method: >, body: {"extra_specs": {"hw_rng:allowed": "True"}} {{(pid=102653) _process_stack /opt/stack/nova/nova/api/openstack/wsgi.py:511}}
May 27 09:56:18.488875 dv-neutron-843489-1-hyperv devstack@n-api.service[102653]: INFO nova.api.openstack.requestlog [None req-ffe323e4-7a70-4db6-ac2b-6270db9ae5c6 admin admin] 10.222.0.58 "POST /compute/v2.1/flavors/4/os-extra_specs" status: 200 len: 43 microversion: 2.61 time: 0.084684
May 27 09:56:18.489519 dv-neutron-843489-1-hyperv devstack@n-api.service[102653]: [pid: 102653|app: 0|req: 17/32] 10.222.0.58 () {64 vars in 1332 bytes} [Fri May 27 09:56:18 2022] POST /compute/v2.1/flavors/4/os-extra_specs => generated 43 bytes in 86 msecs (HTTP/1.1 200) 9 headers in 358 bytes (2 switches on core 0)
May 27 09:56:20.696244 dv-neutron-843489-1-hyperv devstack@n-api.service[102652]: DEBUG nova.api.openstack.wsgi [None req-97dc7c7d-ba17-4cf7-89de-8260069b9221 admin admin] Calling method '>' {{(pid=102652) _process_stack /opt/stack/nova/nova/api/openstack/wsgi.py:513}}
May 27 09:56:20.701572 dv-neutron-843489-1-hyperv devstack@n-api.service[102652]: INFO nova.api.openstack.requestlog [None req-97dc7c7d-ba17-4cf7-89de-8260069b9221 admin admin] 10.222.0.58 "GET /compute/v2.1" status: 200 len: 388 microversion: 2.1 time: 0.001484
May 27 09:56:20.701572 dv-neutron-843489-1-hyperv devstack@n-api.service[102652]: [pid: 102652|app: 0|req: 16/33] 10.222.0.58 () {54 vars in 930 bytes} [Fri May 27 09:56:20 2022] GET /compute/v2.1 => generated 388 bytes in 2 msecs (HTTP/1.1 200) 9 headers in 357 bytes (2 switches on core 0)
May 27 09:56:20.755448 dv-neutron-843489-1-hyperv devstack@n-api.service[102653]: DEBUG nova.api.openstack.wsgi [None req-cc072cc1-f05d-44ad-8f27-694860f1913d admin admin] Action: 'create', calling method: >, body: {"flavor": {"vcpus": 8, "OS-FLV-EXT-DATA:ephemeral": 0, "ram": 16384, "os-flavor-access:is_public": true, "name": "m1.xlarge", "rxtx_factor": 1.0, "disk": 160, "swap": 0, "id": "5"}} {{(pid=102653) _process_stack /opt/stack/nova/nova/api/openstack/wsgi.py:511}}
May 27 09:56:20.827556 dv-neutron-843489-1-hyperv devstack@n-api.service[102653]: INFO nova.api.openstack.requestlog [None req-cc072cc1-f05d-44ad-8f27-694860f1913d admin admin] 10.222.0.58 "POST /compute/v2.1/flavors" status: 200 len: 408 microversion: 2.61 time: 0.123340
May 27 09:56:20.828128 dv-neutron-843489-1-hyperv devstack@n-api.service[102653]: [pid: 102653|app: 0|req: 18/34] 10.222.0.58 () {64 vars in 1282 bytes} [Fri May 27 09:56:20 2022] POST /compute/v2.1/flavors => generated 408 bytes in 124 msecs (HTTP/1.1 200) 9 headers in 359 bytes (1 switches on core 0)
May 27 09:56:20.843690 dv-neutron-843489-1-hyperv devstack@n-api.service[102652]: DEBUG nova.api.openstack.wsgi [None req-4b0f2fe7-47a6-483f-9c62-5afffe81d78c admin admin] Action: 'create', calling method: >, body: {"extra_specs": {"hw_rng:allowed": "True"}} {{(pid=102652) _process_stack /opt/stack/nova/nova/api/openstack/wsgi.py:511}}
May 27 09:56:20.928647 dv-neutron-843489-1-hyperv devstack@n-api.service[102652]: INFO nova.api.openstack.requestlog [None req-4b0f2fe7-47a6-483f-9c62-5afffe81d78c admin admin] 10.222.0.58 "POST /compute/v2.1/flavors/5/os-extra_specs" status: 200 len: 43 microversion: 2.61 time: 0.091699
May 27 09:56:20.929257 dv-neutron-843489-1-hyperv devstack@n-api.service[102652]: [pid: 102652|app: 0|req: 17/35] 10.222.0.58 () {64 vars in 1332 bytes} [Fri May 27 09:56:20 2022] POST /compute/v2.1/flavors/5/os-extra_specs => generated 43 bytes in 93 msecs (HTTP/1.1 200) 9 headers in 358 bytes (1 switches on core 0)
May 27 09:57:04.526317 dv-neutron-843489-1-hyperv devstack@n-api.service[102653]: DEBUG nova.api.openstack.wsgi [None req-cc072cc1-f05d-44ad-8f27-694860f1913d admin admin] Calling method '>' {{(pid=102653) _process_stack /opt/stack/nova/nova/api/openstack/wsgi.py:513}}
May 27 09:57:04.527356 dv-neutron-843489-1-hyperv devstack@n-api.service[102653]: INFO nova.api.openstack.requestlog [None req-cc072cc1-f05d-44ad-8f27-694860f1913d admin admin] 10.222.0.58 "GET /compute/v2.1" status: 200 len: 388 microversion: 2.1 time: 0.001471
May 27 09:57:04.527780 dv-neutron-843489-1-hyperv devstack@n-api.service[102653]: [pid: 102653|app: 0|req: 19/36] 10.222.0.58 () {54 vars in 930 bytes} [Fri May 27 09:57:04 2022] GET /compute/v2.1 => generated 388 bytes in 2 msecs (HTTP/1.1 200) 9 headers in 357 bytes (1 switches on core 0)
May 27 09:57:04.586603 dv-neutron-843489-1-hyperv devstack@n-api.service[102652]: DEBUG nova.api.openstack.wsgi [None req-ac1e3647-f8f8-415c-905d-ba4f27ec228a admin admin] Calling method '>' {{(pid=102652) _process_stack /opt/stack/nova/nova/api/openstack/wsgi.py:513}}
May 27 09:57:04.603800 dv-neutron-843489-1-hyperv devstack@n-api.service[102652]: INFO nova.api.openstack.requestlog [None req-ac1e3647-f8f8-415c-905d-ba4f27ec228a admin admin] 10.222.0.58 "GET /compute/v2.1/flavors/detail?is_public=True" status: 200 len: 4202 microversion: 2.61 time: 0.067528
May 27 09:57:04.604361 dv-neutron-843489-1-hyperv devstack@n-api.service[102652]: [pid: 102652|app: 0|req: 18/37] 10.222.0.58 () {60 vars in 1291 bytes} [Fri May 27 09:57:04 2022] GET /compute/v2.1/flavors/detail?is_public=True => generated 4202 bytes in 69 msecs (HTTP/1.1 200) 9 headers in 360 bytes (1 switches on core 0)
May 27 09:57:06.057127 dv-neutron-843489-1-hyperv devstack@n-api.service[102653]: DEBUG nova.api.openstack.wsgi [None req-cc072cc1-f05d-44ad-8f27-694860f1913d admin admin] Calling method '>' {{(pid=102653) _process_stack /opt/stack/nova/nova/api/openstack/wsgi.py:513}}
May 27 09:57:06.058136 dv-neutron-843489-1-hyperv devstack@n-api.service[102653]: INFO nova.api.openstack.requestlog [None req-cc072cc1-f05d-44ad-8f27-694860f1913d admin admin] 10.222.0.58 "GET /compute/v2.1" status: 200 len: 388 microversion: 2.1 time: 0.001417
May 27 09:57:06.058531 dv-neutron-843489-1-hyperv devstack@n-api.service[102653]: [pid: 102653|app: 0|req: 20/38] 10.222.0.58 () {56 vars in 1074 bytes} [Fri May 27 09:57:06 2022] GET /compute/v2.1 => generated 388 bytes in 2 msecs (HTTP/1.1 200) 9 headers in 357 bytes (1 switches on core 0)
