May 26 16:03:47.476216 dv-neutron-843481-1-hyperv neutron-server[102812]: DEBUG neutron_lib.callbacks.manager [None req-8e9f0e47-69aa-4fc9-bb7a-48465578a29c tempest-PortsAdminExtendedAttrsTestJSON-385168135 tempest-PortsAdminExtendedAttrsTestJSON-385168135-project] Notify callbacks ['neutron.plugins.ml2.plugin.Ml2Plugin._network_delete_after_delete_handler-1456310', 'neutron.plugins.ml2.ovo_rpc._ObjectChangeHandler.handle_event-1609496', 'neutron.api.rpc.agentnotifiers.dhcp_rpc_agent_api.DhcpAgentNotifyAPI._native_event_send_dhcp_notification-1616539', 'neutron.services.l3_router.l3_router_plugin.DVRResourceOperationHandler.delete_fip_namespaces_for_ext_net-1645563'] for network, after_delete {{(pid=102812) _notify_loop /usr/local/lib/python3.8/dist-packages/neutron_lib/callbacks/manager.py:192}}
May 26 16:03:47.495823 dv-neutron-843481-1-hyperv neutron-server[102811]: INFO neutron.wsgi [req-74e23521-a742-469e-8ea2-85d4a0cb61d2 req-3b8dd8dd-18d2-4336-ab09-c3d54d537bf6 tempest-ServersTestJSON-300627848 tempest-ServersTestJSON-300627848-project] 10.222.0.86 "GET /v2.0/security-groups?id=d9e73f9a-8945-4db7-bba5-debbe342ba53&fields=id&fields=name HTTP/1.1" status: 200 len: 313 time: 0.5301986
May 26 16:03:47.496446 dv-neutron-843481-1-hyperv neutron-server[102811]: DEBUG neutron_lib.callbacks.manager [req-24cc6675-0fe6-4a45-b88b-6a69d7afb531 req-01a9845b-d0fc-410d-bc06-5c6918c9a51c service neutron] Notify callbacks ['neutron.plugins.ml2.plugin.SecurityGroupServerNotifierRpcMixin._notify_sg_on_port_change-1466202', 'neutron.plugins.ml2.ovo_rpc._ObjectChangeHandler.handle_event-2071552', 'neutron.api.rpc.agentnotifiers.dhcp_rpc_agent_api.DhcpAgentNotifyAPI._native_event_send_dhcp_notification-1616539', 'neutron.db.l3_db.L3RpcNotifierMixin._notify_gateway_port_ip_changed-8755524699513', 'neutron.db.l3_dvrscheduler_db._notify_l3_agent_port_update-8755524206978', 'neutron.db.l3_hascheduler_db._notify_l3_agent_ha_port_update-8755524215336', 'neutron.services.segments.plugin.NovaSegmentNotifier._notify_port_updated-9608934'] for port, after_update {{(pid=102811) _notify_loop /usr/local/lib/python3.8/dist-packages/neutron_lib/callbacks/manager.py:192}}
May 26 16:03:47.504969 dv-neutron-843481-1-hyperv neutron-server[102812]: DEBUG neutron_lib.callbacks.manager [None req-8e9f0e47-69aa-4fc9-bb7a-48465578a29c tempest-PortsAdminExtendedAttrsTestJSON-385168135 tempest-PortsAdminExtendedAttrsTestJSON-385168135-project] Notify callbacks ['neutron.api.rpc.agentnotifiers.dhcp_rpc_agent_api.DhcpAgentNotifyAPI._send_dhcp_notification-1616629'] for network, before_response {{(pid=102812) _notify_loop /usr/local/lib/python3.8/dist-packages/neutron_lib/callbacks/manager.py:192}}
May 26 16:03:47.530038 dv-neutron-843481-1-hyperv neutron-server[102812]: INFO neutron.wsgi [None req-8e9f0e47-69aa-4fc9-bb7a-48465578a29c tempest-PortsAdminExtendedAttrsTestJSON-385168135 tempest-PortsAdminExtendedAttrsTestJSON-385168135-project] 10.222.0.86 "DELETE /v2.0/networks/9c82679f-eb10-49c9-87c7-460382aa7179 HTTP/1.1" status: 204 len: 168 time: 1.0527437
May 26 16:03:47.607521 dv-neutron-843481-1-hyperv neutron-server[102812]: INFO neutron.services.segments.plugin [-] Segment 853932b6-93e8-47bd-8af9-18edef486e46 resource provider aggregate not found
May 26 16:03:47.625889 dv-neutron-843481-1-hyperv neutron-server[102812]: DEBUG neutron.plugins.ml2.drivers.mech_agent [req-643e4fee-0f0f-4b5b-bf94-9929efacfb36 req-4d02a536-0723-4cf0-bccf-98b6b533e6b3 service neutron] Port afaeb053-4887-45e1-8df7-7052d5a1f446 on network 9dab04ec-c564-4008-b9cd-419bb139a2ad not bound, no agent of type Open vSwitch agent registered on host hv-neutron-8434 {{(pid=102812) bind_port /opt/stack/neutron/neutron/plugins/ml2/drivers/mech_agent.py:103}}
May 26 16:03:47.626208 dv-neutron-843481-1-hyperv neutron-server[102812]: DEBUG neutron.plugins.ml2.drivers.mech_agent [req-643e4fee-0f0f-4b5b-bf94-9929efacfb36 req-4d02a536-0723-4cf0-bccf-98b6b533e6b3 service neutron] Attempting to bind port afaeb053-4887-45e1-8df7-7052d5a1f446 on network 9dab04ec-c564-4008-b9cd-419bb139a2ad {{(pid=102812) bind_port /opt/stack/neutron/neutron/plugins/ml2/drivers/mech_agent.py:91}}
May 26 16:03:47.643595 dv-neutron-843481-1-hyperv neutron-server[102811]: DEBUG neutron_lib.callbacks.manager [None req-450c8db7-dc3b-4e26-a5ce-72d8c395483d tempest-RoutersAdminTest-449480422 tempest-RoutersAdminTest-449480422-project] Notify callbacks [] for router_gateway, before_delete {{(pid=102811) _notify_loop /usr/local/lib/python3.8/dist-packages/neutron_lib/callbacks/manager.py:192}}
May 26 16:03:47.649996 dv-neutron-843481-1-hyperv neutron-server[102812]: DEBUG neutron.api.rpc.handlers.resources_rpc [None req-8e9f0e47-69aa-4fc9-bb7a-48465578a29c tempest-PortsAdminExtendedAttrsTestJSON-385168135 tempest-PortsAdminExtendedAttrsTestJSON-385168135-project] Pushing event deleted for resources: {'Network': ['ID=9c82679f-eb10-49c9-87c7-460382aa7179,revision_number=None']} {{(pid=102812) push /opt/stack/neutron/neutron/api/rpc/handlers/resources_rpc.py:237}}
May 26 16:03:47.659178 dv-neutron-843481-1-hyperv neutron-server[102812]: DEBUG neutron.plugins.ml2.drivers.mech_agent [req-643e4fee-0f0f-4b5b-bf94-9929efacfb36 req-4d02a536-0723-4cf0-bccf-98b6b533e6b3 service neutron] Checking agent: {'id': 'fb888081-44a7-4c4d-b516-c3faabf9433a', 'agent_type': 'HyperV agent', 'binary': 'neutron-hyperv-agent', 'topic': 'N/A', 'host': 'hv-neutron-8434', 'admin_state_up': True, 'created_at': datetime.datetime(2022, 5, 26, 16, 1, 25), 'started_at': datetime.datetime(2022, 5, 26, 16, 1, 25), 'heartbeat_timestamp': datetime.datetime(2022, 5, 26, 16, 3, 25), 'description': None, 'resources_synced': None, 'availability_zone': None, 'alive': True, 'configurations': {'vswitch_mappings': {'physnet1$': 'br-data'}}, 'resource_versions': {}} {{(pid=102812) bind_port /opt/stack/neutron/neutron/plugins/ml2/drivers/mech_agent.py:110}}
May 26 16:03:47.659544 dv-neutron-843481-1-hyperv neutron-server[102812]: DEBUG neutron.plugins.ml2.drivers.mech_agent [req-643e4fee-0f0f-4b5b-bf94-9929efacfb36 req-4d02a536-0723-4cf0-bccf-98b6b533e6b3 service neutron] Checking segment: {'id': 'b200aea5-e49a-4a90-9016-51bbc3322719', 'network_type': 'vlan', 'physical_network': 'physnet1', 'segmentation_id': 397, 'network_id': '9dab04ec-c564-4008-b9cd-419bb139a2ad'} for mappings: {'physnet1$': 'br-data'} with network types: ['local', 'flat', 'vlan'] {{(pid=102812) check_segment_for_agent /opt/stack/neutron/neutron/plugins/ml2/drivers/mech_agent.py:360}}
May 26 16:03:47.660098 dv-neutron-843481-1-hyperv neutron-server[102812]: DEBUG neutron.plugins.ml2.drivers.mech_agent [req-643e4fee-0f0f-4b5b-bf94-9929efacfb36 req-4d02a536-0723-4cf0-bccf-98b6b533e6b3 service neutron] Bound using segment: {'id': 'b200aea5-e49a-4a90-9016-51bbc3322719', 'network_type': 'vlan', 'physical_network': 'physnet1', 'segmentation_id': 397, 'network_id': '9dab04ec-c564-4008-b9cd-419bb139a2ad'} {{(pid=102812) bind_port /opt/stack/neutron/neutron/plugins/ml2/drivers/mech_agent.py:120}}
May 26 16:03:47.660581 dv-neutron-843481-1-hyperv neutron-server[102812]: DEBUG neutron.plugins.ml2.managers [req-643e4fee-0f0f-4b5b-bf94-9929efacfb36 req-4d02a536-0723-4cf0-bccf-98b6b533e6b3 service neutron] Bound port: afaeb053-4887-45e1-8df7-7052d5a1f446, host: hv-neutron-8434, vif_type: hyperv, vif_details: {"connectivity": "legacy", "port_filter": false}, binding_levels: [{'bound_driver': 'hyperv', 'bound_segment': {'id': 'b200aea5-e49a-4a90-9016-51bbc3322719', 'network_type': 'vlan', 'physical_network': 'physnet1', 'segmentation_id': 397, 'network_id': '9dab04ec-c564-4008-b9cd-419bb139a2ad'}}] {{(pid=102812) _bind_port_level /opt/stack/neutron/neutron/plugins/ml2/managers.py:928}}
May 26 16:03:47.660941 dv-neutron-843481-1-hyperv neutron-server[102812]: DEBUG neutron_lib.callbacks.manager [req-643e4fee-0f0f-4b5b-bf94-9929efacfb36 req-4d02a536-0723-4cf0-bccf-98b6b533e6b3 service neutron] Notify callbacks ['neutron.plugins.ml2.plugin.SecurityGroupDbMixin._ensure_default_security_group_handler-1466141'] for port, before_update {{(pid=102812) _notify_loop /usr/local/lib/python3.8/dist-packages/neutron_lib/callbacks/manager.py:192}}
May 26 16:03:47.673838 dv-neutron-843481-1-hyperv neutron-server[102812]: INFO neutron.services.segments.plugin [-] Segment 853932b6-93e8-47bd-8af9-18edef486e46 resource provider not found; error: Placement Client Error (4xx): {"errors": [{"status": 404, "title": "Not Found", "detail": "The resource could not be found.\n\n No resource provider with uuid 853932b6-93e8-47bd-8af9-18edef486e46 found for delete ", "request_id": "req-c4c199aa-86cf-4fac-a606-4fc5cafa5051"}]}
May 26 16:03:47.708807 dv-neutron-843481-1-hyperv neutron-server[102812]: DEBUG neutron_lib.callbacks.manager [None req-4bd892c6-584b-4e63-87bf-81cfe739af56 tempest-RoutersIpV6AdminTest-1132551563 tempest-RoutersIpV6AdminTest-1132551563-project-admin] Notify callbacks ['neutron.plugins.ml2.ovo_rpc._ObjectChangeHandler.handle_event-1609496', 'neutron.api.rpc.agentnotifiers.dhcp_rpc_agent_api.DhcpAgentNotifyAPI._native_event_send_dhcp_notification-1616539'] for network, after_create {{(pid=102812) _notify_loop /usr/local/lib/python3.8/dist-packages/neutron_lib/callbacks/manager.py:192}}
May 26 16:03:47.709819 dv-neutron-843481-1-hyperv neutron-server[102812]: DEBUG neutron.pecan_wsgi.hooks.policy_enforcement [None req-4bd892c6-584b-4e63-87bf-81cfe739af56 tempest-RoutersIpV6AdminTest-1132551563 tempest-RoutersIpV6AdminTest-1132551563-project-admin] Attributes excluded by policy engine: ['standard_attr_id', 'vlan_transparent'] {{(pid=102812) _exclude_attributes_by_policy /opt/stack/neutron/neutron/pecan_wsgi/hooks/policy_enforcement.py:259}}
May 26 16:03:47.710444 dv-neutron-843481-1-hyperv neutron-server[102812]: DEBUG neutron_lib.callbacks.manager [None req-4bd892c6-584b-4e63-87bf-81cfe739af56 tempest-RoutersIpV6AdminTest-1132551563 tempest-RoutersIpV6AdminTest-1132551563-project-admin] Notify callbacks ['neutron.api.rpc.agentnotifiers.dhcp_rpc_agent_api.DhcpAgentNotifyAPI._send_dhcp_notification-1616629'] for network, before_response {{(pid=102812) _notify_loop /usr/local/lib/python3.8/dist-packages/neutron_lib/callbacks/manager.py:192}}
May 26 16:03:47.716326 dv-neutron-843481-1-hyperv neutron-server[102812]: INFO neutron.services.segments.plugin [-] Segment 0b2ba3d0-172d-4f50-9025-3e8a1cf1ca75 resource provider aggregate not found
May 26 16:03:47.753186 dv-neutron-843481-1-hyperv neutron-server[102811]: DEBUG neutron_lib.callbacks.manager [None req-8a5ecc76-5243-4e1f-814b-805af8948313 tempest-FloatingIPAdminTestJSON-539625121 tempest-FloatingIPAdminTestJSON-539625121-project] Notify callbacks ['neutron.plugins.ml2.plugin.SecurityGroupDbMixin._ensure_default_security_group_handler-1466141'] for port, before_update {{(pid=102811) _notify_loop /usr/local/lib/python3.8/dist-packages/neutron_lib/callbacks/manager.py:192}}
May 26 16:03:47.797528 dv-neutron-843481-1-hyperv neutron-server[102812]: INFO neutron.services.segments.plugin [-] Segment 0b2ba3d0-172d-4f50-9025-3e8a1cf1ca75 resource provider not found; error: Placement Client Error (4xx): {"errors": [{"status": 404, "title": "Not Found", "detail": "The resource could not be found.\n\n No resource provider with uuid 0b2ba3d0-172d-4f50-9025-3e8a1cf1ca75 found for delete ", "request_id": "req-3aaa7f9b-1fdb-437f-8fb8-faa0a512d633"}]}
May 26 16:03:47.927335 dv-neutron-843481-1-hyperv neutron-server[102812]: INFO neutron.wsgi [None req-4bd892c6-584b-4e63-87bf-81cfe739af56 tempest-RoutersIpV6AdminTest-1132551563 tempest-RoutersIpV6AdminTest-1132551563-project-admin] 10.222.0.86 "POST /v2.0/networks HTTP/1.1" status: 201 len: 875 time: 2.2979155
May 26 16:03:47.935910 dv-neutron-843481-1-hyperv neutron-server[102812]: DEBUG neutron.wsgi [-] (102812) accepted ('10.222.0.86', 45966) {{(pid=102812) server /usr/local/lib/python3.8/dist-packages/eventlet/wsgi.py:982}}
May 26 16:03:47.943930 dv-neutron-843481-1-hyperv neutron-server[102812]: DEBUG neutron.api.v2.base [None req-d2f1e2a1-5ffe-4b5f-86b3-8a84cca759cb tempest-RoutersIpV6AdminTest-1132551563 tempest-RoutersIpV6AdminTest-1132551563-project-admin] Request body: {'subnet': {'network_id': '13be8120-a4d7-4be0-a264-7967bcad990f', 'cidr': '2001:db8::/64', 'ip_version': 6, 'gateway_ip': '2001:db8::1', 'enable_dhcp': False}} {{(pid=102812) prepare_request_body /opt/stack/neutron/neutron/api/v2/base.py:729}}
May 26 16:03:47.952494 dv-neutron-843481-1-hyperv neutron-server[102811]: DEBUG neutron.plugins.ml2.plugin [None req-bca16514-12e2-44fd-a3b2-5bcff326b6b1 tempest-AllowedAddressPairTestJSON-1547671540 tempest-AllowedAddressPairTestJSON-1547671540-project] In _notify_port_updated(), no bound segment for port 48362e14-2a70-435d-b5e1-116cd42161c4 on network a2d8b5d2-2146-4b45-91bc-0f51e30f6102 {{(pid=102811) _notify_port_updated /opt/stack/neutron/neutron/plugins/ml2/plugin.py:879}}
May 26 16:03:47.976850 dv-neutron-843481-1-hyperv neutron-server[102811]: DEBUG neutron.pecan_wsgi.hooks.policy_enforcement [None req-bca16514-12e2-44fd-a3b2-5bcff326b6b1 tempest-AllowedAddressPairTestJSON-1547671540 tempest-AllowedAddressPairTestJSON-1547671540-project] Attributes excluded by policy engine: ['standard_attr_id', 'binding:profile', 'binding:host_id', 'binding:vif_type', 'binding:vif_details'] {{(pid=102811) _exclude_attributes_by_policy /opt/stack/neutron/neutron/pecan_wsgi/hooks/policy_enforcement.py:259}}
May 26 16:03:47.978311 dv-neutron-843481-1-hyperv neutron-server[102811]: DEBUG neutron_lib.callbacks.manager [None req-bca16514-12e2-44fd-a3b2-5bcff326b6b1 tempest-AllowedAddressPairTestJSON-1547671540 tempest-AllowedAddressPairTestJSON-1547671540-project] Notify callbacks ['neutron.notifiers.nova.Notifier._send_nova_notification-2008476'] for port, before_response {{(pid=102811) _notify_loop /usr/local/lib/python3.8/dist-packages/neutron_lib/callbacks/manager.py:192}}
May 26 16:03:47.986706 dv-neutron-843481-1-hyperv neutron-server[102811]: INFO neutron.wsgi [None req-bca16514-12e2-44fd-a3b2-5bcff326b6b1 tempest-AllowedAddressPairTestJSON-1547671540 tempest-AllowedAddressPairTestJSON-1547671540-project] 10.222.0.86 "PUT /v2.0/ports/48362e14-2a70-435d-b5e1-116cd42161c4 HTTP/1.1" status: 200 len: 995 time: 2.1747808
May 26 16:03:47.990978 dv-neutron-843481-1-hyperv neutron-server[102812]: DEBUG neutron.wsgi [-] (102812) accepted ('10.222.0.86', 45968) {{(pid=102812) server /usr/local/lib/python3.8/dist-packages/eventlet/wsgi.py:982}}
May 26 16:03:48.055866 dv-neutron-843481-1-hyperv neutron-server[102812]: DEBUG neutron.wsgi [-] (102812) accepted ('10.222.0.86', 45970) {{(pid=102812) server /usr/local/lib/python3.8/dist-packages/eventlet/wsgi.py:982}}
May 26 16:03:48.167227 dv-neutron-843481-1-hyperv neutron-server[102812]: DEBUG neutron.api.rpc.handlers.resources_rpc [None req-4bd892c6-584b-4e63-87bf-81cfe739af56 tempest-RoutersIpV6AdminTest-1132551563 tempest-RoutersIpV6AdminTest-1132551563-project-admin] Pushing event updated for resources: {'Network': ['ID=13be8120-a4d7-4be0-a264-7967bcad990f,revision_number=1']} {{(pid=102812) push /opt/stack/neutron/neutron/api/rpc/handlers/resources_rpc.py:237}}
May 26 16:03:48.178923 dv-neutron-843481-1-hyperv neutron-server[102813]: DEBUG neutron.plugins.ml2.rpc [None req-83ae84f1-971e-4225-8cfe-bfa26a3a61a8 None None] Network 13be8120-a4d7-4be0-a264-7967bcad990f details requested by agent ovs-agent-dv-neutron-843481-1-hyperv with host dv-neutron-843481-1-hyperv {{(pid=102813) get_network_details /opt/stack/neutron/neutron/plugins/ml2/rpc.py:248}}
May 26 16:03:48.198444 dv-neutron-843481-1-hyperv neutron-server[102812]: DEBUG neutron.pecan_wsgi.hooks.policy_enforcement [req-c3236624-1f64-454d-a6b3-8177e8d0a6e8 req-7593b7e7-7031-4dad-bca4-f7f6194dd181 tempest-ServerActionsTestJSON-104867668 tempest-ServerActionsTestJSON-104867668-project] Attributes excluded by policy engine: ['standard_attr_id', 'binding:profile', 'binding:host_id', 'binding:vif_type', 'binding:vif_details'] {{(pid=102812) _exclude_attributes_by_policy /opt/stack/neutron/neutron/pecan_wsgi/hooks/policy_enforcement.py:259}}
May 26 16:03:48.210287 dv-neutron-843481-1-hyperv neutron-server[102811]: DEBUG neutron.api.rpc.handlers.resources_rpc [None req-bca16514-12e2-44fd-a3b2-5bcff326b6b1 tempest-AllowedAddressPairTestJSON-1547671540 tempest-AllowedAddressPairTestJSON-1547671540-project] Pushing event updated for resources: {'Port': ['ID=48362e14-2a70-435d-b5e1-116cd42161c4,revision_number=2']} {{(pid=102811) push /opt/stack/neutron/neutron/api/rpc/handlers/resources_rpc.py:237}}
May 26 16:03:48.216414 dv-neutron-843481-1-hyperv neutron-server[102812]: INFO neutron.wsgi [req-c3236624-1f64-454d-a6b3-8177e8d0a6e8 req-7593b7e7-7031-4dad-bca4-f7f6194dd181 tempest-ServerActionsTestJSON-104867668 tempest-ServerActionsTestJSON-104867668-project] 10.222.0.86 "GET /v2.0/ports?device_id=415e9376-0ab1-4667-b03b-e6c860bc12e4 HTTP/1.1" status: 200 len: 944 time: 0.5700848
May 26 16:03:48.224975 dv-neutron-843481-1-hyperv neutron-server[102811]: DEBUG neutron.wsgi [-] (102811) accepted ('10.222.0.86', 45974) {{(pid=102811) server /usr/local/lib/python3.8/dist-packages/eventlet/wsgi.py:982}}
May 26 16:03:48.287627 dv-neutron-843481-1-hyperv neutron-server[102812]: DEBUG neutron.plugins.ml2.db [req-643e4fee-0f0f-4b5b-bf94-9929efacfb36 req-4d02a536-0723-4cf0-bccf-98b6b533e6b3 service neutron] For port afaeb053-4887-45e1-8df7-7052d5a1f446, host hv-neutron-8434, cleared binding levels {{(pid=102812) clear_binding_levels /opt/stack/neutron/neutron/plugins/ml2/db.py:87}}
May 26 16:03:48.402523 dv-neutron-843481-1-hyperv neutron-server[102812]: DEBUG neutron.plugins.ml2.db [req-643e4fee-0f0f-4b5b-bf94-9929efacfb36 req-4d02a536-0723-4cf0-bccf-98b6b533e6b3 service neutron] For port afaeb053-4887-45e1-8df7-7052d5a1f446, host hv-neutron-8434, set binding levels [PortBindingLevel(driver='hyperv',host='hv-neutron-8434',level=0,port_id=afaeb053-4887-45e1-8df7-7052d5a1f446,segment=NetworkSegment(b200aea5-e49a-4a90-9016-51bbc3322719),segment_id=b200aea5-e49a-4a90-9016-51bbc3322719)] {{(pid=102812) set_binding_levels /opt/stack/neutron/neutron/plugins/ml2/db.py:59}}
May 26 16:03:48.406214 dv-neutron-843481-1-hyperv neutron-server[102812]: DEBUG neutron.pecan_wsgi.hooks.quota_enforcement [None req-d2f1e2a1-5ffe-4b5f-86b3-8a84cca759cb tempest-RoutersIpV6AdminTest-1132551563 tempest-RoutersIpV6AdminTest-1132551563-project-admin] Made reservation on behalf of 766d3d63c5734bc58a628a7608218b10 for: {'subnet': 1} {{(pid=102812) before /opt/stack/neutron/neutron/pecan_wsgi/hooks/quota_enforcement.py:53}}
May 26 16:03:48.408731 dv-neutron-843481-1-hyperv neutron-server[102812]: DEBUG neutron_lib.callbacks.manager [None req-d2f1e2a1-5ffe-4b5f-86b3-8a84cca759cb tempest-RoutersIpV6AdminTest-1132551563 tempest-RoutersIpV6AdminTest-1132551563-project-admin] Notify callbacks ['neutron.services.segments.plugin.SegmentHostRoutes.host_routes_before_create-8417558'] for subnet, before_create {{(pid=102812) _notify_loop /usr/local/lib/python3.8/dist-packages/neutron_lib/callbacks/manager.py:192}}
May 26 16:03:48.414484 dv-neutron-843481-1-hyperv neutron-server[102812]: DEBUG neutron_lib.callbacks.manager [req-643e4fee-0f0f-4b5b-bf94-9929efacfb36 req-4d02a536-0723-4cf0-bccf-98b6b533e6b3 service neutron] Notify callbacks ['neutron.plugins.ml2.plugin.SecurityGroupServerNotifierRpcMixin._notify_sg_on_port_change-1466202', 'neutron.plugins.ml2.ovo_rpc._ObjectChangeHandler.handle_event-2071552', 'neutron.api.rpc.agentnotifiers.dhcp_rpc_agent_api.DhcpAgentNotifyAPI._native_event_send_dhcp_notification-1616539', 'neutron.db.l3_db.L3RpcNotifierMixin._notify_gateway_port_ip_changed-8755524699513', 'neutron.db.l3_dvrscheduler_db._notify_l3_agent_port_update-8755524206978', 'neutron.db.l3_hascheduler_db._notify_l3_agent_ha_port_update-8755524215336', 'neutron.services.segments.plugin.NovaSegmentNotifier._notify_port_updated-10241821'] for port, after_update {{(pid=102812) _notify_loop /usr/local/lib/python3.8/dist-packages/neutron_lib/callbacks/manager.py:192}}
May 26 16:03:48.548673 dv-neutron-843481-1-hyperv neutron-server[102812]: DEBUG neutron.api.rpc.handlers.resources_rpc [None req-4d02a536-0723-4cf0-bccf-98b6b533e6b3 service neutron] Pushing event updated for resources: {'Port': ['ID=afaeb053-4887-45e1-8df7-7052d5a1f446,revision_number=3']} {{(pid=102812) push /opt/stack/neutron/neutron/api/rpc/handlers/resources_rpc.py:237}}
May 26 16:03:48.558644 dv-neutron-843481-1-hyperv neutron-server[102812]: DEBUG neutron.pecan_wsgi.hooks.policy_enforcement [req-643e4fee-0f0f-4b5b-bf94-9929efacfb36 req-4d02a536-0723-4cf0-bccf-98b6b533e6b3 service neutron] Attributes excluded by policy engine: ['standard_attr_id'] {{(pid=102812) _exclude_attributes_by_policy /opt/stack/neutron/neutron/pecan_wsgi/hooks/policy_enforcement.py:259}}
May 26 16:03:48.559314 dv-neutron-843481-1-hyperv neutron-server[102812]: DEBUG neutron_lib.callbacks.manager [req-643e4fee-0f0f-4b5b-bf94-9929efacfb36 req-4d02a536-0723-4cf0-bccf-98b6b533e6b3 service neutron] Notify callbacks ['neutron.notifiers.nova.Notifier._send_nova_notification-2008476'] for port, before_response {{(pid=102812) _notify_loop /usr/local/lib/python3.8/dist-packages/neutron_lib/callbacks/manager.py:192}}
May 26 16:03:48.568929 dv-neutron-843481-1-hyperv neutron-server[102812]: INFO neutron.wsgi [req-643e4fee-0f0f-4b5b-bf94-9929efacfb36 req-4d02a536-0723-4cf0-bccf-98b6b533e6b3 service neutron] 10.222.0.74 "PUT /v2.0/ports/afaeb053-4887-45e1-8df7-7052d5a1f446 HTTP/1.1" status: 200 len: 1094 time: 3.6894293
May 26 16:03:48.574443 dv-neutron-843481-1-hyperv neutron-server[102813]: DEBUG neutron.db.provisioning_blocks [None req-dd854380-b2f1-4f7a-970f-ab853c13c642 None None] Provisioning complete for port 48362e14-2a70-435d-b5e1-116cd42161c4 triggered by entity DHCP. {{(pid=102813) provisioning_complete /opt/stack/neutron/neutron/db/provisioning_blocks.py:139}}
May 26 16:03:48.574808 dv-neutron-843481-1-hyperv neutron-server[102813]: DEBUG neutron_lib.callbacks.manager [None req-dd854380-b2f1-4f7a-970f-ab853c13c642 None None] Notify callbacks ['neutron.plugins.ml2.plugin.Ml2Plugin._port_provisioned-1454241'] for port, provisioning_complete {{(pid=102813) _notify_loop /usr/local/lib/python3.8/dist-packages/neutron_lib/callbacks/manager.py:192}}
May 26 16:03:48.578988 dv-neutron-843481-1-hyperv neutron-server[102812]: DEBUG neutron.notifiers.nova [-] Sending events: [{'name': 'network-changed', 'server_uuid': '415e9376-0ab1-4667-b03b-e6c860bc12e4', 'tag': 'afaeb053-4887-45e1-8df7-7052d5a1f446'}] {{(pid=102812) send_events /opt/stack/neutron/neutron/notifiers/nova.py:271}}
May 26 16:03:48.673407 dv-neutron-843481-1-hyperv neutron-server[102812]: DEBUG neutron_lib.callbacks.manager [None req-98eecda5-2bc6-4043-bec9-f4e2514d054d admin admin] Notify callbacks [] for security_group, before_create {{(pid=102812) _notify_loop /usr/local/lib/python3.8/dist-packages/neutron_lib/callbacks/manager.py:192}}
May 26 16:03:48.699025 dv-neutron-843481-1-hyperv neutron-server[102812]: INFO neutron.wsgi [req-c3236624-1f64-454d-a6b3-8177e8d0a6e8 req-5345ad54-25ff-4d2a-ba92-71ffcb53f473 tempest-ServerActionsTestJSON-104867668 tempest-ServerActionsTestJSON-104867668-project] 10.222.0.86 "GET /v2.0/security-groups?id=327996b1-d4c5-43a9-b069-f2a32358adc5&fields=id&fields=name HTTP/1.1" status: 200 len: 313 time: 0.4726579
May 26 16:03:48.740384 dv-neutron-843481-1-hyperv neutron-server[102813]: DEBUG neutron.plugins.ml2.plugin [None req-dd854380-b2f1-4f7a-970f-ab853c13c642 None None] Port 48362e14-2a70-435d-b5e1-116cd42161c4 cannot update to ACTIVE because it is not bound. {{(pid=102813) _port_provisioned /opt/stack/neutron/neutron/plugins/ml2/plugin.py:339}}
May 26 16:03:48.871807 dv-neutron-843481-1-hyperv neutron-server[102812]: DEBUG novaclient.v2.client [-] REQ: curl -g -i --cacert "/opt/stack/data/ca-bundle.pem" -X POST http://10.222.0.86/compute/v2.1/os-server-external-events -H "Accept: application/json" -H "Content-Type: application/json" -H "User-Agent: python-novaclient" -H "X-Auth-Token: {SHA256}eefb6558c5af241e8a51ed5bf7d0790327b4d19b5bbbcd6596c14683caaf567f" -H "X-OpenStack-Nova-API-Version: 2.1" -H "X-OpenStack-Request-ID: req-3ee5b050-6ce1-43e4-b563-0a6f58a85c2e" -d '{"events": [{"name": "network-changed", "server_uuid": "415e9376-0ab1-4667-b03b-e6c860bc12e4", "tag": "afaeb053-4887-45e1-8df7-7052d5a1f446"}]}' {{(pid=102812) _http_log_request /usr/local/lib/python3.8/dist-packages/keystoneauth1/session.py:519}}
May 26 16:03:48.905317 dv-neutron-843481-1-hyperv neutron-server[102811]: DEBUG neutron.api.rpc.handlers.resources_rpc [None req-01a9845b-d0fc-410d-bc06-5c6918c9a51c service neutron] Pushing event updated for resources: {'Port': ['ID=79b22cb3-3b6f-4aec-ac91-72868e3ff04d,revision_number=2']} {{(pid=102811) push /opt/stack/neutron/neutron/api/rpc/handlers/resources_rpc.py:237}}
May 26 16:03:48.960845 dv-neutron-843481-1-hyperv neutron-server[102811]: DEBUG neutron.plugins.ml2.plugin [None req-450c8db7-dc3b-4e26-a5ce-72d8c395483d tempest-RoutersAdminTest-449480422 tempest-RoutersAdminTest-449480422-project] Deleting port 1cd5f7f3-17a5-4745-9adb-e828a66070e7 {{(pid=102811) _pre_delete_port /opt/stack/neutron/neutron/plugins/ml2/plugin.py:1984}}
May 26 16:03:48.961728 dv-neutron-843481-1-hyperv neutron-server[102811]: DEBUG neutron_lib.callbacks.manager [None req-450c8db7-dc3b-4e26-a5ce-72d8c395483d tempest-RoutersAdminTest-449480422 tempest-RoutersAdminTest-449480422-project] Notify callbacks ['neutron.db.l3_db.L3_NAT_dbonly_mixin._prevent_l3_port_delete_callback-8755524611853'] for port, before_delete {{(pid=102811) _notify_loop /usr/local/lib/python3.8/dist-packages/neutron_lib/callbacks/manager.py:192}}
May 26 16:03:49.051244 dv-neutron-843481-1-hyperv neutron-server[102812]: DEBUG neutron.plugins.ml2.plugin [None req-71cbd575-ebfc-436b-977a-13eb56f3ce7f tempest-AllowedAddressPairTestJSON-1547671540 tempest-AllowedAddressPairTestJSON-1547671540-project] Deleting port 48362e14-2a70-435d-b5e1-116cd42161c4 {{(pid=102812) _pre_delete_port /opt/stack/neutron/neutron/plugins/ml2/plugin.py:1984}}
May 26 16:03:49.051831 dv-neutron-843481-1-hyperv neutron-server[102812]: DEBUG neutron_lib.callbacks.manager [None req-71cbd575-ebfc-436b-977a-13eb56f3ce7f tempest-AllowedAddressPairTestJSON-1547671540 tempest-AllowedAddressPairTestJSON-1547671540-project] Notify callbacks ['neutron.db.l3_db.L3_NAT_dbonly_mixin._prevent_l3_port_delete_callback-8755524611853'] for port, before_delete {{(pid=102812) _notify_loop /usr/local/lib/python3.8/dist-packages/neutron_lib/callbacks/manager.py:192}}
May 26 16:03:49.122652 dv-neutron-843481-1-hyperv neutron-server[102812]: DEBUG neutron.pecan_wsgi.hooks.policy_enforcement [req-643e4fee-0f0f-4b5b-bf94-9929efacfb36 req-08a87225-2c2f-47c1-aeda-0ae97d9bdb50 service neutron] Attributes excluded by policy engine: ['standard_attr_id'] {{(pid=102812) _exclude_attributes_by_policy /opt/stack/neutron/neutron/pecan_wsgi/hooks/policy_enforcement.py:259}}
May 26 16:03:49.126637 dv-neutron-843481-1-hyperv neutron-server[102812]: INFO neutron.wsgi [req-643e4fee-0f0f-4b5b-bf94-9929efacfb36 req-08a87225-2c2f-47c1-aeda-0ae97d9bdb50 service neutron] 10.222.0.74 "GET /v2.0/ports?tenant_id=5b7bf9dfb9934d61a8f395cb6bf41c29&device_id=415e9376-0ab1-4667-b03b-e6c860bc12e4 HTTP/1.1" status: 200 len: 1097 time: 0.4706230
May 26 16:03:49.129595 dv-neutron-843481-1-hyperv neutron-server[102811]: DEBUG neutron.plugins.ml2.managers [req-24cc6675-0fe6-4a45-b88b-6a69d7afb531 req-01a9845b-d0fc-410d-bc06-5c6918c9a51c service neutron] Attempting to bind port 79b22cb3-3b6f-4aec-ac91-72868e3ff04d on host hv-neutron-8434 for vnic_type normal with profile {{(pid=102811) bind_port /opt/stack/neutron/neutron/plugins/ml2/managers.py:790}}
May 26 16:03:49.130030 dv-neutron-843481-1-hyperv neutron-server[102811]: DEBUG neutron.plugins.ml2.managers [req-24cc6675-0fe6-4a45-b88b-6a69d7afb531 req-01a9845b-d0fc-410d-bc06-5c6918c9a51c service neutron] Attempting to bind port 79b22cb3-3b6f-4aec-ac91-72868e3ff04d by drivers openvswitch,hyperv on host hv-neutron-8434 at level 0 using segments [{'id': '58fb69d4-437e-4340-9a4d-76d6ee72d8c4', 'network_type': 'vlan', 'physical_network': 'physnet1', 'segmentation_id': 369, 'network_id': 'aee89f1b-d8f6-4de4-951f-c1d6d2ed558e'}] {{(pid=102811) _bind_port_level /opt/stack/neutron/neutron/plugins/ml2/managers.py:815}}
May 26 16:03:49.130456 dv-neutron-843481-1-hyperv neutron-server[102811]: DEBUG neutron.plugins.ml2.drivers.mech_agent [req-24cc6675-0fe6-4a45-b88b-6a69d7afb531 req-01a9845b-d0fc-410d-bc06-5c6918c9a51c service neutron] Attempting to bind port 79b22cb3-3b6f-4aec-ac91-72868e3ff04d on network aee89f1b-d8f6-4de4-951f-c1d6d2ed558e {{(pid=102811) bind_port /opt/stack/neutron/neutron/plugins/ml2/drivers/mech_agent.py:91}}
May 26 16:03:49.154231 dv-neutron-843481-1-hyperv neutron-server[102812]: DEBUG novaclient.v2.client [-] RESP: [200] Connection: close Content-Length: 179 Content-Type: application/json Date: Thu, 26 May 2022 16:03:48 GMT OpenStack-API-Version: compute 2.1 Server: Apache/2.4.41 (Ubuntu) Vary: OpenStack-API-Version,X-OpenStack-Nova-API-Version X-OpenStack-Nova-API-Version: 2.1 x-compute-request-id: req-7ce2a3c5-5109-4280-91d3-06f767f2b9cd x-openstack-request-id: req-7ce2a3c5-5109-4280-91d3-06f767f2b9cd {{(pid=102812) _http_log_response /usr/local/lib/python3.8/dist-packages/keystoneauth1/session.py:550}}
May 26 16:03:49.154502 dv-neutron-843481-1-hyperv neutron-server[102812]: DEBUG novaclient.v2.client [-] RESP BODY: {"events": [{"name": "network-changed", "server_uuid": "415e9376-0ab1-4667-b03b-e6c860bc12e4", "tag": "afaeb053-4887-45e1-8df7-7052d5a1f446", "status": "completed", "code": 200}]} {{(pid=102812) _http_log_response /usr/local/lib/python3.8/dist-packages/keystoneauth1/session.py:582}}
May 26 16:03:49.154746 dv-neutron-843481-1-hyperv neutron-server[102812]: DEBUG novaclient.v2.client [-] POST call to compute for http://10.222.0.86/compute/v2.1/os-server-external-events used request id req-7ce2a3c5-5109-4280-91d3-06f767f2b9cd {{(pid=102812) request /usr/local/lib/python3.8/dist-packages/keystoneauth1/session.py:954}}
May 26 16:03:49.155208 dv-neutron-843481-1-hyperv neutron-server[102812]: INFO neutron.notifiers.nova [-] Nova event matching ['req-7ce2a3c5-5109-4280-91d3-06f767f2b9cd'] response: {'name': 'network-changed', 'server_uuid': '415e9376-0ab1-4667-b03b-e6c860bc12e4', 'tag': 'afaeb053-4887-45e1-8df7-7052d5a1f446', 'status': 'completed', 'code': 200}
May 26 16:03:49.206227 dv-neutron-843481-1-hyperv neutron-server[102811]: DEBUG neutron.pecan_wsgi.hooks.policy_enforcement [req-410c36fe-3f9f-4b63-be6f-c651dbfe2e00 req-03b1375f-efde-435b-9450-65d243e2efd6 tempest-ServersTestJSON-300627848 tempest-ServersTestJSON-300627848-project] Attributes excluded by policy engine: ['standard_attr_id', 'binding:profile', 'binding:host_id', 'binding:vif_type', 'binding:vif_details'] {{(pid=102811) _exclude_attributes_by_policy /opt/stack/neutron/neutron/pecan_wsgi/hooks/policy_enforcement.py:259}}
May 26 16:03:49.208499 dv-neutron-843481-1-hyperv neutron-server[102811]: INFO neutron.wsgi [req-410c36fe-3f9f-4b63-be6f-c651dbfe2e00 req-03b1375f-efde-435b-9450-65d243e2efd6 tempest-ServersTestJSON-300627848 tempest-ServersTestJSON-300627848-project] 10.222.0.86 "GET /v2.0/ports?device_id=0648de6a-559c-4c4a-bedf-c0bffe988ace HTTP/1.1" status: 200 len: 943 time: 0.5086098
May 26 16:03:49.208830 dv-neutron-843481-1-hyperv neutron-server[102811]: DEBUG neutron.plugins.ml2.drivers.mech_agent [req-24cc6675-0fe6-4a45-b88b-6a69d7afb531 req-01a9845b-d0fc-410d-bc06-5c6918c9a51c service neutron] Port 79b22cb3-3b6f-4aec-ac91-72868e3ff04d on network aee89f1b-d8f6-4de4-951f-c1d6d2ed558e not bound, no agent of type Open vSwitch agent registered on host hv-neutron-8434 {{(pid=102811) bind_port /opt/stack/neutron/neutron/plugins/ml2/drivers/mech_agent.py:103}}
May 26 16:03:49.209250 dv-neutron-843481-1-hyperv neutron-server[102811]: DEBUG neutron.plugins.ml2.drivers.mech_agent [req-24cc6675-0fe6-4a45-b88b-6a69d7afb531 req-01a9845b-d0fc-410d-bc06-5c6918c9a51c service neutron] Attempting to bind port 79b22cb3-3b6f-4aec-ac91-72868e3ff04d on network aee89f1b-d8f6-4de4-951f-c1d6d2ed558e {{(pid=102811) bind_port /opt/stack/neutron/neutron/plugins/ml2/drivers/mech_agent.py:91}}
May 26 16:03:49.220406 dv-neutron-843481-1-hyperv neutron-server[102811]: INFO neutron.wsgi [None req-17b40f7b-ed12-4b0d-af6f-05232609781f admin admin] 10.222.0.86 "GET /v2.0/security-groups?tenant_id=354b800af1124d108518fdce8eee446d&name=default HTTP/1.1" status: 200 len: 2975 time: 0.9681892
May 26 16:03:49.223111 dv-neutron-843481-1-hyperv neutron-server[102811]: DEBUG neutron.wsgi [-] (102811) accepted ('10.222.0.86', 45990) {{(pid=102811) server /usr/local/lib/python3.8/dist-packages/eventlet/wsgi.py:982}}
May 26 16:03:49.269019 dv-neutron-843481-1-hyperv neutron-server[102811]: DEBUG neutron.plugins.ml2.drivers.mech_agent [req-24cc6675-0fe6-4a45-b88b-6a69d7afb531 req-01a9845b-d0fc-410d-bc06-5c6918c9a51c service neutron] Checking agent: {'id': 'fb888081-44a7-4c4d-b516-c3faabf9433a', 'agent_type': 'HyperV agent', 'binary': 'neutron-hyperv-agent', 'topic': 'N/A', 'host': 'hv-neutron-8434', 'admin_state_up': True, 'created_at': datetime.datetime(2022, 5, 26, 16, 1, 25), 'started_at': datetime.datetime(2022, 5, 26, 16, 1, 25), 'heartbeat_timestamp': datetime.datetime(2022, 5, 26, 16, 3, 25), 'description': None, 'resources_synced': None, 'availability_zone': None, 'alive': True, 'configurations': {'vswitch_mappings': {'physnet1$': 'br-data'}}, 'resource_versions': {}} {{(pid=102811) bind_port /opt/stack/neutron/neutron/plugins/ml2/drivers/mech_agent.py:110}}
May 26 16:03:49.269556 dv-neutron-843481-1-hyperv neutron-server[102811]: DEBUG neutron.plugins.ml2.drivers.mech_agent [req-24cc6675-0fe6-4a45-b88b-6a69d7afb531 req-01a9845b-d0fc-410d-bc06-5c6918c9a51c service neutron] Checking segment: {'id': '58fb69d4-437e-4340-9a4d-76d6ee72d8c4', 'network_type': 'vlan', 'physical_network': 'physnet1', 'segmentation_id': 369, 'network_id': 'aee89f1b-d8f6-4de4-951f-c1d6d2ed558e'} for mappings: {'physnet1$': 'br-data'} with network types: ['local', 'flat', 'vlan'] {{(pid=102811) check_segment_for_agent /opt/stack/neutron/neutron/plugins/ml2/drivers/mech_agent.py:360}}
May 26 16:03:49.270210 dv-neutron-843481-1-hyperv neutron-server[102811]: DEBUG neutron.plugins.ml2.drivers.mech_agent [req-24cc6675-0fe6-4a45-b88b-6a69d7afb531 req-01a9845b-d0fc-410d-bc06-5c6918c9a51c service neutron] Bound using segment: {'id': '58fb69d4-437e-4340-9a4d-76d6ee72d8c4', 'network_type': 'vlan', 'physical_network': 'physnet1', 'segmentation_id': 369, 'network_id': 'aee89f1b-d8f6-4de4-951f-c1d6d2ed558e'} {{(pid=102811) bind_port /opt/stack/neutron/neutron/plugins/ml2/drivers/mech_agent.py:120}}
May 26 16:03:49.270807 dv-neutron-843481-1-hyperv neutron-server[102811]: DEBUG neutron.plugins.ml2.managers [req-24cc6675-0fe6-4a45-b88b-6a69d7afb531 req-01a9845b-d0fc-410d-bc06-5c6918c9a51c service neutron] Bound port: 79b22cb3-3b6f-4aec-ac91-72868e3ff04d, host: hv-neutron-8434, vif_type: hyperv, vif_details: {"connectivity": "legacy", "port_filter": false}, binding_levels: [{'bound_driver': 'hyperv', 'bound_segment': {'id': '58fb69d4-437e-4340-9a4d-76d6ee72d8c4', 'network_type': 'vlan', 'physical_network': 'physnet1', 'segmentation_id': 369, 'network_id': 'aee89f1b-d8f6-4de4-951f-c1d6d2ed558e'}}] {{(pid=102811) _bind_port_level /opt/stack/neutron/neutron/plugins/ml2/managers.py:928}}
May 26 16:03:49.271248 dv-neutron-843481-1-hyperv neutron-server[102811]: DEBUG neutron_lib.callbacks.manager [req-24cc6675-0fe6-4a45-b88b-6a69d7afb531 req-01a9845b-d0fc-410d-bc06-5c6918c9a51c service neutron] Notify callbacks ['neutron.plugins.ml2.plugin.SecurityGroupDbMixin._ensure_default_security_group_handler-1466141'] for port, before_update {{(pid=102811) _notify_loop /usr/local/lib/python3.8/dist-packages/neutron_lib/callbacks/manager.py:192}}
May 26 16:03:49.296377 dv-neutron-843481-1-hyperv neutron-server[102812]: DEBUG neutron_lib.callbacks.manager [None req-98eecda5-2bc6-4043-bec9-f4e2514d054d admin admin] Notify callbacks [] for security_group, precommit_create {{(pid=102812) _notify_loop /usr/local/lib/python3.8/dist-packages/neutron_lib/callbacks/manager.py:192}}
May 26 16:03:49.301019 dv-neutron-843481-1-hyperv neutron-server[102812]: INFO neutron.wsgi [req-643e4fee-0f0f-4b5b-bf94-9929efacfb36 req-1d63b932-a750-47d2-86c9-f30e5f2af5ab service neutron] 10.222.0.74 "GET /v2.0/floatingips?fixed_ip_address=172.20.0.14&port_id=afaeb053-4887-45e1-8df7-7052d5a1f446 HTTP/1.1" status: 200 len: 217 time: 0.0647676
May 26 16:03:49.320787 dv-neutron-843481-1-hyperv neutron-server[102812]: DEBUG neutron_lib.callbacks.manager [None req-98eecda5-2bc6-4043-bec9-f4e2514d054d admin admin] Notify callbacks ['neutron.plugins.ml2.ovo_rpc._ObjectChangeHandler.handle_event-1611504'] for security_group, after_create {{(pid=102812) _notify_loop /usr/local/lib/python3.8/dist-packages/neutron_lib/callbacks/manager.py:192}}
May 26 16:03:49.324845 dv-neutron-843481-1-hyperv neutron-server[102812]: DEBUG neutron_lib.callbacks.manager [None req-71cbd575-ebfc-436b-977a-13eb56f3ce7f tempest-AllowedAddressPairTestJSON-1547671540 tempest-AllowedAddressPairTestJSON-1547671540-project] Notify callbacks ['neutron.services.l3_router.l3_router_plugin.L3_NAT_dbonly_mixin._precommit_delete_port_callback-1697161'] for port, precommit_delete {{(pid=102812) _notify_loop /usr/local/lib/python3.8/dist-packages/neutron_lib/callbacks/manager.py:192}}
May 26 16:03:49.354975 dv-neutron-843481-1-hyperv neutron-server[102812]: DEBUG neutron.plugins.ml2.plugin [None req-71cbd575-ebfc-436b-977a-13eb56f3ce7f tempest-AllowedAddressPairTestJSON-1547671540 tempest-AllowedAddressPairTestJSON-1547671540-project] Calling delete_port for 48362e14-2a70-435d-b5e1-116cd42161c4 owned by {{(pid=102812) delete_port /opt/stack/neutron/neutron/plugins/ml2/plugin.py:2062}}
May 26 16:03:49.374061 dv-neutron-843481-1-hyperv neutron-server[102811]: DEBUG neutron_lib.callbacks.manager [None req-450c8db7-dc3b-4e26-a5ce-72d8c395483d tempest-RoutersAdminTest-449480422 tempest-RoutersAdminTest-449480422-project] Notify callbacks ['neutron.services.l3_router.l3_router_plugin.L3_NAT_dbonly_mixin._precommit_delete_port_callback-1697161'] for port, precommit_delete {{(pid=102811) _notify_loop /usr/local/lib/python3.8/dist-packages/neutron_lib/callbacks/manager.py:192}}
May 26 16:03:49.421869 dv-neutron-843481-1-hyperv neutron-server[102812]: INFO neutron.wsgi [None req-98eecda5-2bc6-4043-bec9-f4e2514d054d admin admin] 10.222.0.86 "GET /v2.0/security-groups?tenant_id=20b495c0999d41d8858e7e918d926c73&name=default HTTP/1.1" status: 200 len: 2979 time: 1.3092821
May 26 16:03:49.425117 dv-neutron-843481-1-hyperv neutron-server[102812]: DEBUG neutron.api.rpc.handlers.resources_rpc [None req-98eecda5-2bc6-4043-bec9-f4e2514d054d admin admin] Pushing event updated for resources: {'SecurityGroup': ['ID=296ee3e7-63eb-401b-b247-7eeb66c89a9d,revision_number=1']} {{(pid=102812) push /opt/stack/neutron/neutron/api/rpc/handlers/resources_rpc.py:237}}
May 26 16:03:49.428908 dv-neutron-843481-1-hyperv neutron-server[102812]: DEBUG neutron.wsgi [-] (102812) accepted ('10.222.0.86', 45992) {{(pid=102812) server /usr/local/lib/python3.8/dist-packages/eventlet/wsgi.py:982}}
May 26 16:03:49.446289 dv-neutron-843481-1-hyperv neutron-server[102811]: DEBUG neutron.plugins.ml2.plugin [None req-450c8db7-dc3b-4e26-a5ce-72d8c395483d tempest-RoutersAdminTest-449480422 tempest-RoutersAdminTest-449480422-project] Calling delete_port for 1cd5f7f3-17a5-4745-9adb-e828a66070e7 owned by network:router_gateway {{(pid=102811) delete_port /opt/stack/neutron/neutron/plugins/ml2/plugin.py:2062}}
May 26 16:03:49.453570 dv-neutron-843481-1-hyperv neutron-server[102811]: INFO neutron.wsgi [req-410c36fe-3f9f-4b63-be6f-c651dbfe2e00 req-2fca718c-7e9b-43a8-b22e-88105ddadb75 tempest-ServersTestJSON-300627848 tempest-ServersTestJSON-300627848-project] 10.222.0.86 "GET /v2.0/security-groups?id=d9e73f9a-8945-4db7-bba5-debbe342ba53&fields=id&fields=name HTTP/1.1" status: 200 len: 313 time: 0.2260656
May 26 16:03:49.460976 dv-neutron-843481-1-hyperv neutron-server[102811]: DEBUG neutron_lib.callbacks.manager [None req-7f34e441-7351-45d8-beba-7f980287f02f admin admin] Notify callbacks [] for security_group, before_delete {{(pid=102811) _notify_loop /usr/local/lib/python3.8/dist-packages/neutron_lib/callbacks/manager.py:192}}
May 26 16:03:49.498132 dv-neutron-843481-1-hyperv neutron-server[102811]: DEBUG neutron_lib.callbacks.manager [None req-8a5ecc76-5243-4e1f-814b-805af8948313 tempest-FloatingIPAdminTestJSON-539625121 tempest-FloatingIPAdminTestJSON-539625121-project] Notify callbacks [] for port, precommit_update {{(pid=102811) _notify_loop /usr/local/lib/python3.8/dist-packages/neutron_lib/callbacks/manager.py:192}}
May 26 16:03:49.526627 dv-neutron-843481-1-hyperv neutron-server[102811]: DEBUG neutron_lib.callbacks.manager [None req-7f34e441-7351-45d8-beba-7f980287f02f admin admin] Notify callbacks [] for security_group, precommit_delete {{(pid=102811) _notify_loop /usr/local/lib/python3.8/dist-packages/neutron_lib/callbacks/manager.py:192}}
May 26 16:03:49.596362 dv-neutron-843481-1-hyperv neutron-server[102812]: DEBUG neutron_lib.callbacks.manager [None req-418037db-eb79-43f2-b592-0c1696744761 admin admin] Notify callbacks [] for security_group, before_delete {{(pid=102812) _notify_loop /usr/local/lib/python3.8/dist-packages/neutron_lib/callbacks/manager.py:192}}
May 26 16:03:49.599596 dv-neutron-843481-1-hyperv neutron-server[102812]: DEBUG neutron.pecan_wsgi.hooks.policy_enforcement [req-643e4fee-0f0f-4b5b-bf94-9929efacfb36 req-cc4a2156-7d29-448f-b86d-3746ac83af8b service neutron] Attributes excluded by policy engine: ['standard_attr_id', 'shared', 'segment_id'] {{(pid=102812) _exclude_attributes_by_policy /opt/stack/neutron/neutron/pecan_wsgi/hooks/policy_enforcement.py:259}}
May 26 16:03:49.601138 dv-neutron-843481-1-hyperv neutron-server[102812]: INFO neutron.wsgi [req-643e4fee-0f0f-4b5b-bf94-9929efacfb36 req-cc4a2156-7d29-448f-b86d-3746ac83af8b service neutron] 10.222.0.74 "GET /v2.0/subnets?id=1beaeff6-325e-4c41-908d-062d1fd3143a HTTP/1.1" status: 200 len: 851 time: 0.1154153
May 26 16:03:49.609487 dv-neutron-843481-1-hyperv neutron-server[102811]: DEBUG neutron.plugins.ml2.db [req-24cc6675-0fe6-4a45-b88b-6a69d7afb531 req-01a9845b-d0fc-410d-bc06-5c6918c9a51c service neutron] For port 79b22cb3-3b6f-4aec-ac91-72868e3ff04d, host hv-neutron-8434, cleared binding levels {{(pid=102811) clear_binding_levels /opt/stack/neutron/neutron/plugins/ml2/db.py:87}}
May 26 16:03:49.624808 dv-neutron-843481-1-hyperv neutron-server[102811]: DEBUG neutron.plugins.ml2.db [req-24cc6675-0fe6-4a45-b88b-6a69d7afb531 req-01a9845b-d0fc-410d-bc06-5c6918c9a51c service neutron] For port 79b22cb3-3b6f-4aec-ac91-72868e3ff04d, host hv-neutron-8434, set binding levels [PortBindingLevel(driver='hyperv',host='hv-neutron-8434',level=0,port_id=79b22cb3-3b6f-4aec-ac91-72868e3ff04d,segment=NetworkSegment(58fb69d4-437e-4340-9a4d-76d6ee72d8c4),segment_id=58fb69d4-437e-4340-9a4d-76d6ee72d8c4)] {{(pid=102811) set_binding_levels /opt/stack/neutron/neutron/plugins/ml2/db.py:59}}
May 26 16:03:49.632751 dv-neutron-843481-1-hyperv neutron-server[102811]: DEBUG neutron_lib.callbacks.manager [None req-8a5ecc76-5243-4e1f-814b-805af8948313 tempest-FloatingIPAdminTestJSON-539625121 tempest-FloatingIPAdminTestJSON-539625121-project] Notify callbacks ['neutron.plugins.ml2.plugin.SecurityGroupServerNotifierRpcMixin._notify_sg_on_port_change-1466202', 'neutron.plugins.ml2.ovo_rpc._ObjectChangeHandler.handle_event-2071552', 'neutron.api.rpc.agentnotifiers.dhcp_rpc_agent_api.DhcpAgentNotifyAPI._native_event_send_dhcp_notification-1616539', 'neutron.db.l3_db.L3RpcNotifierMixin._notify_gateway_port_ip_changed-8755524699513', 'neutron.db.l3_dvrscheduler_db._notify_l3_agent_port_update-8755524206978', 'neutron.db.l3_hascheduler_db._notify_l3_agent_ha_port_update-8755524215336', 'neutron.services.segments.plugin.NovaSegmentNotifier._notify_port_updated-9608934'] for port, after_update {{(pid=102811) _notify_loop /usr/local/lib/python3.8/dist-packages/neutron_lib/callbacks/manager.py:192}}
May 26 16:03:49.645245 dv-neutron-843481-1-hyperv neutron-server[102812]: DEBUG neutron_lib.callbacks.manager [None req-418037db-eb79-43f2-b592-0c1696744761 admin admin] Notify callbacks [] for security_group, precommit_delete {{(pid=102812) _notify_loop /usr/local/lib/python3.8/dist-packages/neutron_lib/callbacks/manager.py:192}}
May 26 16:03:49.648503 dv-neutron-843481-1-hyperv neutron-server[102811]: DEBUG neutron_lib.callbacks.manager [req-24cc6675-0fe6-4a45-b88b-6a69d7afb531 req-01a9845b-d0fc-410d-bc06-5c6918c9a51c service neutron] Notify callbacks ['neutron.plugins.ml2.plugin.SecurityGroupServerNotifierRpcMixin._notify_sg_on_port_change-1466202', 'neutron.plugins.ml2.ovo_rpc._ObjectChangeHandler.handle_event-2071552', 'neutron.api.rpc.agentnotifiers.dhcp_rpc_agent_api.DhcpAgentNotifyAPI._native_event_send_dhcp_notification-1616539', 'neutron.db.l3_db.L3RpcNotifierMixin._notify_gateway_port_ip_changed-8755524699513', 'neutron.db.l3_dvrscheduler_db._notify_l3_agent_port_update-8755524206978', 'neutron.db.l3_hascheduler_db._notify_l3_agent_ha_port_update-8755524215336', 'neutron.services.segments.plugin.NovaSegmentNotifier._notify_port_updated-9608934'] for port, after_update {{(pid=102811) _notify_loop /usr/local/lib/python3.8/dist-packages/neutron_lib/callbacks/manager.py:192}}
May 26 16:03:49.735793 dv-neutron-843481-1-hyperv neutron-server[102812]: DEBUG neutron.objects.ports [None req-d2f1e2a1-5ffe-4b5f-86b3-8a84cca759cb tempest-RoutersIpV6AdminTest-1132551563 tempest-RoutersIpV6AdminTest-1132551563-project-admin] Time-cost: Fetching 0 ports in 0 security groups {{(pid=102812) get_objects /opt/stack/neutron/neutron/objects/ports.py:462}}
May 26 16:03:49.736269 dv-neutron-843481-1-hyperv neutron-server[102812]: DEBUG neutron_lib.callbacks.manager [None req-d2f1e2a1-5ffe-4b5f-86b3-8a84cca759cb tempest-RoutersIpV6AdminTest-1132551563 tempest-RoutersIpV6AdminTest-1132551563-project-admin] Notify callbacks ['neutron.plugins.ml2.ovo_rpc._ObjectChangeHandler.handle_event-1609539', 'neutron.api.rpc.agentnotifiers.dhcp_rpc_agent_api.DhcpAgentNotifyAPI._native_event_send_dhcp_notification-1616539', 'neutron.services.segments.plugin.NovaSegmentNotifier._notify_subnet_created-10241958', 'neutron.services.segments.plugin.SegmentHostRoutes.host_routes_after_create-8417536'] for subnet, after_create {{(pid=102812) _notify_loop /usr/local/lib/python3.8/dist-packages/neutron_lib/callbacks/manager.py:192}}
May 26 16:03:49.794498 dv-neutron-843481-1-hyperv neutron-server[102811]: DEBUG neutron_lib.callbacks.manager [None req-8a5ecc76-5243-4e1f-814b-805af8948313 tempest-FloatingIPAdminTestJSON-539625121 tempest-FloatingIPAdminTestJSON-539625121-project] Notify callbacks ['neutron.api.rpc.agentnotifiers.dhcp_rpc_agent_api.DhcpAgentNotifyAPI._after_router_interface_created-1616553', 'neutron.services.l3_router.l3_router_plugin.DVRResourceOperationHandler._update_snat_v6_addrs_after_intf_update-1645292'] for router_interface, after_create {{(pid=102811) _notify_loop /usr/local/lib/python3.8/dist-packages/neutron_lib/callbacks/manager.py:192}}
May 26 16:03:49.797838 dv-neutron-843481-1-hyperv neutron-server[102811]: DEBUG neutron_lib.callbacks.manager [None req-7f34e441-7351-45d8-beba-7f980287f02f admin admin] Notify callbacks ['neutron.plugins.ml2.ovo_rpc._ObjectChangeHandler.handle_event-1611504'] for security_group, after_delete {{(pid=102811) _notify_loop /usr/local/lib/python3.8/dist-packages/neutron_lib/callbacks/manager.py:192}}
May 26 16:03:49.800658 dv-neutron-843481-1-hyperv neutron-server[102811]: DEBUG neutron_lib.callbacks.manager [None req-7f34e441-7351-45d8-beba-7f980287f02f admin admin] Notify callbacks [] for security_group, before_response {{(pid=102811) _notify_loop /usr/local/lib/python3.8/dist-packages/neutron_lib/callbacks/manager.py:192}}
May 26 16:03:49.802127 dv-neutron-843481-1-hyperv neutron-server[102811]: INFO neutron.wsgi [None req-7f34e441-7351-45d8-beba-7f980287f02f admin admin] 10.222.0.86 "DELETE /v2.0/security-groups/0fdb36f8-72cf-4473-b4fa-a488fa7a493a HTTP/1.1" status: 204 len: 168 time: 0.5736325
May 26 16:03:49.816145 dv-neutron-843481-1-hyperv neutron-server[102812]: DEBUG neutron_lib.callbacks.manager [None req-71cbd575-ebfc-436b-977a-13eb56f3ce7f tempest-AllowedAddressPairTestJSON-1547671540 tempest-AllowedAddressPairTestJSON-1547671540-project] Notify callbacks ['neutron.plugins.ml2.plugin.SecurityGroupServerNotifierRpcMixin._notify_sg_on_port_change-1466202', 'neutron.plugins.ml2.ovo_rpc._ObjectChangeHandler.handle_event-2071552', 'neutron.api.rpc.agentnotifiers.dhcp_rpc_agent_api.DhcpAgentNotifyAPI._native_event_send_dhcp_notification-1616539', 'neutron.db.l3_db.L3RpcNotifierMixin._notify_routers_callback-8755524699495', 'neutron.db.l3_dvrscheduler_db._notify_port_delete-8755524206996', 'neutron.services.segments.plugin.NovaSegmentNotifier._notify_port_created_or_deleted-10241810'] for port, after_delete {{(pid=102812) _notify_loop /usr/local/lib/python3.8/dist-packages/neutron_lib/callbacks/manager.py:192}}
May 26 16:03:49.847613 dv-neutron-843481-1-hyperv neutron-server[102811]: DEBUG neutron.api.rpc.handlers.resources_rpc [None req-7f34e441-7351-45d8-beba-7f980287f02f admin admin] Pushing event deleted for resources: {'SecurityGroup': ['ID=0fdb36f8-72cf-4473-b4fa-a488fa7a493a,revision_number=None']} {{(pid=102811) push /opt/stack/neutron/neutron/api/rpc/handlers/resources_rpc.py:237}}
