May 26 13:06:58.048159 dv-neutron-843396-1-hyperv neutron-server[104430]: DEBUG neutron.plugins.ml2.db [None req-43dd9381-8ecf-4007-a110-76288e350e48 tempest-PortsAdminExtendedAttrsTestJSON-819832288 tempest-PortsAdminExtendedAttrsTestJSON-819832288-project-admin] Attempted to set empty binding levels {{(pid=104430) set_binding_levels /opt/stack/neutron/neutron/plugins/ml2/db.py:65}}
May 26 13:06:58.055310 dv-neutron-843396-1-hyperv neutron-server[104430]: DEBUG neutron_lib.callbacks.manager [None req-403d3af5-cd3e-4bac-ada0-a5ffe75944c8 tempest-FloatingIPNegativeTestJSON-1863466726 tempest-FloatingIPNegativeTestJSON-1863466726-project] Publish callbacks ['neutron.plugins.ml2.plugin.SecurityGroupServerNotifierRpcMixin._notify_sg_on_port_change-566401', 'neutron.plugins.ml2.ovo_rpc._ObjectChangeHandler.handle_event-230486', 'neutron.api.rpc.agentnotifiers.dhcp_rpc_agent_api.DhcpAgentNotifyAPI._native_event_send_dhcp_notification-1631245', 'neutron.db.l3_db.L3RpcNotifierMixin._notify_routers_callback-8770685323807', 'neutron.db.l3_dvrscheduler_db._notify_port_delete-8770684900976', 'neutron.services.segments.plugin.NovaSegmentNotifier._notify_port_created_or_deleted-13591349'] for port (ca29f9a4-a76b-4a48-8b19-e65e25a839cc), after_delete {{(pid=104430) _notify_loop /usr/local/lib/python3.8/dist-packages/neutron_lib/callbacks/manager.py:176}}
May 26 13:06:58.062947 dv-neutron-843396-1-hyperv neutron-server[104431]: DEBUG neutron.scheduler.base_scheduler [None req-42d92db6-4a95-48e2-8307-f240e3a99e12 tempest-FloatingIPAdminTestJSON-1808796772 tempest-FloatingIPAdminTestJSON-1808796772-project] Resources bound (agent type, host, resource id): (DHCP agent, dv-neutron-843396-1-hyperv, da953368-5f84-47a2-b8b6-0450c4614d91) {{(pid=104431) schedule /opt/stack/neutron/neutron/scheduler/base_scheduler.py:57}}
May 26 13:06:58.069893 dv-neutron-843396-1-hyperv neutron-server[104431]: DEBUG neutron.pecan_wsgi.hooks.policy_enforcement [None req-42d92db6-4a95-48e2-8307-f240e3a99e12 tempest-FloatingIPAdminTestJSON-1808796772 tempest-FloatingIPAdminTestJSON-1808796772-project] Attributes excluded by policy engine: ['standard_attr_id', 'shared', 'segment_id', 'network'] {{(pid=104431) _exclude_attributes_by_policy /opt/stack/neutron/neutron/pecan_wsgi/hooks/policy_enforcement.py:259}}
May 26 13:06:58.071213 dv-neutron-843396-1-hyperv neutron-server[104431]: DEBUG neutron_lib.callbacks.manager [None req-42d92db6-4a95-48e2-8307-f240e3a99e12 tempest-FloatingIPAdminTestJSON-1808796772 tempest-FloatingIPAdminTestJSON-1808796772-project] Publish callbacks ['neutron.api.rpc.agentnotifiers.dhcp_rpc_agent_api.DhcpAgentNotifyAPI._send_dhcp_notification-1631251'] for subnet (None), before_response {{(pid=104431) _notify_loop /usr/local/lib/python3.8/dist-packages/neutron_lib/callbacks/manager.py:176}}
May 26 13:06:58.073082 dv-neutron-843396-1-hyperv neutron-server[104432]: DEBUG neutron.api.rpc.handlers.dhcp_rpc [None req-3dbfa0b7-ea14-41f0-ad02-ea5eb3f5c5a5 None None] Network da953368-5f84-47a2-b8b6-0450c4614d91 requested from dv-neutron-843396-1-hyperv {{(pid=104432) get_network_info /opt/stack/neutron/neutron/api/rpc/handlers/dhcp_rpc.py:191}}
May 26 13:06:58.139640 dv-neutron-843396-1-hyperv neutron-server[104430]: DEBUG neutron.api.rpc.handlers.resources_rpc [None req-403d3af5-cd3e-4bac-ada0-a5ffe75944c8 tempest-FloatingIPNegativeTestJSON-1863466726 tempest-FloatingIPNegativeTestJSON-1863466726-project] Pushing event deleted for resources: {'Port': ['ID=ca29f9a4-a76b-4a48-8b19-e65e25a839cc,revision_number=None']} {{(pid=104430) push /opt/stack/neutron/neutron/api/rpc/handlers/resources_rpc.py:237}}
May 26 13:06:58.148614 dv-neutron-843396-1-hyperv neutron-server[104430]: DEBUG neutron_lib.callbacks.manager [None req-43dd9381-8ecf-4007-a110-76288e350e48 tempest-PortsAdminExtendedAttrsTestJSON-819832288 tempest-PortsAdminExtendedAttrsTestJSON-819832288-project-admin] Publish callbacks ['neutron.plugins.ml2.plugin.SecurityGroupServerNotifierRpcMixin._notify_sg_on_port_change-566401', 'neutron.plugins.ml2.ovo_rpc._ObjectChangeHandler.handle_event-230486', 'neutron.api.rpc.agentnotifiers.dhcp_rpc_agent_api.DhcpAgentNotifyAPI._native_event_send_dhcp_notification-1631245', 'neutron.db.l3_db.L3RpcNotifierMixin._notify_gateway_port_ip_changed-8770685323825', 'neutron.db.l3_dvrscheduler_db._notify_l3_agent_port_update-8770684900985', 'neutron.db.l3_hascheduler_db._notify_l3_agent_ha_port_update-8770684901003', 'neutron.services.segments.plugin.NovaSegmentNotifier._notify_port_updated-13591330'] for port (5735cd20-2428-414d-b90a-c428088b0ed6), after_update {{(pid=104430) _notify_loop /usr/local/lib/python3.8/dist-packages/neutron_lib/callbacks/manager.py:176}}
May 26 13:06:58.154541 dv-neutron-843396-1-hyperv neutron-server[104431]: INFO neutron.wsgi [None req-42d92db6-4a95-48e2-8307-f240e3a99e12 tempest-FloatingIPAdminTestJSON-1808796772 tempest-FloatingIPAdminTestJSON-1808796772-project] 10.222.0.83 "POST /v2.0/subnets HTTP/1.1" status: 201 len: 801 time: 1.1753476
May 26 13:06:58.159175 dv-neutron-843396-1-hyperv neutron-server[104431]: DEBUG neutron.wsgi [-] (104431) accepted ('10.222.0.83', 37450) {{(pid=104431) server /usr/local/lib/python3.8/dist-packages/eventlet/wsgi.py:1004}}
May 26 13:06:58.166483 dv-neutron-843396-1-hyperv neutron-server[104431]: DEBUG neutron.api.v2.base [None req-ccb73190-3be4-4074-bfc2-b60aa1852d80 tempest-FloatingIPAdminTestJSON-1808796772 tempest-FloatingIPAdminTestJSON-1808796772-project] Request body: {'router': {'name': 'tempest-FloatingIPAdminTestJSON-router-882886294', 'external_gateway_info': {'network_id': '3b080256-86fc-4064-bc58-4f449648f321'}, 'admin_state_up': False}} {{(pid=104431) prepare_request_body /opt/stack/neutron/neutron/api/v2/base.py:730}}
May 26 13:06:58.213901 dv-neutron-843396-1-hyperv neutron-server[104432]: DEBUG neutron.db.provisioning_blocks [None req-2a877e60-f3ad-43bf-bd64-101278c2b014 None None] Provisioning complete for port 74588b39-a552-4f92-93ad-e2607eeedfb8 triggered by entity DHCP. {{(pid=104432) provisioning_complete /opt/stack/neutron/neutron/db/provisioning_blocks.py:140}}
May 26 13:06:58.214654 dv-neutron-843396-1-hyperv neutron-server[104432]: DEBUG neutron_lib.callbacks.manager [None req-2a877e60-f3ad-43bf-bd64-101278c2b014 None None] Publish callbacks ['neutron.plugins.ml2.plugin.Ml2Plugin._port_provisioned-736186'] for port (74588b39-a552-4f92-93ad-e2607eeedfb8), provisioning_complete {{(pid=104432) _notify_loop /usr/local/lib/python3.8/dist-packages/neutron_lib/callbacks/manager.py:176}}
May 26 13:06:58.239459 dv-neutron-843396-1-hyperv neutron-server[104431]: DEBUG neutron_lib.callbacks.manager [None req-f001f02a-88b1-41ab-a824-8269f57521ab tempest-RoutersAdminTest-1222757535 tempest-RoutersAdminTest-1222757535-project] Publish callbacks ['neutron.services.l3_router.l3_router_plugin.L3_HA_NAT_db_mixin._after_router_create-1684191', 'neutron.services.l3_router.l3_router_plugin.DVRResourceOperationHandler._create_snat_interfaces_after_change-1707345'] for router (57a3435a-2199-4823-944f-04fdd9d21943), after_create {{(pid=104431) _notify_loop /usr/local/lib/python3.8/dist-packages/neutron_lib/callbacks/manager.py:176}}
May 26 13:06:58.248905 dv-neutron-843396-1-hyperv neutron-server[104431]: DEBUG neutron_lib.callbacks.manager [None req-ccb73190-3be4-4074-bfc2-b60aa1852d80 tempest-FloatingIPAdminTestJSON-1808796772 tempest-FloatingIPAdminTestJSON-1808796772-project] Publish callbacks ['neutron.services.l3_router.l3_router_plugin.L3_HA_NAT_db_mixin._before_router_create_handler-1684040', 'neutron.services.l3_router.service_providers.driver_controller.DriverController._check_router_request-124609'] for router (dfc0a284-e5df-4d52-a9ad-ea750f2d32d0), before_create {{(pid=104431) _notify_loop /usr/local/lib/python3.8/dist-packages/neutron_lib/callbacks/manager.py:176}}
May 26 13:06:58.250678 dv-neutron-843396-1-hyperv neutron-server[104431]: DEBUG neutron_lib.callbacks.manager [None req-ccb73190-3be4-4074-bfc2-b60aa1852d80 tempest-FloatingIPAdminTestJSON-1808796772 tempest-FloatingIPAdminTestJSON-1808796772-project] Publish callbacks ['neutron.services.l3_router.l3_router_plugin.L3_HA_NAT_db_mixin._precommit_router_create-1684196', 'neutron.services.l3_router.l3_router_plugin.DVRResourceOperationHandler._set_distributed_flag-1711246', 'neutron.services.l3_router.l3_router_plugin.RouterAvailabilityZoneMixin._process_az_request-1628169', 'neutron.services.l3_router.service_providers.driver_controller.DriverController._set_router_provider-124600'] for router (dfc0a284-e5df-4d52-a9ad-ea750f2d32d0), precommit_create {{(pid=104431) _notify_loop /usr/local/lib/python3.8/dist-packages/neutron_lib/callbacks/manager.py:176}}
May 26 13:06:58.290741 dv-neutron-843396-1-hyperv neutron-server[104430]: DEBUG neutron.plugins.ml2.plugin [None req-43dd9381-8ecf-4007-a110-76288e350e48 tempest-PortsAdminExtendedAttrsTestJSON-819832288 tempest-PortsAdminExtendedAttrsTestJSON-819832288-project-admin] In _notify_port_updated(), no bound segment for port 5735cd20-2428-414d-b90a-c428088b0ed6 on network 4d57e2ec-5764-4ad9-8963-964472a50190 {{(pid=104430) _notify_port_updated /opt/stack/neutron/neutron/plugins/ml2/plugin.py:896}}
May 26 13:06:58.292033 dv-neutron-843396-1-hyperv neutron-server[104430]: DEBUG neutron.pecan_wsgi.hooks.policy_enforcement [None req-43dd9381-8ecf-4007-a110-76288e350e48 tempest-PortsAdminExtendedAttrsTestJSON-819832288 tempest-PortsAdminExtendedAttrsTestJSON-819832288-project-admin] Attributes excluded by policy engine: ['standard_attr_id'] {{(pid=104430) _exclude_attributes_by_policy /opt/stack/neutron/neutron/pecan_wsgi/hooks/policy_enforcement.py:259}}
May 26 13:06:58.292803 dv-neutron-843396-1-hyperv neutron-server[104430]: DEBUG neutron_lib.callbacks.manager [None req-43dd9381-8ecf-4007-a110-76288e350e48 tempest-PortsAdminExtendedAttrsTestJSON-819832288 tempest-PortsAdminExtendedAttrsTestJSON-819832288-project-admin] Publish callbacks ['neutron.notifiers.nova.Notifier._send_nova_notification-89483'] for port (None), before_response {{(pid=104430) _notify_loop /usr/local/lib/python3.8/dist-packages/neutron_lib/callbacks/manager.py:176}}
May 26 13:06:58.294286 dv-neutron-843396-1-hyperv neutron-server[104430]: INFO neutron.wsgi [None req-43dd9381-8ecf-4007-a110-76288e350e48 tempest-PortsAdminExtendedAttrsTestJSON-819832288 tempest-PortsAdminExtendedAttrsTestJSON-819832288-project-admin] 10.222.0.83 "PUT /v2.0/ports/5735cd20-2428-414d-b90a-c428088b0ed6 HTTP/1.1" status: 200 len: 977 time: 4.2498527
May 26 13:06:58.295082 dv-neutron-843396-1-hyperv neutron-server[104430]: DEBUG neutron.wsgi [-] (104430) accepted ('10.222.0.83', 37452) {{(pid=104430) server /usr/local/lib/python3.8/dist-packages/eventlet/wsgi.py:1004}}
May 26 13:06:58.304096 dv-neutron-843396-1-hyperv neutron-server[104430]: DEBUG neutron.wsgi [-] (104430) accepted ('10.222.0.83', 37454) {{(pid=104430) server /usr/local/lib/python3.8/dist-packages/eventlet/wsgi.py:1004}}
May 26 13:06:58.311644 dv-neutron-843396-1-hyperv neutron-server[104431]: DEBUG neutron_lib.callbacks.manager [None req-ccb73190-3be4-4074-bfc2-b60aa1852d80 tempest-FloatingIPAdminTestJSON-1808796772 tempest-FloatingIPAdminTestJSON-1808796772-project] Publish callbacks [] for router_controller (dfc0a284-e5df-4d52-a9ad-ea750f2d32d0), precommit_add_association {{(pid=104431) _notify_loop /usr/local/lib/python3.8/dist-packages/neutron_lib/callbacks/manager.py:176}}
May 26 13:06:58.325047 dv-neutron-843396-1-hyperv neutron-server[104432]: DEBUG neutron.plugins.ml2.plugin [None req-2a877e60-f3ad-43bf-bd64-101278c2b014 None None] Port 74588b39-a552-4f92-93ad-e2607eeedfb8 cannot update to ACTIVE because it is not bound. {{(pid=104432) _port_provisioned /opt/stack/neutron/neutron/plugins/ml2/plugin.py:343}}
May 26 13:06:58.326333 dv-neutron-843396-1-hyperv neutron-server[104430]: DEBUG neutron.api.rpc.handlers.resources_rpc [None req-43dd9381-8ecf-4007-a110-76288e350e48 tempest-PortsAdminExtendedAttrsTestJSON-819832288 tempest-PortsAdminExtendedAttrsTestJSON-819832288-project-admin] Pushing event updated for resources: {'Port': ['ID=5735cd20-2428-414d-b90a-c428088b0ed6,revision_number=3']} {{(pid=104430) push /opt/stack/neutron/neutron/api/rpc/handlers/resources_rpc.py:237}}
May 26 13:06:58.341429 dv-neutron-843396-1-hyperv neutron-server[104432]: DEBUG neutron.api.rpc.handlers.dhcp_rpc [None req-d3b8ae00-ee40-43fc-9c7d-06bf62516e70 None None] Create dhcp port {'port': {'name': '', 'admin_state_up': True, 'device_id': 'dhcp3c335fc7-50b1-5dc5-8ecb-2c4ce459701e-da953368-5f84-47a2-b8b6-0450c4614d91', 'network_id': 'da953368-5f84-47a2-b8b6-0450c4614d91', 'project_id': 'b22b3ab29e484c6db8d8bbb0f0986c09', 'fixed_ips': [{'subnet_id': '2972c15c-e9de-4e75-9bc7-6f2feaab9c39'}]}} from dv-neutron-843396-1-hyperv. {{(pid=104432) create_dhcp_port /opt/stack/neutron/neutron/api/rpc/handlers/dhcp_rpc.py:268}}
May 26 13:06:58.342642 dv-neutron-843396-1-hyperv neutron-server[104432]: DEBUG neutron_lib.callbacks.manager [None req-d3b8ae00-ee40-43fc-9c7d-06bf62516e70 None None] Publish callbacks ['neutron.plugins.ml2.plugin.SecurityGroupDbMixin._ensure_default_security_group_handler-565809'] for port (None), before_create {{(pid=104432) _notify_loop /usr/local/lib/python3.8/dist-packages/neutron_lib/callbacks/manager.py:176}}
May 26 13:06:58.432605 dv-neutron-843396-1-hyperv neutron-server[104430]: INFO neutron.wsgi [req-dd3d6153-b2cd-42f5-bd9d-a67aa1383665 req-5600ead5-ef81-4954-ace5-f7ad62820a23 tempest-ServersTestManualDisk-1952375179 tempest-ServersTestManualDisk-1952375179-project] 10.222.0.83 "GET /v2.0/security-groups?id=04c71dc6-9110-43f8-80b2-99edc39106ad&fields=id&fields=name HTTP/1.1" status: 200 len: 312 time: 0.3793006
May 26 13:06:58.483091 dv-neutron-843396-1-hyperv neutron-server[104431]: DEBUG neutron.plugins.ml2.plugin [None req-e3350764-5e5e-486e-b9e4-9e1abfe389b2 tempest-AllowedAddressPairTestJSON-391056219 tempest-AllowedAddressPairTestJSON-391056219-project] Deleting port 74588b39-a552-4f92-93ad-e2607eeedfb8 {{(pid=104431) _pre_delete_port /opt/stack/neutron/neutron/plugins/ml2/plugin.py:2002}}
May 26 13:06:58.483482 dv-neutron-843396-1-hyperv neutron-server[104431]: DEBUG neutron_lib.callbacks.manager [None req-e3350764-5e5e-486e-b9e4-9e1abfe389b2 tempest-AllowedAddressPairTestJSON-391056219 tempest-AllowedAddressPairTestJSON-391056219-project] Publish callbacks ['neutron.db.l3_db.L3_NAT_dbonly_mixin._prevent_l3_port_delete_callback-8770685320888'] for port (74588b39-a552-4f92-93ad-e2607eeedfb8), before_delete {{(pid=104431) _notify_loop /usr/local/lib/python3.8/dist-packages/neutron_lib/callbacks/manager.py:176}}
May 26 13:06:58.493234 dv-neutron-843396-1-hyperv neutron-server[104430]: DEBUG neutron.api.v2.base [None req-754cc16d-b2ab-4c6c-b090-5f017a776613 tempest-FloatingIPTestJSON-877155468 tempest-FloatingIPTestJSON-877155468-project] Request body: {'network': {'name': 'tempest-FloatingIPTestJSON-test-network-466595425'}} {{(pid=104430) prepare_request_body /opt/stack/neutron/neutron/api/v2/base.py:730}}
May 26 13:06:58.526127 dv-neutron-843396-1-hyperv neutron-server[104432]: DEBUG neutron.db.db_base_plugin_common [None req-d3b8ae00-ee40-43fc-9c7d-06bf62516e70 None None] Allocated IP 172.20.0.2 (da953368-5f84-47a2-b8b6-0450c4614d91/2972c15c-e9de-4e75-9bc7-6f2feaab9c39/be6dd1c4-2b87-4d54-9651-8f2c95373a49) {{(pid=104432) _store_ip_allocation /opt/stack/neutron/neutron/db/db_base_plugin_common.py:131}}
May 26 13:06:58.554787 dv-neutron-843396-1-hyperv neutron-server[104430]: DEBUG neutron.pecan_wsgi.hooks.policy_enforcement [None req-dc7c1ba5-1f4a-4cee-87c4-84a0635f8886 tempest-PortsAdminExtendedAttrsTestJSON-819832288 tempest-PortsAdminExtendedAttrsTestJSON-819832288-project-admin] Attributes excluded by policy engine: ['standard_attr_id'] {{(pid=104430) _exclude_attributes_by_policy /opt/stack/neutron/neutron/pecan_wsgi/hooks/policy_enforcement.py:259}}
May 26 13:06:58.554787 dv-neutron-843396-1-hyperv neutron-server[104430]: DEBUG neutron.pecan_wsgi.hooks.policy_enforcement [None req-dc7c1ba5-1f4a-4cee-87c4-84a0635f8886 tempest-PortsAdminExtendedAttrsTestJSON-819832288 tempest-PortsAdminExtendedAttrsTestJSON-819832288-project-admin] Attributes excluded by policy engine: ['standard_attr_id'] {{(pid=104430) _exclude_attributes_by_policy /opt/stack/neutron/neutron/pecan_wsgi/hooks/policy_enforcement.py:259}}
May 26 13:06:58.554787 dv-neutron-843396-1-hyperv neutron-server[104430]: DEBUG neutron.pecan_wsgi.hooks.policy_enforcement [None req-dc7c1ba5-1f4a-4cee-87c4-84a0635f8886 tempest-PortsAdminExtendedAttrsTestJSON-819832288 tempest-PortsAdminExtendedAttrsTestJSON-819832288-project-admin] Attributes excluded by policy engine: ['standard_attr_id'] {{(pid=104430) _exclude_attributes_by_policy /opt/stack/neutron/neutron/pecan_wsgi/hooks/policy_enforcement.py:259}}
May 26 13:06:58.556065 dv-neutron-843396-1-hyperv neutron-server[104430]: DEBUG neutron.pecan_wsgi.hooks.policy_enforcement [None req-dc7c1ba5-1f4a-4cee-87c4-84a0635f8886 tempest-PortsAdminExtendedAttrsTestJSON-819832288 tempest-PortsAdminExtendedAttrsTestJSON-819832288-project-admin] Attributes excluded by policy engine: ['standard_attr_id'] {{(pid=104430) _exclude_attributes_by_policy /opt/stack/neutron/neutron/pecan_wsgi/hooks/policy_enforcement.py:259}}
May 26 13:06:58.556439 dv-neutron-843396-1-hyperv neutron-server[104430]: DEBUG neutron.pecan_wsgi.hooks.policy_enforcement [None req-dc7c1ba5-1f4a-4cee-87c4-84a0635f8886 tempest-PortsAdminExtendedAttrsTestJSON-819832288 tempest-PortsAdminExtendedAttrsTestJSON-819832288-project-admin] Attributes excluded by policy engine: ['standard_attr_id'] {{(pid=104430) _exclude_attributes_by_policy /opt/stack/neutron/neutron/pecan_wsgi/hooks/policy_enforcement.py:259}}
May 26 13:06:58.556887 dv-neutron-843396-1-hyperv neutron-server[104430]: DEBUG neutron.pecan_wsgi.hooks.policy_enforcement [None req-dc7c1ba5-1f4a-4cee-87c4-84a0635f8886 tempest-PortsAdminExtendedAttrsTestJSON-819832288 tempest-PortsAdminExtendedAttrsTestJSON-819832288-project-admin] Attributes excluded by policy engine: ['standard_attr_id'] {{(pid=104430) _exclude_attributes_by_policy /opt/stack/neutron/neutron/pecan_wsgi/hooks/policy_enforcement.py:259}}
May 26 13:06:58.557594 dv-neutron-843396-1-hyperv neutron-server[104430]: DEBUG neutron.pecan_wsgi.hooks.policy_enforcement [None req-dc7c1ba5-1f4a-4cee-87c4-84a0635f8886 tempest-PortsAdminExtendedAttrsTestJSON-819832288 tempest-PortsAdminExtendedAttrsTestJSON-819832288-project-admin] Attributes excluded by policy engine: ['standard_attr_id'] {{(pid=104430) _exclude_attributes_by_policy /opt/stack/neutron/neutron/pecan_wsgi/hooks/policy_enforcement.py:259}}
May 26 13:06:58.558042 dv-neutron-843396-1-hyperv neutron-server[104430]: DEBUG neutron.pecan_wsgi.hooks.policy_enforcement [None req-dc7c1ba5-1f4a-4cee-87c4-84a0635f8886 tempest-PortsAdminExtendedAttrsTestJSON-819832288 tempest-PortsAdminExtendedAttrsTestJSON-819832288-project-admin] Attributes excluded by policy engine: ['standard_attr_id'] {{(pid=104430) _exclude_attributes_by_policy /opt/stack/neutron/neutron/pecan_wsgi/hooks/policy_enforcement.py:259}}
May 26 13:06:58.558486 dv-neutron-843396-1-hyperv neutron-server[104430]: DEBUG neutron.pecan_wsgi.hooks.policy_enforcement [None req-dc7c1ba5-1f4a-4cee-87c4-84a0635f8886 tempest-PortsAdminExtendedAttrsTestJSON-819832288 tempest-PortsAdminExtendedAttrsTestJSON-819832288-project-admin] Attributes excluded by policy engine: ['standard_attr_id'] {{(pid=104430) _exclude_attributes_by_policy /opt/stack/neutron/neutron/pecan_wsgi/hooks/policy_enforcement.py:259}}
May 26 13:06:58.558933 dv-neutron-843396-1-hyperv neutron-server[104430]: DEBUG neutron.pecan_wsgi.hooks.policy_enforcement [None req-dc7c1ba5-1f4a-4cee-87c4-84a0635f8886 tempest-PortsAdminExtendedAttrsTestJSON-819832288 tempest-PortsAdminExtendedAttrsTestJSON-819832288-project-admin] Attributes excluded by policy engine: ['standard_attr_id'] {{(pid=104430) _exclude_attributes_by_policy /opt/stack/neutron/neutron/pecan_wsgi/hooks/policy_enforcement.py:259}}
May 26 13:06:58.559382 dv-neutron-843396-1-hyperv neutron-server[104430]: DEBUG neutron.pecan_wsgi.hooks.policy_enforcement [None req-dc7c1ba5-1f4a-4cee-87c4-84a0635f8886 tempest-PortsAdminExtendedAttrsTestJSON-819832288 tempest-PortsAdminExtendedAttrsTestJSON-819832288-project-admin] Attributes excluded by policy engine: ['standard_attr_id'] {{(pid=104430) _exclude_attributes_by_policy /opt/stack/neutron/neutron/pecan_wsgi/hooks/policy_enforcement.py:259}}
May 26 13:06:58.559928 dv-neutron-843396-1-hyperv neutron-server[104430]: DEBUG neutron.pecan_wsgi.hooks.policy_enforcement [None req-dc7c1ba5-1f4a-4cee-87c4-84a0635f8886 tempest-PortsAdminExtendedAttrsTestJSON-819832288 tempest-PortsAdminExtendedAttrsTestJSON-819832288-project-admin] Attributes excluded by policy engine: ['standard_attr_id'] {{(pid=104430) _exclude_attributes_by_policy /opt/stack/neutron/neutron/pecan_wsgi/hooks/policy_enforcement.py:259}}
May 26 13:06:58.560384 dv-neutron-843396-1-hyperv neutron-server[104430]: DEBUG neutron.pecan_wsgi.hooks.policy_enforcement [None req-dc7c1ba5-1f4a-4cee-87c4-84a0635f8886 tempest-PortsAdminExtendedAttrsTestJSON-819832288 tempest-PortsAdminExtendedAttrsTestJSON-819832288-project-admin] Attributes excluded by policy engine: ['standard_attr_id'] {{(pid=104430) _exclude_attributes_by_policy /opt/stack/neutron/neutron/pecan_wsgi/hooks/policy_enforcement.py:259}}
May 26 13:06:58.560831 dv-neutron-843396-1-hyperv neutron-server[104430]: DEBUG neutron.pecan_wsgi.hooks.policy_enforcement [None req-dc7c1ba5-1f4a-4cee-87c4-84a0635f8886 tempest-PortsAdminExtendedAttrsTestJSON-819832288 tempest-PortsAdminExtendedAttrsTestJSON-819832288-project-admin] Attributes excluded by policy engine: ['standard_attr_id'] {{(pid=104430) _exclude_attributes_by_policy /opt/stack/neutron/neutron/pecan_wsgi/hooks/policy_enforcement.py:259}}
May 26 13:06:58.561283 dv-neutron-843396-1-hyperv neutron-server[104430]: DEBUG neutron.pecan_wsgi.hooks.policy_enforcement [None req-dc7c1ba5-1f4a-4cee-87c4-84a0635f8886 tempest-PortsAdminExtendedAttrsTestJSON-819832288 tempest-PortsAdminExtendedAttrsTestJSON-819832288-project-admin] Attributes excluded by policy engine: ['standard_attr_id'] {{(pid=104430) _exclude_attributes_by_policy /opt/stack/neutron/neutron/pecan_wsgi/hooks/policy_enforcement.py:259}}
May 26 13:06:58.561715 dv-neutron-843396-1-hyperv neutron-server[104430]: DEBUG neutron.pecan_wsgi.hooks.policy_enforcement [None req-dc7c1ba5-1f4a-4cee-87c4-84a0635f8886 tempest-PortsAdminExtendedAttrsTestJSON-819832288 tempest-PortsAdminExtendedAttrsTestJSON-819832288-project-admin] Attributes excluded by policy engine: ['standard_attr_id'] {{(pid=104430) _exclude_attributes_by_policy /opt/stack/neutron/neutron/pecan_wsgi/hooks/policy_enforcement.py:259}}
May 26 13:06:58.562313 dv-neutron-843396-1-hyperv neutron-server[104430]: DEBUG neutron.pecan_wsgi.hooks.policy_enforcement [None req-dc7c1ba5-1f4a-4cee-87c4-84a0635f8886 tempest-PortsAdminExtendedAttrsTestJSON-819832288 tempest-PortsAdminExtendedAttrsTestJSON-819832288-project-admin] Attributes excluded by policy engine: ['standard_attr_id'] {{(pid=104430) _exclude_attributes_by_policy /opt/stack/neutron/neutron/pecan_wsgi/hooks/policy_enforcement.py:259}}
May 26 13:06:58.563116 dv-neutron-843396-1-hyperv neutron-server[104430]: DEBUG neutron.pecan_wsgi.hooks.policy_enforcement [None req-dc7c1ba5-1f4a-4cee-87c4-84a0635f8886 tempest-PortsAdminExtendedAttrsTestJSON-819832288 tempest-PortsAdminExtendedAttrsTestJSON-819832288-project-admin] Attributes excluded by policy engine: ['standard_attr_id'] {{(pid=104430) _exclude_attributes_by_policy /opt/stack/neutron/neutron/pecan_wsgi/hooks/policy_enforcement.py:259}}
May 26 13:06:58.563599 dv-neutron-843396-1-hyperv neutron-server[104430]: DEBUG neutron.pecan_wsgi.hooks.policy_enforcement [None req-dc7c1ba5-1f4a-4cee-87c4-84a0635f8886 tempest-PortsAdminExtendedAttrsTestJSON-819832288 tempest-PortsAdminExtendedAttrsTestJSON-819832288-project-admin] Attributes excluded by policy engine: ['standard_attr_id'] {{(pid=104430) _exclude_attributes_by_policy /opt/stack/neutron/neutron/pecan_wsgi/hooks/policy_enforcement.py:259}}
May 26 13:06:58.564073 dv-neutron-843396-1-hyperv neutron-server[104430]: DEBUG neutron.pecan_wsgi.hooks.policy_enforcement [None req-dc7c1ba5-1f4a-4cee-87c4-84a0635f8886 tempest-PortsAdminExtendedAttrsTestJSON-819832288 tempest-PortsAdminExtendedAttrsTestJSON-819832288-project-admin] Attributes excluded by policy engine: ['standard_attr_id'] {{(pid=104430) _exclude_attributes_by_policy /opt/stack/neutron/neutron/pecan_wsgi/hooks/policy_enforcement.py:259}}
May 26 13:06:58.564525 dv-neutron-843396-1-hyperv neutron-server[104430]: DEBUG neutron.pecan_wsgi.hooks.policy_enforcement [None req-dc7c1ba5-1f4a-4cee-87c4-84a0635f8886 tempest-PortsAdminExtendedAttrsTestJSON-819832288 tempest-PortsAdminExtendedAttrsTestJSON-819832288-project-admin] Attributes excluded by policy engine: ['standard_attr_id'] {{(pid=104430) _exclude_attributes_by_policy /opt/stack/neutron/neutron/pecan_wsgi/hooks/policy_enforcement.py:259}}
May 26 13:06:58.571327 dv-neutron-843396-1-hyperv neutron-server[104430]: INFO neutron.wsgi [None req-dc7c1ba5-1f4a-4cee-87c4-84a0635f8886 tempest-PortsAdminExtendedAttrsTestJSON-819832288 tempest-PortsAdminExtendedAttrsTestJSON-819832288-project-admin] 10.222.0.83 "GET /v2.0/ports HTTP/1.1" status: 200 len: 19111 time: 0.2425318
May 26 13:06:58.572351 dv-neutron-843396-1-hyperv neutron-server[104430]: DEBUG neutron.wsgi [-] (104430) accepted ('10.222.0.83', 37458) {{(pid=104430) server /usr/local/lib/python3.8/dist-packages/eventlet/wsgi.py:1004}}
May 26 13:06:58.582440 dv-neutron-843396-1-hyperv neutron-server[104430]: DEBUG neutron_lib.callbacks.manager [None req-403d3af5-cd3e-4bac-ada0-a5ffe75944c8 tempest-FloatingIPNegativeTestJSON-1863466726 tempest-FloatingIPNegativeTestJSON-1863466726-project] Publish callbacks ['neutron.api.rpc.agentnotifiers.dhcp_rpc_agent_api.DhcpAgentNotifyAPI._after_router_interface_deleted-1631284', 'neutron.services.l3_router.l3_router_plugin.DVRResourceOperationHandler._cleanup_after_interface_removal-1706647'] for router_interface (7602cfa3-4588-4681-b6ff-2c25fa496f39), after_delete {{(pid=104430) _notify_loop /usr/local/lib/python3.8/dist-packages/neutron_lib/callbacks/manager.py:176}}
May 26 13:06:58.620041 dv-neutron-843396-1-hyperv neutron-server[104430]: DEBUG neutron.pecan_wsgi.hooks.quota_enforcement [None req-754cc16d-b2ab-4c6c-b090-5f017a776613 tempest-FloatingIPTestJSON-877155468 tempest-FloatingIPTestJSON-877155468-project] Made reservation on behalf of fed5e0d8816841e483553087a6171c42 for: {'network': 1} {{(pid=104430) before /opt/stack/neutron/neutron/pecan_wsgi/hooks/quota_enforcement.py:53}}
May 26 13:06:58.623378 dv-neutron-843396-1-hyperv neutron-server[104430]: DEBUG neutron_lib.callbacks.manager [None req-754cc16d-b2ab-4c6c-b090-5f017a776613 tempest-FloatingIPTestJSON-877155468 tempest-FloatingIPTestJSON-877155468-project] Publish callbacks ['neutron.plugins.ml2.plugin.SecurityGroupDbMixin._ensure_default_security_group_handler-565809'] for network (None), before_create {{(pid=104430) _notify_loop /usr/local/lib/python3.8/dist-packages/neutron_lib/callbacks/manager.py:176}}
May 26 13:06:58.645757 dv-neutron-843396-1-hyperv neutron-server[104431]: DEBUG neutron_lib.callbacks.manager [None req-ccb73190-3be4-4074-bfc2-b60aa1852d80 tempest-FloatingIPAdminTestJSON-1808796772 tempest-FloatingIPAdminTestJSON-1808796772-project] Publish callbacks [] for router_gateway (dfc0a284-e5df-4d52-a9ad-ea750f2d32d0), precommit_update {{(pid=104431) _notify_loop /usr/local/lib/python3.8/dist-packages/neutron_lib/callbacks/manager.py:176}}
May 26 13:06:58.671092 dv-neutron-843396-1-hyperv neutron-server[104430]: DEBUG neutron_lib.callbacks.manager [None req-754cc16d-b2ab-4c6c-b090-5f017a776613 tempest-FloatingIPTestJSON-877155468 tempest-FloatingIPTestJSON-877155468-project] Publish callbacks [] for security_group (None), before_create {{(pid=104430) _notify_loop /usr/local/lib/python3.8/dist-packages/neutron_lib/callbacks/manager.py:176}}
May 26 13:06:58.698506 dv-neutron-843396-1-hyperv neutron-server[104431]: DEBUG neutron_lib.callbacks.manager [None req-e3350764-5e5e-486e-b9e4-9e1abfe389b2 tempest-AllowedAddressPairTestJSON-391056219 tempest-AllowedAddressPairTestJSON-391056219-project] Publish callbacks ['neutron.services.l3_router.l3_router_plugin.L3_NAT_dbonly_mixin._precommit_delete_port_callback-1705395'] for port (74588b39-a552-4f92-93ad-e2607eeedfb8), precommit_delete {{(pid=104431) _notify_loop /usr/local/lib/python3.8/dist-packages/neutron_lib/callbacks/manager.py:176}}
May 26 13:06:58.748473 dv-neutron-843396-1-hyperv neutron-server[104431]: DEBUG neutron.plugins.ml2.plugin [None req-e3350764-5e5e-486e-b9e4-9e1abfe389b2 tempest-AllowedAddressPairTestJSON-391056219 tempest-AllowedAddressPairTestJSON-391056219-project] Calling delete_port for 74588b39-a552-4f92-93ad-e2607eeedfb8 owned by {{(pid=104431) delete_port /opt/stack/neutron/neutron/plugins/ml2/plugin.py:2080}}
May 26 13:06:58.777405 dv-neutron-843396-1-hyperv neutron-server[104430]: INFO neutron.wsgi [req-01059f16-26a5-4d2f-a3b2-2ded4a3fd8d0 req-091ef137-85b2-409a-834e-cca89678f5a4 tempest-ServersTestJSON-1990031963 tempest-ServersTestJSON-1990031963-project] 10.222.0.83 "GET /v2.0/ports?device_id=c93eb759-3d62-4400-bc27-c8dfaa94dcb8 HTTP/1.1" status: 200 len: 210 time: 0.0512476
May 26 13:06:58.787069 dv-neutron-843396-1-hyperv neutron-server[104432]: DEBUG neutron_lib.callbacks.manager [None req-d3b8ae00-ee40-43fc-9c7d-06bf62516e70 None None] Publish callbacks [] for port (be6dd1c4-2b87-4d54-9651-8f2c95373a49), precommit_create {{(pid=104432) _notify_loop /usr/local/lib/python3.8/dist-packages/neutron_lib/callbacks/manager.py:176}}
May 26 13:06:58.794646 dv-neutron-843396-1-hyperv neutron-server[104432]: DEBUG neutron_lib.callbacks.manager [None req-d3b8ae00-ee40-43fc-9c7d-06bf62516e70 None None] Publish callbacks ['neutron.plugins.ml2.plugin.SecurityGroupServerNotifierRpcMixin._notify_sg_on_port_change-566401', 'neutron.plugins.ml2.ovo_rpc._ObjectChangeHandler.handle_event-230486', 'neutron.api.rpc.agentnotifiers.dhcp_rpc_agent_api.DhcpAgentNotifyAPI._native_event_send_dhcp_notification-1631245', 'neutron.db.l3_dvrscheduler_db._notify_l3_agent_new_port-8770684900967'] for port (be6dd1c4-2b87-4d54-9651-8f2c95373a49), after_create {{(pid=104432) _notify_loop /usr/local/lib/python3.8/dist-packages/neutron_lib/callbacks/manager.py:176}}
May 26 13:06:58.820177 dv-neutron-843396-1-hyperv neutron-server[104431]: DEBUG neutron.scheduler.l3_agent_scheduler [None req-f001f02a-88b1-41ab-a824-8269f57521ab tempest-RoutersAdminTest-1222757535 tempest-RoutersAdminTest-1222757535-project] Router 57a3435a-2199-4823-944f-04fdd9d21943 is scheduled to L3 agent 5850432a-c527-4799-9593-2fecc4f026c2 with binding_index 1 {{(pid=104431) bind_router /opt/stack/neutron/neutron/scheduler/l3_agent_scheduler.py:209}}
May 26 13:06:58.840476 dv-neutron-843396-1-hyperv neutron-server[104432]: DEBUG neutron.scheduler.dhcp_agent_scheduler [None req-d3b8ae00-ee40-43fc-9c7d-06bf62516e70 None None] Network da953368-5f84-47a2-b8b6-0450c4614d91 is already hosted by enough agents. {{(pid=104432) _get_dhcp_agents_hosting_network /opt/stack/neutron/neutron/scheduler/dhcp_agent_scheduler.py:275}}
May 26 13:06:58.844103 dv-neutron-843396-1-hyperv neutron-server[104432]: DEBUG neutron.scheduler.base_scheduler [None req-d3b8ae00-ee40-43fc-9c7d-06bf62516e70 None None] Resources bound (agent type, host, resource id): {{(pid=104432) schedule /opt/stack/neutron/neutron/scheduler/base_scheduler.py:57}}
May 26 13:06:58.848039 dv-neutron-843396-1-hyperv neutron-server[104432]: DEBUG neutron.db.l3_dvrscheduler_db [None req-d3b8ae00-ee40-43fc-9c7d-06bf62516e70 None None] Received port after_create {{(pid=104432) _notify_l3_agent_new_port /opt/stack/neutron/neutron/db/l3_dvrscheduler_db.py:536}}
May 26 13:06:58.883624 dv-neutron-843396-1-hyperv neutron-server[104430]: DEBUG neutron.scheduler.l3_agent_scheduler [None req-403d3af5-cd3e-4bac-ada0-a5ffe75944c8 tempest-FloatingIPNegativeTestJSON-1863466726 tempest-FloatingIPNegativeTestJSON-1863466726-project] Router 7602cfa3-4588-4681-b6ff-2c25fa496f39 has already been hosted by L3 agent 5850432a-c527-4799-9593-2fecc4f026c2 {{(pid=104430) _get_candidates /opt/stack/neutron/neutron/scheduler/l3_agent_scheduler.py:126}}
May 26 13:06:58.900148 dv-neutron-843396-1-hyperv neutron-server[104430]: DEBUG neutron.plugins.ml2.plugin [None req-02f5023f-9ad3-4dd0-929b-8e47b02b262a tempest-PortsAdminExtendedAttrsTestJSON-819832288 tempest-PortsAdminExtendedAttrsTestJSON-819832288-project-admin] Deleting port 5735cd20-2428-414d-b90a-c428088b0ed6 {{(pid=104430) _pre_delete_port /opt/stack/neutron/neutron/plugins/ml2/plugin.py:2002}}
May 26 13:06:58.900934 dv-neutron-843396-1-hyperv neutron-server[104430]: DEBUG neutron_lib.callbacks.manager [None req-02f5023f-9ad3-4dd0-929b-8e47b02b262a tempest-PortsAdminExtendedAttrsTestJSON-819832288 tempest-PortsAdminExtendedAttrsTestJSON-819832288-project-admin] Publish callbacks ['neutron.db.l3_db.L3_NAT_dbonly_mixin._prevent_l3_port_delete_callback-8770685320888'] for port (5735cd20-2428-414d-b90a-c428088b0ed6), before_delete {{(pid=104430) _notify_loop /usr/local/lib/python3.8/dist-packages/neutron_lib/callbacks/manager.py:176}}
May 26 13:06:58.905161 dv-neutron-843396-1-hyperv neutron-server[104432]: DEBUG neutron.api.rpc.handlers.resources_rpc [None req-d3b8ae00-ee40-43fc-9c7d-06bf62516e70 None None] Pushing event updated for resources: {'Port': ['ID=be6dd1c4-2b87-4d54-9651-8f2c95373a49,revision_number=1']} {{(pid=104432) push /opt/stack/neutron/neutron/api/rpc/handlers/resources_rpc.py:237}}
May 26 13:06:58.923117 dv-neutron-843396-1-hyperv neutron-server[104432]: DEBUG neutron.plugins.ml2.managers [None req-d3b8ae00-ee40-43fc-9c7d-06bf62516e70 None None] Attempting to bind port be6dd1c4-2b87-4d54-9651-8f2c95373a49 on host dv-neutron-843396-1-hyperv for vnic_type normal with profile {{(pid=104432) bind_port /opt/stack/neutron/neutron/plugins/ml2/managers.py:795}}
May 26 13:06:58.923832 dv-neutron-843396-1-hyperv neutron-server[104432]: DEBUG neutron.plugins.ml2.managers [None req-d3b8ae00-ee40-43fc-9c7d-06bf62516e70 None None] Attempting to bind port be6dd1c4-2b87-4d54-9651-8f2c95373a49 by drivers openvswitch,hyperv on host dv-neutron-843396-1-hyperv at level 0 using segments [{'id': '4bb5e288-f7b3-4b18-985d-1c094740abdd', 'network_type': 'vlan', 'physical_network': 'physnet1', 'segmentation_id': 261, 'network_id': 'da953368-5f84-47a2-b8b6-0450c4614d91'}] {{(pid=104432) _bind_port_level /opt/stack/neutron/neutron/plugins/ml2/managers.py:820}}
May 26 13:06:58.924411 dv-neutron-843396-1-hyperv neutron-server[104432]: DEBUG neutron.plugins.ml2.drivers.mech_agent [None req-d3b8ae00-ee40-43fc-9c7d-06bf62516e70 None None] Attempting to bind port be6dd1c4-2b87-4d54-9651-8f2c95373a49 on network da953368-5f84-47a2-b8b6-0450c4614d91 {{(pid=104432) bind_port /opt/stack/neutron/neutron/plugins/ml2/drivers/mech_agent.py:91}}
May 26 13:06:58.930311 dv-neutron-843396-1-hyperv neutron-server[104432]: DEBUG neutron.plugins.ml2.drivers.mech_agent [None req-d3b8ae00-ee40-43fc-9c7d-06bf62516e70 None None] Checking agent: {'id': '916c2755-e0e6-45ee-b869-b6e928a95faa', 'agent_type': 'Open vSwitch agent', 'binary': 'neutron-openvswitch-agent', 'topic': 'N/A', 'host': 'dv-neutron-843396-1-hyperv', 'admin_state_up': True, 'created_at': datetime.datetime(2022, 5, 26, 12, 57, 58), 'started_at': datetime.datetime(2022, 5, 26, 12, 58, 28), 'heartbeat_timestamp': datetime.datetime(2022, 5, 26, 13, 6, 58), 'description': None, 'resources_synced': None, 'availability_zone': None, 'alive': True, 'configurations': {'arp_responder_enabled': False, 'baremetal_smartnic': False, 'bridge_mappings': {'physnet1': 'br-data'}, 'datapath_type': 'system', 'devices': 0, 'enable_distributed_routing': False, 'extensions': [], 'in_distributed_mode': False, 'integration_bridge': 'br-int', 'l2_population': False, 'log_agent_heartbeats': False, 'ovs_capabilities': {'datapath_types': ['netdev', 'system'], 'iface_types': ['erspan', 'geneve', 'gre', 'internal', 'ip6erspan', 'ip6gre', 'lisp', 'patch', 'stt', 'system', 'tap', 'vxlan']}, 'ovs_hybrid_plug': False, 'resource_provider_bandwidths': {}, 'resource_provider_hypervisors': {'br-data': 'dv-neutron-843396-1-hyperv'}, 'resource_provider_inventory_defaults': {'allocation_ratio': 1.0, 'min_unit': 1, 'step_size': 1, 'reserved': 0}, 'resource_provider_packet_processing_inventory_defaults': {'allocation_ratio': 1.0, 'min_unit': 1, 'step_size': 1, 'reserved': 0}, 'resource_provider_packet_processing_with_direction': {}, 'resource_provider_packet_processing_without_direction': {}, 'tunnel_types': [], 'tunneling_ip': None, 'vhostuser_socket_dir': '/var/run/openvswitch'}, 'resource_versions': {'AddressGroup': '1.2', 'ConntrackHelper': '1.0', 'LocalIPAssociation': '1.0', 'Log': '1.0', 'Network': '1.1', 'Port': '1.7', 'PortForwarding': '1.2', 'QosPolicy': '1.10', 'SecurityGroup': '1.5', 'SecurityGroupRule': '1.2', 'SubPort': '1.0', 'Subnet': '1.1', 'Trunk': '1.1'}} {{(pid=104432) bind_port /opt/stack/neutron/neutron/plugins/ml2/drivers/mech_agent.py:110}}
May 26 13:06:58.931368 dv-neutron-843396-1-hyperv neutron-server[104432]: DEBUG neutron.plugins.ml2.drivers.mech_agent [None req-d3b8ae00-ee40-43fc-9c7d-06bf62516e70 None None] Checking segment: {'id': '4bb5e288-f7b3-4b18-985d-1c094740abdd', 'network_type': 'vlan', 'physical_network': 'physnet1', 'segmentation_id': 261, 'network_id': 'da953368-5f84-47a2-b8b6-0450c4614d91'} for mappings: {'physnet1': 'br-data'} with network types: ['local', 'flat', 'vlan'] {{(pid=104432) check_segment_for_agent /opt/stack/neutron/neutron/plugins/ml2/drivers/mech_agent.py:373}}
May 26 13:06:58.931921 dv-neutron-843396-1-hyperv neutron-server[104432]: DEBUG neutron_lib.callbacks.manager [None req-d3b8ae00-ee40-43fc-9c7d-06bf62516e70 None None] Publish callbacks [] for ovs_bridge_name (None), before_read {{(pid=104432) _notify_loop /usr/local/lib/python3.8/dist-packages/neutron_lib/callbacks/manager.py:176}}
May 26 13:06:58.932664 dv-neutron-843396-1-hyperv neutron-server[104432]: DEBUG neutron.plugins.ml2.drivers.mech_agent [None req-d3b8ae00-ee40-43fc-9c7d-06bf62516e70 None None] Bound using segment: {'id': '4bb5e288-f7b3-4b18-985d-1c094740abdd', 'network_type': 'vlan', 'physical_network': 'physnet1', 'segmentation_id': 261, 'network_id': 'da953368-5f84-47a2-b8b6-0450c4614d91'} {{(pid=104432) bind_port /opt/stack/neutron/neutron/plugins/ml2/drivers/mech_agent.py:120}}
May 26 13:06:58.933279 dv-neutron-843396-1-hyperv neutron-server[104432]: DEBUG neutron.plugins.ml2.managers [None req-d3b8ae00-ee40-43fc-9c7d-06bf62516e70 None None] Bound port: be6dd1c4-2b87-4d54-9651-8f2c95373a49, host: dv-neutron-843396-1-hyperv, vif_type: ovs, vif_details: {"connectivity": "l2", "port_filter": true, "ovs_hybrid_plug": false, "datapath_type": "system", "bridge_name": "br-int"}, binding_levels: [{'bound_driver': 'openvswitch', 'bound_segment': {'id': '4bb5e288-f7b3-4b18-985d-1c094740abdd', 'network_type': 'vlan', 'physical_network': 'physnet1', 'segmentation_id': 261, 'network_id': 'da953368-5f84-47a2-b8b6-0450c4614d91'}}] {{(pid=104432) _bind_port_level /opt/stack/neutron/neutron/plugins/ml2/managers.py:932}}
May 26 13:06:58.933851 dv-neutron-843396-1-hyperv neutron-server[104432]: DEBUG neutron_lib.callbacks.manager [None req-d3b8ae00-ee40-43fc-9c7d-06bf62516e70 None None] Publish callbacks ['neutron.plugins.ml2.plugin.SecurityGroupDbMixin._ensure_default_security_group_handler-565809'] for port (be6dd1c4-2b87-4d54-9651-8f2c95373a49), before_update {{(pid=104432) _notify_loop /usr/local/lib/python3.8/dist-packages/neutron_lib/callbacks/manager.py:176}}
May 26 13:06:59.002429 dv-neutron-843396-1-hyperv neutron-server[104432]: DEBUG neutron.plugins.ml2.db [None req-d3b8ae00-ee40-43fc-9c7d-06bf62516e70 None None] For port be6dd1c4-2b87-4d54-9651-8f2c95373a49, host dv-neutron-843396-1-hyperv, cleared binding levels {{(pid=104432) clear_binding_levels /opt/stack/neutron/neutron/plugins/ml2/db.py:87}}
May 26 13:06:59.006263 dv-neutron-843396-1-hyperv neutron-server[104432]: DEBUG neutron.plugins.ml2.db [None req-d3b8ae00-ee40-43fc-9c7d-06bf62516e70 None None] For port be6dd1c4-2b87-4d54-9651-8f2c95373a49, host dv-neutron-843396-1-hyperv, set binding levels [PortBindingLevel(driver='openvswitch',host='dv-neutron-843396-1-hyperv',level=0,port_id=be6dd1c4-2b87-4d54-9651-8f2c95373a49,segment=NetworkSegment(4bb5e288-f7b3-4b18-985d-1c094740abdd),segment_id=4bb5e288-f7b3-4b18-985d-1c094740abdd)] {{(pid=104432) set_binding_levels /opt/stack/neutron/neutron/plugins/ml2/db.py:59}}
May 26 13:06:59.014328 dv-neutron-843396-1-hyperv neutron-server[104432]: DEBUG neutron_lib.callbacks.manager [None req-d3b8ae00-ee40-43fc-9c7d-06bf62516e70 None None] Publish callbacks ['neutron.plugins.ml2.plugin.SecurityGroupServerNotifierRpcMixin._notify_sg_on_port_change-566401', 'neutron.plugins.ml2.ovo_rpc._ObjectChangeHandler.handle_event-230486', 'neutron.api.rpc.agentnotifiers.dhcp_rpc_agent_api.DhcpAgentNotifyAPI._native_event_send_dhcp_notification-1631245', 'neutron.db.l3_db.L3RpcNotifierMixin._notify_gateway_port_ip_changed-8770685323825', 'neutron.db.l3_dvrscheduler_db._notify_l3_agent_port_update-8770684900985', 'neutron.db.l3_hascheduler_db._notify_l3_agent_ha_port_update-8770684901003'] for port (be6dd1c4-2b87-4d54-9651-8f2c95373a49), after_update {{(pid=104432) _notify_loop /usr/local/lib/python3.8/dist-packages/neutron_lib/callbacks/manager.py:176}}
May 26 13:06:59.063435 dv-neutron-843396-1-hyperv neutron-server[104430]: DEBUG neutron.plugins.ml2.db [None req-02f5023f-9ad3-4dd0-929b-8e47b02b262a tempest-PortsAdminExtendedAttrsTestJSON-819832288 tempest-PortsAdminExtendedAttrsTestJSON-819832288-project-admin] For port 5735cd20-2428-414d-b90a-c428088b0ed6, host hv-neutron-8433, got binding levels [] {{(pid=104430) get_binding_level_objs /opt/stack/neutron/neutron/plugins/ml2/db.py:74}}
May 26 13:06:59.064082 dv-neutron-843396-1-hyperv neutron-server[104430]: DEBUG neutron_lib.callbacks.manager [None req-02f5023f-9ad3-4dd0-929b-8e47b02b262a tempest-PortsAdminExtendedAttrsTestJSON-819832288 tempest-PortsAdminExtendedAttrsTestJSON-819832288-project-admin] Publish callbacks ['neutron.services.l3_router.l3_router_plugin.L3_NAT_dbonly_mixin._precommit_delete_port_callback-1705395'] for port (5735cd20-2428-414d-b90a-c428088b0ed6), precommit_delete {{(pid=104430) _notify_loop /usr/local/lib/python3.8/dist-packages/neutron_lib/callbacks/manager.py:176}}
May 26 13:06:59.091705 dv-neutron-843396-1-hyperv neutron-server[104432]: DEBUG neutron.api.rpc.handlers.resources_rpc [None req-d3b8ae00-ee40-43fc-9c7d-06bf62516e70 None None] Pushing event updated for resources: {'Port': ['ID=be6dd1c4-2b87-4d54-9651-8f2c95373a49,revision_number=2']} {{(pid=104432) push /opt/stack/neutron/neutron/api/rpc/handlers/resources_rpc.py:237}}
May 26 13:06:59.116936 dv-neutron-843396-1-hyperv neutron-server[104430]: DEBUG neutron_lib.callbacks.manager [None req-754cc16d-b2ab-4c6c-b090-5f017a776613 tempest-FloatingIPTestJSON-877155468 tempest-FloatingIPTestJSON-877155468-project] Publish callbacks [] for security_group (997b797c-57ce-443c-99ea-4321db73b1ea), precommit_create {{(pid=104430) _notify_loop /usr/local/lib/python3.8/dist-packages/neutron_lib/callbacks/manager.py:176}}
May 26 13:06:59.269222 dv-neutron-843396-1-hyperv neutron-server[104431]: DEBUG neutron.api.rpc.agentnotifiers.l3_rpc_agent_api [None req-f001f02a-88b1-41ab-a824-8269f57521ab tempest-RoutersAdminTest-1222757535 tempest-RoutersAdminTest-1222757535-project] Notify agent at l3_agent.dv-neutron-843396-1-hyperv the message routers_updated {{(pid=104431) _agent_notification /opt/stack/neutron/neutron/api/rpc/agentnotifiers/l3_rpc_agent_api.py:65}}
May 26 13:06:59.300382 dv-neutron-843396-1-hyperv neutron-server[104433]: DEBUG neutron.api.rpc.handlers.l3_rpc [None req-b246284a-f845-4416-b39c-0f25d228faca None None] Sync routers for ids ['57a3435a-2199-4823-944f-04fdd9d21943'] in dv-neutron-843396-1-hyperv {{(pid=104433) sync_routers /opt/stack/neutron/neutron/api/rpc/handlers/l3_rpc.py:125}}
May 26 13:06:59.302707 dv-neutron-843396-1-hyperv neutron-server[104431]: DEBUG neutron_lib.callbacks.manager [None req-e3350764-5e5e-486e-b9e4-9e1abfe389b2 tempest-AllowedAddressPairTestJSON-391056219 tempest-AllowedAddressPairTestJSON-391056219-project] Publish callbacks ['neutron.plugins.ml2.plugin.SecurityGroupServerNotifierRpcMixin._notify_sg_on_port_change-566401', 'neutron.plugins.ml2.ovo_rpc._ObjectChangeHandler.handle_event-230486', 'neutron.api.rpc.agentnotifiers.dhcp_rpc_agent_api.DhcpAgentNotifyAPI._native_event_send_dhcp_notification-1631245', 'neutron.db.l3_db.L3RpcNotifierMixin._notify_routers_callback-8770685323807', 'neutron.db.l3_dvrscheduler_db._notify_port_delete-8770684900976', 'neutron.services.segments.plugin.NovaSegmentNotifier._notify_port_created_or_deleted-16358862'] for port (74588b39-a552-4f92-93ad-e2607eeedfb8), after_delete {{(pid=104431) _notify_loop /usr/local/lib/python3.8/dist-packages/neutron_lib/callbacks/manager.py:176}}
May 26 13:06:59.314944 dv-neutron-843396-1-hyperv neutron-server[104433]: DEBUG neutron.db.l3_dvrscheduler_db [None req-b246284a-f845-4416-b39c-0f25d228faca None None] Routers {'57a3435a-2199-4823-944f-04fdd9d21943'} bound to L3 agent in host dv-neutron-843396-1-hyperv {{(pid=104433) _get_router_ids_for_agent /opt/stack/neutron/neutron/db/l3_dvrscheduler_db.py:421}}
May 26 13:06:59.315906 dv-neutron-843396-1-hyperv neutron-server[104433]: DEBUG neutron.db.l3_hamode_db [None req-b246284a-f845-4416-b39c-0f25d228faca None None] neutron.services.l3_router.l3_router_plugin.L3RouterPlugin method get_ha_sync_data_for_host called with arguments (, 'dv-neutron-843396-1-hyperv', Agent(admin_state_up=True,agent_type='L3 agent',availability_zone='nova',binary='neutron-l3-agent',configurations={"agent_mode": "legacy", "ex_gw_ports": 3, "extensions": [], "floating_ips": 0, "handle_internal_only_routers": true, "interface_driver": "openvswitch", "interfaces": 3, "log_agent_heartbeats": false, "routers": 3},created_at=2022-05-26T12:57:54Z,description=,heartbeat_timestamp=2022-05-26T13:06:54Z,host='dv-neutron-843396-1-hyperv',id=5850432a-c527-4799-9593-2fecc4f026c2,load=0,resource_versions=,resources_synced=,started_at=2022-05-26T12:57:54Z,topic='l3_agent')) {'router_ids': ['57a3435a-2199-4823-944f-04fdd9d21943'], 'active': True} {{(pid=104433) wrapper /usr/local/lib/python3.8/dist-packages/oslo_log/helpers.py:65}}
May 26 13:06:59.364503 dv-neutron-843396-1-hyperv neutron-server[104431]: DEBUG neutron.api.rpc.handlers.resources_rpc [None req-e3350764-5e5e-486e-b9e4-9e1abfe389b2 tempest-AllowedAddressPairTestJSON-391056219 tempest-AllowedAddressPairTestJSON-391056219-project] Pushing event deleted for resources: {'Port': ['ID=74588b39-a552-4f92-93ad-e2607eeedfb8,revision_number=None']} {{(pid=104431) push /opt/stack/neutron/neutron/api/rpc/handlers/resources_rpc.py:237}}
May 26 13:06:59.388627 dv-neutron-843396-1-hyperv neutron-server[104431]: DEBUG neutron_lib.callbacks.manager [None req-ccb73190-3be4-4074-bfc2-b60aa1852d80 tempest-FloatingIPAdminTestJSON-1808796772 tempest-FloatingIPAdminTestJSON-1808796772-project] Publish callbacks [] for router_gateway (dfc0a284-e5df-4d52-a9ad-ea750f2d32d0), before_create {{(pid=104431) _notify_loop /usr/local/lib/python3.8/dist-packages/neutron_lib/callbacks/manager.py:176}}
May 26 13:06:59.393220 dv-neutron-843396-1-hyperv neutron-server[104431]: DEBUG neutron_lib.callbacks.manager [None req-f001f02a-88b1-41ab-a824-8269f57521ab tempest-RoutersAdminTest-1222757535 tempest-RoutersAdminTest-1222757535-project] Publish callbacks [] for router (None), before_response {{(pid=104431) _notify_loop /usr/local/lib/python3.8/dist-packages/neutron_lib/callbacks/manager.py:176}}
May 26 13:06:59.396961 dv-neutron-843396-1-hyperv neutron-server[104431]: INFO neutron.wsgi [None req-f001f02a-88b1-41ab-a824-8269f57521ab tempest-RoutersAdminTest-1222757535 tempest-RoutersAdminTest-1222757535-project] 10.222.0.83 "POST /v2.0/routers HTTP/1.1" status: 201 len: 884 time: 4.5344136
May 26 13:06:59.399956 dv-neutron-843396-1-hyperv neutron-server[104433]: DEBUG neutron.db.l3_hamode_db [None req-b246284a-f845-4416-b39c-0f25d228faca None None] neutron.services.l3_router.l3_router_plugin.L3RouterPlugin method _process_sync_ha_data called with arguments (, [], 'dv-neutron-843396-1-hyperv', False) {} {{(pid=104433) wrapper /usr/local/lib/python3.8/dist-packages/oslo_log/helpers.py:65}}
May 26 13:06:59.413073 dv-neutron-843396-1-hyperv neutron-server[104433]: DEBUG neutron.db.l3_dvrscheduler_db [None req-b246284a-f845-4416-b39c-0f25d228faca None None] Routers {'57a3435a-2199-4823-944f-04fdd9d21943'} bound to L3 agent in host dv-neutron-843396-1-hyperv {{(pid=104433) _get_router_ids_for_agent /opt/stack/neutron/neutron/db/l3_dvrscheduler_db.py:421}}
