May 30 07:50:43.563377 dv-neutron-843389-7-hyperv neutron-server[111643]: DEBUG neutron_lib.callbacks.manager [None req-60cdf6c3-0101-438e-83d5-64b56fc851f2 tempest-PortsAdminExtendedAttrsIpV6TestJSON-796400839 tempest-PortsAdminExtendedAttrsIpV6TestJSON-796400839-project] Publish callbacks [] for security_group (None), before_create {{(pid=111643) _notify_loop /usr/local/lib/python3.8/dist-packages/neutron_lib/callbacks/manager.py:176}}
May 30 07:50:43.581963 dv-neutron-843389-7-hyperv neutron-server[111642]: INFO neutron.wsgi [None req-bebee0c2-ed2f-41b9-a798-015318cf1697 admin admin] 10.222.0.16 "GET /v2.0/security-groups?tenant_id=2a95d92a2f90464395f870ba32c7c671&name=default HTTP/1.1" status: 200 len: 2996 time: 1.2591188
May 30 07:50:43.590833 dv-neutron-843389-7-hyperv neutron-server[111643]: DEBUG neutron.wsgi [-] (111643) accepted ('10.222.0.16', 48910) {{(pid=111643) server /usr/local/lib/python3.8/dist-packages/eventlet/wsgi.py:1004}}
May 30 07:50:43.613698 dv-neutron-843389-7-hyperv neutron-server[111642]: DEBUG neutron.plugins.ml2.plugin [None req-5f39e102-d372-435a-80ad-6e068300eedd tempest-PortsAdminExtendedAttrsTestJSON-2126615087 tempest-PortsAdminExtendedAttrsTestJSON-2126615087-project-admin] In _notify_port_updated(), no bound segment for port 6fa4640b-d729-4445-8220-78799139baa1 on network 6a99e5b0-30eb-471f-b7fc-c6f3b877aee1 {{(pid=111642) _notify_port_updated /opt/stack/neutron/neutron/plugins/ml2/plugin.py:937}}
May 30 07:50:43.614694 dv-neutron-843389-7-hyperv neutron-server[111642]: DEBUG neutron.pecan_wsgi.hooks.policy_enforcement [None req-5f39e102-d372-435a-80ad-6e068300eedd tempest-PortsAdminExtendedAttrsTestJSON-2126615087 tempest-PortsAdminExtendedAttrsTestJSON-2126615087-project-admin] Attributes excluded by policy engine: ['standard_attr_id'] {{(pid=111642) _exclude_attributes_by_policy /opt/stack/neutron/neutron/pecan_wsgi/hooks/policy_enforcement.py:259}}
May 30 07:50:43.615479 dv-neutron-843389-7-hyperv neutron-server[111642]: DEBUG neutron_lib.callbacks.manager [None req-5f39e102-d372-435a-80ad-6e068300eedd tempest-PortsAdminExtendedAttrsTestJSON-2126615087 tempest-PortsAdminExtendedAttrsTestJSON-2126615087-project-admin] Publish callbacks ['neutron.notifiers.nova.Notifier._send_nova_notification-484029'] for port (None), before_response {{(pid=111642) _notify_loop /usr/local/lib/python3.8/dist-packages/neutron_lib/callbacks/manager.py:176}}
May 30 07:50:43.621472 dv-neutron-843389-7-hyperv neutron-server[111642]: INFO neutron.wsgi [None req-5f39e102-d372-435a-80ad-6e068300eedd tempest-PortsAdminExtendedAttrsTestJSON-2126615087 tempest-PortsAdminExtendedAttrsTestJSON-2126615087-project-admin] 10.222.0.16 "PUT /v2.0/ports/6fa4640b-d729-4445-8220-78799139baa1 HTTP/1.1" status: 200 len: 976 time: 2.7207279
May 30 07:50:43.628747 dv-neutron-843389-7-hyperv neutron-server[111642]: DEBUG neutron.wsgi [-] (111642) accepted ('10.222.0.16', 48914) {{(pid=111642) server /usr/local/lib/python3.8/dist-packages/eventlet/wsgi.py:1004}}
May 30 07:50:43.648033 dv-neutron-843389-7-hyperv neutron-server[111642]: DEBUG dbcounter [-] [111642] Writing DB stats neutron:SELECT=87,neutron:UPDATE=6,neutron:INSERT=5,neutron:DELETE=2 {{(pid=111642) stat_writer /usr/local/lib/python3.8/dist-packages/dbcounter.py:114}}
May 30 07:50:43.829947 dv-neutron-843389-7-hyperv neutron-server[111643]: INFO neutron.wsgi [req-a294262c-93ba-4ce5-920f-e4eb8490f32e req-9c2ce052-26f7-4888-891e-055a6def8f27 tempest-ServersTestManualDisk-1886347644 tempest-ServersTestManualDisk-1886347644-project] 10.222.0.24 "GET /v2.0/security-groups?fields=id&fields=name&tenant_id=9a21be735f1747e3bfbd157ea0e07e23 HTTP/1.1" status: 200 len: 380 time: 0.3885345
May 30 07:50:43.877961 dv-neutron-843389-7-hyperv neutron-server[111643]: DEBUG dbcounter [-] [111643] Writing DB stats neutron:SELECT=96,neutron:INSERT=4 {{(pid=111643) stat_writer /usr/local/lib/python3.8/dist-packages/dbcounter.py:114}}
May 30 07:50:43.891361 dv-neutron-843389-7-hyperv neutron-server[111643]: DEBUG neutron.api.v2.base [req-a294262c-93ba-4ce5-920f-e4eb8490f32e req-6e5453f9-19a6-4fb9-97a1-9f4e776b6621 tempest-ServersTestManualDisk-1886347644 tempest-ServersTestManualDisk-1886347644-project] Request body: {'port': {'device_id': '8e08e28f-e6d4-469e-bf75-9a749fdec43d', 'network_id': '058796d0-d8be-4df1-a083-15b40d403eeb', 'admin_state_up': True, 'tenant_id': '9a21be735f1747e3bfbd157ea0e07e23', 'security_groups': ['e4ebf33a-55cb-4f29-b049-25c2754bf89b']}} {{(pid=111643) prepare_request_body /opt/stack/neutron/neutron/api/v2/base.py:730}}
May 30 07:50:43.956674 dv-neutron-843389-7-hyperv neutron-server[111642]: DEBUG neutron.api.rpc.handlers.resources_rpc [None req-5f39e102-d372-435a-80ad-6e068300eedd tempest-PortsAdminExtendedAttrsTestJSON-2126615087 tempest-PortsAdminExtendedAttrsTestJSON-2126615087-project-admin] Pushing event updated for resources: {'Port': ['ID=6fa4640b-d729-4445-8220-78799139baa1,revision_number=3']} {{(pid=111642) push /opt/stack/neutron/neutron/api/rpc/handlers/resources_rpc.py:237}}
May 30 07:50:43.997507 dv-neutron-843389-7-hyperv neutron-server[111643]: DEBUG neutron_lib.callbacks.manager [None req-899a66b3-4d4e-44a8-be04-2975e42e243b admin admin] Publish callbacks [] for security_group (70b5bf4d-f362-4332-becc-e62f28616017), before_delete {{(pid=111643) _notify_loop /usr/local/lib/python3.8/dist-packages/neutron_lib/callbacks/manager.py:176}}
May 30 07:50:44.024569 dv-neutron-843389-7-hyperv neutron-server[111643]: DEBUG dbcounter [-] [111643] Writing DB stats neutron:SELECT=91,neutron:INSERT=5,neutron:DELETE=2,neutron:UPDATE=2 {{(pid=111643) stat_writer /usr/local/lib/python3.8/dist-packages/dbcounter.py:114}}
May 30 07:50:44.035933 dv-neutron-843389-7-hyperv neutron-server[111642]: DEBUG neutron.pecan_wsgi.hooks.policy_enforcement [None req-cc460a36-85d9-4e36-ac42-12060a248548 tempest-PortsAdminExtendedAttrsTestJSON-2126615087 tempest-PortsAdminExtendedAttrsTestJSON-2126615087-project-admin] Attributes excluded by policy engine: ['standard_attr_id'] {{(pid=111642) _exclude_attributes_by_policy /opt/stack/neutron/neutron/pecan_wsgi/hooks/policy_enforcement.py:259}}
May 30 07:50:44.036547 dv-neutron-843389-7-hyperv neutron-server[111642]: DEBUG neutron.pecan_wsgi.hooks.policy_enforcement [None req-cc460a36-85d9-4e36-ac42-12060a248548 tempest-PortsAdminExtendedAttrsTestJSON-2126615087 tempest-PortsAdminExtendedAttrsTestJSON-2126615087-project-admin] Attributes excluded by policy engine: ['standard_attr_id'] {{(pid=111642) _exclude_attributes_by_policy /opt/stack/neutron/neutron/pecan_wsgi/hooks/policy_enforcement.py:259}}
May 30 07:50:44.037126 dv-neutron-843389-7-hyperv neutron-server[111642]: DEBUG neutron.pecan_wsgi.hooks.policy_enforcement [None req-cc460a36-85d9-4e36-ac42-12060a248548 tempest-PortsAdminExtendedAttrsTestJSON-2126615087 tempest-PortsAdminExtendedAttrsTestJSON-2126615087-project-admin] Attributes excluded by policy engine: ['standard_attr_id'] {{(pid=111642) _exclude_attributes_by_policy /opt/stack/neutron/neutron/pecan_wsgi/hooks/policy_enforcement.py:259}}
May 30 07:50:44.037812 dv-neutron-843389-7-hyperv neutron-server[111642]: DEBUG neutron.pecan_wsgi.hooks.policy_enforcement [None req-cc460a36-85d9-4e36-ac42-12060a248548 tempest-PortsAdminExtendedAttrsTestJSON-2126615087 tempest-PortsAdminExtendedAttrsTestJSON-2126615087-project-admin] Attributes excluded by policy engine: ['standard_attr_id'] {{(pid=111642) _exclude_attributes_by_policy /opt/stack/neutron/neutron/pecan_wsgi/hooks/policy_enforcement.py:259}}
May 30 07:50:44.037812 dv-neutron-843389-7-hyperv neutron-server[111642]: DEBUG neutron.pecan_wsgi.hooks.policy_enforcement [None req-cc460a36-85d9-4e36-ac42-12060a248548 tempest-PortsAdminExtendedAttrsTestJSON-2126615087 tempest-PortsAdminExtendedAttrsTestJSON-2126615087-project-admin] Attributes excluded by policy engine: ['standard_attr_id'] {{(pid=111642) _exclude_attributes_by_policy /opt/stack/neutron/neutron/pecan_wsgi/hooks/policy_enforcement.py:259}}
May 30 07:50:44.038615 dv-neutron-843389-7-hyperv neutron-server[111642]: DEBUG neutron.pecan_wsgi.hooks.policy_enforcement [None req-cc460a36-85d9-4e36-ac42-12060a248548 tempest-PortsAdminExtendedAttrsTestJSON-2126615087 tempest-PortsAdminExtendedAttrsTestJSON-2126615087-project-admin] Attributes excluded by policy engine: ['standard_attr_id'] {{(pid=111642) _exclude_attributes_by_policy /opt/stack/neutron/neutron/pecan_wsgi/hooks/policy_enforcement.py:259}}
May 30 07:50:44.038755 dv-neutron-843389-7-hyperv neutron-server[111642]: DEBUG neutron.pecan_wsgi.hooks.policy_enforcement [None req-cc460a36-85d9-4e36-ac42-12060a248548 tempest-PortsAdminExtendedAttrsTestJSON-2126615087 tempest-PortsAdminExtendedAttrsTestJSON-2126615087-project-admin] Attributes excluded by policy engine: ['standard_attr_id'] {{(pid=111642) _exclude_attributes_by_policy /opt/stack/neutron/neutron/pecan_wsgi/hooks/policy_enforcement.py:259}}
May 30 07:50:44.039338 dv-neutron-843389-7-hyperv neutron-server[111642]: DEBUG neutron.pecan_wsgi.hooks.policy_enforcement [None req-cc460a36-85d9-4e36-ac42-12060a248548 tempest-PortsAdminExtendedAttrsTestJSON-2126615087 tempest-PortsAdminExtendedAttrsTestJSON-2126615087-project-admin] Attributes excluded by policy engine: ['standard_attr_id'] {{(pid=111642) _exclude_attributes_by_policy /opt/stack/neutron/neutron/pecan_wsgi/hooks/policy_enforcement.py:259}}
May 30 07:50:44.039721 dv-neutron-843389-7-hyperv neutron-server[111642]: DEBUG neutron.pecan_wsgi.hooks.policy_enforcement [None req-cc460a36-85d9-4e36-ac42-12060a248548 tempest-PortsAdminExtendedAttrsTestJSON-2126615087 tempest-PortsAdminExtendedAttrsTestJSON-2126615087-project-admin] Attributes excluded by policy engine: ['standard_attr_id'] {{(pid=111642) _exclude_attributes_by_policy /opt/stack/neutron/neutron/pecan_wsgi/hooks/policy_enforcement.py:259}}
May 30 07:50:44.040180 dv-neutron-843389-7-hyperv neutron-server[111642]: DEBUG neutron.pecan_wsgi.hooks.policy_enforcement [None req-cc460a36-85d9-4e36-ac42-12060a248548 tempest-PortsAdminExtendedAttrsTestJSON-2126615087 tempest-PortsAdminExtendedAttrsTestJSON-2126615087-project-admin] Attributes excluded by policy engine: ['standard_attr_id'] {{(pid=111642) _exclude_attributes_by_policy /opt/stack/neutron/neutron/pecan_wsgi/hooks/policy_enforcement.py:259}}
May 30 07:50:44.040650 dv-neutron-843389-7-hyperv neutron-server[111642]: DEBUG neutron.pecan_wsgi.hooks.policy_enforcement [None req-cc460a36-85d9-4e36-ac42-12060a248548 tempest-PortsAdminExtendedAttrsTestJSON-2126615087 tempest-PortsAdminExtendedAttrsTestJSON-2126615087-project-admin] Attributes excluded by policy engine: ['standard_attr_id'] {{(pid=111642) _exclude_attributes_by_policy /opt/stack/neutron/neutron/pecan_wsgi/hooks/policy_enforcement.py:259}}
May 30 07:50:44.041130 dv-neutron-843389-7-hyperv neutron-server[111642]: DEBUG neutron.pecan_wsgi.hooks.policy_enforcement [None req-cc460a36-85d9-4e36-ac42-12060a248548 tempest-PortsAdminExtendedAttrsTestJSON-2126615087 tempest-PortsAdminExtendedAttrsTestJSON-2126615087-project-admin] Attributes excluded by policy engine: ['standard_attr_id'] {{(pid=111642) _exclude_attributes_by_policy /opt/stack/neutron/neutron/pecan_wsgi/hooks/policy_enforcement.py:259}}
May 30 07:50:44.041672 dv-neutron-843389-7-hyperv neutron-server[111642]: DEBUG neutron.pecan_wsgi.hooks.policy_enforcement [None req-cc460a36-85d9-4e36-ac42-12060a248548 tempest-PortsAdminExtendedAttrsTestJSON-2126615087 tempest-PortsAdminExtendedAttrsTestJSON-2126615087-project-admin] Attributes excluded by policy engine: ['standard_attr_id'] {{(pid=111642) _exclude_attributes_by_policy /opt/stack/neutron/neutron/pecan_wsgi/hooks/policy_enforcement.py:259}}
May 30 07:50:44.041774 dv-neutron-843389-7-hyperv neutron-server[111643]: DEBUG neutron_lib.callbacks.manager [None req-5ffc435a-6ca2-4d78-b284-4b7dfcc7082f tempest-RoutersIpV6AdminTest-732599394 tempest-RoutersIpV6AdminTest-732599394-project] Publish callbacks [] for router_gateway (eba9ebe0-f1de-446e-be1a-701468c6a809), after_create {{(pid=111643) _notify_loop /usr/local/lib/python3.8/dist-packages/neutron_lib/callbacks/manager.py:176}}
May 30 07:50:44.046573 dv-neutron-843389-7-hyperv neutron-server[111642]: DEBUG neutron.pecan_wsgi.hooks.policy_enforcement [None req-cc460a36-85d9-4e36-ac42-12060a248548 tempest-PortsAdminExtendedAttrsTestJSON-2126615087 tempest-PortsAdminExtendedAttrsTestJSON-2126615087-project-admin] Attributes excluded by policy engine: ['standard_attr_id'] {{(pid=111642) _exclude_attributes_by_policy /opt/stack/neutron/neutron/pecan_wsgi/hooks/policy_enforcement.py:259}}
May 30 07:50:44.046573 dv-neutron-843389-7-hyperv neutron-server[111642]: DEBUG neutron.pecan_wsgi.hooks.policy_enforcement [None req-cc460a36-85d9-4e36-ac42-12060a248548 tempest-PortsAdminExtendedAttrsTestJSON-2126615087 tempest-PortsAdminExtendedAttrsTestJSON-2126615087-project-admin] Attributes excluded by policy engine: ['standard_attr_id'] {{(pid=111642) _exclude_attributes_by_policy /opt/stack/neutron/neutron/pecan_wsgi/hooks/policy_enforcement.py:259}}
May 30 07:50:44.046573 dv-neutron-843389-7-hyperv neutron-server[111642]: DEBUG neutron.pecan_wsgi.hooks.policy_enforcement [None req-cc460a36-85d9-4e36-ac42-12060a248548 tempest-PortsAdminExtendedAttrsTestJSON-2126615087 tempest-PortsAdminExtendedAttrsTestJSON-2126615087-project-admin] Attributes excluded by policy engine: ['standard_attr_id'] {{(pid=111642) _exclude_attributes_by_policy /opt/stack/neutron/neutron/pecan_wsgi/hooks/policy_enforcement.py:259}}
May 30 07:50:44.046573 dv-neutron-843389-7-hyperv neutron-server[111642]: DEBUG neutron.pecan_wsgi.hooks.policy_enforcement [None req-cc460a36-85d9-4e36-ac42-12060a248548 tempest-PortsAdminExtendedAttrsTestJSON-2126615087 tempest-PortsAdminExtendedAttrsTestJSON-2126615087-project-admin] Attributes excluded by policy engine: ['standard_attr_id'] {{(pid=111642) _exclude_attributes_by_policy /opt/stack/neutron/neutron/pecan_wsgi/hooks/policy_enforcement.py:259}}
May 30 07:50:44.046573 dv-neutron-843389-7-hyperv neutron-server[111642]: DEBUG neutron.pecan_wsgi.hooks.policy_enforcement [None req-cc460a36-85d9-4e36-ac42-12060a248548 tempest-PortsAdminExtendedAttrsTestJSON-2126615087 tempest-PortsAdminExtendedAttrsTestJSON-2126615087-project-admin] Attributes excluded by policy engine: ['standard_attr_id'] {{(pid=111642) _exclude_attributes_by_policy /opt/stack/neutron/neutron/pecan_wsgi/hooks/policy_enforcement.py:259}}
May 30 07:50:44.046573 dv-neutron-843389-7-hyperv neutron-server[111642]: DEBUG neutron.pecan_wsgi.hooks.policy_enforcement [None req-cc460a36-85d9-4e36-ac42-12060a248548 tempest-PortsAdminExtendedAttrsTestJSON-2126615087 tempest-PortsAdminExtendedAttrsTestJSON-2126615087-project-admin] Attributes excluded by policy engine: ['standard_attr_id'] {{(pid=111642) _exclude_attributes_by_policy /opt/stack/neutron/neutron/pecan_wsgi/hooks/policy_enforcement.py:259}}
May 30 07:50:44.046573 dv-neutron-843389-7-hyperv neutron-server[111642]: DEBUG neutron.pecan_wsgi.hooks.policy_enforcement [None req-cc460a36-85d9-4e36-ac42-12060a248548 tempest-PortsAdminExtendedAttrsTestJSON-2126615087 tempest-PortsAdminExtendedAttrsTestJSON-2126615087-project-admin] Attributes excluded by policy engine: ['standard_attr_id'] {{(pid=111642) _exclude_attributes_by_policy /opt/stack/neutron/neutron/pecan_wsgi/hooks/policy_enforcement.py:259}}
May 30 07:50:44.046573 dv-neutron-843389-7-hyperv neutron-server[111642]: DEBUG neutron.pecan_wsgi.hooks.policy_enforcement [None req-cc460a36-85d9-4e36-ac42-12060a248548 tempest-PortsAdminExtendedAttrsTestJSON-2126615087 tempest-PortsAdminExtendedAttrsTestJSON-2126615087-project-admin] Attributes excluded by policy engine: ['standard_attr_id'] {{(pid=111642) _exclude_attributes_by_policy /opt/stack/neutron/neutron/pecan_wsgi/hooks/policy_enforcement.py:259}}
May 30 07:50:44.046573 dv-neutron-843389-7-hyperv neutron-server[111642]: DEBUG neutron.pecan_wsgi.hooks.policy_enforcement [None req-cc460a36-85d9-4e36-ac42-12060a248548 tempest-PortsAdminExtendedAttrsTestJSON-2126615087 tempest-PortsAdminExtendedAttrsTestJSON-2126615087-project-admin] Attributes excluded by policy engine: ['standard_attr_id'] {{(pid=111642) _exclude_attributes_by_policy /opt/stack/neutron/neutron/pecan_wsgi/hooks/policy_enforcement.py:259}}
May 30 07:50:44.047236 dv-neutron-843389-7-hyperv neutron-server[111642]: DEBUG neutron.pecan_wsgi.hooks.policy_enforcement [None req-cc460a36-85d9-4e36-ac42-12060a248548 tempest-PortsAdminExtendedAttrsTestJSON-2126615087 tempest-PortsAdminExtendedAttrsTestJSON-2126615087-project-admin] Attributes excluded by policy engine: ['standard_attr_id'] {{(pid=111642) _exclude_attributes_by_policy /opt/stack/neutron/neutron/pecan_wsgi/hooks/policy_enforcement.py:259}}
May 30 07:50:44.047236 dv-neutron-843389-7-hyperv neutron-server[111642]: DEBUG neutron.pecan_wsgi.hooks.policy_enforcement [None req-cc460a36-85d9-4e36-ac42-12060a248548 tempest-PortsAdminExtendedAttrsTestJSON-2126615087 tempest-PortsAdminExtendedAttrsTestJSON-2126615087-project-admin] Attributes excluded by policy engine: ['standard_attr_id'] {{(pid=111642) _exclude_attributes_by_policy /opt/stack/neutron/neutron/pecan_wsgi/hooks/policy_enforcement.py:259}}
May 30 07:50:44.047555 dv-neutron-843389-7-hyperv neutron-server[111642]: DEBUG neutron.pecan_wsgi.hooks.policy_enforcement [None req-cc460a36-85d9-4e36-ac42-12060a248548 tempest-PortsAdminExtendedAttrsTestJSON-2126615087 tempest-PortsAdminExtendedAttrsTestJSON-2126615087-project-admin] Attributes excluded by policy engine: ['standard_attr_id'] {{(pid=111642) _exclude_attributes_by_policy /opt/stack/neutron/neutron/pecan_wsgi/hooks/policy_enforcement.py:259}}
May 30 07:50:44.054466 dv-neutron-843389-7-hyperv neutron-server[111642]: INFO neutron.wsgi [None req-cc460a36-85d9-4e36-ac42-12060a248548 tempest-PortsAdminExtendedAttrsTestJSON-2126615087 tempest-PortsAdminExtendedAttrsTestJSON-2126615087-project-admin] 10.222.0.16 "GET /v2.0/ports HTTP/1.1" status: 200 len: 22103 time: 0.4191151
May 30 07:50:44.058895 dv-neutron-843389-7-hyperv neutron-server[111643]: DEBUG neutron.wsgi [-] (111643) accepted ('10.222.0.16', 48920) {{(pid=111643) server /usr/local/lib/python3.8/dist-packages/eventlet/wsgi.py:1004}}
May 30 07:50:44.078758 dv-neutron-843389-7-hyperv neutron-server[111642]: INFO neutron.wsgi [req-dee6446b-e416-4611-ab87-13bb228987a1 req-b2b499e3-cf29-48c2-bfb6-ae07890cddb8 tempest-ServersTestJSON-726410269 tempest-ServersTestJSON-726410269-project] 10.222.0.16 "GET /v2.0/ports?device_id=2f85f92c-41d4-4dc7-b473-b3a163bce2e6 HTTP/1.1" status: 200 len: 210 time: 0.0790937
May 30 07:50:44.096720 dv-neutron-843389-7-hyperv neutron-server[111643]: DEBUG neutron_lib.callbacks.manager [None req-899a66b3-4d4e-44a8-be04-2975e42e243b admin admin] Publish callbacks [] for security_group (70b5bf4d-f362-4332-becc-e62f28616017), precommit_delete {{(pid=111643) _notify_loop /usr/local/lib/python3.8/dist-packages/neutron_lib/callbacks/manager.py:176}}
May 30 07:50:44.174065 dv-neutron-843389-7-hyperv neutron-server[111642]: DEBUG neutron_lib.callbacks.manager [None req-ba9b8b47-ccce-488c-b91f-ec315bdcf4ab tempest-FloatingIPAdminTestJSON-1720982223 tempest-FloatingIPAdminTestJSON-1720982223-project-admin] Publish callbacks [] for port (5b563b07-b557-4831-8d4b-6f1ca9331869), precommit_update {{(pid=111642) _notify_loop /usr/local/lib/python3.8/dist-packages/neutron_lib/callbacks/manager.py:176}}
May 30 07:50:44.254261 dv-neutron-843389-7-hyperv neutron-server[111642]: DEBUG neutron_lib.callbacks.manager [None req-ba9b8b47-ccce-488c-b91f-ec315bdcf4ab tempest-FloatingIPAdminTestJSON-1720982223 tempest-FloatingIPAdminTestJSON-1720982223-project-admin] Publish callbacks ['neutron.plugins.ml2.plugin.SecurityGroupServerNotifierRpcMixin._notify_sg_on_port_change-2076449', 'neutron.plugins.ml2.ovo_rpc._ObjectChangeHandler.handle_event-47226', 'neutron.api.rpc.agentnotifiers.dhcp_rpc_agent_api.DhcpAgentNotifyAPI._native_event_send_dhcp_notification-566459', 'neutron.db.l3_db.L3RpcNotifierMixin._notify_gateway_port_ip_changed-8751917343353', 'neutron.db.l3_dvrscheduler_db._notify_l3_agent_port_update-8751916809171', 'neutron.db.l3_hascheduler_db._notify_l3_agent_ha_port_update-8751916809189', 'neutron.services.segments.plugin.NovaSegmentNotifier._notify_port_updated-9796364'] for port (5b563b07-b557-4831-8d4b-6f1ca9331869), after_update {{(pid=111642) _notify_loop /usr/local/lib/python3.8/dist-packages/neutron_lib/callbacks/manager.py:176}}
May 30 07:50:44.313006 dv-neutron-843389-7-hyperv neutron-server[111642]: DEBUG neutron.api.rpc.handlers.resources_rpc [None req-ba9b8b47-ccce-488c-b91f-ec315bdcf4ab tempest-FloatingIPAdminTestJSON-1720982223 tempest-FloatingIPAdminTestJSON-1720982223-project-admin] Pushing event updated for resources: {'Port': ['ID=5b563b07-b557-4831-8d4b-6f1ca9331869,revision_number=2']} {{(pid=111642) push /opt/stack/neutron/neutron/api/rpc/handlers/resources_rpc.py:237}}
May 30 07:50:44.387193 dv-neutron-843389-7-hyperv neutron-server[111642]: DEBUG neutron_lib.callbacks.manager [None req-ba9b8b47-ccce-488c-b91f-ec315bdcf4ab tempest-FloatingIPAdminTestJSON-1720982223 tempest-FloatingIPAdminTestJSON-1720982223-project-admin] Publish callbacks ['neutron.services.l3_router.l3_router_plugin.DVRResourceOperationHandler._create_dvr_floating_gw_port-633406'] for floatingip (03a82f4e-565a-4068-9d76-e2872210875e), after_create {{(pid=111642) _notify_loop /usr/local/lib/python3.8/dist-packages/neutron_lib/callbacks/manager.py:176}}
May 30 07:50:44.394595 dv-neutron-843389-7-hyperv neutron-server[111642]: DEBUG dbcounter [-] [111642] Writing DB stats neutron:SELECT=96,neutron:INSERT=4 {{(pid=111642) stat_writer /usr/local/lib/python3.8/dist-packages/dbcounter.py:114}}
May 30 07:50:44.514821 dv-neutron-843389-7-hyperv neutron-server[111643]: DEBUG neutron_lib.callbacks.manager [req-170558b8-9ae8-442f-bf9f-788cb2eeeed2 req-5c01afbf-e851-4a98-9c36-9b3d45184b61 tempest-ServersTestJSON-726410269 tempest-ServersTestJSON-726410269-project] Publish callbacks [] for port (8b955cf8-1f88-4b36-8bf0-6453123c372a), precommit_create {{(pid=111643) _notify_loop /usr/local/lib/python3.8/dist-packages/neutron_lib/callbacks/manager.py:176}}
May 30 07:50:44.548947 dv-neutron-843389-7-hyperv neutron-server[111642]: INFO neutron.wsgi [req-e731d226-2282-46db-a690-ac8379f705ad req-ab12a954-0205-49ce-8fde-6a929344e2c2 tempest-ServersTestManualDisk-1886347644 tempest-ServersTestManualDisk-1886347644-project] 10.222.0.16 "GET /v2.0/ports?device_id=8e08e28f-e6d4-469e-bf75-9a749fdec43d HTTP/1.1" status: 200 len: 210 time: 0.0477653
May 30 07:50:44.559247 dv-neutron-843389-7-hyperv neutron-server[111642]: INFO neutron.db.l3_db [None req-ba9b8b47-ccce-488c-b91f-ec315bdcf4ab tempest-FloatingIPAdminTestJSON-1720982223 tempest-FloatingIPAdminTestJSON-1720982223-project-admin] Floating IP 03a82f4e-565a-4068-9d76-e2872210875e associated. External IP: 172.26.0.236, port: 99147210-4c74-4e11-8a14-be32b434e11a.
May 30 07:50:44.616862 dv-neutron-843389-7-hyperv neutron-server[111642]: DEBUG dbcounter [-] [111642] Writing DB stats neutron:SELECT=89,neutron:DELETE=2,neutron:INSERT=7,neutron:UPDATE=2 {{(pid=111642) stat_writer /usr/local/lib/python3.8/dist-packages/dbcounter.py:114}}
May 30 07:50:44.688053 dv-neutron-843389-7-hyperv neutron-server[111643]: DEBUG dbcounter [-] [111643] Writing DB stats neutron:UPDATE=4,neutron:SELECT=90,neutron:INSERT=6 {{(pid=111643) stat_writer /usr/local/lib/python3.8/dist-packages/dbcounter.py:114}}
May 30 07:50:44.721422 dv-neutron-843389-7-hyperv neutron-server[111643]: DEBUG neutron.pecan_wsgi.hooks.policy_enforcement [req-dc3c7f19-f65c-4c66-a52c-bae2c0ff56bc req-64be3434-9ce5-4d09-8a06-32004281747f tempest-ServerActionsTestJSON-1804790800 tempest-ServerActionsTestJSON-1804790800-project] Attributes excluded by policy engine: ['standard_attr_id', 'binding:profile', 'binding:host_id', 'binding:vif_type', 'binding:vif_details'] {{(pid=111643) _exclude_attributes_by_policy /opt/stack/neutron/neutron/pecan_wsgi/hooks/policy_enforcement.py:259}}
May 30 07:50:44.723003 dv-neutron-843389-7-hyperv neutron-server[111643]: INFO neutron.wsgi [req-dc3c7f19-f65c-4c66-a52c-bae2c0ff56bc req-64be3434-9ce5-4d09-8a06-32004281747f tempest-ServerActionsTestJSON-1804790800 tempest-ServerActionsTestJSON-1804790800-project] 10.222.0.16 "GET /v2.0/ports?device_id=10fdf301-521a-4717-8b2c-02e2f55b5d47 HTTP/1.1" status: 200 len: 931 time: 0.2131145
May 30 07:50:44.767177 dv-neutron-843389-7-hyperv neutron-server[111643]: DEBUG neutron_lib.callbacks.manager [None req-60cdf6c3-0101-438e-83d5-64b56fc851f2 tempest-PortsAdminExtendedAttrsIpV6TestJSON-796400839 tempest-PortsAdminExtendedAttrsIpV6TestJSON-796400839-project] Publish callbacks [] for security_group (e62950ef-7072-43b7-8f62-bacb781afe36), precommit_create {{(pid=111643) _notify_loop /usr/local/lib/python3.8/dist-packages/neutron_lib/callbacks/manager.py:176}}
May 30 07:50:44.807664 dv-neutron-843389-7-hyperv neutron-server[111642]: DEBUG dbcounter [-] [111642] Writing DB stats neutron:SELECT=89,neutron:INSERT=5,neutron:DELETE=2,neutron:UPDATE=4 {{(pid=111642) stat_writer /usr/local/lib/python3.8/dist-packages/dbcounter.py:114}}
May 30 07:50:44.833894 dv-neutron-843389-7-hyperv neutron-server[111642]: DEBUG neutron.scheduler.l3_agent_scheduler [None req-ba9b8b47-ccce-488c-b91f-ec315bdcf4ab tempest-FloatingIPAdminTestJSON-1720982223 tempest-FloatingIPAdminTestJSON-1720982223-project-admin] Router 2a9a80b1-3306-4a81-b231-ee1c94ab869b has already been hosted by L3 agent 9e1d7529-af15-4b59-81cd-2dc64d009d8f {{(pid=111642) _get_candidates /opt/stack/neutron/neutron/scheduler/l3_agent_scheduler.py:126}}
May 30 07:50:44.897801 dv-neutron-843389-7-hyperv neutron-server[111643]: DEBUG neutron_lib.callbacks.manager [None req-60cdf6c3-0101-438e-83d5-64b56fc851f2 tempest-PortsAdminExtendedAttrsIpV6TestJSON-796400839 tempest-PortsAdminExtendedAttrsIpV6TestJSON-796400839-project] Publish callbacks ['neutron.plugins.ml2.ovo_rpc._ObjectChangeHandler.handle_event-1010219'] for security_group (e62950ef-7072-43b7-8f62-bacb781afe36), after_create {{(pid=111643) _notify_loop /usr/local/lib/python3.8/dist-packages/neutron_lib/callbacks/manager.py:176}}
May 30 07:50:44.952272 dv-neutron-843389-7-hyperv neutron-server[111643]: DEBUG neutron.plugins.ml2.plugin [None req-a839d8be-d814-4dc1-a7cf-1be31bd26a7f tempest-PortsAdminExtendedAttrsTestJSON-2126615087 tempest-PortsAdminExtendedAttrsTestJSON-2126615087-project-admin] Deleting port 6fa4640b-d729-4445-8220-78799139baa1 {{(pid=111643) _pre_delete_port /opt/stack/neutron/neutron/plugins/ml2/plugin.py:2043}}
May 30 07:50:44.952728 dv-neutron-843389-7-hyperv neutron-server[111643]: DEBUG neutron_lib.callbacks.manager [None req-a839d8be-d814-4dc1-a7cf-1be31bd26a7f tempest-PortsAdminExtendedAttrsTestJSON-2126615087 tempest-PortsAdminExtendedAttrsTestJSON-2126615087-project-admin] Publish callbacks ['neutron.db.l3_db.L3_NAT_dbonly_mixin._prevent_l3_port_delete_callback-8751917207161'] for port (6fa4640b-d729-4445-8220-78799139baa1), before_delete {{(pid=111643) _notify_loop /usr/local/lib/python3.8/dist-packages/neutron_lib/callbacks/manager.py:176}}
May 30 07:50:44.957847 dv-neutron-843389-7-hyperv neutron-server[111642]: DEBUG neutron.api.rpc.agentnotifiers.l3_rpc_agent_api [None req-ba9b8b47-ccce-488c-b91f-ec315bdcf4ab tempest-FloatingIPAdminTestJSON-1720982223 tempest-FloatingIPAdminTestJSON-1720982223-project-admin] Notify agent at l3_agent.dv-neutron-843389-7-hyperv the message routers_updated {{(pid=111642) _agent_notification /opt/stack/neutron/neutron/api/rpc/agentnotifiers/l3_rpc_agent_api.py:65}}
May 30 07:50:44.966790 dv-neutron-843389-7-hyperv neutron-server[111644]: DEBUG neutron.api.rpc.handlers.l3_rpc [None req-eae5df96-d4d5-4d45-a81f-d51f897cecae None None] Sync routers for ids ['2a9a80b1-3306-4a81-b231-ee1c94ab869b'] in dv-neutron-843389-7-hyperv {{(pid=111644) sync_routers /opt/stack/neutron/neutron/api/rpc/handlers/l3_rpc.py:125}}
May 30 07:50:44.988871 dv-neutron-843389-7-hyperv neutron-server[111644]: DEBUG neutron.db.l3_dvrscheduler_db [None req-eae5df96-d4d5-4d45-a81f-d51f897cecae None None] Routers {'2a9a80b1-3306-4a81-b231-ee1c94ab869b'} bound to L3 agent in host dv-neutron-843389-7-hyperv {{(pid=111644) _get_router_ids_for_agent /opt/stack/neutron/neutron/db/l3_dvrscheduler_db.py:421}}
May 30 07:50:44.988871 dv-neutron-843389-7-hyperv neutron-server[111644]: DEBUG neutron.db.l3_hamode_db [None req-eae5df96-d4d5-4d45-a81f-d51f897cecae None None] neutron.services.l3_router.l3_router_plugin.L3RouterPlugin method get_ha_sync_data_for_host called with arguments (, 'dv-neutron-843389-7-hyperv', Agent(admin_state_up=True,agent_type='L3 agent',availability_zone='nova',binary='neutron-l3-agent',configurations={"agent_mode": "legacy", "ex_gw_ports": 3, "extensions": [], "floating_ips": 0, "handle_internal_only_routers": true, "interface_driver": "openvswitch", "interfaces": 1, "log_agent_heartbeats": false, "routers": 3},created_at=2022-05-30T07:41:51Z,description=,heartbeat_timestamp=2022-05-30T07:50:21Z,host='dv-neutron-843389-7-hyperv',id=9e1d7529-af15-4b59-81cd-2dc64d009d8f,load=0,resource_versions=,resources_synced=,started_at=2022-05-30T07:41:52Z,topic='l3_agent')) {'router_ids': ['2a9a80b1-3306-4a81-b231-ee1c94ab869b'], 'active': True} {{(pid=111644) wrapper /usr/local/lib/python3.8/dist-packages/oslo_log/helpers.py:65}}
May 30 07:50:44.989196 dv-neutron-843389-7-hyperv neutron-server[111643]: DEBUG neutron.api.rpc.handlers.resources_rpc [None req-60cdf6c3-0101-438e-83d5-64b56fc851f2 tempest-PortsAdminExtendedAttrsIpV6TestJSON-796400839 tempest-PortsAdminExtendedAttrsIpV6TestJSON-796400839-project] Pushing event updated for resources: {'SecurityGroup': ['ID=e62950ef-7072-43b7-8f62-bacb781afe36,revision_number=1']} {{(pid=111643) push /opt/stack/neutron/neutron/api/rpc/handlers/resources_rpc.py:237}}
May 30 07:50:45.044510 dv-neutron-843389-7-hyperv neutron-server[111643]: INFO neutron.wsgi [req-dc3c7f19-f65c-4c66-a52c-bae2c0ff56bc req-205e7da4-a1c0-4454-8bcc-0f12c3b5371d tempest-ServerActionsTestJSON-1804790800 tempest-ServerActionsTestJSON-1804790800-project] 10.222.0.16 "GET /v2.0/security-groups?id=582debe8-a366-4e40-b964-c12d9dc34900&fields=id&fields=name HTTP/1.1" status: 200 len: 313 time: 0.2744195
May 30 07:50:45.060043 dv-neutron-843389-7-hyperv neutron-server[111644]: DEBUG neutron.db.l3_hamode_db [None req-eae5df96-d4d5-4d45-a81f-d51f897cecae None None] neutron.services.l3_router.l3_router_plugin.L3RouterPlugin method _process_sync_ha_data called with arguments (, [], 'dv-neutron-843389-7-hyperv', False) {} {{(pid=111644) wrapper /usr/local/lib/python3.8/dist-packages/oslo_log/helpers.py:65}}
May 30 07:50:45.075077 dv-neutron-843389-7-hyperv neutron-server[111642]: DEBUG neutron_lib.callbacks.manager [None req-ba9b8b47-ccce-488c-b91f-ec315bdcf4ab tempest-FloatingIPAdminTestJSON-1720982223 tempest-FloatingIPAdminTestJSON-1720982223-project-admin] Publish callbacks ['neutron.notifiers.nova.Notifier._send_nova_notification-484029'] for floatingip (None), before_response {{(pid=111642) _notify_loop /usr/local/lib/python3.8/dist-packages/neutron_lib/callbacks/manager.py:176}}
May 30 07:50:45.086624 dv-neutron-843389-7-hyperv neutron-server[111644]: DEBUG neutron.db.l3_dvrscheduler_db [None req-eae5df96-d4d5-4d45-a81f-d51f897cecae None None] Routers {'2a9a80b1-3306-4a81-b231-ee1c94ab869b'} bound to L3 agent in host dv-neutron-843389-7-hyperv {{(pid=111644) _get_router_ids_for_agent /opt/stack/neutron/neutron/db/l3_dvrscheduler_db.py:421}}
May 30 07:50:45.087701 dv-neutron-843389-7-hyperv neutron-server[111644]: DEBUG neutron.db.l3_hamode_db [None req-eae5df96-d4d5-4d45-a81f-d51f897cecae None None] neutron.services.l3_router.l3_router_plugin.L3RouterPlugin method get_ha_sync_data_for_host called with arguments (, 'dv-neutron-843389-7-hyperv', Agent(admin_state_up=True,agent_type='L3 agent',availability_zone='nova',binary='neutron-l3-agent',configurations={"agent_mode": "legacy", "ex_gw_ports": 3, "extensions": [], "floating_ips": 0, "handle_internal_only_routers": true, "interface_driver": "openvswitch", "interfaces": 1, "log_agent_heartbeats": false, "routers": 3},created_at=2022-05-30T07:41:51Z,description=,heartbeat_timestamp=2022-05-30T07:50:21Z,host='dv-neutron-843389-7-hyperv',id=9e1d7529-af15-4b59-81cd-2dc64d009d8f,load=0,resource_versions=,resources_synced=,started_at=2022-05-30T07:41:52Z,topic='l3_agent')) {'router_ids': ['2a9a80b1-3306-4a81-b231-ee1c94ab869b'], 'active': True} {{(pid=111644) wrapper /usr/local/lib/python3.8/dist-packages/oslo_log/helpers.py:65}}
May 30 07:50:45.090179 dv-neutron-843389-7-hyperv neutron-server[111643]: DEBUG neutron_lib.callbacks.manager [None req-899a66b3-4d4e-44a8-be04-2975e42e243b admin admin] Publish callbacks ['neutron.plugins.ml2.ovo_rpc._ObjectChangeHandler.handle_event-1010219'] for security_group (70b5bf4d-f362-4332-becc-e62f28616017), after_delete {{(pid=111643) _notify_loop /usr/local/lib/python3.8/dist-packages/neutron_lib/callbacks/manager.py:176}}
May 30 07:50:45.092970 dv-neutron-843389-7-hyperv neutron-server[111643]: DEBUG neutron_lib.callbacks.manager [None req-899a66b3-4d4e-44a8-be04-2975e42e243b admin admin] Publish callbacks [] for security_group (None), before_response {{(pid=111643) _notify_loop /usr/local/lib/python3.8/dist-packages/neutron_lib/callbacks/manager.py:176}}
May 30 07:50:45.096952 dv-neutron-843389-7-hyperv neutron-server[111643]: INFO neutron.wsgi [None req-899a66b3-4d4e-44a8-be04-2975e42e243b admin admin] 10.222.0.16 "DELETE /v2.0/security-groups/70b5bf4d-f362-4332-becc-e62f28616017 HTTP/1.1" status: 204 len: 168 time: 1.4938815
May 30 07:50:45.101850 dv-neutron-843389-7-hyperv neutron-server[111643]: DEBUG neutron.plugins.ml2.drivers.helpers [None req-60cdf6c3-0101-438e-83d5-64b56fc851f2 tempest-PortsAdminExtendedAttrsIpV6TestJSON-796400839 tempest-PortsAdminExtendedAttrsIpV6TestJSON-796400839-project] vlan segment allocate from pool success with {'physical_network': 'physnet1', 'vlan_id': 157} {{(pid=111643) allocate_partially_specified_segment /opt/stack/neutron/neutron/plugins/ml2/drivers/helpers.py:153}}
May 30 07:50:45.121652 dv-neutron-843389-7-hyperv neutron-server[111643]: DEBUG neutron.api.rpc.handlers.resources_rpc [None req-899a66b3-4d4e-44a8-be04-2975e42e243b admin admin] Pushing event deleted for resources: {'SecurityGroup': ['ID=70b5bf4d-f362-4332-becc-e62f28616017,revision_number=None']} {{(pid=111643) push /opt/stack/neutron/neutron/api/rpc/handlers/resources_rpc.py:237}}
May 30 07:50:45.126999 dv-neutron-843389-7-hyperv neutron-server[111644]: DEBUG neutron.db.l3_hamode_db [None req-eae5df96-d4d5-4d45-a81f-d51f897cecae None None] neutron.services.l3_router.l3_router_plugin.L3RouterPlugin method _process_sync_ha_data called with arguments (, [], 'dv-neutron-843389-7-hyperv', False) {} {{(pid=111644) wrapper /usr/local/lib/python3.8/dist-packages/oslo_log/helpers.py:65}}
May 30 07:50:45.127619 dv-neutron-843389-7-hyperv neutron-server[111644]: DEBUG neutron.api.rpc.handlers.l3_rpc [None req-eae5df96-d4d5-4d45-a81f-d51f897cecae None None] The sync data for ids ['2a9a80b1-3306-4a81-b231-ee1c94ab869b'] in dv-neutron-843389-7-hyperv is: [] {{(pid=111644) sync_routers /opt/stack/neutron/neutron/api/rpc/handlers/l3_rpc.py:137}}
May 30 07:50:45.148131 dv-neutron-843389-7-hyperv neutron-server[111643]: DEBUG neutron.pecan_wsgi.hooks.quota_enforcement [req-a294262c-93ba-4ce5-920f-e4eb8490f32e req-6e5453f9-19a6-4fb9-97a1-9f4e776b6621 tempest-ServersTestManualDisk-1886347644 tempest-ServersTestManualDisk-1886347644-project] Made reservation on behalf of 9a21be735f1747e3bfbd157ea0e07e23 for: {'port': 1} {{(pid=111643) before /opt/stack/neutron/neutron/pecan_wsgi/hooks/quota_enforcement.py:53}}
May 30 07:50:45.152366 dv-neutron-843389-7-hyperv neutron-server[111643]: DEBUG neutron_lib.callbacks.manager [req-a294262c-93ba-4ce5-920f-e4eb8490f32e req-6e5453f9-19a6-4fb9-97a1-9f4e776b6621 tempest-ServersTestManualDisk-1886347644 tempest-ServersTestManualDisk-1886347644-project] Publish callbacks ['neutron.plugins.ml2.plugin.SecurityGroupDbMixin._ensure_default_security_group_handler-2076640'] for port (None), before_create {{(pid=111643) _notify_loop /usr/local/lib/python3.8/dist-packages/neutron_lib/callbacks/manager.py:176}}
May 30 07:50:45.162557 dv-neutron-843389-7-hyperv neutron-server[111643]: DEBUG neutron_lib.callbacks.manager [None req-60cdf6c3-0101-438e-83d5-64b56fc851f2 tempest-PortsAdminExtendedAttrsIpV6TestJSON-796400839 tempest-PortsAdminExtendedAttrsIpV6TestJSON-796400839-project] Publish callbacks ['neutron.plugins.ml2.plugin.Ml2Plugin._handle_segment_change-1656397'] for segment (b529daad-3b9b-4f0d-a26e-2748942561c8), precommit_create {{(pid=111643) _notify_loop /usr/local/lib/python3.8/dist-packages/neutron_lib/callbacks/manager.py:176}}
May 30 07:50:45.162961 dv-neutron-843389-7-hyperv neutron-server[111643]: INFO neutron.db.segments_db [None req-60cdf6c3-0101-438e-83d5-64b56fc851f2 tempest-PortsAdminExtendedAttrsIpV6TestJSON-796400839 tempest-PortsAdminExtendedAttrsIpV6TestJSON-796400839-project] Added segment b529daad-3b9b-4f0d-a26e-2748942561c8 of type vlan for network 425ad5cc-3db2-44ed-b0c4-513741728215
May 30 07:50:45.170442 dv-neutron-843389-7-hyperv neutron-server[111642]: INFO neutron.wsgi [None req-ba9b8b47-ccce-488c-b91f-ec315bdcf4ab tempest-FloatingIPAdminTestJSON-1720982223 tempest-FloatingIPAdminTestJSON-1720982223-project-admin] 10.222.0.16 "POST /v2.0/floatingips HTTP/1.1" status: 201 len: 989 time: 5.0692546
May 30 07:50:45.173438 dv-neutron-843389-7-hyperv neutron-server[111642]: DEBUG neutron.wsgi [-] (111642) accepted ('10.222.0.16', 48934) {{(pid=111642) server /usr/local/lib/python3.8/dist-packages/eventlet/wsgi.py:1004}}
May 30 07:50:45.175967 dv-neutron-843389-7-hyperv neutron-server[111643]: DEBUG neutron_lib.callbacks.manager [req-170558b8-9ae8-442f-bf9f-788cb2eeeed2 req-5c01afbf-e851-4a98-9c36-9b3d45184b61 tempest-ServersTestJSON-726410269 tempest-ServersTestJSON-726410269-project] Publish callbacks ['neutron.plugins.ml2.plugin.SecurityGroupServerNotifierRpcMixin._notify_sg_on_port_change-2076449', 'neutron.plugins.ml2.ovo_rpc._ObjectChangeHandler.handle_event-47226', 'neutron.api.rpc.agentnotifiers.dhcp_rpc_agent_api.DhcpAgentNotifyAPI._native_event_send_dhcp_notification-566459', 'neutron.db.l3_dvrscheduler_db._notify_l3_agent_new_port-8751916809153', 'neutron.services.segments.plugin.NovaSegmentNotifier._notify_port_created_or_deleted-8397587'] for port (8b955cf8-1f88-4b36-8bf0-6453123c372a), after_create {{(pid=111643) _notify_loop /usr/local/lib/python3.8/dist-packages/neutron_lib/callbacks/manager.py:176}}
May 30 07:50:45.272714 dv-neutron-843389-7-hyperv neutron-server[111643]: DEBUG neutron.plugins.ml2.db [None req-a839d8be-d814-4dc1-a7cf-1be31bd26a7f tempest-PortsAdminExtendedAttrsTestJSON-2126615087 tempest-PortsAdminExtendedAttrsTestJSON-2126615087-project-admin] For port 6fa4640b-d729-4445-8220-78799139baa1, host hv-neutron-8433, got binding levels [] {{(pid=111643) get_binding_level_objs /opt/stack/neutron/neutron/plugins/ml2/db.py:74}}
May 30 07:50:45.273036 dv-neutron-843389-7-hyperv neutron-server[111643]: DEBUG neutron_lib.callbacks.manager [None req-a839d8be-d814-4dc1-a7cf-1be31bd26a7f tempest-PortsAdminExtendedAttrsTestJSON-2126615087 tempest-PortsAdminExtendedAttrsTestJSON-2126615087-project-admin] Publish callbacks ['neutron.services.l3_router.l3_router_plugin.L3_NAT_dbonly_mixin._precommit_delete_port_callback-628677'] for port (6fa4640b-d729-4445-8220-78799139baa1), precommit_delete {{(pid=111643) _notify_loop /usr/local/lib/python3.8/dist-packages/neutron_lib/callbacks/manager.py:176}}
May 30 07:50:45.341417 dv-neutron-843389-7-hyperv neutron-server[111643]: DEBUG dbcounter [-] [111643] Writing DB stats neutron:SELECT=88,neutron:INSERT=9,neutron:UPDATE=3 {{(pid=111643) stat_writer /usr/local/lib/python3.8/dist-packages/dbcounter.py:114}}
May 30 07:50:45.374069 dv-neutron-843389-7-hyperv neutron-server[111643]: DEBUG neutron.plugins.ml2.plugin [None req-a839d8be-d814-4dc1-a7cf-1be31bd26a7f tempest-PortsAdminExtendedAttrsTestJSON-2126615087 tempest-PortsAdminExtendedAttrsTestJSON-2126615087-project-admin] Calling delete_port for 6fa4640b-d729-4445-8220-78799139baa1 owned by {{(pid=111643) delete_port /opt/stack/neutron/neutron/plugins/ml2/plugin.py:2122}}
May 30 07:50:45.387736 dv-neutron-843389-7-hyperv neutron-server[111643]: DEBUG dbcounter [-] [111643] Writing DB stats neutron:SELECT=91,neutron:DELETE=4,neutron:UPDATE=1,neutron:INSERT=4 {{(pid=111643) stat_writer /usr/local/lib/python3.8/dist-packages/dbcounter.py:114}}
May 30 07:50:45.389642 dv-neutron-843389-7-hyperv neutron-server[111643]: DEBUG neutron_lib.callbacks.manager [None req-60cdf6c3-0101-438e-83d5-64b56fc851f2 tempest-PortsAdminExtendedAttrsIpV6TestJSON-796400839 tempest-PortsAdminExtendedAttrsIpV6TestJSON-796400839-project] Publish callbacks ['neutron.services.auto_allocate.db._ensure_external_network_default_value_callback-8751916824068'] for network (425ad5cc-3db2-44ed-b0c4-513741728215), precommit_create {{(pid=111643) _notify_loop /usr/local/lib/python3.8/dist-packages/neutron_lib/callbacks/manager.py:176}}
May 30 07:50:45.404975 dv-neutron-843389-7-hyperv neutron-server[111643]: DEBUG neutron.scheduler.dhcp_agent_scheduler [req-170558b8-9ae8-442f-bf9f-788cb2eeeed2 req-5c01afbf-e851-4a98-9c36-9b3d45184b61 tempest-ServersTestJSON-726410269 tempest-ServersTestJSON-726410269-project] Network daf0e26f-1dc1-4d60-bf11-bdc09b17161c is already hosted by enough agents. {{(pid=111643) _get_dhcp_agents_hosting_network /opt/stack/neutron/neutron/scheduler/dhcp_agent_scheduler.py:275}}
May 30 07:50:45.408970 dv-neutron-843389-7-hyperv neutron-server[111642]: DEBUG neutron.pecan_wsgi.hooks.policy_enforcement [req-2769892b-0406-4e52-ac79-5a4355e6e72f req-aad2b522-5914-4613-ad6a-2252ed09e813 tempest-ServersTestJSON-726410269 tempest-ServersTestJSON-726410269-project] Attributes excluded by policy engine: ['standard_attr_id', 'binding:profile', 'binding:host_id', 'binding:vif_type', 'binding:vif_details'] {{(pid=111642) _exclude_attributes_by_policy /opt/stack/neutron/neutron/pecan_wsgi/hooks/policy_enforcement.py:259}}
May 30 07:50:45.410611 dv-neutron-843389-7-hyperv neutron-server[111642]: INFO neutron.wsgi [req-2769892b-0406-4e52-ac79-5a4355e6e72f req-aad2b522-5914-4613-ad6a-2252ed09e813 tempest-ServersTestJSON-726410269 tempest-ServersTestJSON-726410269-project] 10.222.0.16 "GET /v2.0/ports?device_id=2f85f92c-41d4-4dc7-b473-b3a163bce2e6 HTTP/1.1" status: 200 len: 931 time: 0.1774278
May 30 07:50:45.415616 dv-neutron-843389-7-hyperv neutron-server[111642]: INFO neutron.wsgi [None req-93f329e5-ad75-450b-a047-18529ac602dc tempest-FloatingIPAdminTestJSON-1720982223 tempest-FloatingIPAdminTestJSON-1720982223-project-admin] 10.222.0.16 "GET /v2.0/floatingips/03a82f4e-565a-4068-9d76-e2872210875e HTTP/1.1" status: 200 len: 984 time: 0.2379019
May 30 07:50:45.415860 dv-neutron-843389-7-hyperv neutron-server[111642]: DEBUG neutron.wsgi [-] (111642) accepted ('10.222.0.16', 48936) {{(pid=111642) server /usr/local/lib/python3.8/dist-packages/eventlet/wsgi.py:1004}}
May 30 07:50:45.480239 dv-neutron-843389-7-hyperv neutron-server[111643]: DEBUG neutron.scheduler.base_scheduler [req-170558b8-9ae8-442f-bf9f-788cb2eeeed2 req-5c01afbf-e851-4a98-9c36-9b3d45184b61 tempest-ServersTestJSON-726410269 tempest-ServersTestJSON-726410269-project] Resources bound (agent type, host, resource id): {{(pid=111643) schedule /opt/stack/neutron/neutron/scheduler/base_scheduler.py:57}}
May 30 07:50:45.498000 dv-neutron-843389-7-hyperv neutron-server[111643]: DEBUG neutron.db.l3_dvrscheduler_db [req-170558b8-9ae8-442f-bf9f-788cb2eeeed2 req-5c01afbf-e851-4a98-9c36-9b3d45184b61 tempest-ServersTestJSON-726410269 tempest-ServersTestJSON-726410269-project] Received port after_create {{(pid=111643) _notify_l3_agent_new_port /opt/stack/neutron/neutron/db/l3_dvrscheduler_db.py:536}}
May 30 07:50:45.513672 dv-neutron-843389-7-hyperv neutron-server[111643]: DEBUG neutron_lib.callbacks.manager [None req-5ffc435a-6ca2-4d78-b284-4b7dfcc7082f tempest-RoutersIpV6AdminTest-732599394 tempest-RoutersIpV6AdminTest-732599394-project] Publish callbacks ['neutron.services.l3_router.l3_router_plugin.L3_HA_NAT_db_mixin._after_router_create-634444', 'neutron.services.l3_router.l3_router_plugin.DVRResourceOperationHandler._create_snat_interfaces_after_change-633476'] for router (eba9ebe0-f1de-446e-be1a-701468c6a809), after_create {{(pid=111643) _notify_loop /usr/local/lib/python3.8/dist-packages/neutron_lib/callbacks/manager.py:176}}
May 30 07:50:45.566053 dv-neutron-843389-7-hyperv neutron-server[111642]: DEBUG dbcounter [-] [111642] Writing DB stats neutron:SELECT=97,neutron:INSERT=1,neutron:UPDATE=2 {{(pid=111642) stat_writer /usr/local/lib/python3.8/dist-packages/dbcounter.py:114}}
May 30 07:50:45.573560 dv-neutron-843389-7-hyperv neutron-server[111643]: DEBUG neutron.api.rpc.handlers.resources_rpc [None req-5c01afbf-e851-4a98-9c36-9b3d45184b61 tempest-ServersTestJSON-726410269 tempest-ServersTestJSON-726410269-project] Pushing event updated for resources: {'Port': ['ID=8b955cf8-1f88-4b36-8bf0-6453123c372a,revision_number=1']} {{(pid=111643) push /opt/stack/neutron/neutron/api/rpc/handlers/resources_rpc.py:237}}
May 30 07:50:45.598545 dv-neutron-843389-7-hyperv neutron-server[111643]: DEBUG neutron.notifiers.nova [req-2b20abda-7af5-43f9-8115-7d44b4de96ab req-d50c65f5-bdc4-4162-8026-b9b26a75b7e4 service neutron] Ignoring state change previous_port_status: DOWN current_port_status: DOWN port_id fe2bb1bc-3635-4ee3-8c94-1232ee2b2cf6 {{(pid=111643) record_port_status_changed /opt/stack/neutron/neutron/notifiers/nova.py:233}}
May 30 07:50:45.628842 dv-neutron-843389-7-hyperv neutron-server[111643]: DEBUG neutron_lib.callbacks.manager [req-2b20abda-7af5-43f9-8115-7d44b4de96ab req-d50c65f5-bdc4-4162-8026-b9b26a75b7e4 service neutron] Publish callbacks [] for port (fe2bb1bc-3635-4ee3-8c94-1232ee2b2cf6), precommit_update {{(pid=111643) _notify_loop /usr/local/lib/python3.8/dist-packages/neutron_lib/callbacks/manager.py:176}}
May 30 07:50:45.631493 dv-neutron-843389-7-hyperv neutron-server[111642]: INFO neutron.wsgi [req-2769892b-0406-4e52-ac79-5a4355e6e72f req-14c8332d-003e-49ea-b3f7-118068684732 tempest-ServersTestJSON-726410269 tempest-ServersTestJSON-726410269-project] 10.222.0.16 "GET /v2.0/security-groups?id=c0b0e700-bd53-48a0-99a6-dc58fc7eed1d&fields=id&fields=name HTTP/1.1" status: 200 len: 313 time: 0.2082210
May 30 07:50:45.636574 dv-neutron-843389-7-hyperv neutron-server[111642]: INFO neutron.wsgi [None req-22175f88-21fa-4cdd-bd2c-9482c7eda1b4 tempest-FloatingIPAdminTestJSON-1720982223 tempest-FloatingIPAdminTestJSON-1720982223-project-admin] 10.222.0.16 "GET /v2.0/floatingips HTTP/1.1" status: 200 len: 2905 time: 0.2196839
May 30 07:50:45.648783 dv-neutron-843389-7-hyperv neutron-server[111642]: DEBUG neutron.wsgi [-] (111642) accepted ('10.222.0.16', 48940) {{(pid=111642) server /usr/local/lib/python3.8/dist-packages/eventlet/wsgi.py:1004}}
May 30 07:50:45.761722 dv-neutron-843389-7-hyperv neutron-server[111643]: DEBUG neutron_lib.callbacks.manager [None req-60cdf6c3-0101-438e-83d5-64b56fc851f2 tempest-PortsAdminExtendedAttrsIpV6TestJSON-796400839 tempest-PortsAdminExtendedAttrsIpV6TestJSON-796400839-project] Publish callbacks ['neutron.plugins.ml2.ovo_rpc._ObjectChangeHandler.handle_event-1010298', 'neutron.api.rpc.agentnotifiers.dhcp_rpc_agent_api.DhcpAgentNotifyAPI._native_event_send_dhcp_notification-566459'] for network (425ad5cc-3db2-44ed-b0c4-513741728215), after_create {{(pid=111643) _notify_loop /usr/local/lib/python3.8/dist-packages/neutron_lib/callbacks/manager.py:176}}
May 30 07:50:45.773463 dv-neutron-843389-7-hyperv neutron-server[111643]: DEBUG neutron.pecan_wsgi.hooks.policy_enforcement [None req-60cdf6c3-0101-438e-83d5-64b56fc851f2 tempest-PortsAdminExtendedAttrsIpV6TestJSON-796400839 tempest-PortsAdminExtendedAttrsIpV6TestJSON-796400839-project] Attributes excluded by policy engine: ['standard_attr_id', 'provider:network_type', 'provider:physical_network', 'provider:segmentation_id', 'vlan_transparent'] {{(pid=111643) _exclude_attributes_by_policy /opt/stack/neutron/neutron/pecan_wsgi/hooks/policy_enforcement.py:259}}
May 30 07:50:45.774183 dv-neutron-843389-7-hyperv neutron-server[111643]: DEBUG neutron_lib.callbacks.manager [None req-60cdf6c3-0101-438e-83d5-64b56fc851f2 tempest-PortsAdminExtendedAttrsIpV6TestJSON-796400839 tempest-PortsAdminExtendedAttrsIpV6TestJSON-796400839-project] Publish callbacks ['neutron.api.rpc.agentnotifiers.dhcp_rpc_agent_api.DhcpAgentNotifyAPI._send_dhcp_notification-566441'] for network (None), before_response {{(pid=111643) _notify_loop /usr/local/lib/python3.8/dist-packages/neutron_lib/callbacks/manager.py:176}}
May 30 07:50:45.844650 dv-neutron-843389-7-hyperv neutron-server[111642]: DEBUG dbcounter [-] [111642] Writing DB stats neutron:SELECT=98,neutron:INSERT=2 {{(pid=111642) stat_writer /usr/local/lib/python3.8/dist-packages/dbcounter.py:114}}
May 30 07:50:45.848029 dv-neutron-843389-7-hyperv neutron-server[111643]: DEBUG neutron.db.provisioning_blocks [req-2b20abda-7af5-43f9-8115-7d44b4de96ab req-d50c65f5-bdc4-4162-8026-b9b26a75b7e4 service neutron] Transition to ACTIVE for port object fe2bb1bc-3635-4ee3-8c94-1232ee2b2cf6 will not be triggered until provisioned by entity L2. {{(pid=111643) add_provisioning_component /opt/stack/neutron/neutron/db/provisioning_blocks.py:75}}
