May 27 07:08:42.079034 dv-neutron-843389-5-hyperv neutron-server[104834]: DEBUG neutron.api.v2.base [None req-e2c96964-9987-4dea-88e6-6b7e09f78ea7 tempest-RoutersIpV6AdminTest-1426683662 tempest-RoutersIpV6AdminTest-1426683662-project-admin] Request body: {'subnet': {'network_id': '7731281e-0594-42b0-9004-6ad477f3b461', 'cidr': '2001:db8::/64', 'ip_version': 6, 'gateway_ip': '2001:db8::1', 'enable_dhcp': False}} {{(pid=104834) prepare_request_body /opt/stack/neutron/neutron/api/v2/base.py:730}}
May 27 07:08:42.110090 dv-neutron-843389-5-hyperv neutron-server[104834]: DEBUG neutron.pecan_wsgi.hooks.quota_enforcement [None req-e2c96964-9987-4dea-88e6-6b7e09f78ea7 tempest-RoutersIpV6AdminTest-1426683662 tempest-RoutersIpV6AdminTest-1426683662-project-admin] Made reservation on behalf of 7a4c014c6748476581be93dda437d6a0 for: {'subnet': 1} {{(pid=104834) before /opt/stack/neutron/neutron/pecan_wsgi/hooks/quota_enforcement.py:53}}
May 27 07:08:42.112770 dv-neutron-843389-5-hyperv neutron-server[104834]: DEBUG neutron_lib.callbacks.manager [None req-e2c96964-9987-4dea-88e6-6b7e09f78ea7 tempest-RoutersIpV6AdminTest-1426683662 tempest-RoutersIpV6AdminTest-1426683662-project-admin] Publish callbacks ['neutron.services.segments.plugin.SegmentHostRoutes.host_routes_before_create-10419791'] for subnet (None), before_create {{(pid=104834) _notify_loop /usr/local/lib/python3.8/dist-packages/neutron_lib/callbacks/manager.py:176}}
May 27 07:08:42.116874 dv-neutron-843389-5-hyperv neutron-server[104835]: DEBUG neutron_lib.callbacks.manager [None req-2a20772c-1b67-41f6-99ef-13fc2b6d94f0 tempest-ServersTestManualDisk-2133277778 tempest-ServersTestManualDisk-2133277778-project] Publish callbacks [] for security_group_rule (3e2d834a-577b-4135-8f8e-4b0e9a9ee1b6), precommit_create {{(pid=104835) _notify_loop /usr/local/lib/python3.8/dist-packages/neutron_lib/callbacks/manager.py:176}}
May 27 07:08:42.128923 dv-neutron-843389-5-hyperv neutron-server[104835]: DEBUG neutron_lib.callbacks.manager [None req-2a20772c-1b67-41f6-99ef-13fc2b6d94f0 tempest-ServersTestManualDisk-2133277778 tempest-ServersTestManualDisk-2133277778-project] Publish callbacks ['neutron.plugins.ml2.ovo_rpc._ObjectChangeHandler.handle_event-605007'] for security_group_rule (3e2d834a-577b-4135-8f8e-4b0e9a9ee1b6), after_create {{(pid=104835) _notify_loop /usr/local/lib/python3.8/dist-packages/neutron_lib/callbacks/manager.py:176}}
May 27 07:08:42.192817 dv-neutron-843389-5-hyperv neutron-server[104836]: DEBUG neutron.api.rpc.handlers.resources_rpc [None req-6ef4cf21-37f1-4087-b5e6-c89ffe394f9f None None] Pushing event updated for resources: {'Port': ['ID=457ddd4d-9663-472f-9028-1216888c3aaa,revision_number=5']} {{(pid=104836) push /opt/stack/neutron/neutron/api/rpc/handlers/resources_rpc.py:237}}
May 27 07:08:42.197335 dv-neutron-843389-5-hyperv neutron-server[104835]: DEBUG neutron.api.rpc.handlers.resources_rpc [None req-2a20772c-1b67-41f6-99ef-13fc2b6d94f0 tempest-ServersTestManualDisk-2133277778 tempest-ServersTestManualDisk-2133277778-project] Pushing event updated for resources: {'SecurityGroupRule': ['ID=3e2d834a-577b-4135-8f8e-4b0e9a9ee1b6,revision_number=0']} {{(pid=104835) push /opt/stack/neutron/neutron/api/rpc/handlers/resources_rpc.py:237}}
May 27 07:08:42.221978 dv-neutron-843389-5-hyperv neutron-server[104835]: DEBUG neutron_lib.callbacks.manager [None req-2a20772c-1b67-41f6-99ef-13fc2b6d94f0 tempest-ServersTestManualDisk-2133277778 tempest-ServersTestManualDisk-2133277778-project] Publish callbacks [] for security_group_rule (None), before_response {{(pid=104835) _notify_loop /usr/local/lib/python3.8/dist-packages/neutron_lib/callbacks/manager.py:176}}
May 27 07:08:42.227751 dv-neutron-843389-5-hyperv neutron-server[104836]: DEBUG neutron.plugins.ml2.plugin [None req-57c53e2e-2a54-4d2b-a4bd-90f55d447d57 None None] Current status of the port fff47954-94ab-427e-9783-4c62a6fb8ac3 is: DOWN; New status is: ACTIVE {{(pid=104836) _update_individual_port_db_status /opt/stack/neutron/neutron/plugins/ml2/plugin.py:2298}}
May 27 07:08:42.228164 dv-neutron-843389-5-hyperv neutron-server[104836]: DEBUG neutron_lib.callbacks.manager [None req-57c53e2e-2a54-4d2b-a4bd-90f55d447d57 None None] Publish callbacks ['neutron.plugins.ml2.plugin.SecurityGroupDbMixin._ensure_default_security_group_handler-1617150'] for port (fff47954-94ab-427e-9783-4c62a6fb8ac3), before_update {{(pid=104836) _notify_loop /usr/local/lib/python3.8/dist-packages/neutron_lib/callbacks/manager.py:176}}
May 27 07:08:42.236094 dv-neutron-843389-5-hyperv neutron-server[104835]: INFO neutron.wsgi [None req-2a20772c-1b67-41f6-99ef-13fc2b6d94f0 tempest-ServersTestManualDisk-2133277778 tempest-ServersTestManualDisk-2133277778-project] 10.222.0.59 "POST /v2.0/security-group-rules HTTP/1.1" status: 201 len: 769 time: 0.7303395
May 27 07:08:42.242922 dv-neutron-843389-5-hyperv neutron-server[104835]: DEBUG neutron.wsgi [-] (104835) accepted ('10.222.0.59', 55680) {{(pid=104835) server /usr/local/lib/python3.8/dist-packages/eventlet/wsgi.py:1004}}
May 27 07:08:42.266254 dv-neutron-843389-5-hyperv neutron-server[104835]: DEBUG neutron.api.v2.base [None req-d4dfb34b-6ecd-4e0b-a6e4-75f840ccc8ad tempest-ServersTestManualDisk-2133277778 tempest-ServersTestManualDisk-2133277778-project] Request body: {'floatingip': {'floating_network_id': 'e971d17a-e2db-4067-bd4b-dfe82a29df26'}} {{(pid=104835) prepare_request_body /opt/stack/neutron/neutron/api/v2/base.py:730}}
May 27 07:08:42.284643 dv-neutron-843389-5-hyperv neutron-server[104837]: DEBUG neutron.db.agents_db [None req-c74014eb-8a86-4d9d-b33d-cae56952652d None None] Agent healthcheck: found 6 active agents {{(pid=104837) agent_health_check /opt/stack/neutron/neutron/db/agents_db.py:317}}
May 27 07:08:42.312234 dv-neutron-843389-5-hyperv neutron-server[104835]: DEBUG neutron_lib.callbacks.manager [None req-d4dfb34b-6ecd-4e0b-a6e4-75f840ccc8ad tempest-ServersTestManualDisk-2133277778 tempest-ServersTestManualDisk-2133277778-project] Publish callbacks [] for floatingip (None), before_create {{(pid=104835) _notify_loop /usr/local/lib/python3.8/dist-packages/neutron_lib/callbacks/manager.py:176}}
May 27 07:08:42.316283 dv-neutron-843389-5-hyperv neutron-server[104835]: DEBUG neutron.db.db_base_plugin_common [None req-d2c141ed-838f-4994-bf68-be0966734d07 tempest-ServerActionsTestJSON-1774157750 tempest-ServerActionsTestJSON-1774157750-project] Allocated IP 172.26.9.253 (e971d17a-e2db-4067-bd4b-dfe82a29df26/8cee9a6b-e361-447e-ba6d-5fc1e149a886/fd601de2-b600-45b6-8e63-56a69ff1c191) {{(pid=104835) _store_ip_allocation /opt/stack/neutron/neutron/db/db_base_plugin_common.py:131}}
May 27 07:08:42.324322 dv-neutron-843389-5-hyperv neutron-server[104836]: DEBUG neutron.plugins.ml2.plugin [None req-f88caa32-2ca6-467f-8014-1ae0c151f98f None None] Current status of the port fff47954-94ab-427e-9783-4c62a6fb8ac3 is: DOWN; New status is: ACTIVE {{(pid=104836) _update_individual_port_db_status /opt/stack/neutron/neutron/plugins/ml2/plugin.py:2298}}
May 27 07:08:42.324808 dv-neutron-843389-5-hyperv neutron-server[104836]: DEBUG neutron_lib.callbacks.manager [None req-f88caa32-2ca6-467f-8014-1ae0c151f98f None None] Publish callbacks ['neutron.plugins.ml2.plugin.SecurityGroupDbMixin._ensure_default_security_group_handler-1617150'] for port (fff47954-94ab-427e-9783-4c62a6fb8ac3), before_update {{(pid=104836) _notify_loop /usr/local/lib/python3.8/dist-packages/neutron_lib/callbacks/manager.py:176}}
May 27 07:08:42.354435 dv-neutron-843389-5-hyperv neutron-server[104836]: DEBUG neutron.plugins.ml2.db [None req-57c53e2e-2a54-4d2b-a4bd-90f55d447d57 None None] For port fff47954-94ab-427e-9783-4c62a6fb8ac3, host dv-neutron-843389-5-hyperv, got binding levels [PortBindingLevel(driver='openvswitch',host='dv-neutron-843389-5-hyperv',level=0,port_id=fff47954-94ab-427e-9783-4c62a6fb8ac3,segment=NetworkSegment(4d6170eb-81b9-4f64-a387-75d1ca7b6fc0),segment_id=4d6170eb-81b9-4f64-a387-75d1ca7b6fc0)] {{(pid=104836) get_binding_level_objs /opt/stack/neutron/neutron/plugins/ml2/db.py:74}}
May 27 07:08:42.381561 dv-neutron-843389-5-hyperv neutron-server[104836]: DEBUG neutron_lib.callbacks.manager [None req-57c53e2e-2a54-4d2b-a4bd-90f55d447d57 None None] Publish callbacks ['neutron.plugins.ml2.plugin.SecurityGroupServerNotifierRpcMixin._notify_sg_on_port_change-1615630', 'neutron.plugins.ml2.ovo_rpc._ObjectChangeHandler.handle_event-189677', 'neutron.api.rpc.agentnotifiers.dhcp_rpc_agent_api.DhcpAgentNotifyAPI._native_event_send_dhcp_notification-242688', 'neutron.db.l3_db.L3RpcNotifierMixin._notify_gateway_port_ip_changed-8742735790565', 'neutron.db.l3_dvrscheduler_db._notify_l3_agent_port_update-8742735398723', 'neutron.db.l3_hascheduler_db._notify_l3_agent_ha_port_update-8742735398741'] for port (fff47954-94ab-427e-9783-4c62a6fb8ac3), after_update {{(pid=104836) _notify_loop /usr/local/lib/python3.8/dist-packages/neutron_lib/callbacks/manager.py:176}}
May 27 07:08:42.389725 dv-neutron-843389-5-hyperv neutron-server[104836]: DEBUG dbcounter [-] [104836] Writing DB stats neutron:SELECT=97,neutron:UPDATE=3 {{(pid=104836) stat_writer /usr/local/lib/python3.8/dist-packages/dbcounter.py:114}}
May 27 07:08:42.401655 dv-neutron-843389-5-hyperv neutron-server[104835]: DEBUG neutron.wsgi [-] (104835) accepted ('10.222.0.62', 56718) {{(pid=104835) server /usr/local/lib/python3.8/dist-packages/eventlet/wsgi.py:1004}}
May 27 07:08:42.517921 dv-neutron-843389-5-hyperv neutron-server[104836]: DEBUG neutron_lib.db.api [None req-f88caa32-2ca6-467f-8014-1ae0c151f98f None None] Retry wrapper got retriable exception: UPDATE statement on table 'standardattributes' expected to update 1 row(s); 0 were matched. {{(pid=104836) wrapped /usr/local/lib/python3.8/dist-packages/neutron_lib/db/api.py:188}}
May 27 07:08:42.518810 dv-neutron-843389-5-hyperv neutron-server[104836]: DEBUG oslo_db.api [None req-f88caa32-2ca6-467f-8014-1ae0c151f98f None None] Performing DB retry for function neutron.plugins.ml2.plugin.Ml2Plugin.update_port_statuses {{(pid=104836) wrapper /usr/local/lib/python3.8/dist-packages/oslo_db/api.py:155}}
May 27 07:08:42.526412 dv-neutron-843389-5-hyperv neutron-server[104836]: DEBUG neutron.db.provisioning_blocks [None req-57c53e2e-2a54-4d2b-a4bd-90f55d447d57 None None] Provisioning complete for port 457ddd4d-9663-472f-9028-1216888c3aaa triggered by entity DHCP. {{(pid=104836) provisioning_complete /opt/stack/neutron/neutron/db/provisioning_blocks.py:145}}
May 27 07:08:42.527083 dv-neutron-843389-5-hyperv neutron-server[104836]: DEBUG neutron_lib.callbacks.manager [None req-57c53e2e-2a54-4d2b-a4bd-90f55d447d57 None None] Publish callbacks ['neutron.plugins.ml2.plugin.Ml2Plugin._port_provisioned-1677504'] for port (457ddd4d-9663-472f-9028-1216888c3aaa), provisioning_complete {{(pid=104836) _notify_loop /usr/local/lib/python3.8/dist-packages/neutron_lib/callbacks/manager.py:176}}
May 27 07:08:42.646995 dv-neutron-843389-5-hyperv neutron-server[104836]: DEBUG neutron.api.rpc.handlers.resources_rpc [None req-57c53e2e-2a54-4d2b-a4bd-90f55d447d57 None None] Pushing event updated for resources: {'Port': ['ID=fff47954-94ab-427e-9783-4c62a6fb8ac3,revision_number=5']} {{(pid=104836) push /opt/stack/neutron/neutron/api/rpc/handlers/resources_rpc.py:237}}
May 27 07:08:42.696737 dv-neutron-843389-5-hyperv neutron-server[104834]: DEBUG neutron.notifiers.nova [None req-fbc3e61d-9336-4aef-8b5b-31944df95a71 tempest-PortsAdminExtendedAttrsIpV6TestJSON-1908107322 tempest-PortsAdminExtendedAttrsIpV6TestJSON-1908107322-project-admin] device_id is not set on port 4c8b71de-909a-4ab9-bc84-873642971757 yet. {{(pid=104834) _can_notify /opt/stack/neutron/neutron/notifiers/nova.py:199}}
May 27 07:08:42.705205 dv-neutron-843389-5-hyperv neutron-server[104834]: DEBUG neutron_lib.callbacks.manager [None req-fbc3e61d-9336-4aef-8b5b-31944df95a71 tempest-PortsAdminExtendedAttrsIpV6TestJSON-1908107322 tempest-PortsAdminExtendedAttrsIpV6TestJSON-1908107322-project-admin] Publish callbacks [] for port (4c8b71de-909a-4ab9-bc84-873642971757), precommit_update {{(pid=104834) _notify_loop /usr/local/lib/python3.8/dist-packages/neutron_lib/callbacks/manager.py:176}}
May 27 07:08:42.710448 dv-neutron-843389-5-hyperv neutron-server[104834]: DEBUG dbcounter [-] [104834] Writing DB stats neutron:SELECT=88,neutron:DELETE=3,neutron:INSERT=8,neutron:UPDATE=1 {{(pid=104834) stat_writer /usr/local/lib/python3.8/dist-packages/dbcounter.py:114}}
May 27 07:08:42.712298 dv-neutron-843389-5-hyperv neutron-server[104834]: DEBUG neutron_lib.callbacks.manager [None req-ffd9f7f4-72eb-4ea8-9b40-9248f9bef7b8 tempest-RoutersAdminNegativeIpV6Test-905459280 tempest-RoutersAdminNegativeIpV6Test-905459280-project-admin] Publish callbacks ['neutron.services.l3_router.l3_router_plugin.L3_HA_NAT_db_mixin._cleanup_ha_network_handler-618940'] for router (270d99b7-9830-44ea-9839-fac73ba3b8f6), after_delete {{(pid=104834) _notify_loop /usr/local/lib/python3.8/dist-packages/neutron_lib/callbacks/manager.py:176}}
May 27 07:08:42.713089 dv-neutron-843389-5-hyperv neutron-server[104834]: DEBUG neutron.api.rpc.agentnotifiers.l3_rpc_agent_api [None req-ffd9f7f4-72eb-4ea8-9b40-9248f9bef7b8 tempest-RoutersAdminNegativeIpV6Test-905459280 tempest-RoutersAdminNegativeIpV6Test-905459280-project-admin] Fanout notify agent at l3_agent the message router_deleted on router 270d99b7-9830-44ea-9839-fac73ba3b8f6 {{(pid=104834) _notification_fanout /opt/stack/neutron/neutron/api/rpc/agentnotifiers/l3_rpc_agent_api.py:114}}
May 27 07:08:42.751342 dv-neutron-843389-5-hyperv neutron-server[104836]: DEBUG neutron.plugins.ml2.plugin [None req-57c53e2e-2a54-4d2b-a4bd-90f55d447d57 None None] Current status of the port 457ddd4d-9663-472f-9028-1216888c3aaa is: ACTIVE; New status is: ACTIVE {{(pid=104836) _update_individual_port_db_status /opt/stack/neutron/neutron/plugins/ml2/plugin.py:2298}}
May 27 07:08:42.790400 dv-neutron-843389-5-hyperv neutron-server[104834]: DEBUG neutron_lib.callbacks.manager [None req-fbc3e61d-9336-4aef-8b5b-31944df95a71 tempest-PortsAdminExtendedAttrsIpV6TestJSON-1908107322 tempest-PortsAdminExtendedAttrsIpV6TestJSON-1908107322-project-admin] Publish callbacks ['neutron.plugins.ml2.plugin.SecurityGroupServerNotifierRpcMixin._notify_sg_on_port_change-1615630', 'neutron.plugins.ml2.ovo_rpc._ObjectChangeHandler.handle_event-189677', 'neutron.api.rpc.agentnotifiers.dhcp_rpc_agent_api.DhcpAgentNotifyAPI._native_event_send_dhcp_notification-242688', 'neutron.db.l3_db.L3RpcNotifierMixin._notify_gateway_port_ip_changed-8742735790565', 'neutron.db.l3_dvrscheduler_db._notify_l3_agent_port_update-8742735398723', 'neutron.db.l3_hascheduler_db._notify_l3_agent_ha_port_update-8742735398741', 'neutron.services.segments.plugin.NovaSegmentNotifier._notify_port_updated-2665234'] for port (4c8b71de-909a-4ab9-bc84-873642971757), after_update {{(pid=104834) _notify_loop /usr/local/lib/python3.8/dist-packages/neutron_lib/callbacks/manager.py:176}}
May 27 07:08:42.905772 dv-neutron-843389-5-hyperv neutron-server[104835]: DEBUG dbcounter [-] [104835] Writing DB stats neutron:SELECT=86,neutron:UPDATE=4,neutron:INSERT=8,neutron:DELETE=2 {{(pid=104835) stat_writer /usr/local/lib/python3.8/dist-packages/dbcounter.py:114}}
May 27 07:08:42.951141 dv-neutron-843389-5-hyperv neutron-server[104835]: DEBUG neutron_lib.callbacks.manager [None req-d4dfb34b-6ecd-4e0b-a6e4-75f840ccc8ad tempest-ServersTestManualDisk-2133277778 tempest-ServersTestManualDisk-2133277778-project] Publish callbacks ['neutron.plugins.ml2.plugin.SecurityGroupDbMixin._ensure_default_security_group_handler-1617150'] for port (None), before_create {{(pid=104835) _notify_loop /usr/local/lib/python3.8/dist-packages/neutron_lib/callbacks/manager.py:176}}
May 27 07:08:42.958007 dv-neutron-843389-5-hyperv neutron-server[104834]: INFO neutron.wsgi [req-3c106435-2460-4a22-8685-c1e387f5970f req-7832bbec-9753-4c97-bf61-78f061c0af6b tempest-ServersTestJSON-1945671707 tempest-ServersTestJSON-1945671707-project] 10.222.0.59 "GET /v2.0/ports?device_id=070445bf-0580-4701-a55c-0da8a9aec383 HTTP/1.1" status: 200 len: 210 time: 0.2388761
May 27 07:08:43.023374 dv-neutron-843389-5-hyperv neutron-server[104835]: DEBUG neutron_lib.callbacks.manager [None req-d2c141ed-838f-4994-bf68-be0966734d07 tempest-ServerActionsTestJSON-1774157750 tempest-ServerActionsTestJSON-1774157750-project] Publish callbacks [] for port (fd601de2-b600-45b6-8e63-56a69ff1c191), precommit_create {{(pid=104835) _notify_loop /usr/local/lib/python3.8/dist-packages/neutron_lib/callbacks/manager.py:176}}
May 27 07:08:43.064131 dv-neutron-843389-5-hyperv neutron-server[104836]: DEBUG neutron.plugins.ml2.plugin [None req-f88caa32-2ca6-467f-8014-1ae0c151f98f None None] Current status of the port fff47954-94ab-427e-9783-4c62a6fb8ac3 is: ACTIVE; New status is: ACTIVE {{(pid=104836) _update_individual_port_db_status /opt/stack/neutron/neutron/plugins/ml2/plugin.py:2298}}
May 27 07:08:43.108915 dv-neutron-843389-5-hyperv neutron-server[104835]: DEBUG neutron_lib.callbacks.manager [None req-d2c141ed-838f-4994-bf68-be0966734d07 tempest-ServerActionsTestJSON-1774157750 tempest-ServerActionsTestJSON-1774157750-project] Publish callbacks ['neutron.plugins.ml2.plugin.SecurityGroupServerNotifierRpcMixin._notify_sg_on_port_change-1615630', 'neutron.plugins.ml2.ovo_rpc._ObjectChangeHandler.handle_event-189677', 'neutron.api.rpc.agentnotifiers.dhcp_rpc_agent_api.DhcpAgentNotifyAPI._native_event_send_dhcp_notification-242688', 'neutron.db.l3_dvrscheduler_db._notify_l3_agent_new_port-8742735398705', 'neutron.services.segments.plugin.NovaSegmentNotifier._notify_port_created_or_deleted-8741891'] for port (fd601de2-b600-45b6-8e63-56a69ff1c191), after_create {{(pid=104835) _notify_loop /usr/local/lib/python3.8/dist-packages/neutron_lib/callbacks/manager.py:176}}
May 27 07:08:43.110925 dv-neutron-843389-5-hyperv neutron-server[104835]: DEBUG dbcounter [-] [104835] Writing DB stats neutron:SELECT=89,neutron:INSERT=6,neutron:DELETE=2,neutron:UPDATE=3 {{(pid=104835) stat_writer /usr/local/lib/python3.8/dist-packages/dbcounter.py:114}}
May 27 07:08:43.196620 dv-neutron-843389-5-hyperv neutron-server[104834]: INFO neutron.api.v2.resource [None req-ffd9f7f4-72eb-4ea8-9b40-9248f9bef7b8 tempest-RoutersAdminNegativeIpV6Test-905459280 tempest-RoutersAdminNegativeIpV6Test-905459280-project-admin] create failed (client error): There was a conflict when trying to complete your request.
May 27 07:08:43.198910 dv-neutron-843389-5-hyperv neutron-server[104834]: INFO neutron.wsgi [None req-ffd9f7f4-72eb-4ea8-9b40-9248f9bef7b8 tempest-RoutersAdminNegativeIpV6Test-905459280 tempest-RoutersAdminNegativeIpV6Test-905459280-project-admin] 10.222.0.59 "POST /v2.0/routers HTTP/1.1" status: 409 len: 372 time: 4.5714309
May 27 07:08:43.215588 dv-neutron-843389-5-hyperv neutron-server[104834]: DEBUG neutron.wsgi [-] (104834) accepted ('10.222.0.59', 55704) {{(pid=104834) server /usr/local/lib/python3.8/dist-packages/eventlet/wsgi.py:1004}}
May 27 07:08:43.225011 dv-neutron-843389-5-hyperv neutron-server[104835]: DEBUG neutron.pecan_wsgi.hooks.policy_enforcement [req-cdb530de-49b0-4a8d-9770-551665b8d4ce req-fd130ca6-5a07-4016-97a1-e7a9ff486ecf tempest-ServersTestJSON-1945671707 tempest-ServersTestJSON-1945671707-project] Attributes excluded by policy engine: ['standard_attr_id', 'vlan_transparent', 'provider:network_type', 'provider:physical_network', 'provider:segmentation_id'] {{(pid=104835) _exclude_attributes_by_policy /opt/stack/neutron/neutron/pecan_wsgi/hooks/policy_enforcement.py:259}}
May 27 07:08:43.226699 dv-neutron-843389-5-hyperv neutron-server[104835]: INFO neutron.wsgi [req-cdb530de-49b0-4a8d-9770-551665b8d4ce req-fd130ca6-5a07-4016-97a1-e7a9ff486ecf tempest-ServersTestJSON-1945671707 tempest-ServersTestJSON-1945671707-project] 10.222.0.62 "GET /v2.0/networks?id=14331660-eda5-4587-8315-83727ac223df HTTP/1.1" status: 200 len: 805 time: 0.7842448
May 27 07:08:43.266152 dv-neutron-843389-5-hyperv neutron-server[104834]: DEBUG dbcounter [-] [104834] Writing DB stats neutron:SELECT=96,neutron:UPDATE=2,neutron:DELETE=2 {{(pid=104834) stat_writer /usr/local/lib/python3.8/dist-packages/dbcounter.py:114}}
May 27 07:08:43.325579 dv-neutron-843389-5-hyperv neutron-server[104835]: DEBUG neutron.scheduler.dhcp_agent_scheduler [None req-d2c141ed-838f-4994-bf68-be0966734d07 tempest-ServerActionsTestJSON-1774157750 tempest-ServerActionsTestJSON-1774157750-project] Network e971d17a-e2db-4067-bd4b-dfe82a29df26 is already hosted by enough agents. {{(pid=104835) _get_dhcp_agents_hosting_network /opt/stack/neutron/neutron/scheduler/dhcp_agent_scheduler.py:275}}
May 27 07:08:43.341307 dv-neutron-843389-5-hyperv neutron-server[104834]: DEBUG neutron.api.rpc.handlers.resources_rpc [None req-fbc3e61d-9336-4aef-8b5b-31944df95a71 tempest-PortsAdminExtendedAttrsIpV6TestJSON-1908107322 tempest-PortsAdminExtendedAttrsIpV6TestJSON-1908107322-project-admin] Pushing event updated for resources: {'Port': ['ID=4c8b71de-909a-4ab9-bc84-873642971757,revision_number=2']} {{(pid=104834) push /opt/stack/neutron/neutron/api/rpc/handlers/resources_rpc.py:237}}
May 27 07:08:43.346496 dv-neutron-843389-5-hyperv neutron-server[104835]: DEBUG neutron.scheduler.base_scheduler [None req-d2c141ed-838f-4994-bf68-be0966734d07 tempest-ServerActionsTestJSON-1774157750 tempest-ServerActionsTestJSON-1774157750-project] Resources bound (agent type, host, resource id): {{(pid=104835) schedule /opt/stack/neutron/neutron/scheduler/base_scheduler.py:57}}
May 27 07:08:43.349335 dv-neutron-843389-5-hyperv neutron-server[104835]: DEBUG neutron.db.l3_dvrscheduler_db [None req-d2c141ed-838f-4994-bf68-be0966734d07 tempest-ServerActionsTestJSON-1774157750 tempest-ServerActionsTestJSON-1774157750-project] Received port after_create {{(pid=104835) _notify_l3_agent_new_port /opt/stack/neutron/neutron/db/l3_dvrscheduler_db.py:536}}
May 27 07:08:43.359862 dv-neutron-843389-5-hyperv neutron-server[104835]: DEBUG neutron.api.rpc.handlers.resources_rpc [None req-d2c141ed-838f-4994-bf68-be0966734d07 tempest-ServerActionsTestJSON-1774157750 tempest-ServerActionsTestJSON-1774157750-project] Pushing event updated for resources: {'Port': ['ID=fd601de2-b600-45b6-8e63-56a69ff1c191,revision_number=1']} {{(pid=104835) push /opt/stack/neutron/neutron/api/rpc/handlers/resources_rpc.py:237}}
May 27 07:08:43.435877 dv-neutron-843389-5-hyperv neutron-server[104835]: DEBUG neutron.db.db_base_plugin_common [None req-d4dfb34b-6ecd-4e0b-a6e4-75f840ccc8ad tempest-ServersTestManualDisk-2133277778 tempest-ServersTestManualDisk-2133277778-project] Allocated IP 172.26.9.4 (e971d17a-e2db-4067-bd4b-dfe82a29df26/8cee9a6b-e361-447e-ba6d-5fc1e149a886/3c000e30-e97a-4348-8931-8c7f06007244) {{(pid=104835) _store_ip_allocation /opt/stack/neutron/neutron/db/db_base_plugin_common.py:131}}
May 27 07:08:43.440441 dv-neutron-843389-5-hyperv neutron-server[104834]: DEBUG neutron_lib.callbacks.manager [None req-02141571-e644-4d71-8301-345fbae166a9 tempest-RoutersAdminTest-2119916564 tempest-RoutersAdminTest-2119916564-project] Publish callbacks [] for router_gateway (1dee51a9-0902-49ad-9fdf-917fcdedec85), precommit_update {{(pid=104834) _notify_loop /usr/local/lib/python3.8/dist-packages/neutron_lib/callbacks/manager.py:176}}
May 27 07:08:43.470683 dv-neutron-843389-5-hyperv neutron-server[104835]: INFO neutron.wsgi [req-cdb530de-49b0-4a8d-9770-551665b8d4ce req-c20f8172-fdc7-4ea7-a5b0-e11aaa03b0e1 tempest-ServersTestJSON-1945671707 tempest-ServersTestJSON-1945671707-project] 10.222.0.62 "GET /v2.0/security-groups?fields=id&fields=name&tenant_id=e72bd1decb57416d87bb4d619870c264 HTTP/1.1" status: 200 len: 380 time: 0.1876659
May 27 07:08:43.495614 dv-neutron-843389-5-hyperv neutron-server[104835]: DEBUG neutron.api.v2.base [req-cdb530de-49b0-4a8d-9770-551665b8d4ce req-eee7fc10-b2bd-4bc4-b268-d241a492bac6 tempest-ServersTestJSON-1945671707 tempest-ServersTestJSON-1945671707-project] Request body: {'port': {'device_id': '070445bf-0580-4701-a55c-0da8a9aec383', 'network_id': '14331660-eda5-4587-8315-83727ac223df', 'admin_state_up': True, 'tenant_id': 'e72bd1decb57416d87bb4d619870c264', 'security_groups': ['65964fff-0a96-41be-840e-489f845799d6']}} {{(pid=104835) prepare_request_body /opt/stack/neutron/neutron/api/v2/base.py:730}}
May 27 07:08:43.504549 dv-neutron-843389-5-hyperv neutron-server[104834]: DEBUG neutron.objects.ports [None req-e2c96964-9987-4dea-88e6-6b7e09f78ea7 tempest-RoutersIpV6AdminTest-1426683662 tempest-RoutersIpV6AdminTest-1426683662-project-admin] Time-cost: Fetching 0 ports in 0 security groups {{(pid=104834) get_objects /opt/stack/neutron/neutron/objects/ports.py:463}}
May 27 07:08:43.505278 dv-neutron-843389-5-hyperv neutron-server[104834]: DEBUG neutron_lib.callbacks.manager [None req-e2c96964-9987-4dea-88e6-6b7e09f78ea7 tempest-RoutersIpV6AdminTest-1426683662 tempest-RoutersIpV6AdminTest-1426683662-project-admin] Publish callbacks ['neutron.plugins.ml2.ovo_rpc._ObjectChangeHandler.handle_event-602949', 'neutron.api.rpc.agentnotifiers.dhcp_rpc_agent_api.DhcpAgentNotifyAPI._native_event_send_dhcp_notification-242688', 'neutron.services.segments.plugin.NovaSegmentNotifier._notify_subnet_created-2663573', 'neutron.services.segments.plugin.SegmentHostRoutes.host_routes_after_create-10419801'] for subnet (c96fcd75-ecba-4970-82f4-ff42e253ace3), after_create {{(pid=104834) _notify_loop /usr/local/lib/python3.8/dist-packages/neutron_lib/callbacks/manager.py:176}}
May 27 07:08:43.515454 dv-neutron-843389-5-hyperv neutron-server[104834]: DEBUG neutron.plugins.ml2.managers [None req-fbc3e61d-9336-4aef-8b5b-31944df95a71 tempest-PortsAdminExtendedAttrsIpV6TestJSON-1908107322 tempest-PortsAdminExtendedAttrsIpV6TestJSON-1908107322-project-admin] Attempting to bind port 4c8b71de-909a-4ab9-bc84-873642971757 on host hv-neutron-8433 for vnic_type normal with profile {{(pid=104834) bind_port /opt/stack/neutron/neutron/plugins/ml2/managers.py:811}}
May 27 07:08:43.515800 dv-neutron-843389-5-hyperv neutron-server[104834]: DEBUG neutron.plugins.ml2.managers [None req-fbc3e61d-9336-4aef-8b5b-31944df95a71 tempest-PortsAdminExtendedAttrsIpV6TestJSON-1908107322 tempest-PortsAdminExtendedAttrsIpV6TestJSON-1908107322-project-admin] Attempting to bind port 4c8b71de-909a-4ab9-bc84-873642971757 by drivers openvswitch,hyperv on host hv-neutron-8433 at level 0 using segments [{'id': 'ad814e20-0115-4533-8af5-4a5bf1779dcc', 'network_type': 'vlan', 'physical_network': 'physnet1', 'segmentation_id': 305, 'network_id': 'da8168cc-f122-4615-a27e-5ea1b80e6e0e'}] {{(pid=104834) _bind_port_level /opt/stack/neutron/neutron/plugins/ml2/managers.py:836}}
May 27 07:08:43.516422 dv-neutron-843389-5-hyperv neutron-server[104834]: DEBUG neutron.plugins.ml2.drivers.mech_agent [None req-fbc3e61d-9336-4aef-8b5b-31944df95a71 tempest-PortsAdminExtendedAttrsIpV6TestJSON-1908107322 tempest-PortsAdminExtendedAttrsIpV6TestJSON-1908107322-project-admin] Attempting to bind port 4c8b71de-909a-4ab9-bc84-873642971757 on network da8168cc-f122-4615-a27e-5ea1b80e6e0e {{(pid=104834) bind_port /opt/stack/neutron/neutron/plugins/ml2/drivers/mech_agent.py:91}}
May 27 07:08:43.612555 dv-neutron-843389-5-hyperv neutron-server[104834]: DEBUG neutron.plugins.ml2.drivers.mech_agent [None req-fbc3e61d-9336-4aef-8b5b-31944df95a71 tempest-PortsAdminExtendedAttrsIpV6TestJSON-1908107322 tempest-PortsAdminExtendedAttrsIpV6TestJSON-1908107322-project-admin] Port 4c8b71de-909a-4ab9-bc84-873642971757 on network da8168cc-f122-4615-a27e-5ea1b80e6e0e not bound, no agent of type Open vSwitch agent registered on host hv-neutron-8433 {{(pid=104834) bind_port /opt/stack/neutron/neutron/plugins/ml2/drivers/mech_agent.py:103}}
May 27 07:08:43.612890 dv-neutron-843389-5-hyperv neutron-server[104834]: ERROR neutron.plugins.ml2.managers [None req-fbc3e61d-9336-4aef-8b5b-31944df95a71 tempest-PortsAdminExtendedAttrsIpV6TestJSON-1908107322 tempest-PortsAdminExtendedAttrsIpV6TestJSON-1908107322-project-admin] Failed to bind port 4c8b71de-909a-4ab9-bc84-873642971757 on host hv-neutron-8433 for vnic_type normal using segments [{'id': 'ad814e20-0115-4533-8af5-4a5bf1779dcc', 'network_type': 'vlan', 'physical_network': 'physnet1', 'segmentation_id': 305, 'network_id': 'da8168cc-f122-4615-a27e-5ea1b80e6e0e'}]
May 27 07:08:43.639234 dv-neutron-843389-5-hyperv neutron-server[104836]: DEBUG neutron.plugins.ml2.rpc [None req-f88caa32-2ca6-467f-8014-1ae0c151f98f None None] Device 457ddd4d-9663-472f-9028-1216888c3aaa up at agent ovs-agent-dv-neutron-843389-5-hyperv {{(pid=104836) update_device_up /opt/stack/neutron/neutron/plugins/ml2/rpc.py:296}}
May 27 07:08:43.646613 dv-neutron-843389-5-hyperv neutron-server[104834]: INFO neutron.plugins.ml2.plugin [None req-fbc3e61d-9336-4aef-8b5b-31944df95a71 tempest-PortsAdminExtendedAttrsIpV6TestJSON-1908107322 tempest-PortsAdminExtendedAttrsIpV6TestJSON-1908107322-project-admin] Attempt 2 to bind port 4c8b71de-909a-4ab9-bc84-873642971757
May 27 07:08:43.708473 dv-neutron-843389-5-hyperv neutron-server[104834]: DEBUG neutron.plugins.ml2.plugin [None req-9ed87c66-4e4a-471d-b036-84b7f9d90d8c tempest-RoutersAdminNegativeIpV6Test-905459280 tempest-RoutersAdminNegativeIpV6Test-905459280-project-admin] Deleting port bbc6f805-28a4-4fc3-931a-9f07a1848043 {{(pid=104834) _pre_delete_port /opt/stack/neutron/neutron/plugins/ml2/plugin.py:2043}}
May 27 07:08:43.709220 dv-neutron-843389-5-hyperv neutron-server[104834]: DEBUG neutron_lib.callbacks.manager [None req-9ed87c66-4e4a-471d-b036-84b7f9d90d8c tempest-RoutersAdminNegativeIpV6Test-905459280 tempest-RoutersAdminNegativeIpV6Test-905459280-project-admin] Publish callbacks ['neutron.db.l3_db.L3_NAT_dbonly_mixin._prevent_l3_port_delete_callback-8742735780837'] for port (bbc6f805-28a4-4fc3-931a-9f07a1848043), before_delete {{(pid=104834) _notify_loop /usr/local/lib/python3.8/dist-packages/neutron_lib/callbacks/manager.py:176}}
May 27 07:08:43.749463 dv-neutron-843389-5-hyperv neutron-server[104835]: DEBUG neutron_lib.callbacks.manager [None req-d2c141ed-838f-4994-bf68-be0966734d07 tempest-ServerActionsTestJSON-1774157750 tempest-ServerActionsTestJSON-1774157750-project] Publish callbacks [] for floatingip (1ca255ef-c74a-4e90-bb01-196d382c01aa), precommit_create {{(pid=104835) _notify_loop /usr/local/lib/python3.8/dist-packages/neutron_lib/callbacks/manager.py:176}}
May 27 07:08:43.818970 dv-neutron-843389-5-hyperv neutron-server[104836]: DEBUG neutron.db.provisioning_blocks [None req-f88caa32-2ca6-467f-8014-1ae0c151f98f None None] Provisioning complete for port 457ddd4d-9663-472f-9028-1216888c3aaa triggered by entity L2. {{(pid=104836) provisioning_complete /opt/stack/neutron/neutron/db/provisioning_blocks.py:145}}
May 27 07:08:43.821195 dv-neutron-843389-5-hyperv neutron-server[104836]: DEBUG neutron_lib.callbacks.manager [None req-f88caa32-2ca6-467f-8014-1ae0c151f98f None None] Publish callbacks ['neutron.plugins.ml2.plugin.Ml2Plugin._port_provisioned-1677504'] for port (457ddd4d-9663-472f-9028-1216888c3aaa), provisioning_complete {{(pid=104836) _notify_loop /usr/local/lib/python3.8/dist-packages/neutron_lib/callbacks/manager.py:176}}
May 27 07:08:43.843875 dv-neutron-843389-5-hyperv neutron-server[104834]: DEBUG neutron_lib.callbacks.manager [None req-6c9fa734-96cf-4baa-8e1d-b4cd0e38eba1 tempest-FloatingIPAdminTestJSON-1410703619 tempest-FloatingIPAdminTestJSON-1410703619-project] Publish callbacks ['neutron.plugins.ml2.plugin.SecurityGroupDbMixin._ensure_default_security_group_handler-1617150'] for port (None), before_create {{(pid=104834) _notify_loop /usr/local/lib/python3.8/dist-packages/neutron_lib/callbacks/manager.py:176}}
May 27 07:08:43.863638 dv-neutron-843389-5-hyperv neutron-server[104835]: DEBUG neutron_lib.callbacks.manager [None req-d2c141ed-838f-4994-bf68-be0966734d07 tempest-ServerActionsTestJSON-1774157750 tempest-ServerActionsTestJSON-1774157750-project] Publish callbacks ['neutron.plugins.ml2.plugin.SecurityGroupDbMixin._ensure_default_security_group_handler-1617150'] for port (fd601de2-b600-45b6-8e63-56a69ff1c191), before_update {{(pid=104835) _notify_loop /usr/local/lib/python3.8/dist-packages/neutron_lib/callbacks/manager.py:176}}
May 27 07:08:43.886712 dv-neutron-843389-5-hyperv neutron-server[104834]: DEBUG neutron.plugins.ml2.managers [None req-fbc3e61d-9336-4aef-8b5b-31944df95a71 tempest-PortsAdminExtendedAttrsIpV6TestJSON-1908107322 tempest-PortsAdminExtendedAttrsIpV6TestJSON-1908107322-project-admin] Attempting to bind port 4c8b71de-909a-4ab9-bc84-873642971757 on host hv-neutron-8433 for vnic_type normal with profile {{(pid=104834) bind_port /opt/stack/neutron/neutron/plugins/ml2/managers.py:811}}
May 27 07:08:43.887250 dv-neutron-843389-5-hyperv neutron-server[104834]: DEBUG neutron.plugins.ml2.managers [None req-fbc3e61d-9336-4aef-8b5b-31944df95a71 tempest-PortsAdminExtendedAttrsIpV6TestJSON-1908107322 tempest-PortsAdminExtendedAttrsIpV6TestJSON-1908107322-project-admin] Attempting to bind port 4c8b71de-909a-4ab9-bc84-873642971757 by drivers openvswitch,hyperv on host hv-neutron-8433 at level 0 using segments [{'id': 'ad814e20-0115-4533-8af5-4a5bf1779dcc', 'network_type': 'vlan', 'physical_network': 'physnet1', 'segmentation_id': 305, 'network_id': 'da8168cc-f122-4615-a27e-5ea1b80e6e0e'}] {{(pid=104834) _bind_port_level /opt/stack/neutron/neutron/plugins/ml2/managers.py:836}}
May 27 07:08:43.887767 dv-neutron-843389-5-hyperv neutron-server[104834]: DEBUG neutron.plugins.ml2.drivers.mech_agent [None req-fbc3e61d-9336-4aef-8b5b-31944df95a71 tempest-PortsAdminExtendedAttrsIpV6TestJSON-1908107322 tempest-PortsAdminExtendedAttrsIpV6TestJSON-1908107322-project-admin] Attempting to bind port 4c8b71de-909a-4ab9-bc84-873642971757 on network da8168cc-f122-4615-a27e-5ea1b80e6e0e {{(pid=104834) bind_port /opt/stack/neutron/neutron/plugins/ml2/drivers/mech_agent.py:91}}
May 27 07:08:43.906649 dv-neutron-843389-5-hyperv neutron-server[104834]: DEBUG neutron.plugins.ml2.drivers.mech_agent [None req-fbc3e61d-9336-4aef-8b5b-31944df95a71 tempest-PortsAdminExtendedAttrsIpV6TestJSON-1908107322 tempest-PortsAdminExtendedAttrsIpV6TestJSON-1908107322-project-admin] Port 4c8b71de-909a-4ab9-bc84-873642971757 on network da8168cc-f122-4615-a27e-5ea1b80e6e0e not bound, no agent of type Open vSwitch agent registered on host hv-neutron-8433 {{(pid=104834) bind_port /opt/stack/neutron/neutron/plugins/ml2/drivers/mech_agent.py:103}}
May 27 07:08:43.907342 dv-neutron-843389-5-hyperv neutron-server[104834]: ERROR neutron.plugins.ml2.managers [None req-fbc3e61d-9336-4aef-8b5b-31944df95a71 tempest-PortsAdminExtendedAttrsIpV6TestJSON-1908107322 tempest-PortsAdminExtendedAttrsIpV6TestJSON-1908107322-project-admin] Failed to bind port 4c8b71de-909a-4ab9-bc84-873642971757 on host hv-neutron-8433 for vnic_type normal using segments [{'id': 'ad814e20-0115-4533-8af5-4a5bf1779dcc', 'network_type': 'vlan', 'physical_network': 'physnet1', 'segmentation_id': 305, 'network_id': 'da8168cc-f122-4615-a27e-5ea1b80e6e0e'}]
May 27 07:08:43.908072 dv-neutron-843389-5-hyperv neutron-server[104834]: DEBUG neutron.api.rpc.handlers.resources_rpc [None req-e2c96964-9987-4dea-88e6-6b7e09f78ea7 tempest-RoutersIpV6AdminTest-1426683662 tempest-RoutersIpV6AdminTest-1426683662-project-admin] Pushing event updated for resources: {'Subnet': ['ID=c96fcd75-ecba-4970-82f4-ff42e253ace3,revision_number=0']} {{(pid=104834) push /opt/stack/neutron/neutron/api/rpc/handlers/resources_rpc.py:237}}
May 27 07:08:43.959966 dv-neutron-843389-5-hyperv neutron-server[104834]: INFO neutron.plugins.ml2.plugin [None req-fbc3e61d-9336-4aef-8b5b-31944df95a71 tempest-PortsAdminExtendedAttrsIpV6TestJSON-1908107322 tempest-PortsAdminExtendedAttrsIpV6TestJSON-1908107322-project-admin] Attempt 3 to bind port 4c8b71de-909a-4ab9-bc84-873642971757
May 27 07:08:43.960779 dv-neutron-843389-5-hyperv neutron-server[104835]: DEBUG neutron_lib.callbacks.manager [None req-d4dfb34b-6ecd-4e0b-a6e4-75f840ccc8ad tempest-ServersTestManualDisk-2133277778 tempest-ServersTestManualDisk-2133277778-project] Publish callbacks [] for port (3c000e30-e97a-4348-8931-8c7f06007244), precommit_create {{(pid=104835) _notify_loop /usr/local/lib/python3.8/dist-packages/neutron_lib/callbacks/manager.py:176}}
May 27 07:08:44.009245 dv-neutron-843389-5-hyperv neutron-server[104834]: DEBUG neutron.plugins.ml2.managers [None req-fbc3e61d-9336-4aef-8b5b-31944df95a71 tempest-PortsAdminExtendedAttrsIpV6TestJSON-1908107322 tempest-PortsAdminExtendedAttrsIpV6TestJSON-1908107322-project-admin] Attempting to bind port 4c8b71de-909a-4ab9-bc84-873642971757 on host hv-neutron-8433 for vnic_type normal with profile {{(pid=104834) bind_port /opt/stack/neutron/neutron/plugins/ml2/managers.py:811}}
May 27 07:08:44.009713 dv-neutron-843389-5-hyperv neutron-server[104834]: DEBUG neutron.plugins.ml2.managers [None req-fbc3e61d-9336-4aef-8b5b-31944df95a71 tempest-PortsAdminExtendedAttrsIpV6TestJSON-1908107322 tempest-PortsAdminExtendedAttrsIpV6TestJSON-1908107322-project-admin] Attempting to bind port 4c8b71de-909a-4ab9-bc84-873642971757 by drivers openvswitch,hyperv on host hv-neutron-8433 at level 0 using segments [{'id': 'ad814e20-0115-4533-8af5-4a5bf1779dcc', 'network_type': 'vlan', 'physical_network': 'physnet1', 'segmentation_id': 305, 'network_id': 'da8168cc-f122-4615-a27e-5ea1b80e6e0e'}] {{(pid=104834) _bind_port_level /opt/stack/neutron/neutron/plugins/ml2/managers.py:836}}
May 27 07:08:44.010144 dv-neutron-843389-5-hyperv neutron-server[104834]: DEBUG neutron.plugins.ml2.drivers.mech_agent [None req-fbc3e61d-9336-4aef-8b5b-31944df95a71 tempest-PortsAdminExtendedAttrsIpV6TestJSON-1908107322 tempest-PortsAdminExtendedAttrsIpV6TestJSON-1908107322-project-admin] Attempting to bind port 4c8b71de-909a-4ab9-bc84-873642971757 on network da8168cc-f122-4615-a27e-5ea1b80e6e0e {{(pid=104834) bind_port /opt/stack/neutron/neutron/plugins/ml2/drivers/mech_agent.py:91}}
May 27 07:08:44.089529 dv-neutron-843389-5-hyperv neutron-server[104834]: DEBUG neutron.plugins.ml2.drivers.mech_agent [None req-e2c96964-9987-4dea-88e6-6b7e09f78ea7 tempest-RoutersIpV6AdminTest-1426683662 tempest-RoutersIpV6AdminTest-1426683662-project-admin] Checking segment: {'id': 'ae3d48ff-c0da-40a0-b910-0a5071e376b4', 'network_type': 'vlan', 'physical_network': 'physnet1', 'segmentation_id': 313, 'network_id': '7731281e-0594-42b0-9004-6ad477f3b461'} for mappings: {'physnet1': 'br-data'} with network types: ['local', 'flat', 'vlan'] {{(pid=104834) check_segment_for_agent /opt/stack/neutron/neutron/plugins/ml2/drivers/mech_agent.py:373}}
May 27 07:08:44.090189 dv-neutron-843389-5-hyperv neutron-server[104834]: DEBUG neutron.scheduler.dhcp_agent_scheduler [None req-e2c96964-9987-4dea-88e6-6b7e09f78ea7 tempest-RoutersIpV6AdminTest-1426683662 tempest-RoutersIpV6AdminTest-1426683662-project-admin] Network hostable DHCP agents. Network: 7731281e-0594-42b0-9004-6ad477f3b461, hostable agents: ['b6c2304a-bfc1-4628-aa36-3c231b7244b6'], hosted agents: [] {{(pid=104834) _get_network_hostable_dhcp_agents /opt/stack/neutron/neutron/scheduler/dhcp_agent_scheduler.py:329}}
May 27 07:08:44.092956 dv-neutron-843389-5-hyperv neutron-server[104834]: DEBUG neutron.plugins.ml2.drivers.mech_agent [None req-fbc3e61d-9336-4aef-8b5b-31944df95a71 tempest-PortsAdminExtendedAttrsIpV6TestJSON-1908107322 tempest-PortsAdminExtendedAttrsIpV6TestJSON-1908107322-project-admin] Port 4c8b71de-909a-4ab9-bc84-873642971757 on network da8168cc-f122-4615-a27e-5ea1b80e6e0e not bound, no agent of type Open vSwitch agent registered on host hv-neutron-8433 {{(pid=104834) bind_port /opt/stack/neutron/neutron/plugins/ml2/drivers/mech_agent.py:103}}
May 27 07:08:44.093287 dv-neutron-843389-5-hyperv neutron-server[104834]: ERROR neutron.plugins.ml2.managers [None req-fbc3e61d-9336-4aef-8b5b-31944df95a71 tempest-PortsAdminExtendedAttrsIpV6TestJSON-1908107322 tempest-PortsAdminExtendedAttrsIpV6TestJSON-1908107322-project-admin] Failed to bind port 4c8b71de-909a-4ab9-bc84-873642971757 on host hv-neutron-8433 for vnic_type normal using segments [{'id': 'ad814e20-0115-4533-8af5-4a5bf1779dcc', 'network_type': 'vlan', 'physical_network': 'physnet1', 'segmentation_id': 305, 'network_id': 'da8168cc-f122-4615-a27e-5ea1b80e6e0e'}]
May 27 07:08:44.093936 dv-neutron-843389-5-hyperv neutron-server[104836]: DEBUG neutron.plugins.ml2.plugin [None req-f88caa32-2ca6-467f-8014-1ae0c151f98f None None] Current status of the port 457ddd4d-9663-472f-9028-1216888c3aaa is: ACTIVE; New status is: ACTIVE {{(pid=104836) _update_individual_port_db_status /opt/stack/neutron/neutron/plugins/ml2/plugin.py:2298}}
May 27 07:08:44.095864 dv-neutron-843389-5-hyperv neutron-server[104836]: DEBUG neutron.plugins.ml2.rpc [None req-f88caa32-2ca6-467f-8014-1ae0c151f98f None None] Device fff47954-94ab-427e-9783-4c62a6fb8ac3 up at agent ovs-agent-dv-neutron-843389-5-hyperv {{(pid=104836) update_device_up /opt/stack/neutron/neutron/plugins/ml2/rpc.py:296}}
May 27 07:08:44.100955 dv-neutron-843389-5-hyperv neutron-server[104834]: INFO neutron.plugins.ml2.plugin [None req-fbc3e61d-9336-4aef-8b5b-31944df95a71 tempest-PortsAdminExtendedAttrsIpV6TestJSON-1908107322 tempest-PortsAdminExtendedAttrsIpV6TestJSON-1908107322-project-admin] Attempt 4 to bind port 4c8b71de-909a-4ab9-bc84-873642971757
May 27 07:08:44.123940 dv-neutron-843389-5-hyperv neutron-server[104834]: DEBUG neutron.plugins.ml2.managers [None req-fbc3e61d-9336-4aef-8b5b-31944df95a71 tempest-PortsAdminExtendedAttrsIpV6TestJSON-1908107322 tempest-PortsAdminExtendedAttrsIpV6TestJSON-1908107322-project-admin] Attempting to bind port 4c8b71de-909a-4ab9-bc84-873642971757 on host hv-neutron-8433 for vnic_type normal with profile {{(pid=104834) bind_port /opt/stack/neutron/neutron/plugins/ml2/managers.py:811}}
May 27 07:08:44.125109 dv-neutron-843389-5-hyperv neutron-server[104834]: DEBUG neutron.plugins.ml2.managers [None req-fbc3e61d-9336-4aef-8b5b-31944df95a71 tempest-PortsAdminExtendedAttrsIpV6TestJSON-1908107322 tempest-PortsAdminExtendedAttrsIpV6TestJSON-1908107322-project-admin] Attempting to bind port 4c8b71de-909a-4ab9-bc84-873642971757 by drivers openvswitch,hyperv on host hv-neutron-8433 at level 0 using segments [{'id': 'ad814e20-0115-4533-8af5-4a5bf1779dcc', 'network_type': 'vlan', 'physical_network': 'physnet1', 'segmentation_id': 305, 'network_id': 'da8168cc-f122-4615-a27e-5ea1b80e6e0e'}] {{(pid=104834) _bind_port_level /opt/stack/neutron/neutron/plugins/ml2/managers.py:836}}
May 27 07:08:44.125109 dv-neutron-843389-5-hyperv neutron-server[104834]: DEBUG neutron.plugins.ml2.drivers.mech_agent [None req-fbc3e61d-9336-4aef-8b5b-31944df95a71 tempest-PortsAdminExtendedAttrsIpV6TestJSON-1908107322 tempest-PortsAdminExtendedAttrsIpV6TestJSON-1908107322-project-admin] Attempting to bind port 4c8b71de-909a-4ab9-bc84-873642971757 on network da8168cc-f122-4615-a27e-5ea1b80e6e0e {{(pid=104834) bind_port /opt/stack/neutron/neutron/plugins/ml2/drivers/mech_agent.py:91}}
May 27 07:08:44.190360 dv-neutron-843389-5-hyperv neutron-server[104835]: DEBUG dbcounter [-] [104835] Writing DB stats neutron:INSERT=6,neutron:SELECT=91,neutron:UPDATE=3 {{(pid=104835) stat_writer /usr/local/lib/python3.8/dist-packages/dbcounter.py:114}}
May 27 07:08:44.197960 dv-neutron-843389-5-hyperv neutron-server[104836]: DEBUG neutron.db.provisioning_blocks [None req-f88caa32-2ca6-467f-8014-1ae0c151f98f None None] Provisioning complete for port fff47954-94ab-427e-9783-4c62a6fb8ac3 triggered by entity L2. {{(pid=104836) provisioning_complete /opt/stack/neutron/neutron/db/provisioning_blocks.py:145}}
May 27 07:08:44.199652 dv-neutron-843389-5-hyperv neutron-server[104836]: DEBUG neutron_lib.callbacks.manager [None req-f88caa32-2ca6-467f-8014-1ae0c151f98f None None] Publish callbacks ['neutron.plugins.ml2.plugin.Ml2Plugin._port_provisioned-1677504'] for port (fff47954-94ab-427e-9783-4c62a6fb8ac3), provisioning_complete {{(pid=104836) _notify_loop /usr/local/lib/python3.8/dist-packages/neutron_lib/callbacks/manager.py:176}}
May 27 07:08:44.261158 dv-neutron-843389-5-hyperv neutron-server[104835]: DEBUG neutron_lib.callbacks.manager [None req-d4dfb34b-6ecd-4e0b-a6e4-75f840ccc8ad tempest-ServersTestManualDisk-2133277778 tempest-ServersTestManualDisk-2133277778-project] Publish callbacks ['neutron.plugins.ml2.plugin.SecurityGroupServerNotifierRpcMixin._notify_sg_on_port_change-1615630', 'neutron.plugins.ml2.ovo_rpc._ObjectChangeHandler.handle_event-189677', 'neutron.api.rpc.agentnotifiers.dhcp_rpc_agent_api.DhcpAgentNotifyAPI._native_event_send_dhcp_notification-242688', 'neutron.db.l3_dvrscheduler_db._notify_l3_agent_new_port-8742735398705', 'neutron.services.segments.plugin.NovaSegmentNotifier._notify_port_created_or_deleted-8741891'] for port (3c000e30-e97a-4348-8931-8c7f06007244), after_create {{(pid=104835) _notify_loop /usr/local/lib/python3.8/dist-packages/neutron_lib/callbacks/manager.py:176}}
May 27 07:08:44.319964 dv-neutron-843389-5-hyperv neutron-server[104834]: DEBUG neutron_lib.callbacks.manager [None req-9ed87c66-4e4a-471d-b036-84b7f9d90d8c tempest-RoutersAdminNegativeIpV6Test-905459280 tempest-RoutersAdminNegativeIpV6Test-905459280-project-admin] Publish callbacks ['neutron.services.l3_router.l3_router_plugin.L3_NAT_dbonly_mixin._precommit_delete_port_callback-660320'] for port (bbc6f805-28a4-4fc3-931a-9f07a1848043), precommit_delete {{(pid=104834) _notify_loop /usr/local/lib/python3.8/dist-packages/neutron_lib/callbacks/manager.py:176}}
May 27 07:08:44.339929 dv-neutron-843389-5-hyperv neutron-server[104834]: DEBUG neutron.plugins.ml2.plugin [None req-9ed87c66-4e4a-471d-b036-84b7f9d90d8c tempest-RoutersAdminNegativeIpV6Test-905459280 tempest-RoutersAdminNegativeIpV6Test-905459280-project-admin] Calling delete_port for bbc6f805-28a4-4fc3-931a-9f07a1848043 owned by {{(pid=104834) delete_port /opt/stack/neutron/neutron/plugins/ml2/plugin.py:2122}}
May 27 07:08:44.376530 dv-neutron-843389-5-hyperv neutron-server[104835]: DEBUG dbcounter [-] [104835] Writing DB stats neutron:SELECT=95,neutron:UPDATE=3,neutron:INSERT=2 {{(pid=104835) stat_writer /usr/local/lib/python3.8/dist-packages/dbcounter.py:114}}
May 27 07:08:44.395447 dv-neutron-843389-5-hyperv neutron-server[104836]: DEBUG neutron.plugins.ml2.plugin [None req-f88caa32-2ca6-467f-8014-1ae0c151f98f None None] Current status of the port fff47954-94ab-427e-9783-4c62a6fb8ac3 is: ACTIVE; New status is: ACTIVE {{(pid=104836) _update_individual_port_db_status /opt/stack/neutron/neutron/plugins/ml2/plugin.py:2298}}
May 27 07:08:44.446421 dv-neutron-843389-5-hyperv neutron-server[104835]: DEBUG neutron.scheduler.dhcp_agent_scheduler [None req-d4dfb34b-6ecd-4e0b-a6e4-75f840ccc8ad tempest-ServersTestManualDisk-2133277778 tempest-ServersTestManualDisk-2133277778-project] Network e971d17a-e2db-4067-bd4b-dfe82a29df26 is already hosted by enough agents. {{(pid=104835) _get_dhcp_agents_hosting_network /opt/stack/neutron/neutron/scheduler/dhcp_agent_scheduler.py:275}}
May 27 07:08:44.475910 dv-neutron-843389-5-hyperv neutron-server[104835]: DEBUG neutron.pecan_wsgi.hooks.quota_enforcement [req-cdb530de-49b0-4a8d-9770-551665b8d4ce req-eee7fc10-b2bd-4bc4-b268-d241a492bac6 tempest-ServersTestJSON-1945671707 tempest-ServersTestJSON-1945671707-project] Made reservation on behalf of e72bd1decb57416d87bb4d619870c264 for: {'port': 1} {{(pid=104835) before /opt/stack/neutron/neutron/pecan_wsgi/hooks/quota_enforcement.py:53}}
May 27 07:08:44.478876 dv-neutron-843389-5-hyperv neutron-server[104835]: DEBUG neutron_lib.callbacks.manager [req-cdb530de-49b0-4a8d-9770-551665b8d4ce req-eee7fc10-b2bd-4bc4-b268-d241a492bac6 tempest-ServersTestJSON-1945671707 tempest-ServersTestJSON-1945671707-project] Publish callbacks ['neutron.plugins.ml2.plugin.SecurityGroupDbMixin._ensure_default_security_group_handler-1617150'] for port (None), before_create {{(pid=104835) _notify_loop /usr/local/lib/python3.8/dist-packages/neutron_lib/callbacks/manager.py:176}}
May 27 07:08:44.529556 dv-neutron-843389-5-hyperv neutron-server[104835]: DEBUG neutron.scheduler.base_scheduler [None req-d4dfb34b-6ecd-4e0b-a6e4-75f840ccc8ad tempest-ServersTestManualDisk-2133277778 tempest-ServersTestManualDisk-2133277778-project] Resources bound (agent type, host, resource id): {{(pid=104835) schedule /opt/stack/neutron/neutron/scheduler/base_scheduler.py:57}}
May 27 07:08:44.558338 dv-neutron-843389-5-hyperv neutron-server[104835]: DEBUG neutron.db.l3_dvrscheduler_db [None req-d4dfb34b-6ecd-4e0b-a6e4-75f840ccc8ad tempest-ServersTestManualDisk-2133277778 tempest-ServersTestManualDisk-2133277778-project] Received port after_create {{(pid=104835) _notify_l3_agent_new_port /opt/stack/neutron/neutron/db/l3_dvrscheduler_db.py:536}}
May 27 07:08:44.603688 dv-neutron-843389-5-hyperv neutron-server[104835]: INFO neutron.wsgi [req-bc1fd1f8-94b1-4b7b-a1d8-a32cc79d32e8 req-38ee8d23-0cd1-4337-9159-40e904cf9899 tempest-ServersTestJSON-1945671707 tempest-ServersTestJSON-1945671707-project] 10.222.0.59 "GET /v2.0/ports?device_id=070445bf-0580-4701-a55c-0da8a9aec383 HTTP/1.1" status: 200 len: 210 time: 0.2210574
May 27 07:08:44.613158 dv-neutron-843389-5-hyperv neutron-server[104835]: DEBUG neutron_lib.callbacks.manager [None req-d2c141ed-838f-4994-bf68-be0966734d07 tempest-ServerActionsTestJSON-1774157750 tempest-ServerActionsTestJSON-1774157750-project] Publish callbacks [] for port (fd601de2-b600-45b6-8e63-56a69ff1c191), precommit_update {{(pid=104835) _notify_loop /usr/local/lib/python3.8/dist-packages/neutron_lib/callbacks/manager.py:176}}
