May 26 07:42:55.415509 dv-neutron-843389-1-hyperv devstack@keystone.service[80454]: DEBUG keystone.server.flask.request_processing.req_logging [None req-0cb0c51f-4df1-4daa-ada2-a20a555ac249 None None] SCRIPT_NAME: `/identity` {{(pid=80454) log_request_info /opt/stack/keystone/keystone/server/flask/request_processing/req_logging.py:28}}
May 26 07:42:55.422266 dv-neutron-843389-1-hyperv devstack@keystone.service[80454]: DEBUG keystone.server.flask.request_processing.req_logging [None req-0cb0c51f-4df1-4daa-ada2-a20a555ac249 None None] PATH_INFO: `/` {{(pid=80454) log_request_info /opt/stack/keystone/keystone/server/flask/request_processing/req_logging.py:29}}
May 26 07:42:55.424376 dv-neutron-843389-1-hyperv devstack@keystone.service[80454]: [pid: 80454|app: 0|req: 21/39] 10.222.0.42 () {54 vars in 926 bytes} [Thu May 26 07:42:55 2022] GET /identity => generated 270 bytes in 10 msecs (HTTP/1.1 300) 6 headers in 234 bytes (1 switches on core 0)
May 26 07:42:55.433242 dv-neutron-843389-1-hyperv devstack@keystone.service[80454]: DEBUG keystone.server.flask.request_processing.req_logging [None req-3c2d1f49-11cc-463a-ab03-979fb8f054b1 None None] REQUEST_METHOD: `POST` {{(pid=80454) log_request_info /opt/stack/keystone/keystone/server/flask/request_processing/req_logging.py:27}}
May 26 07:42:55.433569 dv-neutron-843389-1-hyperv devstack@keystone.service[80454]: DEBUG keystone.server.flask.request_processing.req_logging [None req-3c2d1f49-11cc-463a-ab03-979fb8f054b1 None None] SCRIPT_NAME: `/identity` {{(pid=80454) log_request_info /opt/stack/keystone/keystone/server/flask/request_processing/req_logging.py:28}}
May 26 07:42:55.433821 dv-neutron-843389-1-hyperv devstack@keystone.service[80454]: DEBUG keystone.server.flask.request_processing.req_logging [None req-3c2d1f49-11cc-463a-ab03-979fb8f054b1 None None] PATH_INFO: `/v3/auth/tokens` {{(pid=80454) log_request_info /opt/stack/keystone/keystone/server/flask/request_processing/req_logging.py:29}}
May 26 07:42:55.440347 dv-neutron-843389-1-hyperv devstack@keystone.service[80453]: DEBUG keystone.server.flask.request_processing.middleware.auth_context [None req-a4d7bd25-9c41-4486-aaa8-ed270e78778c None admin] RBAC: auth_context: {'token': , 'domain_id': None, 'trust_id': None, 'trustor_id': None, 'trustee_id': None, 'domain_name': None, 'group_ids': [], 'user_id': '240641beecae4c39b00897f91d9e82fe', 'user_domain_id': 'default', 'system_scope': 'all', 'project_id': None, 'project_domain_id': None, 'roles': ['admin', 'member', 'reader'], 'is_admin_project': True, 'service_user_id': None, 'service_user_domain_id': None, 'service_project_id': None, 'service_project_domain_id': None, 'service_roles': []} {{(pid=80453) fill_context /opt/stack/keystone/keystone/server/flask/request_processing/middleware/auth_context.py:478}}
May 26 07:42:55.441730 dv-neutron-843389-1-hyperv devstack@keystone.service[80453]: DEBUG keystone.server.flask.request_processing.req_logging [None req-a4d7bd25-9c41-4486-aaa8-ed270e78778c None admin] REQUEST_METHOD: `PUT` {{(pid=80453) log_request_info /opt/stack/keystone/keystone/server/flask/request_processing/req_logging.py:27}}
May 26 07:42:55.442255 dv-neutron-843389-1-hyperv devstack@keystone.service[80453]: DEBUG keystone.server.flask.request_processing.req_logging [None req-a4d7bd25-9c41-4486-aaa8-ed270e78778c None admin] SCRIPT_NAME: `/identity` {{(pid=80453) log_request_info /opt/stack/keystone/keystone/server/flask/request_processing/req_logging.py:28}}
May 26 07:42:55.443001 dv-neutron-843389-1-hyperv devstack@keystone.service[80453]: DEBUG keystone.server.flask.request_processing.req_logging [None req-a4d7bd25-9c41-4486-aaa8-ed270e78778c None admin] PATH_INFO: `/v3/domains/default/users/240641beecae4c39b00897f91d9e82fe/roles/be1fede7d1c645d1b7576b6100b47269` {{(pid=80453) log_request_info /opt/stack/keystone/keystone/server/flask/request_processing/req_logging.py:29}}
May 26 07:42:55.446255 dv-neutron-843389-1-hyperv devstack@keystone.service[80453]: DEBUG keystone.common.rbac_enforcer.enforcer [None req-a4d7bd25-9c41-4486-aaa8-ed270e78778c None admin] RBAC: Authorizing `identity:create_grant(domain_id=default, user_id=240641beecae4c39b00897f91d9e82fe, role_id=be1fede7d1c645d1b7576b6100b47269)` {{(pid=80453) enforce_call /opt/stack/keystone/keystone/common/rbac_enforcer/enforcer.py:449}}
May 26 07:42:55.448319 dv-neutron-843389-1-hyperv devstack@keystone.service[80453]: DEBUG keystone.common.rbac_enforcer.enforcer [None req-a4d7bd25-9c41-4486-aaa8-ed270e78778c None admin] RBAC: Authorization granted {{(pid=80453) enforce_call /opt/stack/keystone/keystone/common/rbac_enforcer/enforcer.py:457}}
May 26 07:42:55.475572 dv-neutron-843389-1-hyperv devstack@keystone.service[80454]: DEBUG keystone.auth.core [None req-3c2d1f49-11cc-463a-ab03-979fb8f054b1 None None] MFA Rules not processed for user `240641beecae4c39b00897f91d9e82fe`. Rule list: `[]` (Enabled: `True`). {{(pid=80454) check_auth_methods_against_rules /opt/stack/keystone/keystone/auth/core.py:438}}
May 26 07:42:55.477261 dv-neutron-843389-1-hyperv devstack@keystone.service[80454]: DEBUG keystone.common.fernet_utils [None req-3c2d1f49-11cc-463a-ab03-979fb8f054b1 None None] Loaded 2 Fernet keys from /etc/keystone/fernet-keys/, but `[fernet_tokens] max_active_keys = 3`; perhaps there have not been enough key rotations to reach `max_active_keys` yet? {{(pid=80454) load_keys /opt/stack/keystone/keystone/common/fernet_utils.py:286}}
May 26 07:42:55.582411 dv-neutron-843389-1-hyperv devstack@keystone.service[80454]: [pid: 80454|app: 0|req: 22/40] 10.222.0.42 () {58 vars in 1023 bytes} [Thu May 26 07:42:55 2022] POST /identity/v3/auth/tokens => generated 799 bytes in 148 msecs (HTTP/1.1 201) 6 headers in 363 bytes (2 switches on core 0)
May 26 07:42:55.591331 dv-neutron-843389-1-hyperv devstack@keystone.service[80453]: [pid: 80453|app: 0|req: 19/41] 10.222.0.42 () {58 vars in 1361 bytes} [Thu May 26 07:42:55 2022] PUT /identity/v3/domains/default/users/240641beecae4c39b00897f91d9e82fe/roles/be1fede7d1c645d1b7576b6100b47269 => generated 0 bytes in 371 msecs (HTTP/1.1 204) 3 headers in 132 bytes (0 switches on core 0)
May 26 07:42:55.606656 dv-neutron-843389-1-hyperv devstack@keystone.service[80454]: DEBUG keystone.server.flask.request_processing.middleware.auth_context [None req-3c2d1f49-11cc-463a-ab03-979fb8f054b1 None None] Authenticating user token {{(pid=80454) process_request /usr/local/lib/python3.8/dist-packages/keystonemiddleware/auth_token/__init__.py:407}}
May 26 07:42:55.643575 dv-neutron-843389-1-hyperv devstack@keystone.service[80453]: DEBUG keystone.server.flask.request_processing.req_logging [None req-f11609a9-0744-43a1-97de-264a424c69ed None None] REQUEST_METHOD: `GET` {{(pid=80453) log_request_info /opt/stack/keystone/keystone/server/flask/request_processing/req_logging.py:27}}
May 26 07:42:55.643894 dv-neutron-843389-1-hyperv devstack@keystone.service[80453]: DEBUG keystone.server.flask.request_processing.req_logging [None req-f11609a9-0744-43a1-97de-264a424c69ed None None] SCRIPT_NAME: `/identity` {{(pid=80453) log_request_info /opt/stack/keystone/keystone/server/flask/request_processing/req_logging.py:28}}
May 26 07:42:55.644194 dv-neutron-843389-1-hyperv devstack@keystone.service[80453]: DEBUG keystone.server.flask.request_processing.req_logging [None req-f11609a9-0744-43a1-97de-264a424c69ed None None] PATH_INFO: `/` {{(pid=80453) log_request_info /opt/stack/keystone/keystone/server/flask/request_processing/req_logging.py:29}}
May 26 07:42:55.649138 dv-neutron-843389-1-hyperv devstack@keystone.service[80453]: [pid: 80453|app: 0|req: 20/42] 10.222.0.42 () {54 vars in 926 bytes} [Thu May 26 07:42:55 2022] GET /identity => generated 270 bytes in 7 msecs (HTTP/1.1 300) 6 headers in 234 bytes (1 switches on core 0)
May 26 07:42:55.655278 dv-neutron-843389-1-hyperv devstack@keystone.service[80453]: DEBUG keystone.server.flask.request_processing.req_logging [None req-0bbac9e4-297f-41c7-a126-d9b53fe7b9fb None None] REQUEST_METHOD: `POST` {{(pid=80453) log_request_info /opt/stack/keystone/keystone/server/flask/request_processing/req_logging.py:27}}
May 26 07:42:55.655592 dv-neutron-843389-1-hyperv devstack@keystone.service[80453]: DEBUG keystone.server.flask.request_processing.req_logging [None req-0bbac9e4-297f-41c7-a126-d9b53fe7b9fb None None] SCRIPT_NAME: `/identity` {{(pid=80453) log_request_info /opt/stack/keystone/keystone/server/flask/request_processing/req_logging.py:28}}
May 26 07:42:55.655848 dv-neutron-843389-1-hyperv devstack@keystone.service[80453]: DEBUG keystone.server.flask.request_processing.req_logging [None req-0bbac9e4-297f-41c7-a126-d9b53fe7b9fb None None] PATH_INFO: `/v3/auth/tokens` {{(pid=80453) log_request_info /opt/stack/keystone/keystone/server/flask/request_processing/req_logging.py:29}}
May 26 07:42:55.675640 dv-neutron-843389-1-hyperv devstack@keystone.service[80453]: DEBUG keystone.auth.core [None req-0bbac9e4-297f-41c7-a126-d9b53fe7b9fb None None] MFA Rules not processed for user `240641beecae4c39b00897f91d9e82fe`. Rule list: `[]` (Enabled: `True`). {{(pid=80453) check_auth_methods_against_rules /opt/stack/keystone/keystone/auth/core.py:438}}
May 26 07:42:55.677218 dv-neutron-843389-1-hyperv devstack@keystone.service[80453]: DEBUG keystone.common.fernet_utils [None req-0bbac9e4-297f-41c7-a126-d9b53fe7b9fb None None] Loaded 2 Fernet keys from /etc/keystone/fernet-keys/, but `[fernet_tokens] max_active_keys = 3`; perhaps there have not been enough key rotations to reach `max_active_keys` yet? {{(pid=80453) load_keys /opt/stack/keystone/keystone/common/fernet_utils.py:286}}
May 26 07:42:55.701161 dv-neutron-843389-1-hyperv devstack@keystone.service[80453]: DEBUG dbcounter [-] [80453] Writing DB stats keystone:SELECT=99,keystone:INSERT=1 {{(pid=80453) stat_writer /usr/local/lib/python3.8/dist-packages/dbcounter.py:114}}
May 26 07:42:55.717162 dv-neutron-843389-1-hyperv devstack@keystone.service[80454]: DEBUG dbcounter [-] [80454] Writing DB stats keystone:SELECT=99,keystone:INSERT=1 {{(pid=80454) stat_writer /usr/local/lib/python3.8/dist-packages/dbcounter.py:114}}
May 26 07:42:55.739117 dv-neutron-843389-1-hyperv devstack@keystone.service[80454]: DEBUG keystone.server.flask.request_processing.middleware.auth_context [None req-3c2d1f49-11cc-463a-ab03-979fb8f054b1 None None] Validating token access rules against request {{(pid=80454) validate_allowed_request /usr/local/lib/python3.8/dist-packages/keystonemiddleware/auth_token/__init__.py:545}}
May 26 07:42:55.773703 dv-neutron-843389-1-hyperv devstack@keystone.service[80453]: [pid: 80453|app: 0|req: 21/43] 10.222.0.42 () {58 vars in 1023 bytes} [Thu May 26 07:42:55 2022] POST /identity/v3/auth/tokens => generated 799 bytes in 119 msecs (HTTP/1.1 201) 6 headers in 363 bytes (2 switches on core 0)
May 26 07:42:55.785880 dv-neutron-843389-1-hyperv devstack@keystone.service[80454]: DEBUG keystone.server.flask.request_processing.middleware.auth_context [None req-32070341-9aba-44bc-87b8-01d0f0910cf6 None admin] RBAC: auth_context: {'token': , 'domain_id': None, 'trust_id': None, 'trustor_id': None, 'trustee_id': None, 'domain_name': None, 'group_ids': [], 'user_id': '240641beecae4c39b00897f91d9e82fe', 'user_domain_id': 'default', 'system_scope': 'all', 'project_id': None, 'project_domain_id': None, 'roles': ['admin', 'member', 'reader'], 'is_admin_project': True, 'service_user_id': None, 'service_user_domain_id': None, 'service_project_id': None, 'service_project_domain_id': None, 'service_roles': []} {{(pid=80454) fill_context /opt/stack/keystone/keystone/server/flask/request_processing/middleware/auth_context.py:478}}
May 26 07:42:55.787538 dv-neutron-843389-1-hyperv devstack@keystone.service[80454]: DEBUG keystone.server.flask.request_processing.req_logging [None req-32070341-9aba-44bc-87b8-01d0f0910cf6 None admin] REQUEST_METHOD: `POST` {{(pid=80454) log_request_info /opt/stack/keystone/keystone/server/flask/request_processing/req_logging.py:27}}
May 26 07:42:55.788039 dv-neutron-843389-1-hyperv devstack@keystone.service[80454]: DEBUG keystone.server.flask.request_processing.req_logging [None req-32070341-9aba-44bc-87b8-01d0f0910cf6 None admin] SCRIPT_NAME: `/identity` {{(pid=80454) log_request_info /opt/stack/keystone/keystone/server/flask/request_processing/req_logging.py:28}}
May 26 07:42:55.788614 dv-neutron-843389-1-hyperv devstack@keystone.service[80454]: DEBUG keystone.server.flask.request_processing.req_logging [None req-32070341-9aba-44bc-87b8-01d0f0910cf6 None admin] PATH_INFO: `/v3/roles` {{(pid=80454) log_request_info /opt/stack/keystone/keystone/server/flask/request_processing/req_logging.py:29}}
May 26 07:42:55.789627 dv-neutron-843389-1-hyperv devstack@keystone.service[80454]: DEBUG keystone.common.rbac_enforcer.enforcer [None req-32070341-9aba-44bc-87b8-01d0f0910cf6 None admin] RBAC: Authorizing `identity:create_role()` {{(pid=80454) enforce_call /opt/stack/keystone/keystone/common/rbac_enforcer/enforcer.py:449}}
May 26 07:42:55.791286 dv-neutron-843389-1-hyperv devstack@keystone.service[80454]: DEBUG keystone.common.rbac_enforcer.enforcer [None req-32070341-9aba-44bc-87b8-01d0f0910cf6 None admin] RBAC: Authorization granted {{(pid=80454) enforce_call /opt/stack/keystone/keystone/common/rbac_enforcer/enforcer.py:457}}
May 26 07:42:55.797769 dv-neutron-843389-1-hyperv devstack@keystone.service[80453]: DEBUG keystone.server.flask.request_processing.middleware.auth_context [None req-0bbac9e4-297f-41c7-a126-d9b53fe7b9fb None None] Authenticating user token {{(pid=80453) process_request /usr/local/lib/python3.8/dist-packages/keystonemiddleware/auth_token/__init__.py:407}}
May 26 07:42:55.809278 dv-neutron-843389-1-hyperv devstack@keystone.service[80454]: [pid: 80454|app: 0|req: 23/44] 10.222.0.42 () {60 vars in 1131 bytes} [Thu May 26 07:42:55 2022] POST /identity/v3/roles => generated 223 bytes in 203 msecs (HTTP/1.1 201) 5 headers in 182 bytes (1 switches on core 0)
May 26 07:42:55.917144 dv-neutron-843389-1-hyperv devstack@keystone.service[80453]: DEBUG keystone.server.flask.request_processing.middleware.auth_context [None req-0bbac9e4-297f-41c7-a126-d9b53fe7b9fb None None] Validating token access rules against request {{(pid=80453) validate_allowed_request /usr/local/lib/python3.8/dist-packages/keystonemiddleware/auth_token/__init__.py:545}}
May 26 07:42:55.953867 dv-neutron-843389-1-hyperv devstack@keystone.service[80453]: DEBUG keystone.server.flask.request_processing.middleware.auth_context [None req-a6036890-ac2a-4368-842c-00cd9ce725de None admin] RBAC: auth_context: {'token': , 'domain_id': None, 'trust_id': None, 'trustor_id': None, 'trustee_id': None, 'domain_name': None, 'group_ids': [], 'user_id': '240641beecae4c39b00897f91d9e82fe', 'user_domain_id': 'default', 'system_scope': 'all', 'project_id': None, 'project_domain_id': None, 'roles': ['admin', 'member', 'reader'], 'is_admin_project': True, 'service_user_id': None, 'service_user_domain_id': None, 'service_project_id': None, 'service_project_domain_id': None, 'service_roles': []} {{(pid=80453) fill_context /opt/stack/keystone/keystone/server/flask/request_processing/middleware/auth_context.py:478}}
May 26 07:42:55.954706 dv-neutron-843389-1-hyperv devstack@keystone.service[80453]: DEBUG keystone.server.flask.request_processing.req_logging [None req-a6036890-ac2a-4368-842c-00cd9ce725de None admin] REQUEST_METHOD: `GET` {{(pid=80453) log_request_info /opt/stack/keystone/keystone/server/flask/request_processing/req_logging.py:27}}
May 26 07:42:55.955003 dv-neutron-843389-1-hyperv devstack@keystone.service[80453]: DEBUG keystone.server.flask.request_processing.req_logging [None req-a6036890-ac2a-4368-842c-00cd9ce725de None admin] SCRIPT_NAME: `/identity` {{(pid=80453) log_request_info /opt/stack/keystone/keystone/server/flask/request_processing/req_logging.py:28}}
May 26 07:42:55.955287 dv-neutron-843389-1-hyperv devstack@keystone.service[80453]: DEBUG keystone.server.flask.request_processing.req_logging [None req-a6036890-ac2a-4368-842c-00cd9ce725de None admin] PATH_INFO: `/v3/domains/default` {{(pid=80453) log_request_info /opt/stack/keystone/keystone/server/flask/request_processing/req_logging.py:29}}
May 26 07:42:55.956551 dv-neutron-843389-1-hyperv devstack@keystone.service[80453]: DEBUG keystone.common.rbac_enforcer.enforcer [None req-a6036890-ac2a-4368-842c-00cd9ce725de None admin] RBAC: Authorizing `identity:get_domain(domain_id=default)` {{(pid=80453) enforce_call /opt/stack/keystone/keystone/common/rbac_enforcer/enforcer.py:449}}
May 26 07:42:55.958325 dv-neutron-843389-1-hyperv devstack@keystone.service[80453]: DEBUG keystone.common.rbac_enforcer.enforcer [None req-a6036890-ac2a-4368-842c-00cd9ce725de None admin] RBAC: Authorization granted {{(pid=80453) enforce_call /opt/stack/keystone/keystone/common/rbac_enforcer/enforcer.py:457}}
May 26 07:42:55.960896 dv-neutron-843389-1-hyperv devstack@keystone.service[80453]: [pid: 80453|app: 0|req: 22/45] 10.222.0.42 () {56 vars in 1108 bytes} [Thu May 26 07:42:55 2022] GET /identity/v3/domains/default => generated 199 bytes in 164 msecs (HTTP/1.1 200) 5 headers in 177 bytes (2 switches on core 0)
May 26 07:42:55.966721 dv-neutron-843389-1-hyperv devstack@keystone.service[80454]: DEBUG keystone.server.flask.request_processing.middleware.auth_context [None req-32070341-9aba-44bc-87b8-01d0f0910cf6 None admin] Authenticating user token {{(pid=80454) process_request /usr/local/lib/python3.8/dist-packages/keystonemiddleware/auth_token/__init__.py:407}}
May 26 07:42:56.075490 dv-neutron-843389-1-hyperv devstack@keystone.service[80454]: DEBUG keystone.server.flask.request_processing.middleware.auth_context [None req-32070341-9aba-44bc-87b8-01d0f0910cf6 None admin] Validating token access rules against request {{(pid=80454) validate_allowed_request /usr/local/lib/python3.8/dist-packages/keystonemiddleware/auth_token/__init__.py:545}}
May 26 07:42:56.109393 dv-neutron-843389-1-hyperv devstack@keystone.service[80454]: DEBUG keystone.server.flask.request_processing.middleware.auth_context [None req-8eeea799-0633-4833-a726-26e08cb85f3b None admin] RBAC: auth_context: {'token': , 'domain_id': None, 'trust_id': None, 'trustor_id': None, 'trustee_id': None, 'domain_name': None, 'group_ids': [], 'user_id': '240641beecae4c39b00897f91d9e82fe', 'user_domain_id': 'default', 'system_scope': 'all', 'project_id': None, 'project_domain_id': None, 'roles': ['admin', 'member', 'reader'], 'is_admin_project': True, 'service_user_id': None, 'service_user_domain_id': None, 'service_project_id': None, 'service_project_domain_id': None, 'service_roles': []} {{(pid=80454) fill_context /opt/stack/keystone/keystone/server/flask/request_processing/middleware/auth_context.py:478}}
May 26 07:42:56.110085 dv-neutron-843389-1-hyperv devstack@keystone.service[80454]: DEBUG keystone.server.flask.request_processing.req_logging [None req-8eeea799-0633-4833-a726-26e08cb85f3b None admin] REQUEST_METHOD: `POST` {{(pid=80454) log_request_info /opt/stack/keystone/keystone/server/flask/request_processing/req_logging.py:27}}
May 26 07:42:56.110415 dv-neutron-843389-1-hyperv devstack@keystone.service[80454]: DEBUG keystone.server.flask.request_processing.req_logging [None req-8eeea799-0633-4833-a726-26e08cb85f3b None admin] SCRIPT_NAME: `/identity` {{(pid=80454) log_request_info /opt/stack/keystone/keystone/server/flask/request_processing/req_logging.py:28}}
May 26 07:42:56.110699 dv-neutron-843389-1-hyperv devstack@keystone.service[80454]: DEBUG keystone.server.flask.request_processing.req_logging [None req-8eeea799-0633-4833-a726-26e08cb85f3b None admin] PATH_INFO: `/v3/projects` {{(pid=80454) log_request_info /opt/stack/keystone/keystone/server/flask/request_processing/req_logging.py:29}}
May 26 07:42:56.111423 dv-neutron-843389-1-hyperv devstack@keystone.service[80454]: DEBUG keystone.common.rbac_enforcer.enforcer [None req-8eeea799-0633-4833-a726-26e08cb85f3b None admin] RBAC: Authorizing `identity:create_project()` {{(pid=80454) enforce_call /opt/stack/keystone/keystone/common/rbac_enforcer/enforcer.py:449}}
May 26 07:42:56.112887 dv-neutron-843389-1-hyperv devstack@keystone.service[80454]: DEBUG keystone.common.rbac_enforcer.enforcer [None req-8eeea799-0633-4833-a726-26e08cb85f3b None admin] RBAC: Authorization granted {{(pid=80454) enforce_call /opt/stack/keystone/keystone/common/rbac_enforcer/enforcer.py:457}}
May 26 07:42:56.133252 dv-neutron-843389-1-hyperv devstack@keystone.service[80454]: DEBUG dbcounter [-] [80454] Writing DB stats keystone:SELECT=98,keystone:INSERT=2 {{(pid=80454) stat_writer /usr/local/lib/python3.8/dist-packages/dbcounter.py:114}}
May 26 07:42:56.139815 dv-neutron-843389-1-hyperv devstack@keystone.service[80454]: [pid: 80454|app: 0|req: 24/46] 10.222.0.42 () {60 vars in 1141 bytes} [Thu May 26 07:42:55 2022] POST /identity/v3/projects => generated 312 bytes in 174 msecs (HTTP/1.1 201) 5 headers in 182 bytes (1 switches on core 0)
May 26 07:42:57.817107 dv-neutron-843389-1-hyperv devstack@keystone.service[80453]: DEBUG keystone.server.flask.request_processing.req_logging [None req-74859a6a-983b-47bc-97e2-484131fe4f1c None None] REQUEST_METHOD: `GET` {{(pid=80453) log_request_info /opt/stack/keystone/keystone/server/flask/request_processing/req_logging.py:27}}
May 26 07:42:57.817649 dv-neutron-843389-1-hyperv devstack@keystone.service[80453]: DEBUG keystone.server.flask.request_processing.req_logging [None req-74859a6a-983b-47bc-97e2-484131fe4f1c None None] SCRIPT_NAME: `/identity` {{(pid=80453) log_request_info /opt/stack/keystone/keystone/server/flask/request_processing/req_logging.py:28}}
May 26 07:42:57.817649 dv-neutron-843389-1-hyperv devstack@keystone.service[80453]: DEBUG keystone.server.flask.request_processing.req_logging [None req-74859a6a-983b-47bc-97e2-484131fe4f1c None None] PATH_INFO: `/` {{(pid=80453) log_request_info /opt/stack/keystone/keystone/server/flask/request_processing/req_logging.py:29}}
May 26 07:42:57.819589 dv-neutron-843389-1-hyperv devstack@keystone.service[80453]: [pid: 80453|app: 0|req: 23/47] 10.222.0.42 () {54 vars in 926 bytes} [Thu May 26 07:42:57 2022] GET /identity => generated 270 bytes in 4 msecs (HTTP/1.1 300) 6 headers in 234 bytes (1 switches on core 0)
May 26 07:42:57.824945 dv-neutron-843389-1-hyperv devstack@keystone.service[80454]: DEBUG keystone.server.flask.request_processing.req_logging [None req-42392f04-d22e-455b-bd3e-adb2d3be74e6 None None] REQUEST_METHOD: `POST` {{(pid=80454) log_request_info /opt/stack/keystone/keystone/server/flask/request_processing/req_logging.py:27}}
May 26 07:42:57.825342 dv-neutron-843389-1-hyperv devstack@keystone.service[80454]: DEBUG keystone.server.flask.request_processing.req_logging [None req-42392f04-d22e-455b-bd3e-adb2d3be74e6 None None] SCRIPT_NAME: `/identity` {{(pid=80454) log_request_info /opt/stack/keystone/keystone/server/flask/request_processing/req_logging.py:28}}
May 26 07:42:57.825731 dv-neutron-843389-1-hyperv devstack@keystone.service[80454]: DEBUG keystone.server.flask.request_processing.req_logging [None req-42392f04-d22e-455b-bd3e-adb2d3be74e6 None None] PATH_INFO: `/v3/auth/tokens` {{(pid=80454) log_request_info /opt/stack/keystone/keystone/server/flask/request_processing/req_logging.py:29}}
May 26 07:42:57.844780 dv-neutron-843389-1-hyperv devstack@keystone.service[80454]: DEBUG keystone.auth.core [None req-42392f04-d22e-455b-bd3e-adb2d3be74e6 None None] MFA Rules not processed for user `240641beecae4c39b00897f91d9e82fe`. Rule list: `[]` (Enabled: `True`). {{(pid=80454) check_auth_methods_against_rules /opt/stack/keystone/keystone/auth/core.py:438}}
May 26 07:42:57.845971 dv-neutron-843389-1-hyperv devstack@keystone.service[80454]: DEBUG keystone.common.fernet_utils [None req-42392f04-d22e-455b-bd3e-adb2d3be74e6 None None] Loaded 2 Fernet keys from /etc/keystone/fernet-keys/, but `[fernet_tokens] max_active_keys = 3`; perhaps there have not been enough key rotations to reach `max_active_keys` yet? {{(pid=80454) load_keys /opt/stack/keystone/keystone/common/fernet_utils.py:286}}
May 26 07:42:57.928994 dv-neutron-843389-1-hyperv devstack@keystone.service[80454]: [pid: 80454|app: 0|req: 25/48] 10.222.0.42 () {58 vars in 1023 bytes} [Thu May 26 07:42:57 2022] POST /identity/v3/auth/tokens => generated 799 bytes in 105 msecs (HTTP/1.1 201) 6 headers in 363 bytes (1 switches on core 0)
May 26 07:42:57.951832 dv-neutron-843389-1-hyperv devstack@keystone.service[80453]: DEBUG keystone.server.flask.request_processing.middleware.auth_context [None req-74859a6a-983b-47bc-97e2-484131fe4f1c None None] Authenticating user token {{(pid=80453) process_request /usr/local/lib/python3.8/dist-packages/keystonemiddleware/auth_token/__init__.py:407}}
May 26 07:42:57.977612 dv-neutron-843389-1-hyperv devstack@keystone.service[80453]: DEBUG dbcounter [-] [80453] Writing DB stats keystone:SELECT=100 {{(pid=80453) stat_writer /usr/local/lib/python3.8/dist-packages/dbcounter.py:114}}
May 26 07:42:58.052964 dv-neutron-843389-1-hyperv devstack@keystone.service[80453]: DEBUG keystone.server.flask.request_processing.middleware.auth_context [None req-74859a6a-983b-47bc-97e2-484131fe4f1c None None] Validating token access rules against request {{(pid=80453) validate_allowed_request /usr/local/lib/python3.8/dist-packages/keystonemiddleware/auth_token/__init__.py:545}}
May 26 07:42:58.087214 dv-neutron-843389-1-hyperv devstack@keystone.service[80453]: DEBUG keystone.server.flask.request_processing.middleware.auth_context [None req-a47db9c6-4aaf-404c-94c0-94c1fe3abfa9 None admin] RBAC: auth_context: {'token': , 'domain_id': None, 'trust_id': None, 'trustor_id': None, 'trustee_id': None, 'domain_name': None, 'group_ids': [], 'user_id': '240641beecae4c39b00897f91d9e82fe', 'user_domain_id': 'default', 'system_scope': 'all', 'project_id': None, 'project_domain_id': None, 'roles': ['admin', 'member', 'reader'], 'is_admin_project': True, 'service_user_id': None, 'service_user_domain_id': None, 'service_project_id': None, 'service_project_domain_id': None, 'service_roles': []} {{(pid=80453) fill_context /opt/stack/keystone/keystone/server/flask/request_processing/middleware/auth_context.py:478}}
May 26 07:42:58.087941 dv-neutron-843389-1-hyperv devstack@keystone.service[80453]: DEBUG keystone.server.flask.request_processing.req_logging [None req-a47db9c6-4aaf-404c-94c0-94c1fe3abfa9 None admin] REQUEST_METHOD: `GET` {{(pid=80453) log_request_info /opt/stack/keystone/keystone/server/flask/request_processing/req_logging.py:27}}
May 26 07:42:58.088231 dv-neutron-843389-1-hyperv devstack@keystone.service[80453]: DEBUG keystone.server.flask.request_processing.req_logging [None req-a47db9c6-4aaf-404c-94c0-94c1fe3abfa9 None admin] SCRIPT_NAME: `/identity` {{(pid=80453) log_request_info /opt/stack/keystone/keystone/server/flask/request_processing/req_logging.py:28}}
May 26 07:42:58.088516 dv-neutron-843389-1-hyperv devstack@keystone.service[80453]: DEBUG keystone.server.flask.request_processing.req_logging [None req-a47db9c6-4aaf-404c-94c0-94c1fe3abfa9 None admin] PATH_INFO: `/v3/roles/admin` {{(pid=80453) log_request_info /opt/stack/keystone/keystone/server/flask/request_processing/req_logging.py:29}}
May 26 07:42:58.099730 dv-neutron-843389-1-hyperv devstack@keystone.service[80453]: DEBUG keystone.common.rbac_enforcer.enforcer [None req-a47db9c6-4aaf-404c-94c0-94c1fe3abfa9 None admin] Extracting inferred target data resulted in "NOT FOUND (404)". {{(pid=80453) enforce_call /opt/stack/keystone/keystone/common/rbac_enforcer/enforcer.py:409}}
May 26 07:42:58.108441 dv-neutron-843389-1-hyperv devstack@keystone.service[80453]: ERROR keystone.server.flask.application [None req-a47db9c6-4aaf-404c-94c0-94c1fe3abfa9 None admin] Could not find role: admin.: keystone.exception.RoleNotFound: Could not find role: admin.
May 26 07:42:58.108441 dv-neutron-843389-1-hyperv devstack@keystone.service[80453]: ERROR keystone.server.flask.application
Traceback (most recent call last):
May 26 07:42:58.108441 dv-neutron-843389-1-hyperv devstack@keystone.service[80453]: ERROR keystone.server.flask.application
File "/usr/local/lib/python3.8/dist-packages/flask/app.py", line 1523, in full_dispatch_request
May 26 07:42:58.108441 dv-neutron-843389-1-hyperv devstack@keystone.service[80453]: ERROR keystone.server.flask.application rv = self.dispatch_request()
May 26 07:42:58.108441 dv-neutron-843389-1-hyperv devstack@keystone.service[80453]: ERROR keystone.server.flask.application
File "/usr/local/lib/python3.8/dist-packages/flask/app.py", line 1509, in dispatch_request
May 26 07:42:58.108441 dv-neutron-843389-1-hyperv devstack@keystone.service[80453]: ERROR keystone.server.flask.application return self.ensure_sync(self.view_functions[rule.endpoint])(**req.view_args)
May 26 07:42:58.108441 dv-neutron-843389-1-hyperv devstack@keystone.service[80453]: ERROR keystone.server.flask.application
File "/usr/local/lib/python3.8/dist-packages/flask_restful/__init__.py", line 467, in wrapper
May 26 07:42:58.108441 dv-neutron-843389-1-hyperv devstack@keystone.service[80453]: ERROR keystone.server.flask.application resp = resource(*args, **kwargs)
May 26 07:42:58.108441 dv-neutron-843389-1-hyperv devstack@keystone.service[80453]: ERROR keystone.server.flask.application
File "/usr/local/lib/python3.8/dist-packages/flask/views.py", line 84, in view
May 26 07:42:58.108441 dv-neutron-843389-1-hyperv devstack@keystone.service[80453]: ERROR keystone.server.flask.application return current_app.ensure_sync(self.dispatch_request)(*args, **kwargs)
May 26 07:42:58.108441 dv-neutron-843389-1-hyperv devstack@keystone.service[80453]: ERROR keystone.server.flask.application
File "/usr/local/lib/python3.8/dist-packages/flask_restful/__init__.py", line 582, in dispatch_request
May 26 07:42:58.108441 dv-neutron-843389-1-hyperv devstack@keystone.service[80453]: ERROR keystone.server.flask.application resp = meth(*args, **kwargs)
May 26 07:42:58.108441 dv-neutron-843389-1-hyperv devstack@keystone.service[80453]: ERROR keystone.server.flask.application
File "/opt/stack/keystone/keystone/api/roles.py", line 50, in get
May 26 07:42:58.108441 dv-neutron-843389-1-hyperv devstack@keystone.service[80453]: ERROR keystone.server.flask.application return self._get_role(role_id)
May 26 07:42:58.108441 dv-neutron-843389-1-hyperv devstack@keystone.service[80453]: ERROR keystone.server.flask.application
File "/opt/stack/keystone/keystone/api/roles.py", line 70, in _get_role
May 26 07:42:58.108441 dv-neutron-843389-1-hyperv devstack@keystone.service[80453]: ERROR keystone.server.flask.application ENFORCER.enforce_call(action='identity:get_role')
May 26 07:42:58.109400 dv-neutron-843389-1-hyperv devstack@keystone.service[80453]: ERROR keystone.server.flask.application
File "/opt/stack/keystone/keystone/common/rbac_enforcer/enforcer.py", line 402, in enforce_call
May 26 07:42:58.109400 dv-neutron-843389-1-hyperv devstack@keystone.service[80453]: ERROR keystone.server.flask.application policy_dict.update(cls._extract_member_target_data(
May 26 07:42:58.109400 dv-neutron-843389-1-hyperv devstack@keystone.service[80453]: ERROR keystone.server.flask.application
File "/opt/stack/keystone/keystone/common/rbac_enforcer/enforcer.py", line 234, in _extract_member_target_data
May 26 07:42:58.109400 dv-neutron-843389-1-hyperv devstack@keystone.service[80453]: ERROR keystone.server.flask.application member_name: func(flask.request.view_args[key])
May 26 07:42:58.109400 dv-neutron-843389-1-hyperv devstack@keystone.service[80453]: ERROR keystone.server.flask.application
File "/opt/stack/keystone/keystone/common/manager.py", line 115, in wrapped
May 26 07:42:58.109400 dv-neutron-843389-1-hyperv devstack@keystone.service[80453]: ERROR keystone.server.flask.application __ret_val = __f(*args, **kwargs)
May 26 07:42:58.109400 dv-neutron-843389-1-hyperv devstack@keystone.service[80453]: ERROR keystone.server.flask.application
File "/usr/local/lib/python3.8/dist-packages/decorator.py", line 232, in fun
May 26 07:42:58.109400 dv-neutron-843389-1-hyperv devstack@keystone.service[80453]: ERROR keystone.server.flask.application return caller(func, *(extras + args), **kw)
May 26 07:42:58.109400 dv-neutron-843389-1-hyperv devstack@keystone.service[80453]: ERROR keystone.server.flask.application
File "/usr/local/lib/python3.8/dist-packages/dogpile/cache/region.py", line 1577, in get_or_create_for_user_func
May 26 07:42:58.109400 dv-neutron-843389-1-hyperv devstack@keystone.service[80453]: ERROR keystone.server.flask.application return self.get_or_create(
May 26 07:42:58.109400 dv-neutron-843389-1-hyperv devstack@keystone.service[80453]: ERROR keystone.server.flask.application
File "/usr/local/lib/python3.8/dist-packages/dogpile/cache/region.py", line 1042, in get_or_create
May 26 07:42:58.109400 dv-neutron-843389-1-hyperv devstack@keystone.service[80453]: ERROR keystone.server.flask.application with Lock(
May 26 07:42:58.109400 dv-neutron-843389-1-hyperv devstack@keystone.service[80453]: ERROR keystone.server.flask.application
File "/usr/local/lib/python3.8/dist-packages/dogpile/lock.py", line 185, in __enter__
May 26 07:42:58.109400 dv-neutron-843389-1-hyperv devstack@keystone.service[80453]: ERROR keystone.server.flask.application return self._enter()
May 26 07:42:58.109400 dv-neutron-843389-1-hyperv devstack@keystone.service[80453]: ERROR keystone.server.flask.application
File "/usr/local/lib/python3.8/dist-packages/dogpile/lock.py", line 94, in _enter
May 26 07:42:58.109400 dv-neutron-843389-1-hyperv devstack@keystone.service[80453]: ERROR keystone.server.flask.application generated = self._enter_create(value, createdtime)
May 26 07:42:58.110388 dv-neutron-843389-1-hyperv devstack@keystone.service[80453]: ERROR keystone.server.flask.application
File "/usr/local/lib/python3.8/dist-packages/dogpile/lock.py", line 178, in _enter_create
May 26 07:42:58.110388 dv-neutron-843389-1-hyperv devstack@keystone.service[80453]: ERROR keystone.server.flask.application return self.creator()
May 26 07:42:58.110388 dv-neutron-843389-1-hyperv devstack@keystone.service[80453]: ERROR keystone.server.flask.application
File "/usr/local/lib/python3.8/dist-packages/dogpile/cache/region.py", line 995, in gen_value
May 26 07:42:58.110388 dv-neutron-843389-1-hyperv devstack@keystone.service[80453]: ERROR keystone.server.flask.application created_value = creator(
May 26 07:42:58.110388 dv-neutron-843389-1-hyperv devstack@keystone.service[80453]: ERROR keystone.server.flask.application
File "/opt/stack/keystone/keystone/assignment/core.py", line 1276, in get_role
May 26 07:42:58.110388 dv-neutron-843389-1-hyperv devstack@keystone.service[80453]: ERROR keystone.server.flask.application return self.driver.get_role(role_id)
May 26 07:42:58.110388 dv-neutron-843389-1-hyperv devstack@keystone.service[80453]: ERROR keystone.server.flask.application
File "/opt/stack/keystone/keystone/assignment/role_backends/sql.py", line 70, in get_role
May 26 07:42:58.110388 dv-neutron-843389-1-hyperv devstack@keystone.service[80453]: ERROR keystone.server.flask.application return self._get_role(session, role_id).to_dict()
May 26 07:42:58.110388 dv-neutron-843389-1-hyperv devstack@keystone.service[80453]: ERROR keystone.server.flask.application
File "/opt/stack/keystone/keystone/assignment/role_backends/sql.py", line 65, in _get_role
May 26 07:42:58.110388 dv-neutron-843389-1-hyperv devstack@keystone.service[80453]: ERROR keystone.server.flask.application raise exception.RoleNotFound(role_id=role_id)
May 26 07:42:58.110388 dv-neutron-843389-1-hyperv devstack@keystone.service[80453]: ERROR keystone.server.flask.application keystone.exception.RoleNotFound: Could not find role: admin.
May 26 07:42:58.110388 dv-neutron-843389-1-hyperv devstack@keystone.service[80453]: ERROR keystone.server.flask.application
May 26 07:42:58.110388 dv-neutron-843389-1-hyperv devstack@keystone.service[80453]: [pid: 80453|app: 0|req: 24/49] 10.222.0.42 () {56 vars in 1096 bytes} [Thu May 26 07:42:57 2022] GET /identity/v3/roles/admin => generated 83 bytes in 158 msecs (HTTP/1.1 404) 5 headers in 183 bytes (1 switches on core 0)
May 26 07:42:58.117441 dv-neutron-843389-1-hyperv devstack@keystone.service[80454]: DEBUG keystone.server.flask.request_processing.middleware.auth_context [None req-42392f04-d22e-455b-bd3e-adb2d3be74e6 None None] Authenticating user token {{(pid=80454) process_request /usr/local/lib/python3.8/dist-packages/keystonemiddleware/auth_token/__init__.py:407}}
May 26 07:42:58.233956 dv-neutron-843389-1-hyperv devstack@keystone.service[80454]: DEBUG keystone.server.flask.request_processing.middleware.auth_context [None req-42392f04-d22e-455b-bd3e-adb2d3be74e6 None None] Validating token access rules against request {{(pid=80454) validate_allowed_request /usr/local/lib/python3.8/dist-packages/keystonemiddleware/auth_token/__init__.py:545}}
May 26 07:42:58.264481 dv-neutron-843389-1-hyperv devstack@keystone.service[80454]: DEBUG dbcounter [-] [80454] Writing DB stats keystone:SELECT=100 {{(pid=80454) stat_writer /usr/local/lib/python3.8/dist-packages/dbcounter.py:114}}
May 26 07:42:58.270664 dv-neutron-843389-1-hyperv devstack@keystone.service[80454]: DEBUG keystone.server.flask.request_processing.middleware.auth_context [None req-35c26814-5872-491a-b124-f9f13cefeacd None admin] RBAC: auth_context: {'token': , 'domain_id': None, 'trust_id': None, 'trustor_id': None, 'trustee_id': None, 'domain_name': None, 'group_ids': [], 'user_id': '240641beecae4c39b00897f91d9e82fe', 'user_domain_id': 'default', 'system_scope': 'all', 'project_id': None, 'project_domain_id': None, 'roles': ['admin', 'member', 'reader'], 'is_admin_project': True, 'service_user_id': None, 'service_user_domain_id': None, 'service_project_id': None, 'service_project_domain_id': None, 'service_roles': []} {{(pid=80454) fill_context /opt/stack/keystone/keystone/server/flask/request_processing/middleware/auth_context.py:478}}
May 26 07:42:58.271351 dv-neutron-843389-1-hyperv devstack@keystone.service[80454]: DEBUG keystone.server.flask.request_processing.req_logging [None req-35c26814-5872-491a-b124-f9f13cefeacd None admin] REQUEST_METHOD: `GET` {{(pid=80454) log_request_info /opt/stack/keystone/keystone/server/flask/request_processing/req_logging.py:27}}
May 26 07:42:58.271635 dv-neutron-843389-1-hyperv devstack@keystone.service[80454]: DEBUG keystone.server.flask.request_processing.req_logging [None req-35c26814-5872-491a-b124-f9f13cefeacd None admin] SCRIPT_NAME: `/identity` {{(pid=80454) log_request_info /opt/stack/keystone/keystone/server/flask/request_processing/req_logging.py:28}}
May 26 07:42:58.271915 dv-neutron-843389-1-hyperv devstack@keystone.service[80454]: DEBUG keystone.server.flask.request_processing.req_logging [None req-35c26814-5872-491a-b124-f9f13cefeacd None admin] PATH_INFO: `/v3/roles` {{(pid=80454) log_request_info /opt/stack/keystone/keystone/server/flask/request_processing/req_logging.py:29}}
May 26 07:42:58.272660 dv-neutron-843389-1-hyperv devstack@keystone.service[80454]: DEBUG keystone.common.rbac_enforcer.enforcer [None req-35c26814-5872-491a-b124-f9f13cefeacd None admin] RBAC: Adding query filter params (name=admin) {{(pid=80454) _extract_filter_values /opt/stack/keystone/keystone/common/rbac_enforcer/enforcer.py:167}}
May 26 07:42:58.272968 dv-neutron-843389-1-hyperv devstack@keystone.service[80454]: DEBUG keystone.common.rbac_enforcer.enforcer [None req-35c26814-5872-491a-b124-f9f13cefeacd None admin] RBAC: Authorizing `identity:list_roles()` {{(pid=80454) enforce_call /opt/stack/keystone/keystone/common/rbac_enforcer/enforcer.py:449}}
May 26 07:42:58.274388 dv-neutron-843389-1-hyperv devstack@keystone.service[80454]: DEBUG keystone.common.rbac_enforcer.enforcer [None req-35c26814-5872-491a-b124-f9f13cefeacd None admin] RBAC: Authorization granted {{(pid=80454) enforce_call /opt/stack/keystone/keystone/common/rbac_enforcer/enforcer.py:457}}
May 26 07:42:58.282372 dv-neutron-843389-1-hyperv devstack@keystone.service[80454]: [pid: 80454|app: 0|req: 26/50] 10.222.0.42 () {56 vars in 1099 bytes} [Thu May 26 07:42:58 2022] GET /identity/v3/roles?name=admin => generated 339 bytes in 165 msecs (HTTP/1.1 200) 5 headers in 177 bytes (1 switches on core 0)
May 26 07:42:58.288002 dv-neutron-843389-1-hyperv devstack@keystone.service[80453]: DEBUG keystone.server.flask.request_processing.middleware.auth_context [None req-a47db9c6-4aaf-404c-94c0-94c1fe3abfa9 None admin] Authenticating user token {{(pid=80453) process_request /usr/local/lib/python3.8/dist-packages/keystonemiddleware/auth_token/__init__.py:407}}
May 26 07:42:58.332464 dv-neutron-843389-1-hyperv devstack@keystone.service[80454]: DEBUG keystone.server.flask.request_processing.req_logging [None req-bee36edc-1660-46d4-9896-d563caacdee4 None None] REQUEST_METHOD: `GET` {{(pid=80454) log_request_info /opt/stack/keystone/keystone/server/flask/request_processing/req_logging.py:27}}
May 26 07:42:58.332750 dv-neutron-843389-1-hyperv devstack@keystone.service[80454]: DEBUG keystone.server.flask.request_processing.req_logging [None req-bee36edc-1660-46d4-9896-d563caacdee4 None None] SCRIPT_NAME: `/identity` {{(pid=80454) log_request_info /opt/stack/keystone/keystone/server/flask/request_processing/req_logging.py:28}}
May 26 07:42:58.333033 dv-neutron-843389-1-hyperv devstack@keystone.service[80454]: DEBUG keystone.server.flask.request_processing.req_logging [None req-bee36edc-1660-46d4-9896-d563caacdee4 None None] PATH_INFO: `/` {{(pid=80454) log_request_info /opt/stack/keystone/keystone/server/flask/request_processing/req_logging.py:29}}
May 26 07:42:58.334467 dv-neutron-843389-1-hyperv devstack@keystone.service[80454]: [pid: 80454|app: 0|req: 27/51] 10.222.0.42 () {54 vars in 926 bytes} [Thu May 26 07:42:58 2022] GET /identity => generated 270 bytes in 3 msecs (HTTP/1.1 300) 6 headers in 234 bytes (2 switches on core 0)
May 26 07:42:58.339530 dv-neutron-843389-1-hyperv devstack@keystone.service[80454]: DEBUG keystone.server.flask.request_processing.req_logging [None req-ca1baa9c-98cd-4ae3-8e69-dba9129c48c8 None None] REQUEST_METHOD: `POST` {{(pid=80454) log_request_info /opt/stack/keystone/keystone/server/flask/request_processing/req_logging.py:27}}
May 26 07:42:58.339763 dv-neutron-843389-1-hyperv devstack@keystone.service[80454]: DEBUG keystone.server.flask.request_processing.req_logging [None req-ca1baa9c-98cd-4ae3-8e69-dba9129c48c8 None None] SCRIPT_NAME: `/identity` {{(pid=80454) log_request_info /opt/stack/keystone/keystone/server/flask/request_processing/req_logging.py:28}}
May 26 07:42:58.340071 dv-neutron-843389-1-hyperv devstack@keystone.service[80454]: DEBUG keystone.server.flask.request_processing.req_logging [None req-ca1baa9c-98cd-4ae3-8e69-dba9129c48c8 None None] PATH_INFO: `/v3/auth/tokens` {{(pid=80454) log_request_info /opt/stack/keystone/keystone/server/flask/request_processing/req_logging.py:29}}
May 26 07:42:58.357156 dv-neutron-843389-1-hyperv devstack@keystone.service[80454]: DEBUG keystone.auth.core [None req-ca1baa9c-98cd-4ae3-8e69-dba9129c48c8 None None] MFA Rules not processed for user `240641beecae4c39b00897f91d9e82fe`. Rule list: `[]` (Enabled: `True`). {{(pid=80454) check_auth_methods_against_rules /opt/stack/keystone/keystone/auth/core.py:438}}
May 26 07:42:58.358386 dv-neutron-843389-1-hyperv devstack@keystone.service[80454]: DEBUG keystone.common.fernet_utils [None req-ca1baa9c-98cd-4ae3-8e69-dba9129c48c8 None None] Loaded 2 Fernet keys from /etc/keystone/fernet-keys/, but `[fernet_tokens] max_active_keys = 3`; perhaps there have not been enough key rotations to reach `max_active_keys` yet? {{(pid=80454) load_keys /opt/stack/keystone/keystone/common/fernet_utils.py:286}}
May 26 07:42:58.369934 dv-neutron-843389-1-hyperv devstack@keystone.service[80453]: DEBUG dbcounter [-] [80453] Writing DB stats keystone:SELECT=100 {{(pid=80453) stat_writer /usr/local/lib/python3.8/dist-packages/dbcounter.py:114}}
May 26 07:42:58.389642 dv-neutron-843389-1-hyperv devstack@keystone.service[80453]: DEBUG keystone.server.flask.request_processing.middleware.auth_context [None req-a47db9c6-4aaf-404c-94c0-94c1fe3abfa9 None admin] Validating token access rules against request {{(pid=80453) validate_allowed_request /usr/local/lib/python3.8/dist-packages/keystonemiddleware/auth_token/__init__.py:545}}
May 26 07:42:58.422869 dv-neutron-843389-1-hyperv devstack@keystone.service[80453]: DEBUG keystone.server.flask.request_processing.middleware.auth_context [None req-92c78d04-8cd5-49fd-9a0b-d63cb3ef1abb None admin] RBAC: auth_context: {'token': , 'domain_id': None, 'trust_id': None, 'trustor_id': None, 'trustee_id': None, 'domain_name': None, 'group_ids': [], 'user_id': '240641beecae4c39b00897f91d9e82fe', 'user_domain_id': 'default', 'system_scope': 'all', 'project_id': None, 'project_domain_id': None, 'roles': ['admin', 'member', 'reader'], 'is_admin_project': True, 'service_user_id': None, 'service_user_domain_id': None, 'service_project_id': None, 'service_project_domain_id': None, 'service_roles': []} {{(pid=80453) fill_context /opt/stack/keystone/keystone/server/flask/request_processing/middleware/auth_context.py:478}}
May 26 07:42:58.423739 dv-neutron-843389-1-hyperv devstack@keystone.service[80453]: DEBUG keystone.server.flask.request_processing.req_logging [None req-92c78d04-8cd5-49fd-9a0b-d63cb3ef1abb None admin] REQUEST_METHOD: `GET` {{(pid=80453) log_request_info /opt/stack/keystone/keystone/server/flask/request_processing/req_logging.py:27}}
May 26 07:42:58.424027 dv-neutron-843389-1-hyperv devstack@keystone.service[80453]: DEBUG keystone.server.flask.request_processing.req_logging [None req-92c78d04-8cd5-49fd-9a0b-d63cb3ef1abb None admin] SCRIPT_NAME: `/identity` {{(pid=80453) log_request_info /opt/stack/keystone/keystone/server/flask/request_processing/req_logging.py:28}}
May 26 07:42:58.424306 dv-neutron-843389-1-hyperv devstack@keystone.service[80453]: DEBUG keystone.server.flask.request_processing.req_logging [None req-92c78d04-8cd5-49fd-9a0b-d63cb3ef1abb None admin] PATH_INFO: `/v3/users/240641beecae4c39b00897f91d9e82fe` {{(pid=80453) log_request_info /opt/stack/keystone/keystone/server/flask/request_processing/req_logging.py:29}}
May 26 07:42:58.424754 dv-neutron-843389-1-hyperv devstack@keystone.service[80454]: [pid: 80454|app: 0|req: 28/52] 10.222.0.42 () {58 vars in 1023 bytes} [Thu May 26 07:42:58 2022] POST /identity/v3/auth/tokens => generated 799 bytes in 86 msecs (HTTP/1.1 201) 6 headers in 363 bytes (2 switches on core 0)
May 26 07:42:58.425503 dv-neutron-843389-1-hyperv devstack@keystone.service[80453]: DEBUG keystone.common.rbac_enforcer.enforcer [None req-92c78d04-8cd5-49fd-9a0b-d63cb3ef1abb None admin] RBAC: Authorizing `identity:get_user(user_id=240641beecae4c39b00897f91d9e82fe)` {{(pid=80453) enforce_call /opt/stack/keystone/keystone/common/rbac_enforcer/enforcer.py:449}}
May 26 07:42:58.426992 dv-neutron-843389-1-hyperv devstack@keystone.service[80453]: DEBUG keystone.common.rbac_enforcer.enforcer [None req-92c78d04-8cd5-49fd-9a0b-d63cb3ef1abb None admin] RBAC: Authorization granted {{(pid=80453) enforce_call /opt/stack/keystone/keystone/common/rbac_enforcer/enforcer.py:457}}
May 26 07:42:58.429120 dv-neutron-843389-1-hyperv devstack@keystone.service[80453]: [pid: 80453|app: 0|req: 25/53] 10.222.0.42 () {56 vars in 1177 bytes} [Thu May 26 07:42:58 2022] GET /identity/v3/users/240641beecae4c39b00897f91d9e82fe => generated 247 bytes in 142 msecs (HTTP/1.1 200) 5 headers in 177 bytes (1 switches on core 0)
May 26 07:42:58.434327 dv-neutron-843389-1-hyperv devstack@keystone.service[80454]: DEBUG keystone.server.flask.request_processing.middleware.auth_context [None req-ca1baa9c-98cd-4ae3-8e69-dba9129c48c8 None None] Authenticating user token {{(pid=80454) process_request /usr/local/lib/python3.8/dist-packages/keystonemiddleware/auth_token/__init__.py:407}}
May 26 07:42:58.448510 dv-neutron-843389-1-hyperv devstack@keystone.service[80453]: DEBUG keystone.server.flask.request_processing.middleware.auth_context [None req-92c78d04-8cd5-49fd-9a0b-d63cb3ef1abb None admin] Authenticating user token {{(pid=80453) process_request /usr/local/lib/python3.8/dist-packages/keystonemiddleware/auth_token/__init__.py:407}}
May 26 07:42:58.533119 dv-neutron-843389-1-hyperv devstack@keystone.service[80454]: DEBUG keystone.server.flask.request_processing.middleware.auth_context [None req-ca1baa9c-98cd-4ae3-8e69-dba9129c48c8 None None] Validating token access rules against request {{(pid=80454) validate_allowed_request /usr/local/lib/python3.8/dist-packages/keystonemiddleware/auth_token/__init__.py:545}}
May 26 07:42:58.551536 dv-neutron-843389-1-hyperv devstack@keystone.service[80453]: DEBUG keystone.server.flask.request_processing.middleware.auth_context [None req-92c78d04-8cd5-49fd-9a0b-d63cb3ef1abb None admin] Validating token access rules against request {{(pid=80453) validate_allowed_request /usr/local/lib/python3.8/dist-packages/keystonemiddleware/auth_token/__init__.py:545}}
May 26 07:42:58.556709 dv-neutron-843389-1-hyperv devstack@keystone.service[80454]: DEBUG dbcounter [-] [80454] Writing DB stats keystone:SELECT=100 {{(pid=80454) stat_writer /usr/local/lib/python3.8/dist-packages/dbcounter.py:114}}
