May 25 22:28:09.020987 dv-neutron-843303-1-hyperv neutron-server[104536]: DEBUG neutron.plugins.ml2.drivers.mech_agent [None req-e3d594fa-6267-4adf-b8b7-5b74672cca7f None None] Checking agent: {'id': '8cda3c8b-b523-4a5c-a426-776ee4c51de2', 'agent_type': 'Open vSwitch agent', 'binary': 'neutron-openvswitch-agent', 'topic': 'N/A', 'host': 'dv-neutron-843303-1-hyperv', 'admin_state_up': True, 'created_at': datetime.datetime(2022, 5, 25, 22, 20, 4), 'started_at': datetime.datetime(2022, 5, 25, 22, 20, 34), 'heartbeat_timestamp': datetime.datetime(2022, 5, 25, 22, 28, 5), 'description': None, 'resources_synced': None, 'availability_zone': None, 'alive': True, 'configurations': {'arp_responder_enabled': False, 'baremetal_smartnic': False, 'bridge_mappings': {'physnet1': 'br-data'}, 'datapath_type': 'system', 'devices': 0, 'enable_distributed_routing': False, 'extensions': [], 'in_distributed_mode': False, 'integration_bridge': 'br-int', 'l2_population': False, 'log_agent_heartbeats': False, 'ovs_capabilities': {'datapath_types': ['netdev', 'system'], 'iface_types': ['erspan', 'geneve', 'gre', 'internal', 'ip6erspan', 'ip6gre', 'lisp', 'patch', 'stt', 'system', 'tap', 'vxlan']}, 'ovs_hybrid_plug': False, 'resource_provider_bandwidths': {}, 'resource_provider_hypervisors': {'br-data': 'dv-neutron-843303-1-hyperv'}, 'resource_provider_inventory_defaults': {'allocation_ratio': 1.0, 'min_unit': 1, 'step_size': 1, 'reserved': 0}, 'resource_provider_packet_processing_inventory_defaults': {'allocation_ratio': 1.0, 'min_unit': 1, 'step_size': 1, 'reserved': 0}, 'resource_provider_packet_processing_with_direction': {}, 'resource_provider_packet_processing_without_direction': {}, 'tunnel_types': [], 'tunneling_ip': None, 'vhostuser_socket_dir': '/var/run/openvswitch'}, 'resource_versions': {'AddressGroup': '1.2', 'Agent': '1.1', 'ConntrackHelper': '1.0', 'LocalIPAssociation': '1.0', 'Log': '1.0', 'NDPProxy': '1.0', 'Network': '1.1', 'Port': '1.7', 'PortForwarding': '1.3', 'QosPolicy': '1.10', 'SecurityGroup': '1.5', 'SecurityGroupRule': '1.2', 'SubPort': '1.0', 'Subnet': '1.1', 'Trunk': '1.1'}} {{(pid=104536) bind_port /opt/stack/neutron/neutron/plugins/ml2/drivers/mech_agent.py:110}}
May 25 22:28:09.023753 dv-neutron-843303-1-hyperv neutron-server[104536]: DEBUG neutron.plugins.ml2.drivers.mech_agent [None req-e3d594fa-6267-4adf-b8b7-5b74672cca7f None None] Checking segment: {'id': '963288c6-1732-4166-bfbb-159ec177f7a4', 'network_type': 'vlan', 'physical_network': 'physnet1', 'segmentation_id': 279, 'network_id': '7dba1167-5a26-4028-b60d-87a3cc5ce245'} for mappings: {'physnet1': 'br-data'} with network types: ['local', 'flat', 'vlan'] {{(pid=104536) check_segment_for_agent /opt/stack/neutron/neutron/plugins/ml2/drivers/mech_agent.py:373}}
May 25 22:28:09.024166 dv-neutron-843303-1-hyperv neutron-server[104536]: DEBUG neutron_lib.callbacks.manager [None req-e3d594fa-6267-4adf-b8b7-5b74672cca7f None None] Publish callbacks [] for ovs_bridge_name (None), before_read {{(pid=104536) _notify_loop /usr/local/lib/python3.8/dist-packages/neutron_lib/callbacks/manager.py:176}}
May 25 22:28:09.024556 dv-neutron-843303-1-hyperv neutron-server[104536]: DEBUG neutron.plugins.ml2.drivers.mech_agent [None req-e3d594fa-6267-4adf-b8b7-5b74672cca7f None None] Bound using segment: {'id': '963288c6-1732-4166-bfbb-159ec177f7a4', 'network_type': 'vlan', 'physical_network': 'physnet1', 'segmentation_id': 279, 'network_id': '7dba1167-5a26-4028-b60d-87a3cc5ce245'} {{(pid=104536) bind_port /opt/stack/neutron/neutron/plugins/ml2/drivers/mech_agent.py:120}}
May 25 22:28:09.025043 dv-neutron-843303-1-hyperv neutron-server[104536]: DEBUG neutron.plugins.ml2.managers [None req-e3d594fa-6267-4adf-b8b7-5b74672cca7f None None] Bound port: 28106347-697c-429e-a752-7b28349d7c03, host: dv-neutron-843303-1-hyperv, vif_type: ovs, vif_details: {"connectivity": "l2", "port_filter": true, "ovs_hybrid_plug": false, "datapath_type": "system", "bridge_name": "br-int"}, binding_levels: [{'bound_driver': 'openvswitch', 'bound_segment': {'id': '963288c6-1732-4166-bfbb-159ec177f7a4', 'network_type': 'vlan', 'physical_network': 'physnet1', 'segmentation_id': 279, 'network_id': '7dba1167-5a26-4028-b60d-87a3cc5ce245'}}] {{(pid=104536) _bind_port_level /opt/stack/neutron/neutron/plugins/ml2/managers.py:932}}
May 25 22:28:09.025419 dv-neutron-843303-1-hyperv neutron-server[104536]: DEBUG neutron_lib.callbacks.manager [None req-e3d594fa-6267-4adf-b8b7-5b74672cca7f None None] Publish callbacks ['neutron.plugins.ml2.plugin.SecurityGroupDbMixin._ensure_default_security_group_handler-1797044'] for port (28106347-697c-429e-a752-7b28349d7c03), before_update {{(pid=104536) _notify_loop /usr/local/lib/python3.8/dist-packages/neutron_lib/callbacks/manager.py:176}}
May 25 22:28:09.069374 dv-neutron-843303-1-hyperv neutron-server[104535]: DEBUG neutron_lib.callbacks.manager [None req-f113aad3-e93b-4cec-8b48-e0206fe362e4 tempest-FloatingIPAdminTestJSON-95032422 tempest-FloatingIPAdminTestJSON-95032422-project] Publish callbacks [] for security_group (None), before_create {{(pid=104535) _notify_loop /usr/local/lib/python3.8/dist-packages/neutron_lib/callbacks/manager.py:176}}
May 25 22:28:09.177717 dv-neutron-843303-1-hyperv neutron-server[104536]: DEBUG neutron.plugins.ml2.db [None req-e3d594fa-6267-4adf-b8b7-5b74672cca7f None None] For port 28106347-697c-429e-a752-7b28349d7c03, host dv-neutron-843303-1-hyperv, cleared binding levels {{(pid=104536) clear_binding_levels /opt/stack/neutron/neutron/plugins/ml2/db.py:87}}
May 25 22:28:09.181774 dv-neutron-843303-1-hyperv neutron-server[104536]: DEBUG neutron.plugins.ml2.db [None req-e3d594fa-6267-4adf-b8b7-5b74672cca7f None None] For port 28106347-697c-429e-a752-7b28349d7c03, host dv-neutron-843303-1-hyperv, set binding levels [PortBindingLevel(driver='openvswitch',host='dv-neutron-843303-1-hyperv',level=0,port_id=28106347-697c-429e-a752-7b28349d7c03,segment=NetworkSegment(963288c6-1732-4166-bfbb-159ec177f7a4),segment_id=963288c6-1732-4166-bfbb-159ec177f7a4)] {{(pid=104536) set_binding_levels /opt/stack/neutron/neutron/plugins/ml2/db.py:59}}
May 25 22:28:09.194639 dv-neutron-843303-1-hyperv neutron-server[104536]: DEBUG neutron_lib.callbacks.manager [None req-e3d594fa-6267-4adf-b8b7-5b74672cca7f None None] Publish callbacks ['neutron.plugins.ml2.plugin.SecurityGroupServerNotifierRpcMixin._notify_sg_on_port_change-1796622', 'neutron.plugins.ml2.ovo_rpc._ObjectChangeHandler.handle_event-111478', 'neutron.api.rpc.agentnotifiers.dhcp_rpc_agent_api.DhcpAgentNotifyAPI._native_event_send_dhcp_notification-373581', 'neutron.db.l3_db.L3RpcNotifierMixin._notify_gateway_port_ip_changed-8779442579146', 'neutron.db.l3_dvrscheduler_db._notify_l3_agent_port_update-8779442038559', 'neutron.db.l3_hascheduler_db._notify_l3_agent_ha_port_update-8779442038577'] for port (28106347-697c-429e-a752-7b28349d7c03), after_update {{(pid=104536) _notify_loop /usr/local/lib/python3.8/dist-packages/neutron_lib/callbacks/manager.py:176}}
May 25 22:28:09.247968 dv-neutron-843303-1-hyperv neutron-server[104535]: DEBUG neutron.plugins.ml2.managers [None req-60074eaa-a089-4aa0-a629-fdc1fb47cbaf tempest-PortsAdminExtendedAttrsTestJSON-1153154904 tempest-PortsAdminExtendedAttrsTestJSON-1153154904-project-admin] Attempting to bind port 7c8e1ac6-3668-4eff-9cbe-453ccb0e116c on host hv-neutron-8433 for vnic_type normal with profile {{(pid=104535) bind_port /opt/stack/neutron/neutron/plugins/ml2/managers.py:795}}
May 25 22:28:09.248160 dv-neutron-843303-1-hyperv neutron-server[104535]: DEBUG neutron.plugins.ml2.managers [None req-60074eaa-a089-4aa0-a629-fdc1fb47cbaf tempest-PortsAdminExtendedAttrsTestJSON-1153154904 tempest-PortsAdminExtendedAttrsTestJSON-1153154904-project-admin] Attempting to bind port 7c8e1ac6-3668-4eff-9cbe-453ccb0e116c by drivers openvswitch,hyperv on host hv-neutron-8433 at level 0 using segments [{'id': '2c6c27d1-0e1d-4b61-87fc-3f27856635c0', 'network_type': 'vlan', 'physical_network': 'physnet1', 'segmentation_id': 274, 'network_id': 'a3af7d99-7c01-4d97-a228-b5560b8fc2a5'}] {{(pid=104535) _bind_port_level /opt/stack/neutron/neutron/plugins/ml2/managers.py:820}}
May 25 22:28:09.248433 dv-neutron-843303-1-hyperv neutron-server[104535]: DEBUG neutron.plugins.ml2.drivers.mech_agent [None req-60074eaa-a089-4aa0-a629-fdc1fb47cbaf tempest-PortsAdminExtendedAttrsTestJSON-1153154904 tempest-PortsAdminExtendedAttrsTestJSON-1153154904-project-admin] Attempting to bind port 7c8e1ac6-3668-4eff-9cbe-453ccb0e116c on network a3af7d99-7c01-4d97-a228-b5560b8fc2a5 {{(pid=104535) bind_port /opt/stack/neutron/neutron/plugins/ml2/drivers/mech_agent.py:91}}
May 25 22:28:09.267757 dv-neutron-843303-1-hyperv neutron-server[104535]: DEBUG neutron.api.v2.base [None req-a7a09a91-75fb-402f-9c29-d84fade28a28 tempest-QuotasTest-786467699 tempest-QuotasTest-786467699-project-admin] Request body: {'quota': {'network': 0, 'port': 0}} {{(pid=104535) prepare_request_body /opt/stack/neutron/neutron/api/v2/base.py:730}}
May 25 22:28:09.273942 dv-neutron-843303-1-hyperv neutron-server[104536]: DEBUG neutron.api.rpc.handlers.resources_rpc [None req-e3d594fa-6267-4adf-b8b7-5b74672cca7f None None] Pushing event updated for resources: {'Port': ['ID=28106347-697c-429e-a752-7b28349d7c03,revision_number=2']} {{(pid=104536) push /opt/stack/neutron/neutron/api/rpc/handlers/resources_rpc.py:237}}
May 25 22:28:09.287040 dv-neutron-843303-1-hyperv neutron-server[104535]: DEBUG neutron.plugins.ml2.drivers.mech_agent [None req-60074eaa-a089-4aa0-a629-fdc1fb47cbaf tempest-PortsAdminExtendedAttrsTestJSON-1153154904 tempest-PortsAdminExtendedAttrsTestJSON-1153154904-project-admin] Port 7c8e1ac6-3668-4eff-9cbe-453ccb0e116c on network a3af7d99-7c01-4d97-a228-b5560b8fc2a5 not bound, no agent of type Open vSwitch agent registered on host hv-neutron-8433 {{(pid=104535) bind_port /opt/stack/neutron/neutron/plugins/ml2/drivers/mech_agent.py:103}}
May 25 22:28:09.288003 dv-neutron-843303-1-hyperv neutron-server[104535]: ERROR neutron.plugins.ml2.managers [None req-60074eaa-a089-4aa0-a629-fdc1fb47cbaf tempest-PortsAdminExtendedAttrsTestJSON-1153154904 tempest-PortsAdminExtendedAttrsTestJSON-1153154904-project-admin] Failed to bind port 7c8e1ac6-3668-4eff-9cbe-453ccb0e116c on host hv-neutron-8433 for vnic_type normal using segments [{'id': '2c6c27d1-0e1d-4b61-87fc-3f27856635c0', 'network_type': 'vlan', 'physical_network': 'physnet1', 'segmentation_id': 274, 'network_id': 'a3af7d99-7c01-4d97-a228-b5560b8fc2a5'}]
May 25 22:28:09.296971 dv-neutron-843303-1-hyperv neutron-server[104535]: INFO neutron.plugins.ml2.plugin [None req-60074eaa-a089-4aa0-a629-fdc1fb47cbaf tempest-PortsAdminExtendedAttrsTestJSON-1153154904 tempest-PortsAdminExtendedAttrsTestJSON-1153154904-project-admin] Attempt 8 to bind port 7c8e1ac6-3668-4eff-9cbe-453ccb0e116c
May 25 22:28:09.332284 dv-neutron-843303-1-hyperv neutron-server[104535]: DEBUG neutron_lib.callbacks.manager [None req-ab604faa-8c3f-4da7-a468-01066a30a825 tempest-ServersTestJSON-496069892 tempest-ServersTestJSON-496069892-project] Publish callbacks [] for security_group (None), before_create {{(pid=104535) _notify_loop /usr/local/lib/python3.8/dist-packages/neutron_lib/callbacks/manager.py:176}}
May 25 22:28:09.337206 dv-neutron-843303-1-hyperv neutron-server[104535]: DEBUG neutron.wsgi [-] (104535) accepted ('10.222.0.57', 34350) {{(pid=104535) server /usr/local/lib/python3.8/dist-packages/eventlet/wsgi.py:1004}}
May 25 22:28:09.337957 dv-neutron-843303-1-hyperv neutron-server[104535]: DEBUG neutron.plugins.ml2.managers [None req-60074eaa-a089-4aa0-a629-fdc1fb47cbaf tempest-PortsAdminExtendedAttrsTestJSON-1153154904 tempest-PortsAdminExtendedAttrsTestJSON-1153154904-project-admin] Attempting to bind port 7c8e1ac6-3668-4eff-9cbe-453ccb0e116c on host hv-neutron-8433 for vnic_type normal with profile {{(pid=104535) bind_port /opt/stack/neutron/neutron/plugins/ml2/managers.py:795}}
May 25 22:28:09.338286 dv-neutron-843303-1-hyperv neutron-server[104535]: DEBUG neutron.plugins.ml2.managers [None req-60074eaa-a089-4aa0-a629-fdc1fb47cbaf tempest-PortsAdminExtendedAttrsTestJSON-1153154904 tempest-PortsAdminExtendedAttrsTestJSON-1153154904-project-admin] Attempting to bind port 7c8e1ac6-3668-4eff-9cbe-453ccb0e116c by drivers openvswitch,hyperv on host hv-neutron-8433 at level 0 using segments [{'id': '2c6c27d1-0e1d-4b61-87fc-3f27856635c0', 'network_type': 'vlan', 'physical_network': 'physnet1', 'segmentation_id': 274, 'network_id': 'a3af7d99-7c01-4d97-a228-b5560b8fc2a5'}] {{(pid=104535) _bind_port_level /opt/stack/neutron/neutron/plugins/ml2/managers.py:820}}
May 25 22:28:09.339190 dv-neutron-843303-1-hyperv neutron-server[104535]: DEBUG neutron.plugins.ml2.drivers.mech_agent [None req-60074eaa-a089-4aa0-a629-fdc1fb47cbaf tempest-PortsAdminExtendedAttrsTestJSON-1153154904 tempest-PortsAdminExtendedAttrsTestJSON-1153154904-project-admin] Attempting to bind port 7c8e1ac6-3668-4eff-9cbe-453ccb0e116c on network a3af7d99-7c01-4d97-a228-b5560b8fc2a5 {{(pid=104535) bind_port /opt/stack/neutron/neutron/plugins/ml2/drivers/mech_agent.py:91}}
May 25 22:28:09.378961 dv-neutron-843303-1-hyperv neutron-server[104534]: DEBUG dbcounter [-] [104534] Writing DB stats neutron:SELECT=88,neutron:UPDATE=4,neutron:DELETE=4,neutron:INSERT=4 {{(pid=104534) stat_writer /usr/local/lib/python3.8/dist-packages/dbcounter.py:114}}
May 25 22:28:09.430502 dv-neutron-843303-1-hyperv neutron-server[104535]: DEBUG neutron.plugins.ml2.drivers.mech_agent [None req-60074eaa-a089-4aa0-a629-fdc1fb47cbaf tempest-PortsAdminExtendedAttrsTestJSON-1153154904 tempest-PortsAdminExtendedAttrsTestJSON-1153154904-project-admin] Port 7c8e1ac6-3668-4eff-9cbe-453ccb0e116c on network a3af7d99-7c01-4d97-a228-b5560b8fc2a5 not bound, no agent of type Open vSwitch agent registered on host hv-neutron-8433 {{(pid=104535) bind_port /opt/stack/neutron/neutron/plugins/ml2/drivers/mech_agent.py:103}}
May 25 22:28:09.430835 dv-neutron-843303-1-hyperv neutron-server[104535]: ERROR neutron.plugins.ml2.managers [None req-60074eaa-a089-4aa0-a629-fdc1fb47cbaf tempest-PortsAdminExtendedAttrsTestJSON-1153154904 tempest-PortsAdminExtendedAttrsTestJSON-1153154904-project-admin] Failed to bind port 7c8e1ac6-3668-4eff-9cbe-453ccb0e116c on host hv-neutron-8433 for vnic_type normal using segments [{'id': '2c6c27d1-0e1d-4b61-87fc-3f27856635c0', 'network_type': 'vlan', 'physical_network': 'physnet1', 'segmentation_id': 274, 'network_id': 'a3af7d99-7c01-4d97-a228-b5560b8fc2a5'}]
May 25 22:28:09.436283 dv-neutron-843303-1-hyperv neutron-server[104535]: INFO neutron.plugins.ml2.plugin [None req-60074eaa-a089-4aa0-a629-fdc1fb47cbaf tempest-PortsAdminExtendedAttrsTestJSON-1153154904 tempest-PortsAdminExtendedAttrsTestJSON-1153154904-project-admin] Attempt 9 to bind port 7c8e1ac6-3668-4eff-9cbe-453ccb0e116c
May 25 22:28:09.445721 dv-neutron-843303-1-hyperv neutron-server[104536]: DEBUG neutron.plugins.ml2.rpc [None req-11b1e294-8998-432c-ae4a-bb8c28822f2a None None] Device ffab1b0d-8e64-4152-b979-8a188f960dba up at agent ovs-agent-dv-neutron-843303-1-hyperv {{(pid=104536) update_device_up /opt/stack/neutron/neutron/plugins/ml2/rpc.py:296}}
May 25 22:28:09.460069 dv-neutron-843303-1-hyperv neutron-server[104535]: DEBUG dbcounter [-] [104535] Writing DB stats neutron:SELECT=89,neutron:INSERT=4,neutron:UPDATE=2,neutron:DELETE=5 {{(pid=104535) stat_writer /usr/local/lib/python3.8/dist-packages/dbcounter.py:114}}
May 25 22:28:09.505057 dv-neutron-843303-1-hyperv neutron-server[104534]: DEBUG neutron_lib.callbacks.manager [None req-e35d7252-c7c6-402d-bca5-652e9440eb72 tempest-ExternalNetworksAdminNegativeTestJSON-508501227 tempest-ExternalNetworksAdminNegativeTestJSON-508501227-project-admin] Publish callbacks [] for floatingip (df1e8bbf-c6cc-4807-bc31-b8922f74a051), after_delete {{(pid=104534) _notify_loop /usr/local/lib/python3.8/dist-packages/neutron_lib/callbacks/manager.py:176}}
May 25 22:28:09.507948 dv-neutron-843303-1-hyperv neutron-server[104534]: DEBUG neutron_lib.callbacks.manager [None req-e35d7252-c7c6-402d-bca5-652e9440eb72 tempest-ExternalNetworksAdminNegativeTestJSON-508501227 tempest-ExternalNetworksAdminNegativeTestJSON-508501227-project-admin] Publish callbacks ['neutron.notifiers.nova.Notifier._send_nova_notification-3131'] for floatingip (None), before_response {{(pid=104534) _notify_loop /usr/local/lib/python3.8/dist-packages/neutron_lib/callbacks/manager.py:176}}
May 25 22:28:09.509391 dv-neutron-843303-1-hyperv neutron-server[104534]: INFO neutron.wsgi [None req-e35d7252-c7c6-402d-bca5-652e9440eb72 tempest-ExternalNetworksAdminNegativeTestJSON-508501227 tempest-ExternalNetworksAdminNegativeTestJSON-508501227-project-admin] 10.222.0.57 "DELETE /v2.0/floatingips/df1e8bbf-c6cc-4807-bc31-b8922f74a051 HTTP/1.1" status: 204 len: 168 time: 2.1268728
May 25 22:28:09.520939 dv-neutron-843303-1-hyperv neutron-server[104535]: DEBUG neutron.plugins.ml2.managers [None req-60074eaa-a089-4aa0-a629-fdc1fb47cbaf tempest-PortsAdminExtendedAttrsTestJSON-1153154904 tempest-PortsAdminExtendedAttrsTestJSON-1153154904-project-admin] Attempting to bind port 7c8e1ac6-3668-4eff-9cbe-453ccb0e116c on host hv-neutron-8433 for vnic_type normal with profile {{(pid=104535) bind_port /opt/stack/neutron/neutron/plugins/ml2/managers.py:795}}
May 25 22:28:09.521278 dv-neutron-843303-1-hyperv neutron-server[104535]: DEBUG neutron.plugins.ml2.managers [None req-60074eaa-a089-4aa0-a629-fdc1fb47cbaf tempest-PortsAdminExtendedAttrsTestJSON-1153154904 tempest-PortsAdminExtendedAttrsTestJSON-1153154904-project-admin] Attempting to bind port 7c8e1ac6-3668-4eff-9cbe-453ccb0e116c by drivers openvswitch,hyperv on host hv-neutron-8433 at level 0 using segments [{'id': '2c6c27d1-0e1d-4b61-87fc-3f27856635c0', 'network_type': 'vlan', 'physical_network': 'physnet1', 'segmentation_id': 274, 'network_id': 'a3af7d99-7c01-4d97-a228-b5560b8fc2a5'}] {{(pid=104535) _bind_port_level /opt/stack/neutron/neutron/plugins/ml2/managers.py:820}}
May 25 22:28:09.521611 dv-neutron-843303-1-hyperv neutron-server[104535]: DEBUG neutron.plugins.ml2.drivers.mech_agent [None req-60074eaa-a089-4aa0-a629-fdc1fb47cbaf tempest-PortsAdminExtendedAttrsTestJSON-1153154904 tempest-PortsAdminExtendedAttrsTestJSON-1153154904-project-admin] Attempting to bind port 7c8e1ac6-3668-4eff-9cbe-453ccb0e116c on network a3af7d99-7c01-4d97-a228-b5560b8fc2a5 {{(pid=104535) bind_port /opt/stack/neutron/neutron/plugins/ml2/drivers/mech_agent.py:91}}
May 25 22:28:09.549511 dv-neutron-843303-1-hyperv neutron-server[104536]: DEBUG neutron.db.provisioning_blocks [None req-11b1e294-8998-432c-ae4a-bb8c28822f2a None None] Provisioning complete for port ffab1b0d-8e64-4152-b979-8a188f960dba triggered by entity L2. {{(pid=104536) provisioning_complete /opt/stack/neutron/neutron/db/provisioning_blocks.py:145}}
May 25 22:28:09.549902 dv-neutron-843303-1-hyperv neutron-server[104536]: DEBUG neutron_lib.callbacks.manager [None req-11b1e294-8998-432c-ae4a-bb8c28822f2a None None] Publish callbacks ['neutron.plugins.ml2.plugin.Ml2Plugin._port_provisioned-1856033'] for port (ffab1b0d-8e64-4152-b979-8a188f960dba), provisioning_complete {{(pid=104536) _notify_loop /usr/local/lib/python3.8/dist-packages/neutron_lib/callbacks/manager.py:176}}
May 25 22:28:09.618406 dv-neutron-843303-1-hyperv neutron-server[104535]: DEBUG neutron.plugins.ml2.drivers.mech_agent [None req-60074eaa-a089-4aa0-a629-fdc1fb47cbaf tempest-PortsAdminExtendedAttrsTestJSON-1153154904 tempest-PortsAdminExtendedAttrsTestJSON-1153154904-project-admin] Port 7c8e1ac6-3668-4eff-9cbe-453ccb0e116c on network a3af7d99-7c01-4d97-a228-b5560b8fc2a5 not bound, no agent of type Open vSwitch agent registered on host hv-neutron-8433 {{(pid=104535) bind_port /opt/stack/neutron/neutron/plugins/ml2/drivers/mech_agent.py:103}}
May 25 22:28:09.618965 dv-neutron-843303-1-hyperv neutron-server[104535]: ERROR neutron.plugins.ml2.managers [None req-60074eaa-a089-4aa0-a629-fdc1fb47cbaf tempest-PortsAdminExtendedAttrsTestJSON-1153154904 tempest-PortsAdminExtendedAttrsTestJSON-1153154904-project-admin] Failed to bind port 7c8e1ac6-3668-4eff-9cbe-453ccb0e116c on host hv-neutron-8433 for vnic_type normal using segments [{'id': '2c6c27d1-0e1d-4b61-87fc-3f27856635c0', 'network_type': 'vlan', 'physical_network': 'physnet1', 'segmentation_id': 274, 'network_id': 'a3af7d99-7c01-4d97-a228-b5560b8fc2a5'}]
May 25 22:28:09.630917 dv-neutron-843303-1-hyperv neutron-server[104535]: INFO neutron.plugins.ml2.plugin [None req-60074eaa-a089-4aa0-a629-fdc1fb47cbaf tempest-PortsAdminExtendedAttrsTestJSON-1153154904 tempest-PortsAdminExtendedAttrsTestJSON-1153154904-project-admin] Attempt 10 to bind port 7c8e1ac6-3668-4eff-9cbe-453ccb0e116c
May 25 22:28:09.636449 dv-neutron-843303-1-hyperv neutron-server[104534]: DEBUG neutron_lib.callbacks.manager [None req-805ae952-eab3-4dd3-80af-6b95744f6690 tempest-DHCPAgentSchedulersTestJSON-568390202 tempest-DHCPAgentSchedulersTestJSON-568390202-project] Publish callbacks [] for port (181f3afd-9d76-48a0-99ab-ad3a85ed5b8f), precommit_create {{(pid=104534) _notify_loop /usr/local/lib/python3.8/dist-packages/neutron_lib/callbacks/manager.py:176}}
May 25 22:28:09.684998 dv-neutron-843303-1-hyperv neutron-server[104534]: DEBUG neutron_lib.callbacks.manager [None req-805ae952-eab3-4dd3-80af-6b95744f6690 tempest-DHCPAgentSchedulersTestJSON-568390202 tempest-DHCPAgentSchedulersTestJSON-568390202-project] Publish callbacks ['neutron.plugins.ml2.plugin.SecurityGroupServerNotifierRpcMixin._notify_sg_on_port_change-1796622', 'neutron.plugins.ml2.ovo_rpc._ObjectChangeHandler.handle_event-111478', 'neutron.api.rpc.agentnotifiers.dhcp_rpc_agent_api.DhcpAgentNotifyAPI._native_event_send_dhcp_notification-373581', 'neutron.db.l3_dvrscheduler_db._notify_l3_agent_new_port-8779442038541'] for port (181f3afd-9d76-48a0-99ab-ad3a85ed5b8f), after_create {{(pid=104534) _notify_loop /usr/local/lib/python3.8/dist-packages/neutron_lib/callbacks/manager.py:176}}
May 25 22:28:09.699882 dv-neutron-843303-1-hyperv neutron-server[104535]: INFO neutron.wsgi [None req-a7a09a91-75fb-402f-9c29-d84fade28a28 tempest-QuotasTest-786467699 tempest-QuotasTest-786467699-project-admin] 10.222.0.57 "PUT /v2.0/quotas/ea41a0ee20314533b3ff188b746170a1 HTTP/1.1" status: 200 len: 366 time: 0.8046396
May 25 22:28:09.700966 dv-neutron-843303-1-hyperv neutron-server[104535]: DEBUG neutron_lib.callbacks.manager [None req-d3b4806f-d5b3-4842-a3cc-e8fc842e01da admin admin] Publish callbacks [] for security_group (None), before_create {{(pid=104535) _notify_loop /usr/local/lib/python3.8/dist-packages/neutron_lib/callbacks/manager.py:176}}
May 25 22:28:09.702901 dv-neutron-843303-1-hyperv neutron-server[104535]: DEBUG neutron.wsgi [-] (104535) accepted ('10.222.0.57', 34356) {{(pid=104535) server /usr/local/lib/python3.8/dist-packages/eventlet/wsgi.py:1004}}
May 25 22:28:09.710602 dv-neutron-843303-1-hyperv neutron-server[104535]: DEBUG neutron_lib.callbacks.manager [None req-8c56b0f6-b98b-44e5-bede-afea0a9c7752 admin admin] Publish callbacks [] for port (68f5e1ef-133d-4193-95c6-a9e43f812882), precommit_update {{(pid=104535) _notify_loop /usr/local/lib/python3.8/dist-packages/neutron_lib/callbacks/manager.py:176}}
May 25 22:28:09.725587 dv-neutron-843303-1-hyperv neutron-server[104536]: DEBUG neutron.plugins.ml2.plugin [None req-11b1e294-8998-432c-ae4a-bb8c28822f2a None None] Current status of the port ffab1b0d-8e64-4152-b979-8a188f960dba is: DOWN; New status is: ACTIVE {{(pid=104536) _update_individual_port_db_status /opt/stack/neutron/neutron/plugins/ml2/plugin.py:2296}}
May 25 22:28:09.726483 dv-neutron-843303-1-hyperv neutron-server[104536]: DEBUG neutron_lib.callbacks.manager [None req-11b1e294-8998-432c-ae4a-bb8c28822f2a None None] Publish callbacks ['neutron.plugins.ml2.plugin.SecurityGroupDbMixin._ensure_default_security_group_handler-1797044'] for port (ffab1b0d-8e64-4152-b979-8a188f960dba), before_update {{(pid=104536) _notify_loop /usr/local/lib/python3.8/dist-packages/neutron_lib/callbacks/manager.py:176}}
May 25 22:28:09.748239 dv-neutron-843303-1-hyperv neutron-server[104535]: DEBUG dbcounter [-] [104535] Writing DB stats neutron:SELECT=86,neutron:INSERT=13,neutron:UPDATE=1 {{(pid=104535) stat_writer /usr/local/lib/python3.8/dist-packages/dbcounter.py:114}}
May 25 22:28:09.756680 dv-neutron-843303-1-hyperv neutron-server[104536]: DEBUG neutron.plugins.ml2.db [None req-11b1e294-8998-432c-ae4a-bb8c28822f2a None None] For port ffab1b0d-8e64-4152-b979-8a188f960dba, host dv-neutron-843303-1-hyperv, got binding levels [PortBindingLevel(driver='openvswitch',host='dv-neutron-843303-1-hyperv',level=0,port_id=ffab1b0d-8e64-4152-b979-8a188f960dba,segment=NetworkSegment(7c930941-ce49-4c12-8184-3779accc2255),segment_id=7c930941-ce49-4c12-8184-3779accc2255)] {{(pid=104536) get_binding_level_objs /opt/stack/neutron/neutron/plugins/ml2/db.py:74}}
May 25 22:28:09.761245 dv-neutron-843303-1-hyperv neutron-server[104535]: DEBUG neutron_lib.callbacks.manager [None req-8c56b0f6-b98b-44e5-bede-afea0a9c7752 admin admin] Publish callbacks ['neutron.plugins.ml2.plugin.SecurityGroupServerNotifierRpcMixin._notify_sg_on_port_change-1796622', 'neutron.plugins.ml2.ovo_rpc._ObjectChangeHandler.handle_event-111478', 'neutron.api.rpc.agentnotifiers.dhcp_rpc_agent_api.DhcpAgentNotifyAPI._native_event_send_dhcp_notification-373581', 'neutron.db.l3_db.L3RpcNotifierMixin._notify_gateway_port_ip_changed-8779442579146', 'neutron.db.l3_dvrscheduler_db._notify_l3_agent_port_update-8779442038559', 'neutron.db.l3_hascheduler_db._notify_l3_agent_ha_port_update-8779442038577'] for port (68f5e1ef-133d-4193-95c6-a9e43f812882), after_update {{(pid=104535) _notify_loop /usr/local/lib/python3.8/dist-packages/neutron_lib/callbacks/manager.py:176}}
May 25 22:28:09.762137 dv-neutron-843303-1-hyperv neutron-server[104535]: DEBUG neutron_lib.callbacks.manager [None req-8c56b0f6-b98b-44e5-bede-afea0a9c7752 admin admin] Publish callbacks ['neutron.api.rpc.agentnotifiers.dhcp_rpc_agent_api.DhcpAgentNotifyAPI._after_router_interface_created-374967', 'neutron.services.l3_router.l3_router_plugin.DVRResourceOperationHandler._update_snat_v6_addrs_after_intf_update-550359'] for router_interface (86aba641-57d3-4c81-ad0b-2bbce74e9f5a), after_create {{(pid=104535) _notify_loop /usr/local/lib/python3.8/dist-packages/neutron_lib/callbacks/manager.py:176}}
May 25 22:28:09.773500 dv-neutron-843303-1-hyperv neutron-server[104536]: DEBUG neutron_lib.callbacks.manager [None req-11b1e294-8998-432c-ae4a-bb8c28822f2a None None] Publish callbacks ['neutron.plugins.ml2.plugin.SecurityGroupServerNotifierRpcMixin._notify_sg_on_port_change-1796622', 'neutron.plugins.ml2.ovo_rpc._ObjectChangeHandler.handle_event-111478', 'neutron.api.rpc.agentnotifiers.dhcp_rpc_agent_api.DhcpAgentNotifyAPI._native_event_send_dhcp_notification-373581', 'neutron.db.l3_db.L3RpcNotifierMixin._notify_gateway_port_ip_changed-8779442579146', 'neutron.db.l3_dvrscheduler_db._notify_l3_agent_port_update-8779442038559', 'neutron.db.l3_hascheduler_db._notify_l3_agent_ha_port_update-8779442038577'] for port (ffab1b0d-8e64-4152-b979-8a188f960dba), after_update {{(pid=104536) _notify_loop /usr/local/lib/python3.8/dist-packages/neutron_lib/callbacks/manager.py:176}}
May 25 22:28:09.784546 dv-neutron-843303-1-hyperv neutron-server[104535]: DEBUG neutron.plugins.ml2.managers [None req-60074eaa-a089-4aa0-a629-fdc1fb47cbaf tempest-PortsAdminExtendedAttrsTestJSON-1153154904 tempest-PortsAdminExtendedAttrsTestJSON-1153154904-project-admin] Attempting to bind port 7c8e1ac6-3668-4eff-9cbe-453ccb0e116c on host hv-neutron-8433 for vnic_type normal with profile {{(pid=104535) bind_port /opt/stack/neutron/neutron/plugins/ml2/managers.py:795}}
May 25 22:28:09.784938 dv-neutron-843303-1-hyperv neutron-server[104535]: DEBUG neutron.plugins.ml2.managers [None req-60074eaa-a089-4aa0-a629-fdc1fb47cbaf tempest-PortsAdminExtendedAttrsTestJSON-1153154904 tempest-PortsAdminExtendedAttrsTestJSON-1153154904-project-admin] Attempting to bind port 7c8e1ac6-3668-4eff-9cbe-453ccb0e116c by drivers openvswitch,hyperv on host hv-neutron-8433 at level 0 using segments [{'id': '2c6c27d1-0e1d-4b61-87fc-3f27856635c0', 'network_type': 'vlan', 'physical_network': 'physnet1', 'segmentation_id': 274, 'network_id': 'a3af7d99-7c01-4d97-a228-b5560b8fc2a5'}] {{(pid=104535) _bind_port_level /opt/stack/neutron/neutron/plugins/ml2/managers.py:820}}
May 25 22:28:09.785234 dv-neutron-843303-1-hyperv neutron-server[104535]: DEBUG neutron.plugins.ml2.drivers.mech_agent [None req-60074eaa-a089-4aa0-a629-fdc1fb47cbaf tempest-PortsAdminExtendedAttrsTestJSON-1153154904 tempest-PortsAdminExtendedAttrsTestJSON-1153154904-project-admin] Attempting to bind port 7c8e1ac6-3668-4eff-9cbe-453ccb0e116c on network a3af7d99-7c01-4d97-a228-b5560b8fc2a5 {{(pid=104535) bind_port /opt/stack/neutron/neutron/plugins/ml2/drivers/mech_agent.py:91}}
May 25 22:28:09.798287 dv-neutron-843303-1-hyperv neutron-server[104534]: DEBUG neutron.scheduler.dhcp_agent_scheduler [None req-805ae952-eab3-4dd3-80af-6b95744f6690 tempest-DHCPAgentSchedulersTestJSON-568390202 tempest-DHCPAgentSchedulersTestJSON-568390202-project] Network 7dba1167-5a26-4028-b60d-87a3cc5ce245 is already hosted by enough agents. {{(pid=104534) _get_dhcp_agents_hosting_network /opt/stack/neutron/neutron/scheduler/dhcp_agent_scheduler.py:275}}
May 25 22:28:09.804582 dv-neutron-843303-1-hyperv neutron-server[104534]: DEBUG neutron.scheduler.base_scheduler [None req-805ae952-eab3-4dd3-80af-6b95744f6690 tempest-DHCPAgentSchedulersTestJSON-568390202 tempest-DHCPAgentSchedulersTestJSON-568390202-project] Resources bound (agent type, host, resource id): {{(pid=104534) schedule /opt/stack/neutron/neutron/scheduler/base_scheduler.py:57}}
May 25 22:28:09.808913 dv-neutron-843303-1-hyperv neutron-server[104534]: DEBUG neutron.db.l3_dvrscheduler_db [None req-805ae952-eab3-4dd3-80af-6b95744f6690 tempest-DHCPAgentSchedulersTestJSON-568390202 tempest-DHCPAgentSchedulersTestJSON-568390202-project] Received port after_create {{(pid=104534) _notify_l3_agent_new_port /opt/stack/neutron/neutron/db/l3_dvrscheduler_db.py:536}}
May 25 22:28:09.816685 dv-neutron-843303-1-hyperv neutron-server[104534]: DEBUG neutron.pecan_wsgi.hooks.policy_enforcement [None req-805ae952-eab3-4dd3-80af-6b95744f6690 tempest-DHCPAgentSchedulersTestJSON-568390202 tempest-DHCPAgentSchedulersTestJSON-568390202-project] Attributes excluded by policy engine: ['standard_attr_id', 'binding:profile', 'binding:host_id', 'binding:vif_type', 'binding:vif_details', 'network'] {{(pid=104534) _exclude_attributes_by_policy /opt/stack/neutron/neutron/pecan_wsgi/hooks/policy_enforcement.py:259}}
May 25 22:28:09.817477 dv-neutron-843303-1-hyperv neutron-server[104534]: DEBUG neutron_lib.callbacks.manager [None req-805ae952-eab3-4dd3-80af-6b95744f6690 tempest-DHCPAgentSchedulersTestJSON-568390202 tempest-DHCPAgentSchedulersTestJSON-568390202-project] Publish callbacks ['neutron.notifiers.nova.Notifier._send_nova_notification-3131'] for port (None), before_response {{(pid=104534) _notify_loop /usr/local/lib/python3.8/dist-packages/neutron_lib/callbacks/manager.py:176}}
May 25 22:28:09.837392 dv-neutron-843303-1-hyperv neutron-server[104534]: DEBUG neutron.api.rpc.handlers.resources_rpc [None req-805ae952-eab3-4dd3-80af-6b95744f6690 tempest-DHCPAgentSchedulersTestJSON-568390202 tempest-DHCPAgentSchedulersTestJSON-568390202-project] Pushing event updated for resources: {'Port': ['ID=181f3afd-9d76-48a0-99ab-ad3a85ed5b8f,revision_number=1']} {{(pid=104534) push /opt/stack/neutron/neutron/api/rpc/handlers/resources_rpc.py:237}}
May 25 22:28:09.846077 dv-neutron-843303-1-hyperv neutron-server[104534]: INFO neutron.wsgi [None req-805ae952-eab3-4dd3-80af-6b95744f6690 tempest-DHCPAgentSchedulersTestJSON-568390202 tempest-DHCPAgentSchedulersTestJSON-568390202-project] 10.222.0.57 "POST /v2.0/ports HTTP/1.1" status: 201 len: 938 time: 2.1553438
May 25 22:28:09.848653 dv-neutron-843303-1-hyperv neutron-server[104534]: DEBUG neutron.wsgi [-] (104534) accepted ('10.222.0.57', 34360) {{(pid=104534) server /usr/local/lib/python3.8/dist-packages/eventlet/wsgi.py:1004}}
May 25 22:28:09.868980 dv-neutron-843303-1-hyperv neutron-server[104535]: INFO neutron.wsgi [None req-585b978d-7328-4c89-b88e-96820e07861a tempest-QuotasTest-786467699 tempest-QuotasTest-786467699-project-admin] 10.222.0.57 "GET /v2.0/quotas HTTP/1.1" status: 200 len: 468 time: 0.1494267
May 25 22:28:09.875524 dv-neutron-843303-1-hyperv neutron-server[104534]: DEBUG neutron.wsgi [-] (104534) accepted ('10.222.0.57', 34362) {{(pid=104534) server /usr/local/lib/python3.8/dist-packages/eventlet/wsgi.py:1004}}
May 25 22:28:09.885032 dv-neutron-843303-1-hyperv neutron-server[104535]: DEBUG neutron.plugins.ml2.drivers.mech_agent [None req-60074eaa-a089-4aa0-a629-fdc1fb47cbaf tempest-PortsAdminExtendedAttrsTestJSON-1153154904 tempest-PortsAdminExtendedAttrsTestJSON-1153154904-project-admin] Port 7c8e1ac6-3668-4eff-9cbe-453ccb0e116c on network a3af7d99-7c01-4d97-a228-b5560b8fc2a5 not bound, no agent of type Open vSwitch agent registered on host hv-neutron-8433 {{(pid=104535) bind_port /opt/stack/neutron/neutron/plugins/ml2/drivers/mech_agent.py:103}}
May 25 22:28:09.885311 dv-neutron-843303-1-hyperv neutron-server[104535]: ERROR neutron.plugins.ml2.managers [None req-60074eaa-a089-4aa0-a629-fdc1fb47cbaf tempest-PortsAdminExtendedAttrsTestJSON-1153154904 tempest-PortsAdminExtendedAttrsTestJSON-1153154904-project-admin] Failed to bind port 7c8e1ac6-3668-4eff-9cbe-453ccb0e116c on host hv-neutron-8433 for vnic_type normal using segments [{'id': '2c6c27d1-0e1d-4b61-87fc-3f27856635c0', 'network_type': 'vlan', 'physical_network': 'physnet1', 'segmentation_id': 274, 'network_id': 'a3af7d99-7c01-4d97-a228-b5560b8fc2a5'}]
May 25 22:28:09.885642 dv-neutron-843303-1-hyperv neutron-server[104535]: DEBUG neutron_lib.callbacks.manager [None req-60074eaa-a089-4aa0-a629-fdc1fb47cbaf tempest-PortsAdminExtendedAttrsTestJSON-1153154904 tempest-PortsAdminExtendedAttrsTestJSON-1153154904-project-admin] Publish callbacks ['neutron.plugins.ml2.plugin.SecurityGroupDbMixin._ensure_default_security_group_handler-1797044'] for port (7c8e1ac6-3668-4eff-9cbe-453ccb0e116c), before_update {{(pid=104535) _notify_loop /usr/local/lib/python3.8/dist-packages/neutron_lib/callbacks/manager.py:176}}
May 25 22:28:09.896251 dv-neutron-843303-1-hyperv neutron-server[104536]: DEBUG neutron.api.rpc.handlers.resources_rpc [None req-11b1e294-8998-432c-ae4a-bb8c28822f2a None None] Pushing event updated for resources: {'Port': ['ID=ffab1b0d-8e64-4152-b979-8a188f960dba,revision_number=4']} {{(pid=104536) push /opt/stack/neutron/neutron/api/rpc/handlers/resources_rpc.py:237}}
May 25 22:28:09.929376 dv-neutron-843303-1-hyperv neutron-server[104534]: INFO neutron.wsgi [None req-5fb176ba-b885-417c-a0c0-574f0970a59a tempest-QuotasTest-786467699 tempest-QuotasTest-786467699-project-admin] 10.222.0.57 "GET /v2.0/quotas/ea41a0ee20314533b3ff188b746170a1 HTTP/1.1" status: 200 len: 366 time: 0.0531962
May 25 22:28:09.933779 dv-neutron-843303-1-hyperv neutron-server[104534]: DEBUG neutron.wsgi [-] (104534) accepted ('10.222.0.57', 34364) {{(pid=104534) server /usr/local/lib/python3.8/dist-packages/eventlet/wsgi.py:1004}}
May 25 22:28:09.934124 dv-neutron-843303-1-hyperv neutron-server[104534]: DEBUG neutron.wsgi [-] (104534) accepted ('10.222.0.57', 34366) {{(pid=104534) server /usr/local/lib/python3.8/dist-packages/eventlet/wsgi.py:1004}}
May 25 22:28:10.005014 dv-neutron-843303-1-hyperv neutron-server[104535]: DEBUG neutron_lib.callbacks.manager [None req-f113aad3-e93b-4cec-8b48-e0206fe362e4 tempest-FloatingIPAdminTestJSON-95032422 tempest-FloatingIPAdminTestJSON-95032422-project] Publish callbacks [] for security_group (06f0e36e-a163-4f52-8041-a56e909dee1f), precommit_create {{(pid=104535) _notify_loop /usr/local/lib/python3.8/dist-packages/neutron_lib/callbacks/manager.py:176}}
May 25 22:28:10.007728 dv-neutron-843303-1-hyperv neutron-server[104535]: DEBUG neutron_lib.callbacks.manager [None req-ab604faa-8c3f-4da7-a468-01066a30a825 tempest-ServersTestJSON-496069892 tempest-ServersTestJSON-496069892-project] Publish callbacks [] for security_group (0e6aa224-4d8b-4488-a2d0-211752853f9d), precommit_create {{(pid=104535) _notify_loop /usr/local/lib/python3.8/dist-packages/neutron_lib/callbacks/manager.py:176}}
May 25 22:28:10.020669 dv-neutron-843303-1-hyperv neutron-server[104534]: INFO neutron.wsgi [None req-9707768f-4d2c-4347-86ce-48ff07e6dbc6 tempest-QuotasTest-786467699 tempest-QuotasTest-786467699-project-admin] 10.222.0.57 "DELETE /v2.0/quotas/ea41a0ee20314533b3ff188b746170a1 HTTP/1.1" status: 204 len: 168 time: 0.0813849
May 25 22:28:10.020862 dv-neutron-843303-1-hyperv neutron-server[104535]: DEBUG neutron.api.rpc.handlers.resources_rpc [None req-8c56b0f6-b98b-44e5-bede-afea0a9c7752 admin admin] Pushing event updated for resources: {'Port': ['ID=68f5e1ef-133d-4193-95c6-a9e43f812882,revision_number=2']} {{(pid=104535) push /opt/stack/neutron/neutron/api/rpc/handlers/resources_rpc.py:237}}
May 25 22:28:10.027776 dv-neutron-843303-1-hyperv neutron-server[104534]: DEBUG neutron.wsgi [-] (104534) accepted ('10.222.0.57', 34372) {{(pid=104534) server /usr/local/lib/python3.8/dist-packages/eventlet/wsgi.py:1004}}
May 25 22:28:10.028733 dv-neutron-843303-1-hyperv neutron-server[104535]: DEBUG neutron_lib.callbacks.manager [None req-f113aad3-e93b-4cec-8b48-e0206fe362e4 tempest-FloatingIPAdminTestJSON-95032422 tempest-FloatingIPAdminTestJSON-95032422-project] Publish callbacks ['neutron.plugins.ml2.ovo_rpc._ObjectChangeHandler.handle_event-782602'] for security_group (06f0e36e-a163-4f52-8041-a56e909dee1f), after_create {{(pid=104535) _notify_loop /usr/local/lib/python3.8/dist-packages/neutron_lib/callbacks/manager.py:176}}
May 25 22:28:10.031704 dv-neutron-843303-1-hyperv neutron-server[104535]: DEBUG neutron_lib.callbacks.manager [None req-ab604faa-8c3f-4da7-a468-01066a30a825 tempest-ServersTestJSON-496069892 tempest-ServersTestJSON-496069892-project] Publish callbacks ['neutron.plugins.ml2.ovo_rpc._ObjectChangeHandler.handle_event-782602'] for security_group (0e6aa224-4d8b-4488-a2d0-211752853f9d), after_create {{(pid=104535) _notify_loop /usr/local/lib/python3.8/dist-packages/neutron_lib/callbacks/manager.py:176}}
May 25 22:28:10.054053 dv-neutron-843303-1-hyperv neutron-server[104534]: INFO neutron.wsgi [None req-588d2cc4-e5b1-4626-a141-f21f79b2cf8b tempest-QuotasTest-786467699 tempest-QuotasTest-786467699-project-admin] 10.222.0.57 "GET /v2.0/quotas HTTP/1.1" status: 200 len: 207 time: 0.0224600
May 25 22:28:10.054053 dv-neutron-843303-1-hyperv neutron-server[104534]: DEBUG neutron.plugins.ml2.plugin [None req-46dbe490-a9b3-4258-9ff0-401d69d9808e tempest-DHCPAgentSchedulersTestJSON-568390202 tempest-DHCPAgentSchedulersTestJSON-568390202-project] Deleting port 181f3afd-9d76-48a0-99ab-ad3a85ed5b8f {{(pid=104534) _pre_delete_port /opt/stack/neutron/neutron/plugins/ml2/plugin.py:2041}}
May 25 22:28:10.054053 dv-neutron-843303-1-hyperv neutron-server[104534]: DEBUG neutron_lib.callbacks.manager [None req-46dbe490-a9b3-4258-9ff0-401d69d9808e tempest-DHCPAgentSchedulersTestJSON-568390202 tempest-DHCPAgentSchedulersTestJSON-568390202-project] Publish callbacks ['neutron.db.l3_db.L3_NAT_dbonly_mixin._prevent_l3_port_delete_callback-8779442567370'] for port (181f3afd-9d76-48a0-99ab-ad3a85ed5b8f), before_delete {{(pid=104534) _notify_loop /usr/local/lib/python3.8/dist-packages/neutron_lib/callbacks/manager.py:176}}
May 25 22:28:10.055575 dv-neutron-843303-1-hyperv neutron-server[104534]: DEBUG neutron.wsgi [-] (104534) accepted ('10.222.0.57', 34374) {{(pid=104534) server /usr/local/lib/python3.8/dist-packages/eventlet/wsgi.py:1004}}
May 25 22:28:10.120719 dv-neutron-843303-1-hyperv neutron-server[104535]: DEBUG neutron.plugins.ml2.drivers.helpers [None req-f113aad3-e93b-4cec-8b48-e0206fe362e4 tempest-FloatingIPAdminTestJSON-95032422 tempest-FloatingIPAdminTestJSON-95032422-project] vlan segment allocate from pool success with {'vlan_id': 297, 'physical_network': 'physnet1'} {{(pid=104535) allocate_partially_specified_segment /opt/stack/neutron/neutron/plugins/ml2/drivers/helpers.py:153}}
May 25 22:28:10.136936 dv-neutron-843303-1-hyperv neutron-server[104534]: INFO neutron.wsgi [None req-3d22355f-7a00-40ad-89a1-bd59fef6d732 tempest-QuotasTest-786467699 tempest-QuotasTest-786467699-project-admin] 10.222.0.57 "GET /v2.0/quotas/ea41a0ee20314533b3ff188b746170a1 HTTP/1.1" status: 200 len: 370 time: 0.0763869
May 25 22:28:10.137109 dv-neutron-843303-1-hyperv neutron-server[104535]: DEBUG neutron_lib.callbacks.manager [None req-ab604faa-8c3f-4da7-a468-01066a30a825 tempest-ServersTestJSON-496069892 tempest-ServersTestJSON-496069892-project] Publish callbacks [] for security_group (None), before_response {{(pid=104535) _notify_loop /usr/local/lib/python3.8/dist-packages/neutron_lib/callbacks/manager.py:176}}
May 25 22:28:10.137350 dv-neutron-843303-1-hyperv neutron-server[104535]: INFO neutron.wsgi [None req-ab604faa-8c3f-4da7-a468-01066a30a825 tempest-ServersTestJSON-496069892 tempest-ServersTestJSON-496069892-project] 10.222.0.57 "POST /v2.0/security-groups HTTP/1.1" status: 201 len: 1795 time: 1.2409995
May 25 22:28:10.138935 dv-neutron-843303-1-hyperv neutron-server[104534]: DEBUG neutron.wsgi [-] (104534) accepted ('10.222.0.57', 34376) {{(pid=104534) server /usr/local/lib/python3.8/dist-packages/eventlet/wsgi.py:1004}}
May 25 22:28:10.142961 dv-neutron-843303-1-hyperv neutron-server[104534]: INFO neutron.wsgi [None req-2161d719-3e72-4cf5-b6d9-03650c8361ba tempest-QuotasTest-786467699 tempest-QuotasTest-786467699-project-admin] 10.222.0.57 "GET /v2.0/quotas/ea41a0ee20314533b3ff188b746170a1/default HTTP/1.1" status: 200 len: 370 time: 0.0038178
May 25 22:28:10.151829 dv-neutron-843303-1-hyperv neutron-server[104534]: DEBUG neutron.wsgi [-] (104534) accepted ('10.222.0.57', 34378) {{(pid=104534) server /usr/local/lib/python3.8/dist-packages/eventlet/wsgi.py:1004}}
May 25 22:28:10.152151 dv-neutron-843303-1-hyperv neutron-server[104534]: DEBUG neutron.wsgi [-] (104534) accepted ('10.222.0.57', 34380) {{(pid=104534) server /usr/local/lib/python3.8/dist-packages/eventlet/wsgi.py:1004}}
May 25 22:28:10.160751 dv-neutron-843303-1-hyperv neutron-server[104534]: DEBUG neutron.api.v2.base [None req-48b22323-9c6d-412f-ba53-a9e23290e556 tempest-ServersTestJSON-496069892 tempest-ServersTestJSON-496069892-project] Request body: {'security_group_rule': {'security_group_id': '0e6aa224-4d8b-4488-a2d0-211752853f9d', 'protocol': 'tcp', 'ethertype': 'IPv4', 'port_range_min': 22, 'port_range_max': 22, 'direction': 'ingress'}} {{(pid=104534) prepare_request_body /opt/stack/neutron/neutron/api/v2/base.py:730}}
May 25 22:28:10.171357 dv-neutron-843303-1-hyperv neutron-server[104534]: DEBUG neutron_lib.callbacks.manager [None req-2dc580fa-ee42-4a9c-8963-ac51a7de89de admin admin] Publish callbacks [] for security_group (None), before_create {{(pid=104534) _notify_loop /usr/local/lib/python3.8/dist-packages/neutron_lib/callbacks/manager.py:176}}
May 25 22:28:10.176160 dv-neutron-843303-1-hyperv neutron-server[104535]: DEBUG neutron.api.rpc.handlers.resources_rpc [None req-f113aad3-e93b-4cec-8b48-e0206fe362e4 tempest-FloatingIPAdminTestJSON-95032422 tempest-FloatingIPAdminTestJSON-95032422-project] Pushing event updated for resources: {'SecurityGroup': ['ID=06f0e36e-a163-4f52-8041-a56e909dee1f,revision_number=1']} {{(pid=104535) push /opt/stack/neutron/neutron/api/rpc/handlers/resources_rpc.py:237}}
May 25 22:28:10.181331 dv-neutron-843303-1-hyperv neutron-server[104535]: DEBUG neutron_lib.callbacks.manager [None req-f113aad3-e93b-4cec-8b48-e0206fe362e4 tempest-FloatingIPAdminTestJSON-95032422 tempest-FloatingIPAdminTestJSON-95032422-project] Publish callbacks ['neutron.services.segments.db._add_segment_host_mapping_for_segment-8779442501726', 'neutron.plugins.ml2.plugin.Ml2Plugin._handle_segment_change-1930450'] for segment (18bf40f0-0e82-410f-915b-70568071cc43), precommit_create {{(pid=104535) _notify_loop /usr/local/lib/python3.8/dist-packages/neutron_lib/callbacks/manager.py:176}}
May 25 22:28:10.182272 dv-neutron-843303-1-hyperv neutron-server[104535]: INFO neutron.db.segments_db [None req-f113aad3-e93b-4cec-8b48-e0206fe362e4 tempest-FloatingIPAdminTestJSON-95032422 tempest-FloatingIPAdminTestJSON-95032422-project] Added segment 18bf40f0-0e82-410f-915b-70568071cc43 of type vlan for network e7afb993-4ac0-461f-b1a1-995e6557998d
May 25 22:28:10.201622 dv-neutron-843303-1-hyperv neutron-server[104534]: INFO neutron.api.v2.resource [None req-ee3c753a-bcb0-480c-bd32-64d883f523cb tempest-QuotasTest-786467699 tempest-QuotasTest-786467699-project-admin] delete failed (client error): The resource could not be found.
May 25 22:28:10.202897 dv-neutron-843303-1-hyperv neutron-server[104534]: INFO neutron.wsgi [None req-ee3c753a-bcb0-480c-bd32-64d883f523cb tempest-QuotasTest-786467699 tempest-QuotasTest-786467699-project-admin] 10.222.0.57 "DELETE /v2.0/quotas/ea41a0ee20314533b3ff188b746170a1 HTTP/1.1" status: 404 len: 348 time: 0.0486434
May 25 22:28:10.248836 dv-neutron-843303-1-hyperv neutron-server[104535]: DEBUG neutron.plugins.ml2.db [None req-60074eaa-a089-4aa0-a629-fdc1fb47cbaf tempest-PortsAdminExtendedAttrsTestJSON-1153154904 tempest-PortsAdminExtendedAttrsTestJSON-1153154904-project-admin] For port 7c8e1ac6-3668-4eff-9cbe-453ccb0e116c, host hv-neutron-8433, cleared binding levels {{(pid=104535) clear_binding_levels /opt/stack/neutron/neutron/plugins/ml2/db.py:87}}
May 25 22:28:10.249040 dv-neutron-843303-1-hyperv neutron-server[104535]: DEBUG neutron.plugins.ml2.db [None req-60074eaa-a089-4aa0-a629-fdc1fb47cbaf tempest-PortsAdminExtendedAttrsTestJSON-1153154904 tempest-PortsAdminExtendedAttrsTestJSON-1153154904-project-admin] Attempted to set empty binding levels {{(pid=104535) set_binding_levels /opt/stack/neutron/neutron/plugins/ml2/db.py:65}}
May 25 22:28:10.254306 dv-neutron-843303-1-hyperv neutron-server[104534]: DEBUG neutron_lib.callbacks.manager [None req-46dbe490-a9b3-4258-9ff0-401d69d9808e tempest-DHCPAgentSchedulersTestJSON-568390202 tempest-DHCPAgentSchedulersTestJSON-568390202-project] Publish callbacks ['neutron.services.l3_router.l3_router_plugin.L3_NAT_dbonly_mixin._precommit_delete_port_callback-544141'] for port (181f3afd-9d76-48a0-99ab-ad3a85ed5b8f), precommit_delete {{(pid=104534) _notify_loop /usr/local/lib/python3.8/dist-packages/neutron_lib/callbacks/manager.py:176}}
May 25 22:28:10.260879 dv-neutron-843303-1-hyperv neutron-server[104535]: DEBUG neutron.scheduler.dhcp_agent_scheduler [None req-8c56b0f6-b98b-44e5-bede-afea0a9c7752 admin admin] Network c628ee49-21bb-4985-a3ac-5376939e7e22 is already hosted by enough agents. {{(pid=104535) _get_dhcp_agents_hosting_network /opt/stack/neutron/neutron/scheduler/dhcp_agent_scheduler.py:275}}
May 25 22:28:10.268200 dv-neutron-843303-1-hyperv neutron-server[104534]: DEBUG neutron_lib.callbacks.manager [None req-48b22323-9c6d-412f-ba53-a9e23290e556 tempest-ServersTestJSON-496069892 tempest-ServersTestJSON-496069892-project] Publish callbacks [] for security_group_rule (74b1ad20-bccb-444f-8780-d34c81de1dcd), before_create {{(pid=104534) _notify_loop /usr/local/lib/python3.8/dist-packages/neutron_lib/callbacks/manager.py:176}}
May 25 22:28:10.278949 dv-neutron-843303-1-hyperv neutron-server[104535]: DEBUG neutron.scheduler.base_scheduler [None req-8c56b0f6-b98b-44e5-bede-afea0a9c7752 admin admin] Resources bound (agent type, host, resource id): {{(pid=104535) schedule /opt/stack/neutron/neutron/scheduler/base_scheduler.py:57}}
May 25 22:28:10.281247 dv-neutron-843303-1-hyperv neutron-server[104535]: DEBUG neutron_lib.callbacks.manager [None req-60074eaa-a089-4aa0-a629-fdc1fb47cbaf tempest-PortsAdminExtendedAttrsTestJSON-1153154904 tempest-PortsAdminExtendedAttrsTestJSON-1153154904-project-admin] Publish callbacks ['neutron.plugins.ml2.plugin.SecurityGroupServerNotifierRpcMixin._notify_sg_on_port_change-1796622', 'neutron.plugins.ml2.ovo_rpc._ObjectChangeHandler.handle_event-111478', 'neutron.api.rpc.agentnotifiers.dhcp_rpc_agent_api.DhcpAgentNotifyAPI._native_event_send_dhcp_notification-373581', 'neutron.db.l3_db.L3RpcNotifierMixin._notify_gateway_port_ip_changed-8779442579146', 'neutron.db.l3_dvrscheduler_db._notify_l3_agent_port_update-8779442038559', 'neutron.db.l3_hascheduler_db._notify_l3_agent_ha_port_update-8779442038577'] for port (7c8e1ac6-3668-4eff-9cbe-453ccb0e116c), after_update {{(pid=104535) _notify_loop /usr/local/lib/python3.8/dist-packages/neutron_lib/callbacks/manager.py:176}}
May 25 22:28:10.283930 dv-neutron-843303-1-hyperv neutron-server[104535]: DEBUG dbcounter [-] [104535] Writing DB stats neutron:SELECT=80,neutron:INSERT=15,neutron:UPDATE=4,neutron:DELETE=1 {{(pid=104535) stat_writer /usr/local/lib/python3.8/dist-packages/dbcounter.py:114}}
May 25 22:28:10.285912 dv-neutron-843303-1-hyperv neutron-server[104535]: DEBUG neutron_lib.callbacks.manager [None req-f113aad3-e93b-4cec-8b48-e0206fe362e4 tempest-FloatingIPAdminTestJSON-95032422 tempest-FloatingIPAdminTestJSON-95032422-project] Publish callbacks ['neutron.services.auto_allocate.db._ensure_external_network_default_value_callback-8779442043212'] for network (e7afb993-4ac0-461f-b1a1-995e6557998d), precommit_create {{(pid=104535) _notify_loop /usr/local/lib/python3.8/dist-packages/neutron_lib/callbacks/manager.py:176}}
May 25 22:28:10.293109 dv-neutron-843303-1-hyperv neutron-server[104534]: DEBUG neutron.plugins.ml2.plugin [None req-46dbe490-a9b3-4258-9ff0-401d69d9808e tempest-DHCPAgentSchedulersTestJSON-568390202 tempest-DHCPAgentSchedulersTestJSON-568390202-project] Calling delete_port for 181f3afd-9d76-48a0-99ab-ad3a85ed5b8f owned by {{(pid=104534) delete_port /opt/stack/neutron/neutron/plugins/ml2/plugin.py:2120}}
