May 25 23:07:14.484176 dv-neutron-843300-1-hyperv devstack@placement-api.service[85198]: INFO placement.requestlog [req-3c2d9130-1200-4f46-9331-9f2600abc8fa req-7c0dbd01-3fe4-490a-a554-cd0857199bb7 service placement] 10.222.0.66 "PUT /placement/allocations/97a52113-e86b-4294-8119-16cdd015f1bc" status: 204 len: 0 microversion: 1.35
May 25 23:07:14.484405 dv-neutron-843300-1-hyperv devstack@placement-api.service[85198]: [pid: 85198|app: 0|req: 59/117] 10.222.0.66 () {64 vars in 1433 bytes} [Wed May 25 23:07:14 2022] PUT /placement/allocations/97a52113-e86b-4294-8119-16cdd015f1bc => generated 0 bytes in 169 msecs (HTTP/1.1 204) 5 headers in 199 bytes (1 switches on core 0)
May 25 23:07:15.322418 dv-neutron-843300-1-hyperv devstack@placement-api.service[85197]: DEBUG placement.requestlog [req-3c2d9130-1200-4f46-9331-9f2600abc8fa req-b01d67d8-4883-4e92-a4f6-a7d54a4007c4 None None] Starting request: 10.222.0.73 "GET /placement/allocations/97a52113-e86b-4294-8119-16cdd015f1bc" {{(pid=85197) __call__ /opt/stack/placement/placement/requestlog.py:55}}
May 25 23:07:15.336342 dv-neutron-843300-1-hyperv devstack@placement-api.service[85197]: INFO placement.requestlog [req-3c2d9130-1200-4f46-9331-9f2600abc8fa req-b01d67d8-4883-4e92-a4f6-a7d54a4007c4 service placement] 10.222.0.73 "GET /placement/allocations/97a52113-e86b-4294-8119-16cdd015f1bc" status: 200 len: 259 microversion: 1.28
May 25 23:07:15.336814 dv-neutron-843300-1-hyperv devstack@placement-api.service[85197]: [pid: 85197|app: 0|req: 59/118] 10.222.0.73 () {60 vars in 1377 bytes} [Wed May 25 23:07:15 2022] GET /placement/allocations/97a52113-e86b-4294-8119-16cdd015f1bc => generated 259 bytes in 15 msecs (HTTP/1.1 200) 8 headers in 296 bytes (1 switches on core 0)
May 25 23:08:04.766025 dv-neutron-843300-1-hyperv devstack@placement-api.service[85198]: DEBUG placement.requestlog [req-6ebc7b67-928b-4f61-a42e-0da132a2690c req-626a3c53-3284-4ddd-bf85-e35153dc885c None None] Starting request: 10.222.0.73 "GET /placement/resource_providers/9375b511-8e1c-46e3-9bf5-c63a38341c4a/allocations" {{(pid=85198) __call__ /opt/stack/placement/placement/requestlog.py:55}}
May 25 23:08:04.784749 dv-neutron-843300-1-hyperv devstack@placement-api.service[85198]: INFO placement.requestlog [req-6ebc7b67-928b-4f61-a42e-0da132a2690c req-626a3c53-3284-4ddd-bf85-e35153dc885c service placement] 10.222.0.73 "GET /placement/resource_providers/9375b511-8e1c-46e3-9bf5-c63a38341c4a/allocations" status: 200 len: 154 microversion: 1.0
May 25 23:08:04.785111 dv-neutron-843300-1-hyperv devstack@placement-api.service[85198]: [pid: 85198|app: 0|req: 60/119] 10.222.0.73 () {58 vars in 1390 bytes} [Wed May 25 23:08:04 2022] GET /placement/resource_providers/9375b511-8e1c-46e3-9bf5-c63a38341c4a/allocations => generated 154 bytes in 19 msecs (HTTP/1.1 200) 6 headers in 224 bytes (1 switches on core 0)
May 25 23:08:15.793962 dv-neutron-843300-1-hyperv devstack@placement-api.service[85197]: DEBUG placement.requestlog [req-15b5b98b-efd1-4f67-85ef-9edf79f9ad95 req-451ba585-e358-4658-9b47-c785f6dc596e None None] Starting request: 10.222.0.73 "GET /placement/allocations/97a52113-e86b-4294-8119-16cdd015f1bc" {{(pid=85197) __call__ /opt/stack/placement/placement/requestlog.py:55}}
May 25 23:08:15.808836 dv-neutron-843300-1-hyperv devstack@placement-api.service[85197]: INFO placement.requestlog [req-15b5b98b-efd1-4f67-85ef-9edf79f9ad95 req-451ba585-e358-4658-9b47-c785f6dc596e service placement] 10.222.0.73 "GET /placement/allocations/97a52113-e86b-4294-8119-16cdd015f1bc" status: 200 len: 259 microversion: 1.28
May 25 23:08:15.809036 dv-neutron-843300-1-hyperv devstack@placement-api.service[85197]: [pid: 85197|app: 0|req: 60/120] 10.222.0.73 () {60 vars in 1377 bytes} [Wed May 25 23:08:15 2022] GET /placement/allocations/97a52113-e86b-4294-8119-16cdd015f1bc => generated 259 bytes in 15 msecs (HTTP/1.1 200) 8 headers in 296 bytes (1 switches on core 0)
May 25 23:08:15.815106 dv-neutron-843300-1-hyperv devstack@placement-api.service[85198]: DEBUG placement.requestlog [req-15b5b98b-efd1-4f67-85ef-9edf79f9ad95 req-d76c80fb-49e6-499c-8f88-fc4561b52359 None None] Starting request: 10.222.0.73 "PUT /placement/allocations/97a52113-e86b-4294-8119-16cdd015f1bc" {{(pid=85198) __call__ /opt/stack/placement/placement/requestlog.py:55}}
May 25 23:08:15.942629 dv-neutron-843300-1-hyperv devstack@placement-api.service[85198]: DEBUG placement.handlers.allocation [req-15b5b98b-efd1-4f67-85ef-9edf79f9ad95 req-d76c80fb-49e6-499c-8f88-fc4561b52359 service placement] Successfully wrote allocations [, , ] {{(pid=85198) _create_allocations /opt/stack/placement/placement/handlers/allocation.py:435}}
May 25 23:08:15.943041 dv-neutron-843300-1-hyperv devstack@placement-api.service[85198]: INFO placement.requestlog [req-15b5b98b-efd1-4f67-85ef-9edf79f9ad95 req-d76c80fb-49e6-499c-8f88-fc4561b52359 service placement] 10.222.0.73 "PUT /placement/allocations/97a52113-e86b-4294-8119-16cdd015f1bc" status: 204 len: 0 microversion: 1.28
May 25 23:08:15.943272 dv-neutron-843300-1-hyperv devstack@placement-api.service[85198]: [pid: 85198|app: 0|req: 61/121] 10.222.0.73 () {64 vars in 1430 bytes} [Wed May 25 23:08:15 2022] PUT /placement/allocations/97a52113-e86b-4294-8119-16cdd015f1bc => generated 0 bytes in 128 msecs (HTTP/1.1 204) 5 headers in 199 bytes (1 switches on core 0)
May 25 23:08:34.762143 dv-neutron-843300-1-hyperv devstack@placement-api.service[85197]: DEBUG placement.requestlog [req-188833f1-a1a6-4ebd-bf6a-d74821c74111 req-a96c42e2-a902-4ef3-b2bb-6d0fe4371070 None None] Starting request: 10.222.0.66 "GET /placement/allocation_candidates?limit=1000&resources=DISK_GB%3A1%2CMEMORY_MB%3A1024%2CVCPU%3A1&root_required=%21COMPUTE_STATUS_DISABLED" {{(pid=85197) __call__ /opt/stack/placement/placement/requestlog.py:55}}
May 25 23:08:34.865778 dv-neutron-843300-1-hyperv devstack@placement-api.service[85197]: DEBUG placement.objects.research_context [req-188833f1-a1a6-4ebd-bf6a-d74821c74111 req-a96c42e2-a902-4ef3-b2bb-6d0fe4371070 service placement] getting providers with 1 DISK_GB {{(pid=85197) __init__ /opt/stack/placement/placement/objects/research_context.py:126}}
May 25 23:08:34.872502 dv-neutron-843300-1-hyperv devstack@placement-api.service[85197]: DEBUG placement.objects.research_context [req-188833f1-a1a6-4ebd-bf6a-d74821c74111 req-a96c42e2-a902-4ef3-b2bb-6d0fe4371070 service placement] getting providers with 1024 MEMORY_MB {{(pid=85197) __init__ /opt/stack/placement/placement/objects/research_context.py:126}}
May 25 23:08:34.878265 dv-neutron-843300-1-hyperv devstack@placement-api.service[85197]: DEBUG placement.objects.research_context [req-188833f1-a1a6-4ebd-bf6a-d74821c74111 req-a96c42e2-a902-4ef3-b2bb-6d0fe4371070 service placement] getting providers with 1 VCPU {{(pid=85197) __init__ /opt/stack/placement/placement/objects/research_context.py:126}}
May 25 23:08:34.884154 dv-neutron-843300-1-hyperv devstack@placement-api.service[85197]: DEBUG placement.objects.research_context [req-188833f1-a1a6-4ebd-bf6a-d74821c74111 req-a96c42e2-a902-4ef3-b2bb-6d0fe4371070 service placement] found 1 providers with available 1 DISK_GB {{(pid=85197) get_provider_ids_matching /opt/stack/placement/placement/objects/research_context.py:549}}
May 25 23:08:34.884432 dv-neutron-843300-1-hyperv devstack@placement-api.service[85197]: DEBUG placement.objects.research_context [req-188833f1-a1a6-4ebd-bf6a-d74821c74111 req-a96c42e2-a902-4ef3-b2bb-6d0fe4371070 service placement] found 1 providers with available 1024 MEMORY_MB {{(pid=85197) get_provider_ids_matching /opt/stack/placement/placement/objects/research_context.py:549}}
May 25 23:08:34.884737 dv-neutron-843300-1-hyperv devstack@placement-api.service[85197]: DEBUG placement.objects.research_context [req-188833f1-a1a6-4ebd-bf6a-d74821c74111 req-a96c42e2-a902-4ef3-b2bb-6d0fe4371070 service placement] found 1 providers after filtering by previous result {{(pid=85197) get_provider_ids_matching /opt/stack/placement/placement/objects/research_context.py:580}}
May 25 23:08:34.885097 dv-neutron-843300-1-hyperv devstack@placement-api.service[85197]: DEBUG placement.objects.research_context [req-188833f1-a1a6-4ebd-bf6a-d74821c74111 req-a96c42e2-a902-4ef3-b2bb-6d0fe4371070 service placement] found 1 providers with available 1 VCPU {{(pid=85197) get_provider_ids_matching /opt/stack/placement/placement/objects/research_context.py:549}}
May 25 23:08:34.885563 dv-neutron-843300-1-hyperv devstack@placement-api.service[85197]: DEBUG placement.objects.research_context [req-188833f1-a1a6-4ebd-bf6a-d74821c74111 req-a96c42e2-a902-4ef3-b2bb-6d0fe4371070 service placement] found 1 providers after filtering by previous result {{(pid=85197) get_provider_ids_matching /opt/stack/placement/placement/objects/research_context.py:580}}
May 25 23:08:34.896820 dv-neutron-843300-1-hyperv devstack@placement-api.service[85197]: DEBUG placement.objects.allocation_candidate [req-188833f1-a1a6-4ebd-bf6a-d74821c74111 req-a96c42e2-a902-4ef3-b2bb-6d0fe4371070 service placement] RequestGroup(use_same_provider=False, resources={DISK_GB:1, MEMORY_MB:1024, VCPU:1}, traits=[], aggregates=[]) (suffix '') returned 1 matches {{(pid=85197) _get_by_requests /opt/stack/placement/placement/objects/allocation_candidate.py:145}}
May 25 23:08:34.897088 dv-neutron-843300-1-hyperv devstack@placement-api.service[85197]: DEBUG placement.objects.allocation_candidate [req-188833f1-a1a6-4ebd-bf6a-d74821c74111 req-a96c42e2-a902-4ef3-b2bb-6d0fe4371070 service placement] Merging candidates yields 1 allocation requests and 1 provider summaries {{(pid=85197) _merge_candidates /opt/stack/placement/placement/objects/allocation_candidate.py:783}}
May 25 23:08:34.898364 dv-neutron-843300-1-hyperv devstack@placement-api.service[85197]: INFO placement.requestlog [req-188833f1-a1a6-4ebd-bf6a-d74821c74111 req-a96c42e2-a902-4ef3-b2bb-6d0fe4371070 service placement] 10.222.0.66 "GET /placement/allocation_candidates?limit=1000&resources=DISK_GB%3A1%2CMEMORY_MB%3A1024%2CVCPU%3A1&root_required=%21COMPUTE_STATUS_DISABLED" status: 200 len: 764 microversion: 1.35
May 25 23:08:34.898577 dv-neutron-843300-1-hyperv devstack@placement-api.service[85197]: [pid: 85197|app: 0|req: 61/122] 10.222.0.66 () {60 vars in 1506 bytes} [Wed May 25 23:08:34 2022] GET /placement/allocation_candidates?limit=1000&resources=DISK_GB%3A1%2CMEMORY_MB%3A1024%2CVCPU%3A1&root_required=%21COMPUTE_STATUS_DISABLED => generated 764 bytes in 137 msecs (HTTP/1.1 200) 8 headers in 296 bytes (1 switches on core 0)
May 25 23:08:34.935293 dv-neutron-843300-1-hyperv devstack@placement-api.service[85198]: DEBUG placement.requestlog [req-188833f1-a1a6-4ebd-bf6a-d74821c74111 req-4e063075-a615-46ba-a426-382c43c2e6d3 None None] Starting request: 10.222.0.66 "GET /placement/allocations/eda36655-736d-4ed9-aa86-c7f9fd714a64" {{(pid=85198) __call__ /opt/stack/placement/placement/requestlog.py:55}}
May 25 23:08:35.016872 dv-neutron-843300-1-hyperv devstack@placement-api.service[85198]: INFO placement.requestlog [req-188833f1-a1a6-4ebd-bf6a-d74821c74111 req-4e063075-a615-46ba-a426-382c43c2e6d3 service placement] 10.222.0.66 "GET /placement/allocations/eda36655-736d-4ed9-aa86-c7f9fd714a64" status: 200 len: 19 microversion: 1.28
May 25 23:08:35.017356 dv-neutron-843300-1-hyperv devstack@placement-api.service[85198]: [pid: 85198|app: 0|req: 62/123] 10.222.0.66 () {60 vars in 1380 bytes} [Wed May 25 23:08:34 2022] GET /placement/allocations/eda36655-736d-4ed9-aa86-c7f9fd714a64 => generated 19 bytes in 82 msecs (HTTP/1.1 200) 8 headers in 295 bytes (1 switches on core 0)
May 25 23:08:35.022442 dv-neutron-843300-1-hyperv devstack@placement-api.service[85197]: DEBUG placement.requestlog [req-188833f1-a1a6-4ebd-bf6a-d74821c74111 req-981a5263-7458-4ed9-959f-412e9c0aac12 None None] Starting request: 10.222.0.66 "PUT /placement/allocations/eda36655-736d-4ed9-aa86-c7f9fd714a64" {{(pid=85197) __call__ /opt/stack/placement/placement/requestlog.py:55}}
May 25 23:08:35.202367 dv-neutron-843300-1-hyperv devstack@placement-api.service[85197]: DEBUG placement.handlers.allocation [req-188833f1-a1a6-4ebd-bf6a-d74821c74111 req-981a5263-7458-4ed9-959f-412e9c0aac12 service placement] Successfully wrote allocations [, , ] {{(pid=85197) _create_allocations /opt/stack/placement/placement/handlers/allocation.py:435}}
May 25 23:08:35.202866 dv-neutron-843300-1-hyperv devstack@placement-api.service[85197]: INFO placement.requestlog [req-188833f1-a1a6-4ebd-bf6a-d74821c74111 req-981a5263-7458-4ed9-959f-412e9c0aac12 service placement] 10.222.0.66 "PUT /placement/allocations/eda36655-736d-4ed9-aa86-c7f9fd714a64" status: 204 len: 0 microversion: 1.35
May 25 23:08:35.203111 dv-neutron-843300-1-hyperv devstack@placement-api.service[85197]: [pid: 85197|app: 0|req: 62/124] 10.222.0.66 () {64 vars in 1433 bytes} [Wed May 25 23:08:35 2022] PUT /placement/allocations/eda36655-736d-4ed9-aa86-c7f9fd714a64 => generated 0 bytes in 181 msecs (HTTP/1.1 204) 5 headers in 199 bytes (1 switches on core 0)
May 25 23:08:36.027218 dv-neutron-843300-1-hyperv devstack@placement-api.service[85198]: DEBUG placement.requestlog [req-188833f1-a1a6-4ebd-bf6a-d74821c74111 req-557a4140-f727-4706-ab16-cec4e138a6b4 None None] Starting request: 10.222.0.73 "GET /placement/allocations/eda36655-736d-4ed9-aa86-c7f9fd714a64" {{(pid=85198) __call__ /opt/stack/placement/placement/requestlog.py:55}}
May 25 23:08:36.041866 dv-neutron-843300-1-hyperv devstack@placement-api.service[85198]: INFO placement.requestlog [req-188833f1-a1a6-4ebd-bf6a-d74821c74111 req-557a4140-f727-4706-ab16-cec4e138a6b4 service placement] 10.222.0.73 "GET /placement/allocations/eda36655-736d-4ed9-aa86-c7f9fd714a64" status: 200 len: 259 microversion: 1.28
May 25 23:08:36.042190 dv-neutron-843300-1-hyperv devstack@placement-api.service[85198]: [pid: 85198|app: 0|req: 63/125] 10.222.0.73 () {60 vars in 1377 bytes} [Wed May 25 23:08:36 2022] GET /placement/allocations/eda36655-736d-4ed9-aa86-c7f9fd714a64 => generated 259 bytes in 15 msecs (HTTP/1.1 200) 8 headers in 296 bytes (1 switches on core 0)
May 25 23:09:05.784082 dv-neutron-843300-1-hyperv devstack@placement-api.service[85197]: DEBUG placement.requestlog [req-eeae5be4-0f6f-4d40-88a0-6c2169f1e08b req-68b46df6-9849-4481-b42a-23ed369b8599 None None] Starting request: 10.222.0.73 "GET /placement/resource_providers/9375b511-8e1c-46e3-9bf5-c63a38341c4a/allocations" {{(pid=85197) __call__ /opt/stack/placement/placement/requestlog.py:55}}
May 25 23:09:05.802459 dv-neutron-843300-1-hyperv devstack@placement-api.service[85197]: INFO placement.requestlog [req-eeae5be4-0f6f-4d40-88a0-6c2169f1e08b req-68b46df6-9849-4481-b42a-23ed369b8599 service placement] 10.222.0.73 "GET /placement/resource_providers/9375b511-8e1c-46e3-9bf5-c63a38341c4a/allocations" status: 200 len: 154 microversion: 1.0
May 25 23:09:05.802668 dv-neutron-843300-1-hyperv devstack@placement-api.service[85197]: [pid: 85197|app: 0|req: 63/126] 10.222.0.73 () {58 vars in 1390 bytes} [Wed May 25 23:09:05 2022] GET /placement/resource_providers/9375b511-8e1c-46e3-9bf5-c63a38341c4a/allocations => generated 154 bytes in 19 msecs (HTTP/1.1 200) 6 headers in 224 bytes (1 switches on core 0)
May 25 23:10:06.778903 dv-neutron-843300-1-hyperv devstack@placement-api.service[85198]: DEBUG placement.requestlog [req-4ec70ac9-6f5a-4cde-ada8-6bbcc706ff44 req-a6b8bf24-53a7-4b9b-a536-87d8d0894199 None None] Starting request: 10.222.0.73 "GET /placement/resource_providers/9375b511-8e1c-46e3-9bf5-c63a38341c4a/allocations" {{(pid=85198) __call__ /opt/stack/placement/placement/requestlog.py:55}}
May 25 23:10:06.864454 dv-neutron-843300-1-hyperv devstack@placement-api.service[85198]: INFO placement.requestlog [req-4ec70ac9-6f5a-4cde-ada8-6bbcc706ff44 req-a6b8bf24-53a7-4b9b-a536-87d8d0894199 service placement] 10.222.0.73 "GET /placement/resource_providers/9375b511-8e1c-46e3-9bf5-c63a38341c4a/allocations" status: 200 len: 154 microversion: 1.0
May 25 23:10:06.864662 dv-neutron-843300-1-hyperv devstack@placement-api.service[85198]: [pid: 85198|app: 0|req: 64/127] 10.222.0.73 () {58 vars in 1390 bytes} [Wed May 25 23:10:06 2022] GET /placement/resource_providers/9375b511-8e1c-46e3-9bf5-c63a38341c4a/allocations => generated 154 bytes in 86 msecs (HTTP/1.1 200) 6 headers in 224 bytes (1 switches on core 0)
May 25 23:10:06.874456 dv-neutron-843300-1-hyperv devstack@placement-api.service[85197]: DEBUG placement.requestlog [req-4ec70ac9-6f5a-4cde-ada8-6bbcc706ff44 req-8c6c1542-d7ac-45f5-b103-4702aab7a3f4 None None] Starting request: 10.222.0.73 "GET /placement/resource_providers?in_tree=9375b511-8e1c-46e3-9bf5-c63a38341c4a" {{(pid=85197) __call__ /opt/stack/placement/placement/requestlog.py:55}}
May 25 23:10:06.889142 dv-neutron-843300-1-hyperv devstack@placement-api.service[85197]: INFO placement.requestlog [req-4ec70ac9-6f5a-4cde-ada8-6bbcc706ff44 req-8c6c1542-d7ac-45f5-b103-4702aab7a3f4 service placement] 10.222.0.73 "GET /placement/resource_providers?in_tree=9375b511-8e1c-46e3-9bf5-c63a38341c4a" status: 200 len: 865 microversion: 1.14
May 25 23:10:06.889341 dv-neutron-843300-1-hyperv devstack@placement-api.service[85197]: [pid: 85197|app: 0|req: 64/128] 10.222.0.73 () {60 vars in 1376 bytes} [Wed May 25 23:10:06 2022] GET /placement/resource_providers?in_tree=9375b511-8e1c-46e3-9bf5-c63a38341c4a => generated 865 bytes in 15 msecs (HTTP/1.1 200) 6 headers in 225 bytes (1 switches on core 0)
May 25 23:10:06.895623 dv-neutron-843300-1-hyperv devstack@placement-api.service[85198]: DEBUG placement.requestlog [req-4ec70ac9-6f5a-4cde-ada8-6bbcc706ff44 req-18184adc-c2f1-454a-80f4-77d155ce57af None None] Starting request: 10.222.0.73 "GET /placement/resource_providers/9375b511-8e1c-46e3-9bf5-c63a38341c4a/inventories" {{(pid=85198) __call__ /opt/stack/placement/placement/requestlog.py:55}}
May 25 23:10:06.911799 dv-neutron-843300-1-hyperv devstack@placement-api.service[85198]: INFO placement.requestlog [req-4ec70ac9-6f5a-4cde-ada8-6bbcc706ff44 req-18184adc-c2f1-454a-80f4-77d155ce57af service placement] 10.222.0.73 "GET /placement/resource_providers/9375b511-8e1c-46e3-9bf5-c63a38341c4a/inventories" status: 200 len: 398 microversion: 1.0
May 25 23:10:06.911992 dv-neutron-843300-1-hyperv devstack@placement-api.service[85198]: [pid: 85198|app: 0|req: 65/129] 10.222.0.73 () {58 vars in 1390 bytes} [Wed May 25 23:10:06 2022] GET /placement/resource_providers/9375b511-8e1c-46e3-9bf5-c63a38341c4a/inventories => generated 398 bytes in 16 msecs (HTTP/1.1 200) 6 headers in 224 bytes (1 switches on core 0)
May 25 23:10:06.919651 dv-neutron-843300-1-hyperv devstack@placement-api.service[85197]: DEBUG placement.requestlog [req-4ec70ac9-6f5a-4cde-ada8-6bbcc706ff44 req-8b24dd94-f964-433a-bf0a-b27b1581e3d1 None None] Starting request: 10.222.0.73 "GET /placement/resource_providers/9375b511-8e1c-46e3-9bf5-c63a38341c4a/aggregates" {{(pid=85197) __call__ /opt/stack/placement/placement/requestlog.py:55}}
May 25 23:10:06.931497 dv-neutron-843300-1-hyperv devstack@placement-api.service[85197]: INFO placement.requestlog [req-4ec70ac9-6f5a-4cde-ada8-6bbcc706ff44 req-8b24dd94-f964-433a-bf0a-b27b1581e3d1 service placement] 10.222.0.73 "GET /placement/resource_providers/9375b511-8e1c-46e3-9bf5-c63a38341c4a/aggregates" status: 200 len: 54 microversion: 1.19
May 25 23:10:06.931700 dv-neutron-843300-1-hyperv devstack@placement-api.service[85197]: [pid: 85197|app: 0|req: 65/130] 10.222.0.73 () {60 vars in 1431 bytes} [Wed May 25 23:10:06 2022] GET /placement/resource_providers/9375b511-8e1c-46e3-9bf5-c63a38341c4a/aggregates => generated 54 bytes in 12 msecs (HTTP/1.1 200) 8 headers in 295 bytes (2 switches on core 0)
May 25 23:10:06.944456 dv-neutron-843300-1-hyperv devstack@placement-api.service[85198]: DEBUG placement.requestlog [req-4ec70ac9-6f5a-4cde-ada8-6bbcc706ff44 req-7d724925-835c-4d1c-92a3-9f21bfbadf2f None None] Starting request: 10.222.0.73 "GET /placement/resource_providers/9375b511-8e1c-46e3-9bf5-c63a38341c4a/traits" {{(pid=85198) __call__ /opt/stack/placement/placement/requestlog.py:55}}
May 25 23:10:06.968066 dv-neutron-843300-1-hyperv devstack@placement-api.service[85198]: INFO placement.requestlog [req-4ec70ac9-6f5a-4cde-ada8-6bbcc706ff44 req-7d724925-835c-4d1c-92a3-9f21bfbadf2f service placement] 10.222.0.73 "GET /placement/resource_providers/9375b511-8e1c-46e3-9bf5-c63a38341c4a/traits" status: 200 len: 300 microversion: 1.6
May 25 23:10:06.968260 dv-neutron-843300-1-hyperv devstack@placement-api.service[85198]: [pid: 85198|app: 0|req: 66/131] 10.222.0.73 () {60 vars in 1418 bytes} [Wed May 25 23:10:06 2022] GET /placement/resource_providers/9375b511-8e1c-46e3-9bf5-c63a38341c4a/traits => generated 300 bytes in 25 msecs (HTTP/1.1 200) 6 headers in 224 bytes (2 switches on core 0)
May 25 23:11:06.744459 dv-neutron-843300-1-hyperv devstack@placement-api.service[85197]: DEBUG placement.requestlog [req-4cf74acb-06e2-423a-9084-512f29f056cb req-315e9ab3-cc01-4240-ad7a-656d714ff209 None None] Starting request: 10.222.0.73 "GET /placement/resource_providers/9375b511-8e1c-46e3-9bf5-c63a38341c4a/allocations" {{(pid=85197) __call__ /opt/stack/placement/placement/requestlog.py:55}}
May 25 23:11:06.763534 dv-neutron-843300-1-hyperv devstack@placement-api.service[85197]: INFO placement.requestlog [req-4cf74acb-06e2-423a-9084-512f29f056cb req-315e9ab3-cc01-4240-ad7a-656d714ff209 service placement] 10.222.0.73 "GET /placement/resource_providers/9375b511-8e1c-46e3-9bf5-c63a38341c4a/allocations" status: 200 len: 154 microversion: 1.0
May 25 23:11:06.763741 dv-neutron-843300-1-hyperv devstack@placement-api.service[85197]: [pid: 85197|app: 0|req: 66/132] 10.222.0.73 () {58 vars in 1390 bytes} [Wed May 25 23:11:06 2022] GET /placement/resource_providers/9375b511-8e1c-46e3-9bf5-c63a38341c4a/allocations => generated 154 bytes in 20 msecs (HTTP/1.1 200) 6 headers in 224 bytes (1 switches on core 0)
May 25 23:11:29.230798 dv-neutron-843300-1-hyperv devstack@placement-api.service[85198]: DEBUG placement.requestlog [req-73e252a5-c1ae-4007-985e-b88fad26e5e0 req-23007ebe-3ce0-41cd-a0a1-3dc0bb3c7d66 None None] Starting request: 10.222.0.73 "GET /placement/allocations/eda36655-736d-4ed9-aa86-c7f9fd714a64" {{(pid=85198) __call__ /opt/stack/placement/placement/requestlog.py:55}}
May 25 23:11:29.244940 dv-neutron-843300-1-hyperv devstack@placement-api.service[85198]: INFO placement.requestlog [req-73e252a5-c1ae-4007-985e-b88fad26e5e0 req-23007ebe-3ce0-41cd-a0a1-3dc0bb3c7d66 service placement] 10.222.0.73 "GET /placement/allocations/eda36655-736d-4ed9-aa86-c7f9fd714a64" status: 200 len: 259 microversion: 1.28
May 25 23:11:29.245214 dv-neutron-843300-1-hyperv devstack@placement-api.service[85198]: [pid: 85198|app: 0|req: 67/133] 10.222.0.73 () {60 vars in 1377 bytes} [Wed May 25 23:11:29 2022] GET /placement/allocations/eda36655-736d-4ed9-aa86-c7f9fd714a64 => generated 259 bytes in 15 msecs (HTTP/1.1 200) 8 headers in 296 bytes (1 switches on core 0)
May 25 23:11:29.251589 dv-neutron-843300-1-hyperv devstack@placement-api.service[85197]: DEBUG placement.requestlog [req-73e252a5-c1ae-4007-985e-b88fad26e5e0 req-8756c974-abfa-476c-b07f-66e5eca2a9e4 None None] Starting request: 10.222.0.73 "PUT /placement/allocations/eda36655-736d-4ed9-aa86-c7f9fd714a64" {{(pid=85197) __call__ /opt/stack/placement/placement/requestlog.py:55}}
May 25 23:11:29.346963 dv-neutron-843300-1-hyperv devstack@placement-api.service[85197]: DEBUG placement.handlers.allocation [req-73e252a5-c1ae-4007-985e-b88fad26e5e0 req-8756c974-abfa-476c-b07f-66e5eca2a9e4 service placement] Successfully wrote allocations [, , ] {{(pid=85197) _create_allocations /opt/stack/placement/placement/handlers/allocation.py:435}}
May 25 23:11:29.347478 dv-neutron-843300-1-hyperv devstack@placement-api.service[85197]: INFO placement.requestlog [req-73e252a5-c1ae-4007-985e-b88fad26e5e0 req-8756c974-abfa-476c-b07f-66e5eca2a9e4 service placement] 10.222.0.73 "PUT /placement/allocations/eda36655-736d-4ed9-aa86-c7f9fd714a64" status: 204 len: 0 microversion: 1.28
May 25 23:11:29.347758 dv-neutron-843300-1-hyperv devstack@placement-api.service[85197]: [pid: 85197|app: 0|req: 67/134] 10.222.0.73 () {64 vars in 1430 bytes} [Wed May 25 23:11:29 2022] PUT /placement/allocations/eda36655-736d-4ed9-aa86-c7f9fd714a64 => generated 0 bytes in 96 msecs (HTTP/1.1 204) 5 headers in 199 bytes (2 switches on core 0)
May 25 23:11:48.746200 dv-neutron-843300-1-hyperv devstack@placement-api.service[85198]: DEBUG placement.requestlog [req-612958a7-f5c7-4dd1-9206-9f2363df45ca req-84a96dbc-306e-480b-935c-f402416dd8d4 None None] Starting request: 10.222.0.66 "GET /placement/allocation_candidates?limit=1000&resources=DISK_GB%3A1%2CMEMORY_MB%3A1024%2CVCPU%3A1&root_required=%21COMPUTE_STATUS_DISABLED" {{(pid=85198) __call__ /opt/stack/placement/placement/requestlog.py:55}}
May 25 23:11:48.784610 dv-neutron-843300-1-hyperv devstack@placement-api.service[85198]: DEBUG placement.objects.research_context [req-612958a7-f5c7-4dd1-9206-9f2363df45ca req-84a96dbc-306e-480b-935c-f402416dd8d4 service placement] getting providers with 1 DISK_GB {{(pid=85198) __init__ /opt/stack/placement/placement/objects/research_context.py:126}}
May 25 23:11:48.791551 dv-neutron-843300-1-hyperv devstack@placement-api.service[85198]: DEBUG placement.objects.research_context [req-612958a7-f5c7-4dd1-9206-9f2363df45ca req-84a96dbc-306e-480b-935c-f402416dd8d4 service placement] getting providers with 1024 MEMORY_MB {{(pid=85198) __init__ /opt/stack/placement/placement/objects/research_context.py:126}}
May 25 23:11:48.796999 dv-neutron-843300-1-hyperv devstack@placement-api.service[85198]: DEBUG placement.objects.research_context [req-612958a7-f5c7-4dd1-9206-9f2363df45ca req-84a96dbc-306e-480b-935c-f402416dd8d4 service placement] getting providers with 1 VCPU {{(pid=85198) __init__ /opt/stack/placement/placement/objects/research_context.py:126}}
May 25 23:11:48.803699 dv-neutron-843300-1-hyperv devstack@placement-api.service[85198]: DEBUG placement.objects.research_context [req-612958a7-f5c7-4dd1-9206-9f2363df45ca req-84a96dbc-306e-480b-935c-f402416dd8d4 service placement] found 1 providers with available 1 DISK_GB {{(pid=85198) get_provider_ids_matching /opt/stack/placement/placement/objects/research_context.py:549}}
May 25 23:11:48.803974 dv-neutron-843300-1-hyperv devstack@placement-api.service[85198]: DEBUG placement.objects.research_context [req-612958a7-f5c7-4dd1-9206-9f2363df45ca req-84a96dbc-306e-480b-935c-f402416dd8d4 service placement] found 1 providers with available 1024 MEMORY_MB {{(pid=85198) get_provider_ids_matching /opt/stack/placement/placement/objects/research_context.py:549}}
May 25 23:11:48.804256 dv-neutron-843300-1-hyperv devstack@placement-api.service[85198]: DEBUG placement.objects.research_context [req-612958a7-f5c7-4dd1-9206-9f2363df45ca req-84a96dbc-306e-480b-935c-f402416dd8d4 service placement] found 1 providers after filtering by previous result {{(pid=85198) get_provider_ids_matching /opt/stack/placement/placement/objects/research_context.py:580}}
May 25 23:11:48.804508 dv-neutron-843300-1-hyperv devstack@placement-api.service[85198]: DEBUG placement.objects.research_context [req-612958a7-f5c7-4dd1-9206-9f2363df45ca req-84a96dbc-306e-480b-935c-f402416dd8d4 service placement] found 1 providers with available 1 VCPU {{(pid=85198) get_provider_ids_matching /opt/stack/placement/placement/objects/research_context.py:549}}
May 25 23:11:48.804869 dv-neutron-843300-1-hyperv devstack@placement-api.service[85198]: DEBUG placement.objects.research_context [req-612958a7-f5c7-4dd1-9206-9f2363df45ca req-84a96dbc-306e-480b-935c-f402416dd8d4 service placement] found 1 providers after filtering by previous result {{(pid=85198) get_provider_ids_matching /opt/stack/placement/placement/objects/research_context.py:580}}
May 25 23:11:48.818286 dv-neutron-843300-1-hyperv devstack@placement-api.service[85198]: DEBUG placement.objects.allocation_candidate [req-612958a7-f5c7-4dd1-9206-9f2363df45ca req-84a96dbc-306e-480b-935c-f402416dd8d4 service placement] RequestGroup(use_same_provider=False, resources={DISK_GB:1, MEMORY_MB:1024, VCPU:1}, traits=[], aggregates=[]) (suffix '') returned 1 matches {{(pid=85198) _get_by_requests /opt/stack/placement/placement/objects/allocation_candidate.py:145}}
May 25 23:11:48.818768 dv-neutron-843300-1-hyperv devstack@placement-api.service[85198]: DEBUG placement.objects.allocation_candidate [req-612958a7-f5c7-4dd1-9206-9f2363df45ca req-84a96dbc-306e-480b-935c-f402416dd8d4 service placement] Merging candidates yields 1 allocation requests and 1 provider summaries {{(pid=85198) _merge_candidates /opt/stack/placement/placement/objects/allocation_candidate.py:783}}
May 25 23:11:48.820210 dv-neutron-843300-1-hyperv devstack@placement-api.service[85198]: INFO placement.requestlog [req-612958a7-f5c7-4dd1-9206-9f2363df45ca req-84a96dbc-306e-480b-935c-f402416dd8d4 service placement] 10.222.0.66 "GET /placement/allocation_candidates?limit=1000&resources=DISK_GB%3A1%2CMEMORY_MB%3A1024%2CVCPU%3A1&root_required=%21COMPUTE_STATUS_DISABLED" status: 200 len: 764 microversion: 1.35
May 25 23:11:48.824736 dv-neutron-843300-1-hyperv devstack@placement-api.service[85198]: [pid: 85198|app: 0|req: 68/135] 10.222.0.66 () {60 vars in 1506 bytes} [Wed May 25 23:11:48 2022] GET /placement/allocation_candidates?limit=1000&resources=DISK_GB%3A1%2CMEMORY_MB%3A1024%2CVCPU%3A1&root_required=%21COMPUTE_STATUS_DISABLED => generated 764 bytes in 79 msecs (HTTP/1.1 200) 8 headers in 296 bytes (2 switches on core 0)
May 25 23:11:48.866201 dv-neutron-843300-1-hyperv devstack@placement-api.service[85197]: DEBUG placement.requestlog [req-612958a7-f5c7-4dd1-9206-9f2363df45ca req-4ac92b04-2c3b-41f5-872d-6faed8ee0974 None None] Starting request: 10.222.0.66 "GET /placement/allocations/403630e5-30a8-41b3-a96a-4ef30de1a788" {{(pid=85197) __call__ /opt/stack/placement/placement/requestlog.py:55}}
May 25 23:11:48.878318 dv-neutron-843300-1-hyperv devstack@placement-api.service[85197]: INFO placement.requestlog [req-612958a7-f5c7-4dd1-9206-9f2363df45ca req-4ac92b04-2c3b-41f5-872d-6faed8ee0974 service placement] 10.222.0.66 "GET /placement/allocations/403630e5-30a8-41b3-a96a-4ef30de1a788" status: 200 len: 19 microversion: 1.28
May 25 23:11:48.878521 dv-neutron-843300-1-hyperv devstack@placement-api.service[85197]: [pid: 85197|app: 0|req: 68/136] 10.222.0.66 () {60 vars in 1380 bytes} [Wed May 25 23:11:48 2022] GET /placement/allocations/403630e5-30a8-41b3-a96a-4ef30de1a788 => generated 19 bytes in 14 msecs (HTTP/1.1 200) 8 headers in 295 bytes (1 switches on core 0)
May 25 23:11:48.884720 dv-neutron-843300-1-hyperv devstack@placement-api.service[85198]: DEBUG placement.requestlog [req-612958a7-f5c7-4dd1-9206-9f2363df45ca req-3bfe7a20-fc4d-4db9-ac09-eb08b72c7e58 None None] Starting request: 10.222.0.66 "PUT /placement/allocations/403630e5-30a8-41b3-a96a-4ef30de1a788" {{(pid=85198) __call__ /opt/stack/placement/placement/requestlog.py:55}}
May 25 23:11:49.095107 dv-neutron-843300-1-hyperv devstack@placement-api.service[85198]: DEBUG placement.handlers.allocation [req-612958a7-f5c7-4dd1-9206-9f2363df45ca req-3bfe7a20-fc4d-4db9-ac09-eb08b72c7e58 service placement] Successfully wrote allocations [, , ] {{(pid=85198) _create_allocations /opt/stack/placement/placement/handlers/allocation.py:435}}
May 25 23:11:49.095549 dv-neutron-843300-1-hyperv devstack@placement-api.service[85198]: INFO placement.requestlog [req-612958a7-f5c7-4dd1-9206-9f2363df45ca req-3bfe7a20-fc4d-4db9-ac09-eb08b72c7e58 service placement] 10.222.0.66 "PUT /placement/allocations/403630e5-30a8-41b3-a96a-4ef30de1a788" status: 204 len: 0 microversion: 1.35
May 25 23:11:49.097027 dv-neutron-843300-1-hyperv devstack@placement-api.service[85198]: [pid: 85198|app: 0|req: 69/137] 10.222.0.66 () {64 vars in 1433 bytes} [Wed May 25 23:11:48 2022] PUT /placement/allocations/403630e5-30a8-41b3-a96a-4ef30de1a788 => generated 0 bytes in 213 msecs (HTTP/1.1 204) 5 headers in 199 bytes (1 switches on core 0)
May 25 23:11:49.853353 dv-neutron-843300-1-hyperv devstack@placement-api.service[85197]: DEBUG placement.requestlog [req-612958a7-f5c7-4dd1-9206-9f2363df45ca req-90804f9c-527e-4c89-b84e-02c48fcba0c1 None None] Starting request: 10.222.0.73 "GET /placement/allocations/403630e5-30a8-41b3-a96a-4ef30de1a788" {{(pid=85197) __call__ /opt/stack/placement/placement/requestlog.py:55}}
May 25 23:11:49.867989 dv-neutron-843300-1-hyperv devstack@placement-api.service[85197]: INFO placement.requestlog [req-612958a7-f5c7-4dd1-9206-9f2363df45ca req-90804f9c-527e-4c89-b84e-02c48fcba0c1 service placement] 10.222.0.73 "GET /placement/allocations/403630e5-30a8-41b3-a96a-4ef30de1a788" status: 200 len: 259 microversion: 1.28
May 25 23:11:49.868594 dv-neutron-843300-1-hyperv devstack@placement-api.service[85197]: [pid: 85197|app: 0|req: 69/138] 10.222.0.73 () {60 vars in 1377 bytes} [Wed May 25 23:11:49 2022] GET /placement/allocations/403630e5-30a8-41b3-a96a-4ef30de1a788 => generated 259 bytes in 15 msecs (HTTP/1.1 200) 8 headers in 296 bytes (1 switches on core 0)
May 25 23:12:06.731401 dv-neutron-843300-1-hyperv devstack@placement-api.service[85198]: DEBUG placement.requestlog [req-85a25d9f-f912-4e65-9fdd-635878109c8c req-329ad02d-5f39-4619-a253-bda30eb1969f None None] Starting request: 10.222.0.66 "GET /placement/allocation_candidates?limit=1000&resources=DISK_GB%3A1%2CMEMORY_MB%3A1024%2CVCPU%3A1&root_required=%21COMPUTE_STATUS_DISABLED" {{(pid=85198) __call__ /opt/stack/placement/placement/requestlog.py:55}}
May 25 23:12:06.743086 dv-neutron-843300-1-hyperv devstack@placement-api.service[85197]: DEBUG placement.requestlog [req-8fe791e0-12e5-4b38-89d3-1973d77c5664 req-3a2aa90f-f1de-4232-8c38-5408f2f606d9 None None] Starting request: 10.222.0.73 "GET /placement/resource_providers/9375b511-8e1c-46e3-9bf5-c63a38341c4a/allocations" {{(pid=85197) __call__ /opt/stack/placement/placement/requestlog.py:55}}
May 25 23:12:06.763884 dv-neutron-843300-1-hyperv devstack@placement-api.service[85198]: DEBUG placement.objects.research_context [req-85a25d9f-f912-4e65-9fdd-635878109c8c req-329ad02d-5f39-4619-a253-bda30eb1969f service placement] getting providers with 1 DISK_GB {{(pid=85198) __init__ /opt/stack/placement/placement/objects/research_context.py:126}}
May 25 23:12:06.767059 dv-neutron-843300-1-hyperv devstack@placement-api.service[85197]: INFO placement.requestlog [req-8fe791e0-12e5-4b38-89d3-1973d77c5664 req-3a2aa90f-f1de-4232-8c38-5408f2f606d9 service placement] 10.222.0.73 "GET /placement/resource_providers/9375b511-8e1c-46e3-9bf5-c63a38341c4a/allocations" status: 200 len: 154 microversion: 1.0
May 25 23:12:06.767306 dv-neutron-843300-1-hyperv devstack@placement-api.service[85197]: [pid: 85197|app: 0|req: 70/139] 10.222.0.73 () {58 vars in 1390 bytes} [Wed May 25 23:12:06 2022] GET /placement/resource_providers/9375b511-8e1c-46e3-9bf5-c63a38341c4a/allocations => generated 154 bytes in 24 msecs (HTTP/1.1 200) 6 headers in 224 bytes (2 switches on core 0)
May 25 23:12:06.770418 dv-neutron-843300-1-hyperv devstack@placement-api.service[85198]: DEBUG placement.objects.research_context [req-85a25d9f-f912-4e65-9fdd-635878109c8c req-329ad02d-5f39-4619-a253-bda30eb1969f service placement] getting providers with 1024 MEMORY_MB {{(pid=85198) __init__ /opt/stack/placement/placement/objects/research_context.py:126}}
May 25 23:12:06.775955 dv-neutron-843300-1-hyperv devstack@placement-api.service[85198]: DEBUG placement.objects.research_context [req-85a25d9f-f912-4e65-9fdd-635878109c8c req-329ad02d-5f39-4619-a253-bda30eb1969f service placement] getting providers with 1 VCPU {{(pid=85198) __init__ /opt/stack/placement/placement/objects/research_context.py:126}}
May 25 23:12:06.781959 dv-neutron-843300-1-hyperv devstack@placement-api.service[85198]: DEBUG placement.objects.research_context [req-85a25d9f-f912-4e65-9fdd-635878109c8c req-329ad02d-5f39-4619-a253-bda30eb1969f service placement] found 1 providers with available 1 DISK_GB {{(pid=85198) get_provider_ids_matching /opt/stack/placement/placement/objects/research_context.py:549}}
May 25 23:12:06.782414 dv-neutron-843300-1-hyperv devstack@placement-api.service[85198]: DEBUG placement.objects.research_context [req-85a25d9f-f912-4e65-9fdd-635878109c8c req-329ad02d-5f39-4619-a253-bda30eb1969f service placement] found 1 providers with available 1024 MEMORY_MB {{(pid=85198) get_provider_ids_matching /opt/stack/placement/placement/objects/research_context.py:549}}
May 25 23:12:06.782749 dv-neutron-843300-1-hyperv devstack@placement-api.service[85198]: DEBUG placement.objects.research_context [req-85a25d9f-f912-4e65-9fdd-635878109c8c req-329ad02d-5f39-4619-a253-bda30eb1969f service placement] found 1 providers after filtering by previous result {{(pid=85198) get_provider_ids_matching /opt/stack/placement/placement/objects/research_context.py:580}}
May 25 23:12:06.783072 dv-neutron-843300-1-hyperv devstack@placement-api.service[85198]: DEBUG placement.objects.research_context [req-85a25d9f-f912-4e65-9fdd-635878109c8c req-329ad02d-5f39-4619-a253-bda30eb1969f service placement] found 1 providers with available 1 VCPU {{(pid=85198) get_provider_ids_matching /opt/stack/placement/placement/objects/research_context.py:549}}
May 25 23:12:06.783423 dv-neutron-843300-1-hyperv devstack@placement-api.service[85198]: DEBUG placement.objects.research_context [req-85a25d9f-f912-4e65-9fdd-635878109c8c req-329ad02d-5f39-4619-a253-bda30eb1969f service placement] found 1 providers after filtering by previous result {{(pid=85198) get_provider_ids_matching /opt/stack/placement/placement/objects/research_context.py:580}}
May 25 23:12:06.796089 dv-neutron-843300-1-hyperv devstack@placement-api.service[85198]: DEBUG placement.objects.allocation_candidate [req-85a25d9f-f912-4e65-9fdd-635878109c8c req-329ad02d-5f39-4619-a253-bda30eb1969f service placement] RequestGroup(use_same_provider=False, resources={DISK_GB:1, MEMORY_MB:1024, VCPU:1}, traits=[], aggregates=[]) (suffix '') returned 1 matches {{(pid=85198) _get_by_requests /opt/stack/placement/placement/objects/allocation_candidate.py:145}}
May 25 23:12:06.796509 dv-neutron-843300-1-hyperv devstack@placement-api.service[85198]: DEBUG placement.objects.allocation_candidate [req-85a25d9f-f912-4e65-9fdd-635878109c8c req-329ad02d-5f39-4619-a253-bda30eb1969f service placement] Merging candidates yields 1 allocation requests and 1 provider summaries {{(pid=85198) _merge_candidates /opt/stack/placement/placement/objects/allocation_candidate.py:783}}
May 25 23:12:06.797979 dv-neutron-843300-1-hyperv devstack@placement-api.service[85198]: INFO placement.requestlog [req-85a25d9f-f912-4e65-9fdd-635878109c8c req-329ad02d-5f39-4619-a253-bda30eb1969f service placement] 10.222.0.66 "GET /placement/allocation_candidates?limit=1000&resources=DISK_GB%3A1%2CMEMORY_MB%3A1024%2CVCPU%3A1&root_required=%21COMPUTE_STATUS_DISABLED" status: 200 len: 767 microversion: 1.35
May 25 23:12:06.798228 dv-neutron-843300-1-hyperv devstack@placement-api.service[85198]: [pid: 85198|app: 0|req: 70/140] 10.222.0.66 () {60 vars in 1506 bytes} [Wed May 25 23:12:06 2022] GET /placement/allocation_candidates?limit=1000&resources=DISK_GB%3A1%2CMEMORY_MB%3A1024%2CVCPU%3A1&root_required=%21COMPUTE_STATUS_DISABLED => generated 767 bytes in 67 msecs (HTTP/1.1 200) 8 headers in 296 bytes (1 switches on core 0)
May 25 23:12:06.841356 dv-neutron-843300-1-hyperv devstack@placement-api.service[85197]: DEBUG placement.requestlog [req-85a25d9f-f912-4e65-9fdd-635878109c8c req-2a2a5238-2cea-4592-a7bb-3a829209650e None None] Starting request: 10.222.0.66 "GET /placement/allocations/c7715507-ba46-4dc0-a0f2-a9d60b182161" {{(pid=85197) __call__ /opt/stack/placement/placement/requestlog.py:55}}
May 25 23:12:06.851953 dv-neutron-843300-1-hyperv devstack@placement-api.service[85197]: INFO placement.requestlog [req-85a25d9f-f912-4e65-9fdd-635878109c8c req-2a2a5238-2cea-4592-a7bb-3a829209650e service placement] 10.222.0.66 "GET /placement/allocations/c7715507-ba46-4dc0-a0f2-a9d60b182161" status: 200 len: 19 microversion: 1.28
May 25 23:12:06.852288 dv-neutron-843300-1-hyperv devstack@placement-api.service[85197]: [pid: 85197|app: 0|req: 71/141] 10.222.0.66 () {60 vars in 1380 bytes} [Wed May 25 23:12:06 2022] GET /placement/allocations/c7715507-ba46-4dc0-a0f2-a9d60b182161 => generated 19 bytes in 11 msecs (HTTP/1.1 200) 8 headers in 295 bytes (2 switches on core 0)
May 25 23:12:06.857051 dv-neutron-843300-1-hyperv devstack@placement-api.service[85198]: DEBUG placement.requestlog [req-85a25d9f-f912-4e65-9fdd-635878109c8c req-e58ab8fc-58b0-4321-89f3-29fd3b74a599 None None] Starting request: 10.222.0.66 "PUT /placement/allocations/c7715507-ba46-4dc0-a0f2-a9d60b182161" {{(pid=85198) __call__ /opt/stack/placement/placement/requestlog.py:55}}
May 25 23:12:07.054825 dv-neutron-843300-1-hyperv devstack@placement-api.service[85198]: DEBUG placement.handlers.allocation [req-85a25d9f-f912-4e65-9fdd-635878109c8c req-e58ab8fc-58b0-4321-89f3-29fd3b74a599 service placement] Successfully wrote allocations [, , ] {{(pid=85198) _create_allocations /opt/stack/placement/placement/handlers/allocation.py:435}}
May 25 23:12:07.055401 dv-neutron-843300-1-hyperv devstack@placement-api.service[85198]: INFO placement.requestlog [req-85a25d9f-f912-4e65-9fdd-635878109c8c req-e58ab8fc-58b0-4321-89f3-29fd3b74a599 service placement] 10.222.0.66 "PUT /placement/allocations/c7715507-ba46-4dc0-a0f2-a9d60b182161" status: 204 len: 0 microversion: 1.35
May 25 23:12:07.055649 dv-neutron-843300-1-hyperv devstack@placement-api.service[85198]: [pid: 85198|app: 0|req: 71/142] 10.222.0.66 () {64 vars in 1433 bytes} [Wed May 25 23:12:06 2022] PUT /placement/allocations/c7715507-ba46-4dc0-a0f2-a9d60b182161 => generated 0 bytes in 199 msecs (HTTP/1.1 204) 5 headers in 199 bytes (2 switches on core 0)
May 25 23:12:07.898349 dv-neutron-843300-1-hyperv devstack@placement-api.service[85197]: DEBUG placement.requestlog [req-85a25d9f-f912-4e65-9fdd-635878109c8c req-dedaebb9-817e-4ee4-995a-a2808ccb6437 None None] Starting request: 10.222.0.73 "GET /placement/allocations/c7715507-ba46-4dc0-a0f2-a9d60b182161" {{(pid=85197) __call__ /opt/stack/placement/placement/requestlog.py:55}}
May 25 23:12:07.913497 dv-neutron-843300-1-hyperv devstack@placement-api.service[85197]: INFO placement.requestlog [req-85a25d9f-f912-4e65-9fdd-635878109c8c req-dedaebb9-817e-4ee4-995a-a2808ccb6437 service placement] 10.222.0.73 "GET /placement/allocations/c7715507-ba46-4dc0-a0f2-a9d60b182161" status: 200 len: 259 microversion: 1.28
May 25 23:12:07.913840 dv-neutron-843300-1-hyperv devstack@placement-api.service[85197]: [pid: 85197|app: 0|req: 72/143] 10.222.0.73 () {60 vars in 1377 bytes} [Wed May 25 23:12:07 2022] GET /placement/allocations/c7715507-ba46-4dc0-a0f2-a9d60b182161 => generated 259 bytes in 16 msecs (HTTP/1.1 200) 8 headers in 296 bytes (1 switches on core 0)
May 25 23:13:07.756679 dv-neutron-843300-1-hyperv devstack@placement-api.service[85198]: DEBUG placement.requestlog [req-a326ebec-483e-40cb-b9ad-e6151356fc75 req-fb4b5722-1a42-4a55-b3a5-62f3a0fb8d67 None None] Starting request: 10.222.0.73 "GET /placement/allocations/c7715507-ba46-4dc0-a0f2-a9d60b182161" {{(pid=85198) __call__ /opt/stack/placement/placement/requestlog.py:55}}
May 25 23:13:07.771052 dv-neutron-843300-1-hyperv devstack@placement-api.service[85198]: INFO placement.requestlog [req-a326ebec-483e-40cb-b9ad-e6151356fc75 req-fb4b5722-1a42-4a55-b3a5-62f3a0fb8d67 service placement] 10.222.0.73 "GET /placement/allocations/c7715507-ba46-4dc0-a0f2-a9d60b182161" status: 200 len: 259 microversion: 1.28
May 25 23:13:07.771250 dv-neutron-843300-1-hyperv devstack@placement-api.service[85198]: [pid: 85198|app: 0|req: 72/144] 10.222.0.73 () {60 vars in 1377 bytes} [Wed May 25 23:13:07 2022] GET /placement/allocations/c7715507-ba46-4dc0-a0f2-a9d60b182161 => generated 259 bytes in 15 msecs (HTTP/1.1 200) 8 headers in 296 bytes (1 switches on core 0)
May 25 23:13:07.781335 dv-neutron-843300-1-hyperv devstack@placement-api.service[85197]: DEBUG placement.requestlog [req-a326ebec-483e-40cb-b9ad-e6151356fc75 req-18bfe265-e807-454d-98e7-8c7f29096e3c None None] Starting request: 10.222.0.73 "PUT /placement/allocations/c7715507-ba46-4dc0-a0f2-a9d60b182161" {{(pid=85197) __call__ /opt/stack/placement/placement/requestlog.py:55}}
May 25 23:13:07.865730 dv-neutron-843300-1-hyperv devstack@placement-api.service[85197]: DEBUG placement.handlers.allocation [req-a326ebec-483e-40cb-b9ad-e6151356fc75 req-18bfe265-e807-454d-98e7-8c7f29096e3c service placement] Successfully wrote allocations [, , ] {{(pid=85197) _create_allocations /opt/stack/placement/placement/handlers/allocation.py:435}}
May 25 23:13:07.866212 dv-neutron-843300-1-hyperv devstack@placement-api.service[85197]: INFO placement.requestlog [req-a326ebec-483e-40cb-b9ad-e6151356fc75 req-18bfe265-e807-454d-98e7-8c7f29096e3c service placement] 10.222.0.73 "PUT /placement/allocations/c7715507-ba46-4dc0-a0f2-a9d60b182161" status: 204 len: 0 microversion: 1.28
May 25 23:13:07.866448 dv-neutron-843300-1-hyperv devstack@placement-api.service[85197]: [pid: 85197|app: 0|req: 73/145] 10.222.0.73 () {64 vars in 1430 bytes} [Wed May 25 23:13:07 2022] PUT /placement/allocations/c7715507-ba46-4dc0-a0f2-a9d60b182161 => generated 0 bytes in 85 msecs (HTTP/1.1 204) 5 headers in 199 bytes (2 switches on core 0)
May 25 23:13:08.721908 dv-neutron-843300-1-hyperv devstack@placement-api.service[85198]: DEBUG placement.requestlog [req-8196ffb9-0d59-4192-91f8-c69b4a61d56e req-afcfe13b-8cf7-4117-a81b-3f8f05459211 None None] Starting request: 10.222.0.73 "GET /placement/resource_providers/9375b511-8e1c-46e3-9bf5-c63a38341c4a/allocations" {{(pid=85198) __call__ /opt/stack/placement/placement/requestlog.py:55}}
May 25 23:13:08.742487 dv-neutron-843300-1-hyperv devstack@placement-api.service[85198]: INFO placement.requestlog [req-8196ffb9-0d59-4192-91f8-c69b4a61d56e req-afcfe13b-8cf7-4117-a81b-3f8f05459211 service placement] 10.222.0.73 "GET /placement/resource_providers/9375b511-8e1c-46e3-9bf5-c63a38341c4a/allocations" status: 200 len: 154 microversion: 1.0
May 25 23:13:08.742866 dv-neutron-843300-1-hyperv devstack@placement-api.service[85198]: [pid: 85198|app: 0|req: 73/146] 10.222.0.73 () {58 vars in 1390 bytes} [Wed May 25 23:13:08 2022] GET /placement/resource_providers/9375b511-8e1c-46e3-9bf5-c63a38341c4a/allocations => generated 154 bytes in 21 msecs (HTTP/1.1 200) 6 headers in 224 bytes (1 switches on core 0)
May 25 23:13:14.240408 dv-neutron-843300-1-hyperv devstack@placement-api.service[85197]: DEBUG placement.requestlog [req-f2749ee7-10be-403b-a7cb-ad28fdd3c9b5 req-0ef724bb-c1b5-424d-aacf-10550ffce398 None None] Starting request: 10.222.0.73 "GET /placement/allocations/403630e5-30a8-41b3-a96a-4ef30de1a788" {{(pid=85197) __call__ /opt/stack/placement/placement/requestlog.py:55}}
May 25 23:13:14.254929 dv-neutron-843300-1-hyperv devstack@placement-api.service[85197]: INFO placement.requestlog [req-f2749ee7-10be-403b-a7cb-ad28fdd3c9b5 req-0ef724bb-c1b5-424d-aacf-10550ffce398 service placement] 10.222.0.73 "GET /placement/allocations/403630e5-30a8-41b3-a96a-4ef30de1a788" status: 200 len: 259 microversion: 1.28
May 25 23:13:14.255281 dv-neutron-843300-1-hyperv devstack@placement-api.service[85197]: [pid: 85197|app: 0|req: 74/147] 10.222.0.73 () {60 vars in 1377 bytes} [Wed May 25 23:13:14 2022] GET /placement/allocations/403630e5-30a8-41b3-a96a-4ef30de1a788 => generated 259 bytes in 15 msecs (HTTP/1.1 200) 8 headers in 296 bytes (1 switches on core 0)
May 25 23:13:14.265454 dv-neutron-843300-1-hyperv devstack@placement-api.service[85198]: DEBUG placement.requestlog [req-f2749ee7-10be-403b-a7cb-ad28fdd3c9b5 req-0b420725-83c6-490d-8880-bbb3836b707d None None] Starting request: 10.222.0.73 "PUT /placement/allocations/403630e5-30a8-41b3-a96a-4ef30de1a788" {{(pid=85198) __call__ /opt/stack/placement/placement/requestlog.py:55}}
May 25 23:13:14.367157 dv-neutron-843300-1-hyperv devstack@placement-api.service[85198]: DEBUG placement.handlers.allocation [req-f2749ee7-10be-403b-a7cb-ad28fdd3c9b5 req-0b420725-83c6-490d-8880-bbb3836b707d service placement] Successfully wrote allocations [, , ] {{(pid=85198) _create_allocations /opt/stack/placement/placement/handlers/allocation.py:435}}
May 25 23:13:14.367657 dv-neutron-843300-1-hyperv devstack@placement-api.service[85198]: INFO placement.requestlog [req-f2749ee7-10be-403b-a7cb-ad28fdd3c9b5 req-0b420725-83c6-490d-8880-bbb3836b707d service placement] 10.222.0.73 "PUT /placement/allocations/403630e5-30a8-41b3-a96a-4ef30de1a788" status: 204 len: 0 microversion: 1.28
May 25 23:13:14.367898 dv-neutron-843300-1-hyperv devstack@placement-api.service[85198]: [pid: 85198|app: 0|req: 74/148] 10.222.0.73 () {64 vars in 1430 bytes} [Wed May 25 23:13:14 2022] PUT /placement/allocations/403630e5-30a8-41b3-a96a-4ef30de1a788 => generated 0 bytes in 103 msecs (HTTP/1.1 204) 5 headers in 199 bytes (2 switches on core 0)
May 25 23:13:32.734471 dv-neutron-843300-1-hyperv devstack@placement-api.service[85197]: DEBUG placement.requestlog [req-67811cfb-ae3e-438e-8b3b-396864b5923b req-fd3df0c1-10e4-4414-866d-3224f62612d7 None None] Starting request: 10.222.0.66 "GET /placement/allocation_candidates?limit=1000&resources=DISK_GB%3A1%2CMEMORY_MB%3A1024%2CVCPU%3A1&root_required=%21COMPUTE_STATUS_DISABLED" {{(pid=85197) __call__ /opt/stack/placement/placement/requestlog.py:55}}
May 25 23:13:32.763564 dv-neutron-843300-1-hyperv devstack@placement-api.service[85197]: DEBUG placement.objects.research_context [req-67811cfb-ae3e-438e-8b3b-396864b5923b req-fd3df0c1-10e4-4414-866d-3224f62612d7 service placement] getting providers with 1 DISK_GB {{(pid=85197) __init__ /opt/stack/placement/placement/objects/research_context.py:126}}
