May 26 11:25:19.098375 dv-neutron-843294-2-hyperv devstack@keystone.service[80639]: ERROR keystone.server.flask.application
File "/opt/stack/keystone/keystone/assignment/role_backends/sql.py", line 65, in _get_role
May 26 11:25:19.098375 dv-neutron-843294-2-hyperv devstack@keystone.service[80639]: ERROR keystone.server.flask.application raise exception.RoleNotFound(role_id=role_id)
May 26 11:25:19.098375 dv-neutron-843294-2-hyperv devstack@keystone.service[80639]: ERROR keystone.server.flask.application keystone.exception.RoleNotFound: Could not find role: member.
May 26 11:25:19.098375 dv-neutron-843294-2-hyperv devstack@keystone.service[80639]: ERROR keystone.server.flask.application
May 26 11:25:19.098375 dv-neutron-843294-2-hyperv devstack@keystone.service[80639]: [pid: 80639|app: 0|req: 135/258] 10.222.0.24 () {56 vars in 1099 bytes} [Thu May 26 11:25:18 2022] GET /identity/v3/roles/member => generated 84 bytes in 273 msecs (HTTP/1.1 404) 5 headers in 183 bytes (2 switches on core 0)
May 26 11:25:19.110043 dv-neutron-843294-2-hyperv devstack@keystone.service[80639]: DEBUG keystone.server.flask.request_processing.middleware.auth_context [None req-6ea171a6-acb1-44f5-9f3a-ddfb8f366c32 None admin] Authenticating user token {{(pid=80639) process_request /usr/local/lib/python3.8/dist-packages/keystonemiddleware/auth_token/__init__.py:407}}
May 26 11:25:19.116456 dv-neutron-843294-2-hyperv devstack@keystone.service[80640]: DEBUG keystone.auth.core [None req-4507e7d7-e606-4232-afce-658b884fc221 None None] MFA Rules not processed for user `8deab695e5c94463bee4e6f4c67f9b7b`. Rule list: `[]` (Enabled: `True`). {{(pid=80640) check_auth_methods_against_rules /opt/stack/keystone/keystone/auth/core.py:438}}
May 26 11:25:19.117662 dv-neutron-843294-2-hyperv devstack@keystone.service[80640]: DEBUG keystone.common.fernet_utils [None req-4507e7d7-e606-4232-afce-658b884fc221 None None] Loaded 2 Fernet keys from /etc/keystone/fernet-keys/, but `[fernet_tokens] max_active_keys = 3`; perhaps there have not been enough key rotations to reach `max_active_keys` yet? {{(pid=80640) load_keys /opt/stack/keystone/keystone/common/fernet_utils.py:286}}
May 26 11:25:19.215896 dv-neutron-843294-2-hyperv devstack@keystone.service[80639]: DEBUG dbcounter [-] [80639] Writing DB stats keystone:SELECT=100 {{(pid=80639) stat_writer /usr/local/lib/python3.8/dist-packages/dbcounter.py:114}}
May 26 11:25:19.294299 dv-neutron-843294-2-hyperv devstack@keystone.service[80639]: DEBUG keystone.server.flask.request_processing.middleware.auth_context [None req-6ea171a6-acb1-44f5-9f3a-ddfb8f366c32 None admin] Validating token access rules against request {{(pid=80639) validate_allowed_request /usr/local/lib/python3.8/dist-packages/keystonemiddleware/auth_token/__init__.py:545}}
May 26 11:25:19.361316 dv-neutron-843294-2-hyperv devstack@keystone.service[80639]: DEBUG keystone.server.flask.request_processing.middleware.auth_context [None req-28169b03-b87d-4984-850e-b51a65df97a7 None admin] RBAC: auth_context: {'token': , 'domain_id': None, 'trust_id': None, 'trustor_id': None, 'trustee_id': None, 'domain_name': None, 'group_ids': [], 'user_id': '8deab695e5c94463bee4e6f4c67f9b7b', 'user_domain_id': 'default', 'system_scope': 'all', 'project_id': None, 'project_domain_id': None, 'roles': ['admin', 'member', 'reader'], 'is_admin_project': True, 'service_user_id': None, 'service_user_domain_id': None, 'service_project_id': None, 'service_project_domain_id': None, 'service_roles': []} {{(pid=80639) fill_context /opt/stack/keystone/keystone/server/flask/request_processing/middleware/auth_context.py:478}}
May 26 11:25:19.362909 dv-neutron-843294-2-hyperv devstack@keystone.service[80639]: DEBUG keystone.server.flask.request_processing.req_logging [None req-28169b03-b87d-4984-850e-b51a65df97a7 None admin] REQUEST_METHOD: `GET` {{(pid=80639) log_request_info /opt/stack/keystone/keystone/server/flask/request_processing/req_logging.py:27}}
May 26 11:25:19.363195 dv-neutron-843294-2-hyperv devstack@keystone.service[80639]: DEBUG keystone.server.flask.request_processing.req_logging [None req-28169b03-b87d-4984-850e-b51a65df97a7 None admin] SCRIPT_NAME: `/identity` {{(pid=80639) log_request_info /opt/stack/keystone/keystone/server/flask/request_processing/req_logging.py:28}}
May 26 11:25:19.363474 dv-neutron-843294-2-hyperv devstack@keystone.service[80639]: DEBUG keystone.server.flask.request_processing.req_logging [None req-28169b03-b87d-4984-850e-b51a65df97a7 None admin] PATH_INFO: `/v3/roles` {{(pid=80639) log_request_info /opt/stack/keystone/keystone/server/flask/request_processing/req_logging.py:29}}
May 26 11:25:19.365037 dv-neutron-843294-2-hyperv devstack@keystone.service[80640]: [pid: 80640|app: 0|req: 124/259] 10.222.0.24 () {58 vars in 1023 bytes} [Thu May 26 11:25:19 2022] POST /identity/v3/auth/tokens => generated 799 bytes in 309 msecs (HTTP/1.1 201) 6 headers in 363 bytes (1 switches on core 0)
May 26 11:25:19.365813 dv-neutron-843294-2-hyperv devstack@keystone.service[80639]: DEBUG keystone.common.rbac_enforcer.enforcer [None req-28169b03-b87d-4984-850e-b51a65df97a7 None admin] RBAC: Adding query filter params (name=member) {{(pid=80639) _extract_filter_values /opt/stack/keystone/keystone/common/rbac_enforcer/enforcer.py:167}}
May 26 11:25:19.366133 dv-neutron-843294-2-hyperv devstack@keystone.service[80639]: DEBUG keystone.common.rbac_enforcer.enforcer [None req-28169b03-b87d-4984-850e-b51a65df97a7 None admin] RBAC: Authorizing `identity:list_roles()` {{(pid=80639) enforce_call /opt/stack/keystone/keystone/common/rbac_enforcer/enforcer.py:449}}
May 26 11:25:19.367578 dv-neutron-843294-2-hyperv devstack@keystone.service[80639]: DEBUG keystone.common.rbac_enforcer.enforcer [None req-28169b03-b87d-4984-850e-b51a65df97a7 None admin] RBAC: Authorization granted {{(pid=80639) enforce_call /opt/stack/keystone/keystone/common/rbac_enforcer/enforcer.py:457}}
May 26 11:25:19.384912 dv-neutron-843294-2-hyperv devstack@keystone.service[80639]: [pid: 80639|app: 0|req: 136/260] 10.222.0.24 () {56 vars in 1101 bytes} [Thu May 26 11:25:19 2022] GET /identity/v3/roles?name=member => generated 341 bytes in 279 msecs (HTTP/1.1 200) 5 headers in 177 bytes (1 switches on core 0)
May 26 11:25:19.391101 dv-neutron-843294-2-hyperv devstack@keystone.service[80640]: DEBUG keystone.server.flask.request_processing.middleware.auth_context [None req-4507e7d7-e606-4232-afce-658b884fc221 None None] Authenticating user token {{(pid=80640) process_request /usr/local/lib/python3.8/dist-packages/keystonemiddleware/auth_token/__init__.py:407}}
May 26 11:25:19.393389 dv-neutron-843294-2-hyperv devstack@keystone.service[80639]: DEBUG keystone.server.flask.request_processing.middleware.auth_context [None req-28169b03-b87d-4984-850e-b51a65df97a7 None admin] Authenticating user token {{(pid=80639) process_request /usr/local/lib/python3.8/dist-packages/keystonemiddleware/auth_token/__init__.py:407}}
May 26 11:25:19.575860 dv-neutron-843294-2-hyperv devstack@keystone.service[80639]: DEBUG keystone.server.flask.request_processing.middleware.auth_context [None req-28169b03-b87d-4984-850e-b51a65df97a7 None admin] Validating token access rules against request {{(pid=80639) validate_allowed_request /usr/local/lib/python3.8/dist-packages/keystonemiddleware/auth_token/__init__.py:545}}
May 26 11:25:19.579577 dv-neutron-843294-2-hyperv devstack@keystone.service[80640]: DEBUG keystone.server.flask.request_processing.middleware.auth_context [None req-4507e7d7-e606-4232-afce-658b884fc221 None None] Validating token access rules against request {{(pid=80640) validate_allowed_request /usr/local/lib/python3.8/dist-packages/keystonemiddleware/auth_token/__init__.py:545}}
May 26 11:25:19.605514 dv-neutron-843294-2-hyperv devstack@keystone.service[80639]: DEBUG dbcounter [-] [80639] Writing DB stats keystone:SELECT=100 {{(pid=80639) stat_writer /usr/local/lib/python3.8/dist-packages/dbcounter.py:114}}
May 26 11:25:19.646851 dv-neutron-843294-2-hyperv devstack@keystone.service[80640]: DEBUG keystone.server.flask.request_processing.middleware.auth_context [None req-f2c1a063-89c9-4615-ac7f-8cbbd47b9145 None admin] RBAC: auth_context: {'token': , 'domain_id': None, 'trust_id': None, 'trustor_id': None, 'trustee_id': None, 'domain_name': None, 'group_ids': [], 'user_id': '8deab695e5c94463bee4e6f4c67f9b7b', 'user_domain_id': 'default', 'system_scope': 'all', 'project_id': None, 'project_domain_id': None, 'roles': ['admin', 'member', 'reader'], 'is_admin_project': True, 'service_user_id': None, 'service_user_domain_id': None, 'service_project_id': None, 'service_project_domain_id': None, 'service_roles': []} {{(pid=80640) fill_context /opt/stack/keystone/keystone/server/flask/request_processing/middleware/auth_context.py:478}}
May 26 11:25:19.647743 dv-neutron-843294-2-hyperv devstack@keystone.service[80640]: DEBUG keystone.server.flask.request_processing.req_logging [None req-f2c1a063-89c9-4615-ac7f-8cbbd47b9145 None admin] REQUEST_METHOD: `GET` {{(pid=80640) log_request_info /opt/stack/keystone/keystone/server/flask/request_processing/req_logging.py:27}}
May 26 11:25:19.648025 dv-neutron-843294-2-hyperv devstack@keystone.service[80640]: DEBUG keystone.server.flask.request_processing.req_logging [None req-f2c1a063-89c9-4615-ac7f-8cbbd47b9145 None admin] SCRIPT_NAME: `/identity` {{(pid=80640) log_request_info /opt/stack/keystone/keystone/server/flask/request_processing/req_logging.py:28}}
May 26 11:25:19.648305 dv-neutron-843294-2-hyperv devstack@keystone.service[80640]: DEBUG keystone.server.flask.request_processing.req_logging [None req-f2c1a063-89c9-4615-ac7f-8cbbd47b9145 None admin] PATH_INFO: `/v3/users/69fef734f4f54c6cbd4aa0ba4f6b641a` {{(pid=80640) log_request_info /opt/stack/keystone/keystone/server/flask/request_processing/req_logging.py:29}}
May 26 11:25:19.649463 dv-neutron-843294-2-hyperv devstack@keystone.service[80639]: DEBUG keystone.server.flask.request_processing.middleware.auth_context [None req-12c4a621-1aca-447d-9f0b-4353f2e1bc23 None admin] RBAC: auth_context: {'token': , 'domain_id': None, 'trust_id': None, 'trustor_id': None, 'trustee_id': None, 'domain_name': None, 'group_ids': [], 'user_id': '8deab695e5c94463bee4e6f4c67f9b7b', 'user_domain_id': 'default', 'system_scope': 'all', 'project_id': None, 'project_domain_id': None, 'roles': ['admin', 'member', 'reader'], 'is_admin_project': True, 'service_user_id': None, 'service_user_domain_id': None, 'service_project_id': None, 'service_project_domain_id': None, 'service_roles': []} {{(pid=80639) fill_context /opt/stack/keystone/keystone/server/flask/request_processing/middleware/auth_context.py:478}}
May 26 11:25:19.650294 dv-neutron-843294-2-hyperv devstack@keystone.service[80639]: DEBUG keystone.server.flask.request_processing.req_logging [None req-12c4a621-1aca-447d-9f0b-4353f2e1bc23 None admin] REQUEST_METHOD: `GET` {{(pid=80639) log_request_info /opt/stack/keystone/keystone/server/flask/request_processing/req_logging.py:27}}
May 26 11:25:19.650571 dv-neutron-843294-2-hyperv devstack@keystone.service[80639]: DEBUG keystone.server.flask.request_processing.req_logging [None req-12c4a621-1aca-447d-9f0b-4353f2e1bc23 None admin] SCRIPT_NAME: `/identity` {{(pid=80639) log_request_info /opt/stack/keystone/keystone/server/flask/request_processing/req_logging.py:28}}
May 26 11:25:19.650845 dv-neutron-843294-2-hyperv devstack@keystone.service[80639]: DEBUG keystone.server.flask.request_processing.req_logging [None req-12c4a621-1aca-447d-9f0b-4353f2e1bc23 None admin] PATH_INFO: `/v3/roles/anotherrole` {{(pid=80639) log_request_info /opt/stack/keystone/keystone/server/flask/request_processing/req_logging.py:29}}
May 26 11:25:19.651954 dv-neutron-843294-2-hyperv devstack@keystone.service[80640]: DEBUG keystone.common.rbac_enforcer.enforcer [None req-f2c1a063-89c9-4615-ac7f-8cbbd47b9145 None admin] RBAC: Authorizing `identity:get_user(user_id=69fef734f4f54c6cbd4aa0ba4f6b641a)` {{(pid=80640) enforce_call /opt/stack/keystone/keystone/common/rbac_enforcer/enforcer.py:449}}
May 26 11:25:19.653419 dv-neutron-843294-2-hyperv devstack@keystone.service[80640]: DEBUG keystone.common.rbac_enforcer.enforcer [None req-f2c1a063-89c9-4615-ac7f-8cbbd47b9145 None admin] RBAC: Authorization granted {{(pid=80640) enforce_call /opt/stack/keystone/keystone/common/rbac_enforcer/enforcer.py:457}}
May 26 11:25:19.655652 dv-neutron-843294-2-hyperv devstack@keystone.service[80640]: [pid: 80640|app: 0|req: 125/261] 10.222.0.24 () {56 vars in 1177 bytes} [Thu May 26 11:25:19 2022] GET /identity/v3/users/69fef734f4f54c6cbd4aa0ba4f6b641a => generated 297 bytes in 265 msecs (HTTP/1.1 200) 5 headers in 177 bytes (1 switches on core 0)
May 26 11:25:19.662405 dv-neutron-843294-2-hyperv devstack@keystone.service[80640]: DEBUG keystone.server.flask.request_processing.middleware.auth_context [None req-f2c1a063-89c9-4615-ac7f-8cbbd47b9145 None admin] Authenticating user token {{(pid=80640) process_request /usr/local/lib/python3.8/dist-packages/keystonemiddleware/auth_token/__init__.py:407}}
May 26 11:25:19.666247 dv-neutron-843294-2-hyperv devstack@keystone.service[80640]: DEBUG dbcounter [-] [80640] Writing DB stats keystone:SELECT=100 {{(pid=80640) stat_writer /usr/local/lib/python3.8/dist-packages/dbcounter.py:114}}
May 26 11:25:19.675564 dv-neutron-843294-2-hyperv devstack@keystone.service[80639]: DEBUG keystone.common.rbac_enforcer.enforcer [None req-12c4a621-1aca-447d-9f0b-4353f2e1bc23 None admin] Extracting inferred target data resulted in "NOT FOUND (404)". {{(pid=80639) enforce_call /opt/stack/keystone/keystone/common/rbac_enforcer/enforcer.py:409}}
May 26 11:25:19.683806 dv-neutron-843294-2-hyperv devstack@keystone.service[80639]: ERROR keystone.server.flask.application [None req-12c4a621-1aca-447d-9f0b-4353f2e1bc23 None admin] Could not find role: anotherrole.: keystone.exception.RoleNotFound: Could not find role: anotherrole.
May 26 11:25:19.683806 dv-neutron-843294-2-hyperv devstack@keystone.service[80639]: ERROR keystone.server.flask.application
Traceback (most recent call last):
May 26 11:25:19.683806 dv-neutron-843294-2-hyperv devstack@keystone.service[80639]: ERROR keystone.server.flask.application
File "/usr/local/lib/python3.8/dist-packages/flask/app.py", line 1523, in full_dispatch_request
May 26 11:25:19.683806 dv-neutron-843294-2-hyperv devstack@keystone.service[80639]: ERROR keystone.server.flask.application rv = self.dispatch_request()
May 26 11:25:19.683806 dv-neutron-843294-2-hyperv devstack@keystone.service[80639]: ERROR keystone.server.flask.application
File "/usr/local/lib/python3.8/dist-packages/flask/app.py", line 1509, in dispatch_request
May 26 11:25:19.683806 dv-neutron-843294-2-hyperv devstack@keystone.service[80639]: ERROR keystone.server.flask.application return self.ensure_sync(self.view_functions[rule.endpoint])(**req.view_args)
May 26 11:25:19.683806 dv-neutron-843294-2-hyperv devstack@keystone.service[80639]: ERROR keystone.server.flask.application
File "/usr/local/lib/python3.8/dist-packages/flask_restful/__init__.py", line 467, in wrapper
May 26 11:25:19.683806 dv-neutron-843294-2-hyperv devstack@keystone.service[80639]: ERROR keystone.server.flask.application resp = resource(*args, **kwargs)
May 26 11:25:19.683806 dv-neutron-843294-2-hyperv devstack@keystone.service[80639]: ERROR keystone.server.flask.application
File "/usr/local/lib/python3.8/dist-packages/flask/views.py", line 84, in view
May 26 11:25:19.683806 dv-neutron-843294-2-hyperv devstack@keystone.service[80639]: ERROR keystone.server.flask.application return current_app.ensure_sync(self.dispatch_request)(*args, **kwargs)
May 26 11:25:19.683806 dv-neutron-843294-2-hyperv devstack@keystone.service[80639]: ERROR keystone.server.flask.application
File "/usr/local/lib/python3.8/dist-packages/flask_restful/__init__.py", line 582, in dispatch_request
May 26 11:25:19.683806 dv-neutron-843294-2-hyperv devstack@keystone.service[80639]: ERROR keystone.server.flask.application resp = meth(*args, **kwargs)
May 26 11:25:19.683806 dv-neutron-843294-2-hyperv devstack@keystone.service[80639]: ERROR keystone.server.flask.application
File "/opt/stack/keystone/keystone/api/roles.py", line 50, in get
May 26 11:25:19.683806 dv-neutron-843294-2-hyperv devstack@keystone.service[80639]: ERROR keystone.server.flask.application return self._get_role(role_id)
May 26 11:25:19.683806 dv-neutron-843294-2-hyperv devstack@keystone.service[80639]: ERROR keystone.server.flask.application
File "/opt/stack/keystone/keystone/api/roles.py", line 70, in _get_role
May 26 11:25:19.683806 dv-neutron-843294-2-hyperv devstack@keystone.service[80639]: ERROR keystone.server.flask.application ENFORCER.enforce_call(action='identity:get_role')
May 26 11:25:19.686677 dv-neutron-843294-2-hyperv devstack@keystone.service[80639]: ERROR keystone.server.flask.application
File "/opt/stack/keystone/keystone/common/rbac_enforcer/enforcer.py", line 402, in enforce_call
May 26 11:25:19.686677 dv-neutron-843294-2-hyperv devstack@keystone.service[80639]: ERROR keystone.server.flask.application policy_dict.update(cls._extract_member_target_data(
May 26 11:25:19.686677 dv-neutron-843294-2-hyperv devstack@keystone.service[80639]: ERROR keystone.server.flask.application
File "/opt/stack/keystone/keystone/common/rbac_enforcer/enforcer.py", line 234, in _extract_member_target_data
May 26 11:25:19.686677 dv-neutron-843294-2-hyperv devstack@keystone.service[80639]: ERROR keystone.server.flask.application member_name: func(flask.request.view_args[key])
May 26 11:25:19.686677 dv-neutron-843294-2-hyperv devstack@keystone.service[80639]: ERROR keystone.server.flask.application
File "/opt/stack/keystone/keystone/common/manager.py", line 115, in wrapped
May 26 11:25:19.686677 dv-neutron-843294-2-hyperv devstack@keystone.service[80639]: ERROR keystone.server.flask.application __ret_val = __f(*args, **kwargs)
May 26 11:25:19.686677 dv-neutron-843294-2-hyperv devstack@keystone.service[80639]: ERROR keystone.server.flask.application
File "/usr/local/lib/python3.8/dist-packages/decorator.py", line 232, in fun
May 26 11:25:19.686677 dv-neutron-843294-2-hyperv devstack@keystone.service[80639]: ERROR keystone.server.flask.application return caller(func, *(extras + args), **kw)
May 26 11:25:19.686677 dv-neutron-843294-2-hyperv devstack@keystone.service[80639]: ERROR keystone.server.flask.application
File "/usr/local/lib/python3.8/dist-packages/dogpile/cache/region.py", line 1577, in get_or_create_for_user_func
May 26 11:25:19.686677 dv-neutron-843294-2-hyperv devstack@keystone.service[80639]: ERROR keystone.server.flask.application return self.get_or_create(
May 26 11:25:19.686677 dv-neutron-843294-2-hyperv devstack@keystone.service[80639]: ERROR keystone.server.flask.application
File "/usr/local/lib/python3.8/dist-packages/dogpile/cache/region.py", line 1042, in get_or_create
May 26 11:25:19.686677 dv-neutron-843294-2-hyperv devstack@keystone.service[80639]: ERROR keystone.server.flask.application with Lock(
May 26 11:25:19.686677 dv-neutron-843294-2-hyperv devstack@keystone.service[80639]: ERROR keystone.server.flask.application
File "/usr/local/lib/python3.8/dist-packages/dogpile/lock.py", line 185, in __enter__
May 26 11:25:19.686677 dv-neutron-843294-2-hyperv devstack@keystone.service[80639]: ERROR keystone.server.flask.application return self._enter()
May 26 11:25:19.686677 dv-neutron-843294-2-hyperv devstack@keystone.service[80639]: ERROR keystone.server.flask.application
File "/usr/local/lib/python3.8/dist-packages/dogpile/lock.py", line 94, in _enter
May 26 11:25:19.686677 dv-neutron-843294-2-hyperv devstack@keystone.service[80639]: ERROR keystone.server.flask.application generated = self._enter_create(value, createdtime)
May 26 11:25:19.687462 dv-neutron-843294-2-hyperv devstack@keystone.service[80639]: ERROR keystone.server.flask.application
File "/usr/local/lib/python3.8/dist-packages/dogpile/lock.py", line 178, in _enter_create
May 26 11:25:19.687462 dv-neutron-843294-2-hyperv devstack@keystone.service[80639]: ERROR keystone.server.flask.application return self.creator()
May 26 11:25:19.687462 dv-neutron-843294-2-hyperv devstack@keystone.service[80639]: ERROR keystone.server.flask.application
File "/usr/local/lib/python3.8/dist-packages/dogpile/cache/region.py", line 995, in gen_value
May 26 11:25:19.687462 dv-neutron-843294-2-hyperv devstack@keystone.service[80639]: ERROR keystone.server.flask.application created_value = creator(
May 26 11:25:19.687462 dv-neutron-843294-2-hyperv devstack@keystone.service[80639]: ERROR keystone.server.flask.application
File "/opt/stack/keystone/keystone/assignment/core.py", line 1276, in get_role
May 26 11:25:19.687462 dv-neutron-843294-2-hyperv devstack@keystone.service[80639]: ERROR keystone.server.flask.application return self.driver.get_role(role_id)
May 26 11:25:19.687462 dv-neutron-843294-2-hyperv devstack@keystone.service[80639]: ERROR keystone.server.flask.application
File "/opt/stack/keystone/keystone/assignment/role_backends/sql.py", line 70, in get_role
May 26 11:25:19.687462 dv-neutron-843294-2-hyperv devstack@keystone.service[80639]: ERROR keystone.server.flask.application return self._get_role(session, role_id).to_dict()
May 26 11:25:19.687462 dv-neutron-843294-2-hyperv devstack@keystone.service[80639]: ERROR keystone.server.flask.application
File "/opt/stack/keystone/keystone/assignment/role_backends/sql.py", line 65, in _get_role
May 26 11:25:19.687462 dv-neutron-843294-2-hyperv devstack@keystone.service[80639]: ERROR keystone.server.flask.application raise exception.RoleNotFound(role_id=role_id)
May 26 11:25:19.687462 dv-neutron-843294-2-hyperv devstack@keystone.service[80639]: ERROR keystone.server.flask.application keystone.exception.RoleNotFound: Could not find role: anotherrole.
May 26 11:25:19.687462 dv-neutron-843294-2-hyperv devstack@keystone.service[80639]: ERROR keystone.server.flask.application
May 26 11:25:19.687462 dv-neutron-843294-2-hyperv devstack@keystone.service[80639]: [pid: 80639|app: 0|req: 137/262] 10.222.0.24 () {56 vars in 1114 bytes} [Thu May 26 11:25:19 2022] GET /identity/v3/roles/anotherrole => generated 89 bytes in 292 msecs (HTTP/1.1 404) 5 headers in 183 bytes (1 switches on core 0)
May 26 11:25:19.707644 dv-neutron-843294-2-hyperv devstack@keystone.service[80639]: DEBUG keystone.server.flask.request_processing.middleware.auth_context [None req-12c4a621-1aca-447d-9f0b-4353f2e1bc23 None admin] Authenticating user token {{(pid=80639) process_request /usr/local/lib/python3.8/dist-packages/keystonemiddleware/auth_token/__init__.py:407}}
May 26 11:25:19.814724 dv-neutron-843294-2-hyperv devstack@keystone.service[80640]: DEBUG keystone.server.flask.request_processing.middleware.auth_context [None req-f2c1a063-89c9-4615-ac7f-8cbbd47b9145 None admin] Validating token access rules against request {{(pid=80640) validate_allowed_request /usr/local/lib/python3.8/dist-packages/keystonemiddleware/auth_token/__init__.py:545}}
May 26 11:25:19.851819 dv-neutron-843294-2-hyperv devstack@keystone.service[80640]: DEBUG keystone.server.flask.request_processing.middleware.auth_context [None req-ce2a7d04-4ec9-4917-a4e2-925a6f9af5ef None admin] RBAC: auth_context: {'token': , 'domain_id': None, 'trust_id': None, 'trustor_id': None, 'trustee_id': None, 'domain_name': None, 'group_ids': [], 'user_id': '8deab695e5c94463bee4e6f4c67f9b7b', 'user_domain_id': 'default', 'system_scope': 'all', 'project_id': None, 'project_domain_id': None, 'roles': ['admin', 'member', 'reader'], 'is_admin_project': True, 'service_user_id': None, 'service_user_domain_id': None, 'service_project_id': None, 'service_project_domain_id': None, 'service_roles': []} {{(pid=80640) fill_context /opt/stack/keystone/keystone/server/flask/request_processing/middleware/auth_context.py:478}}
May 26 11:25:19.852608 dv-neutron-843294-2-hyperv devstack@keystone.service[80640]: DEBUG keystone.server.flask.request_processing.req_logging [None req-ce2a7d04-4ec9-4917-a4e2-925a6f9af5ef None admin] REQUEST_METHOD: `GET` {{(pid=80640) log_request_info /opt/stack/keystone/keystone/server/flask/request_processing/req_logging.py:27}}
May 26 11:25:19.852895 dv-neutron-843294-2-hyperv devstack@keystone.service[80640]: DEBUG keystone.server.flask.request_processing.req_logging [None req-ce2a7d04-4ec9-4917-a4e2-925a6f9af5ef None admin] SCRIPT_NAME: `/identity` {{(pid=80640) log_request_info /opt/stack/keystone/keystone/server/flask/request_processing/req_logging.py:28}}
May 26 11:25:19.853174 dv-neutron-843294-2-hyperv devstack@keystone.service[80640]: DEBUG keystone.server.flask.request_processing.req_logging [None req-ce2a7d04-4ec9-4917-a4e2-925a6f9af5ef None admin] PATH_INFO: `/v3/projects/f13200f44ce54d58af68d04d864a22ff` {{(pid=80640) log_request_info /opt/stack/keystone/keystone/server/flask/request_processing/req_logging.py:29}}
May 26 11:25:19.854398 dv-neutron-843294-2-hyperv devstack@keystone.service[80640]: DEBUG keystone.common.rbac_enforcer.enforcer [None req-ce2a7d04-4ec9-4917-a4e2-925a6f9af5ef None admin] RBAC: Authorizing `identity:get_project(project_id=f13200f44ce54d58af68d04d864a22ff)` {{(pid=80640) enforce_call /opt/stack/keystone/keystone/common/rbac_enforcer/enforcer.py:449}}
May 26 11:25:19.856156 dv-neutron-843294-2-hyperv devstack@keystone.service[80640]: DEBUG keystone.common.rbac_enforcer.enforcer [None req-ce2a7d04-4ec9-4917-a4e2-925a6f9af5ef None admin] RBAC: Authorization granted {{(pid=80640) enforce_call /opt/stack/keystone/keystone/common/rbac_enforcer/enforcer.py:457}}
May 26 11:25:19.858344 dv-neutron-843294-2-hyperv devstack@keystone.service[80640]: [pid: 80640|app: 0|req: 126/263] 10.222.0.24 () {56 vars in 1186 bytes} [Thu May 26 11:25:19 2022] GET /identity/v3/projects/f13200f44ce54d58af68d04d864a22ff => generated 302 bytes in 196 msecs (HTTP/1.1 200) 5 headers in 177 bytes (1 switches on core 0)
May 26 11:25:19.863828 dv-neutron-843294-2-hyperv devstack@keystone.service[80640]: DEBUG keystone.server.flask.request_processing.middleware.auth_context [None req-ce2a7d04-4ec9-4917-a4e2-925a6f9af5ef None admin] Authenticating user token {{(pid=80640) process_request /usr/local/lib/python3.8/dist-packages/keystonemiddleware/auth_token/__init__.py:407}}
May 26 11:25:19.927249 dv-neutron-843294-2-hyperv devstack@keystone.service[80639]: DEBUG keystone.server.flask.request_processing.middleware.auth_context [None req-12c4a621-1aca-447d-9f0b-4353f2e1bc23 None admin] Validating token access rules against request {{(pid=80639) validate_allowed_request /usr/local/lib/python3.8/dist-packages/keystonemiddleware/auth_token/__init__.py:545}}
May 26 11:25:19.938104 dv-neutron-843294-2-hyperv devstack@keystone.service[80640]: DEBUG dbcounter [-] [80640] Writing DB stats keystone:SELECT=100 {{(pid=80640) stat_writer /usr/local/lib/python3.8/dist-packages/dbcounter.py:114}}
May 26 11:25:19.969615 dv-neutron-843294-2-hyperv devstack@keystone.service[80640]: DEBUG keystone.server.flask.request_processing.middleware.auth_context [None req-ce2a7d04-4ec9-4917-a4e2-925a6f9af5ef None admin] Validating token access rules against request {{(pid=80640) validate_allowed_request /usr/local/lib/python3.8/dist-packages/keystonemiddleware/auth_token/__init__.py:545}}
May 26 11:25:19.991349 dv-neutron-843294-2-hyperv devstack@keystone.service[80639]: DEBUG keystone.server.flask.request_processing.middleware.auth_context [None req-9c8add1f-aafd-491c-95f3-fbad6166c0da None admin] RBAC: auth_context: {'token': , 'domain_id': None, 'trust_id': None, 'trustor_id': None, 'trustee_id': None, 'domain_name': None, 'group_ids': [], 'user_id': '8deab695e5c94463bee4e6f4c67f9b7b', 'user_domain_id': 'default', 'system_scope': 'all', 'project_id': None, 'project_domain_id': None, 'roles': ['admin', 'member', 'reader'], 'is_admin_project': True, 'service_user_id': None, 'service_user_domain_id': None, 'service_project_id': None, 'service_project_domain_id': None, 'service_roles': []} {{(pid=80639) fill_context /opt/stack/keystone/keystone/server/flask/request_processing/middleware/auth_context.py:478}}
May 26 11:25:19.992062 dv-neutron-843294-2-hyperv devstack@keystone.service[80639]: DEBUG keystone.server.flask.request_processing.req_logging [None req-9c8add1f-aafd-491c-95f3-fbad6166c0da None admin] REQUEST_METHOD: `GET` {{(pid=80639) log_request_info /opt/stack/keystone/keystone/server/flask/request_processing/req_logging.py:27}}
May 26 11:25:19.992306 dv-neutron-843294-2-hyperv devstack@keystone.service[80639]: DEBUG keystone.server.flask.request_processing.req_logging [None req-9c8add1f-aafd-491c-95f3-fbad6166c0da None admin] SCRIPT_NAME: `/identity` {{(pid=80639) log_request_info /opt/stack/keystone/keystone/server/flask/request_processing/req_logging.py:28}}
May 26 11:25:19.992580 dv-neutron-843294-2-hyperv devstack@keystone.service[80639]: DEBUG keystone.server.flask.request_processing.req_logging [None req-9c8add1f-aafd-491c-95f3-fbad6166c0da None admin] PATH_INFO: `/v3/roles` {{(pid=80639) log_request_info /opt/stack/keystone/keystone/server/flask/request_processing/req_logging.py:29}}
May 26 11:25:19.993340 dv-neutron-843294-2-hyperv devstack@keystone.service[80639]: DEBUG keystone.common.rbac_enforcer.enforcer [None req-9c8add1f-aafd-491c-95f3-fbad6166c0da None admin] RBAC: Adding query filter params (name=anotherrole) {{(pid=80639) _extract_filter_values /opt/stack/keystone/keystone/common/rbac_enforcer/enforcer.py:167}}
May 26 11:25:19.993647 dv-neutron-843294-2-hyperv devstack@keystone.service[80639]: DEBUG keystone.common.rbac_enforcer.enforcer [None req-9c8add1f-aafd-491c-95f3-fbad6166c0da None admin] RBAC: Authorizing `identity:list_roles()` {{(pid=80639) enforce_call /opt/stack/keystone/keystone/common/rbac_enforcer/enforcer.py:449}}
May 26 11:25:19.995069 dv-neutron-843294-2-hyperv devstack@keystone.service[80639]: DEBUG keystone.common.rbac_enforcer.enforcer [None req-9c8add1f-aafd-491c-95f3-fbad6166c0da None admin] RBAC: Authorization granted {{(pid=80639) enforce_call /opt/stack/keystone/keystone/common/rbac_enforcer/enforcer.py:457}}
May 26 11:25:20.007186 dv-neutron-843294-2-hyperv devstack@keystone.service[80640]: DEBUG keystone.server.flask.request_processing.middleware.auth_context [None req-7bf541df-ca9b-4e01-979c-0ea7fb40af9f None admin] RBAC: auth_context: {'token': , 'domain_id': None, 'trust_id': None, 'trustor_id': None, 'trustee_id': None, 'domain_name': None, 'group_ids': [], 'user_id': '8deab695e5c94463bee4e6f4c67f9b7b', 'user_domain_id': 'default', 'system_scope': 'all', 'project_id': None, 'project_domain_id': None, 'roles': ['admin', 'member', 'reader'], 'is_admin_project': True, 'service_user_id': None, 'service_user_domain_id': None, 'service_project_id': None, 'service_project_domain_id': None, 'service_roles': []} {{(pid=80640) fill_context /opt/stack/keystone/keystone/server/flask/request_processing/middleware/auth_context.py:478}}
May 26 11:25:20.008083 dv-neutron-843294-2-hyperv devstack@keystone.service[80640]: DEBUG keystone.server.flask.request_processing.req_logging [None req-7bf541df-ca9b-4e01-979c-0ea7fb40af9f None admin] REQUEST_METHOD: `PUT` {{(pid=80640) log_request_info /opt/stack/keystone/keystone/server/flask/request_processing/req_logging.py:27}}
May 26 11:25:20.008372 dv-neutron-843294-2-hyperv devstack@keystone.service[80640]: DEBUG keystone.server.flask.request_processing.req_logging [None req-7bf541df-ca9b-4e01-979c-0ea7fb40af9f None admin] SCRIPT_NAME: `/identity` {{(pid=80640) log_request_info /opt/stack/keystone/keystone/server/flask/request_processing/req_logging.py:28}}
May 26 11:25:20.008649 dv-neutron-843294-2-hyperv devstack@keystone.service[80640]: DEBUG keystone.server.flask.request_processing.req_logging [None req-7bf541df-ca9b-4e01-979c-0ea7fb40af9f None admin] PATH_INFO: `/v3/projects/f13200f44ce54d58af68d04d864a22ff/users/69fef734f4f54c6cbd4aa0ba4f6b641a/roles/8844b53395d34bbcb9000a9a436c405d` {{(pid=80640) log_request_info /opt/stack/keystone/keystone/server/flask/request_processing/req_logging.py:29}}
May 26 11:25:20.010683 dv-neutron-843294-2-hyperv devstack@keystone.service[80640]: DEBUG keystone.common.rbac_enforcer.enforcer [None req-7bf541df-ca9b-4e01-979c-0ea7fb40af9f None admin] RBAC: Authorizing `identity:create_grant(project_id=f13200f44ce54d58af68d04d864a22ff, user_id=69fef734f4f54c6cbd4aa0ba4f6b641a, role_id=8844b53395d34bbcb9000a9a436c405d)` {{(pid=80640) enforce_call /opt/stack/keystone/keystone/common/rbac_enforcer/enforcer.py:449}}
May 26 11:25:20.012274 dv-neutron-843294-2-hyperv devstack@keystone.service[80640]: DEBUG keystone.common.rbac_enforcer.enforcer [None req-7bf541df-ca9b-4e01-979c-0ea7fb40af9f None admin] RBAC: Authorization granted {{(pid=80640) enforce_call /opt/stack/keystone/keystone/common/rbac_enforcer/enforcer.py:457}}
May 26 11:25:20.014365 dv-neutron-843294-2-hyperv devstack@keystone.service[80639]: [pid: 80639|app: 0|req: 138/264] 10.222.0.24 () {56 vars in 1111 bytes} [Thu May 26 11:25:19 2022] GET /identity/v3/roles?name=anotherrole => generated 334 bytes in 307 msecs (HTTP/1.1 200) 5 headers in 177 bytes (1 switches on core 0)
May 26 11:25:20.020691 dv-neutron-843294-2-hyperv devstack@keystone.service[80639]: DEBUG keystone.server.flask.request_processing.middleware.auth_context [None req-9c8add1f-aafd-491c-95f3-fbad6166c0da None admin] Authenticating user token {{(pid=80639) process_request /usr/local/lib/python3.8/dist-packages/keystonemiddleware/auth_token/__init__.py:407}}
May 26 11:25:20.057213 dv-neutron-843294-2-hyperv devstack@keystone.service[80639]: DEBUG dbcounter [-] [80639] Writing DB stats keystone:SELECT=100 {{(pid=80639) stat_writer /usr/local/lib/python3.8/dist-packages/dbcounter.py:114}}
May 26 11:25:20.086842 dv-neutron-843294-2-hyperv devstack@keystone.service[80640]: [pid: 80640|app: 0|req: 127/265] 10.222.0.24 () {58 vars in 1439 bytes} [Thu May 26 11:25:19 2022] PUT /identity/v3/projects/f13200f44ce54d58af68d04d864a22ff/users/69fef734f4f54c6cbd4aa0ba4f6b641a/roles/8844b53395d34bbcb9000a9a436c405d => generated 0 bytes in 223 msecs (HTTP/1.1 204) 3 headers in 132 bytes (1 switches on core 0)
May 26 11:25:20.166961 dv-neutron-843294-2-hyperv devstack@keystone.service[80639]: DEBUG keystone.server.flask.request_processing.middleware.auth_context [None req-9c8add1f-aafd-491c-95f3-fbad6166c0da None admin] Validating token access rules against request {{(pid=80639) validate_allowed_request /usr/local/lib/python3.8/dist-packages/keystonemiddleware/auth_token/__init__.py:545}}
May 26 11:25:20.223143 dv-neutron-843294-2-hyperv devstack@keystone.service[80639]: DEBUG keystone.server.flask.request_processing.middleware.auth_context [None req-ce1e0ff1-c597-4ade-887b-66c3bcc1e2cd None admin] RBAC: auth_context: {'token': , 'domain_id': None, 'trust_id': None, 'trustor_id': None, 'trustee_id': None, 'domain_name': None, 'group_ids': [], 'user_id': '8deab695e5c94463bee4e6f4c67f9b7b', 'user_domain_id': 'default', 'system_scope': 'all', 'project_id': None, 'project_domain_id': None, 'roles': ['admin', 'member', 'reader'], 'is_admin_project': True, 'service_user_id': None, 'service_user_domain_id': None, 'service_project_id': None, 'service_project_domain_id': None, 'service_roles': []} {{(pid=80639) fill_context /opt/stack/keystone/keystone/server/flask/request_processing/middleware/auth_context.py:478}}
May 26 11:25:20.224102 dv-neutron-843294-2-hyperv devstack@keystone.service[80639]: DEBUG keystone.server.flask.request_processing.req_logging [None req-ce1e0ff1-c597-4ade-887b-66c3bcc1e2cd None admin] REQUEST_METHOD: `GET` {{(pid=80639) log_request_info /opt/stack/keystone/keystone/server/flask/request_processing/req_logging.py:27}}
May 26 11:25:20.224391 dv-neutron-843294-2-hyperv devstack@keystone.service[80639]: DEBUG keystone.server.flask.request_processing.req_logging [None req-ce1e0ff1-c597-4ade-887b-66c3bcc1e2cd None admin] SCRIPT_NAME: `/identity` {{(pid=80639) log_request_info /opt/stack/keystone/keystone/server/flask/request_processing/req_logging.py:28}}
May 26 11:25:20.224668 dv-neutron-843294-2-hyperv devstack@keystone.service[80639]: DEBUG keystone.server.flask.request_processing.req_logging [None req-ce1e0ff1-c597-4ade-887b-66c3bcc1e2cd None admin] PATH_INFO: `/v3/users/05238b44e9474d048640452965dfc81d` {{(pid=80639) log_request_info /opt/stack/keystone/keystone/server/flask/request_processing/req_logging.py:29}}
May 26 11:25:20.230662 dv-neutron-843294-2-hyperv devstack@keystone.service[80639]: DEBUG keystone.common.rbac_enforcer.enforcer [None req-ce1e0ff1-c597-4ade-887b-66c3bcc1e2cd None admin] RBAC: Authorizing `identity:get_user(user_id=05238b44e9474d048640452965dfc81d)` {{(pid=80639) enforce_call /opt/stack/keystone/keystone/common/rbac_enforcer/enforcer.py:449}}
May 26 11:25:20.232742 dv-neutron-843294-2-hyperv devstack@keystone.service[80639]: DEBUG keystone.common.rbac_enforcer.enforcer [None req-ce1e0ff1-c597-4ade-887b-66c3bcc1e2cd None admin] RBAC: Authorization granted {{(pid=80639) enforce_call /opt/stack/keystone/keystone/common/rbac_enforcer/enforcer.py:457}}
May 26 11:25:20.235088 dv-neutron-843294-2-hyperv devstack@keystone.service[80639]: [pid: 80639|app: 0|req: 139/266] 10.222.0.24 () {56 vars in 1177 bytes} [Thu May 26 11:25:20 2022] GET /identity/v3/users/05238b44e9474d048640452965dfc81d => generated 283 bytes in 215 msecs (HTTP/1.1 200) 5 headers in 177 bytes (2 switches on core 0)
May 26 11:25:20.240178 dv-neutron-843294-2-hyperv devstack@keystone.service[80640]: DEBUG keystone.server.flask.request_processing.middleware.auth_context [None req-7bf541df-ca9b-4e01-979c-0ea7fb40af9f None admin] Authenticating user token {{(pid=80640) process_request /usr/local/lib/python3.8/dist-packages/keystonemiddleware/auth_token/__init__.py:407}}
May 26 11:25:20.370889 dv-neutron-843294-2-hyperv devstack@keystone.service[80640]: DEBUG keystone.server.flask.request_processing.middleware.auth_context [None req-7bf541df-ca9b-4e01-979c-0ea7fb40af9f None admin] Validating token access rules against request {{(pid=80640) validate_allowed_request /usr/local/lib/python3.8/dist-packages/keystonemiddleware/auth_token/__init__.py:545}}
May 26 11:25:20.406357 dv-neutron-843294-2-hyperv devstack@keystone.service[80640]: DEBUG dbcounter [-] [80640] Writing DB stats keystone:SELECT=99,keystone:INSERT=1 {{(pid=80640) stat_writer /usr/local/lib/python3.8/dist-packages/dbcounter.py:114}}
May 26 11:25:20.412732 dv-neutron-843294-2-hyperv devstack@keystone.service[80640]: DEBUG keystone.server.flask.request_processing.middleware.auth_context [None req-00394924-a45a-4b66-96a1-524437e285a7 None admin] RBAC: auth_context: {'token': , 'domain_id': None, 'trust_id': None, 'trustor_id': None, 'trustee_id': None, 'domain_name': None, 'group_ids': [], 'user_id': '8deab695e5c94463bee4e6f4c67f9b7b', 'user_domain_id': 'default', 'system_scope': 'all', 'project_id': None, 'project_domain_id': None, 'roles': ['admin', 'member', 'reader'], 'is_admin_project': True, 'service_user_id': None, 'service_user_domain_id': None, 'service_project_id': None, 'service_project_domain_id': None, 'service_roles': []} {{(pid=80640) fill_context /opt/stack/keystone/keystone/server/flask/request_processing/middleware/auth_context.py:478}}
May 26 11:25:20.413408 dv-neutron-843294-2-hyperv devstack@keystone.service[80640]: DEBUG keystone.server.flask.request_processing.req_logging [None req-00394924-a45a-4b66-96a1-524437e285a7 None admin] REQUEST_METHOD: `GET` {{(pid=80640) log_request_info /opt/stack/keystone/keystone/server/flask/request_processing/req_logging.py:27}}
May 26 11:25:20.413692 dv-neutron-843294-2-hyperv devstack@keystone.service[80640]: DEBUG keystone.server.flask.request_processing.req_logging [None req-00394924-a45a-4b66-96a1-524437e285a7 None admin] SCRIPT_NAME: `/identity` {{(pid=80640) log_request_info /opt/stack/keystone/keystone/server/flask/request_processing/req_logging.py:28}}
May 26 11:25:20.413994 dv-neutron-843294-2-hyperv devstack@keystone.service[80640]: DEBUG keystone.server.flask.request_processing.req_logging [None req-00394924-a45a-4b66-96a1-524437e285a7 None admin] PATH_INFO: `/v3/auth/tokens` {{(pid=80640) log_request_info /opt/stack/keystone/keystone/server/flask/request_processing/req_logging.py:29}}
May 26 11:25:20.488548 dv-neutron-843294-2-hyperv devstack@keystone.service[80640]: DEBUG keystone.common.rbac_enforcer.enforcer [None req-00394924-a45a-4b66-96a1-524437e285a7 None admin] RBAC: Authorizing `identity:validate_token()` {{(pid=80640) enforce_call /opt/stack/keystone/keystone/common/rbac_enforcer/enforcer.py:449}}
May 26 11:25:20.490093 dv-neutron-843294-2-hyperv devstack@keystone.service[80640]: DEBUG keystone.common.rbac_enforcer.enforcer [None req-00394924-a45a-4b66-96a1-524437e285a7 None admin] RBAC: Authorization granted {{(pid=80640) enforce_call /opt/stack/keystone/keystone/common/rbac_enforcer/enforcer.py:457}}
May 26 11:25:20.599990 dv-neutron-843294-2-hyperv devstack@keystone.service[80640]: [pid: 80640|app: 0|req: 128/267] 10.222.0.24 () {58 vars in 1282 bytes} [Thu May 26 11:25:20 2022] GET /identity/v3/auth/tokens => generated 799 bytes in 360 msecs (HTTP/1.1 200) 6 headers in 358 bytes (1 switches on core 0)
May 26 11:25:20.610850 dv-neutron-843294-2-hyperv devstack@keystone.service[80639]: DEBUG keystone.server.flask.request_processing.middleware.auth_context [None req-ce1e0ff1-c597-4ade-887b-66c3bcc1e2cd None admin] Authenticating user token {{(pid=80639) process_request /usr/local/lib/python3.8/dist-packages/keystonemiddleware/auth_token/__init__.py:407}}
May 26 11:25:20.626824 dv-neutron-843294-2-hyperv devstack@keystone.service[80640]: DEBUG keystone.server.flask.request_processing.req_logging [None req-6a103b53-e356-4406-a12c-1d8be1931912 None None] REQUEST_METHOD: `GET` {{(pid=80640) log_request_info /opt/stack/keystone/keystone/server/flask/request_processing/req_logging.py:27}}
May 26 11:25:20.627431 dv-neutron-843294-2-hyperv devstack@keystone.service[80640]: DEBUG keystone.server.flask.request_processing.req_logging [None req-6a103b53-e356-4406-a12c-1d8be1931912 None None] SCRIPT_NAME: `/identity` {{(pid=80640) log_request_info /opt/stack/keystone/keystone/server/flask/request_processing/req_logging.py:28}}
May 26 11:25:20.627901 dv-neutron-843294-2-hyperv devstack@keystone.service[80640]: DEBUG keystone.server.flask.request_processing.req_logging [None req-6a103b53-e356-4406-a12c-1d8be1931912 None None] PATH_INFO: `/` {{(pid=80640) log_request_info /opt/stack/keystone/keystone/server/flask/request_processing/req_logging.py:29}}
May 26 11:25:20.629691 dv-neutron-843294-2-hyperv devstack@keystone.service[80640]: [pid: 80640|app: 0|req: 129/268] 10.222.0.24 () {54 vars in 926 bytes} [Thu May 26 11:25:20 2022] GET /identity => generated 270 bytes in 4 msecs (HTTP/1.1 300) 6 headers in 234 bytes (2 switches on core 0)
May 26 11:25:20.635026 dv-neutron-843294-2-hyperv devstack@keystone.service[80640]: DEBUG keystone.server.flask.request_processing.req_logging [None req-a84bac43-efc6-4ae5-a281-bcd0815cfc69 None None] REQUEST_METHOD: `POST` {{(pid=80640) log_request_info /opt/stack/keystone/keystone/server/flask/request_processing/req_logging.py:27}}
May 26 11:25:20.635559 dv-neutron-843294-2-hyperv devstack@keystone.service[80640]: DEBUG keystone.server.flask.request_processing.req_logging [None req-a84bac43-efc6-4ae5-a281-bcd0815cfc69 None None] SCRIPT_NAME: `/identity` {{(pid=80640) log_request_info /opt/stack/keystone/keystone/server/flask/request_processing/req_logging.py:28}}
May 26 11:25:20.636008 dv-neutron-843294-2-hyperv devstack@keystone.service[80640]: DEBUG keystone.server.flask.request_processing.req_logging [None req-a84bac43-efc6-4ae5-a281-bcd0815cfc69 None None] PATH_INFO: `/v3/auth/tokens` {{(pid=80640) log_request_info /opt/stack/keystone/keystone/server/flask/request_processing/req_logging.py:29}}
May 26 11:25:20.653274 dv-neutron-843294-2-hyperv devstack@keystone.service[80640]: DEBUG keystone.auth.core [None req-a84bac43-efc6-4ae5-a281-bcd0815cfc69 None None] MFA Rules not processed for user `8deab695e5c94463bee4e6f4c67f9b7b`. Rule list: `[]` (Enabled: `True`). {{(pid=80640) check_auth_methods_against_rules /opt/stack/keystone/keystone/auth/core.py:438}}
May 26 11:25:20.655035 dv-neutron-843294-2-hyperv devstack@keystone.service[80640]: DEBUG keystone.common.fernet_utils [None req-a84bac43-efc6-4ae5-a281-bcd0815cfc69 None None] Loaded 2 Fernet keys from /etc/keystone/fernet-keys/, but `[fernet_tokens] max_active_keys = 3`; perhaps there have not been enough key rotations to reach `max_active_keys` yet? {{(pid=80640) load_keys /opt/stack/keystone/keystone/common/fernet_utils.py:286}}
May 26 11:25:20.692306 dv-neutron-843294-2-hyperv devstack@keystone.service[80640]: DEBUG dbcounter [-] [80640] Writing DB stats keystone:SELECT=100 {{(pid=80640) stat_writer /usr/local/lib/python3.8/dist-packages/dbcounter.py:114}}
May 26 11:25:20.783895 dv-neutron-843294-2-hyperv devstack@keystone.service[80640]: [pid: 80640|app: 0|req: 130/269] 10.222.0.24 () {58 vars in 1023 bytes} [Thu May 26 11:25:20 2022] POST /identity/v3/auth/tokens => generated 799 bytes in 149 msecs (HTTP/1.1 201) 6 headers in 363 bytes (2 switches on core 0)
May 26 11:25:20.798717 dv-neutron-843294-2-hyperv devstack@keystone.service[80639]: DEBUG keystone.server.flask.request_processing.middleware.auth_context [None req-ce1e0ff1-c597-4ade-887b-66c3bcc1e2cd None admin] Validating token access rules against request {{(pid=80639) validate_allowed_request /usr/local/lib/python3.8/dist-packages/keystonemiddleware/auth_token/__init__.py:545}}
May 26 11:25:20.806246 dv-neutron-843294-2-hyperv devstack@keystone.service[80639]: DEBUG dbcounter [-] [80639] Writing DB stats keystone:SELECT=100 {{(pid=80639) stat_writer /usr/local/lib/python3.8/dist-packages/dbcounter.py:114}}
May 26 11:25:20.831259 dv-neutron-843294-2-hyperv devstack@keystone.service[80640]: DEBUG keystone.server.flask.request_processing.middleware.auth_context [None req-a84bac43-efc6-4ae5-a281-bcd0815cfc69 None None] Authenticating user token {{(pid=80640) process_request /usr/local/lib/python3.8/dist-packages/keystonemiddleware/auth_token/__init__.py:407}}
May 26 11:25:20.859676 dv-neutron-843294-2-hyperv devstack@keystone.service[80639]: DEBUG keystone.server.flask.request_processing.middleware.auth_context [None req-6e207fd1-89a5-4f2b-a2a3-7dd1eb225457 None admin] RBAC: auth_context: {'token': , 'domain_id': None, 'trust_id': None, 'trustor_id': None, 'trustee_id': None, 'domain_name': None, 'group_ids': [], 'user_id': '8deab695e5c94463bee4e6f4c67f9b7b', 'user_domain_id': 'default', 'system_scope': 'all', 'project_id': None, 'project_domain_id': None, 'roles': ['admin', 'member', 'reader'], 'is_admin_project': True, 'service_user_id': None, 'service_user_domain_id': None, 'service_project_id': None, 'service_project_domain_id': None, 'service_roles': []} {{(pid=80639) fill_context /opt/stack/keystone/keystone/server/flask/request_processing/middleware/auth_context.py:478}}
May 26 11:25:20.860527 dv-neutron-843294-2-hyperv devstack@keystone.service[80639]: DEBUG keystone.server.flask.request_processing.req_logging [None req-6e207fd1-89a5-4f2b-a2a3-7dd1eb225457 None admin] REQUEST_METHOD: `GET` {{(pid=80639) log_request_info /opt/stack/keystone/keystone/server/flask/request_processing/req_logging.py:27}}
May 26 11:25:20.860804 dv-neutron-843294-2-hyperv devstack@keystone.service[80639]: DEBUG keystone.server.flask.request_processing.req_logging [None req-6e207fd1-89a5-4f2b-a2a3-7dd1eb225457 None admin] SCRIPT_NAME: `/identity` {{(pid=80639) log_request_info /opt/stack/keystone/keystone/server/flask/request_processing/req_logging.py:28}}
May 26 11:25:20.861073 dv-neutron-843294-2-hyperv devstack@keystone.service[80639]: DEBUG keystone.server.flask.request_processing.req_logging [None req-6e207fd1-89a5-4f2b-a2a3-7dd1eb225457 None admin] PATH_INFO: `/v3/projects/f13200f44ce54d58af68d04d864a22ff` {{(pid=80639) log_request_info /opt/stack/keystone/keystone/server/flask/request_processing/req_logging.py:29}}
May 26 11:25:20.862453 dv-neutron-843294-2-hyperv devstack@keystone.service[80639]: DEBUG keystone.common.rbac_enforcer.enforcer [None req-6e207fd1-89a5-4f2b-a2a3-7dd1eb225457 None admin] RBAC: Authorizing `identity:get_project(project_id=f13200f44ce54d58af68d04d864a22ff)` {{(pid=80639) enforce_call /opt/stack/keystone/keystone/common/rbac_enforcer/enforcer.py:449}}
May 26 11:25:20.863915 dv-neutron-843294-2-hyperv devstack@keystone.service[80639]: DEBUG keystone.common.rbac_enforcer.enforcer [None req-6e207fd1-89a5-4f2b-a2a3-7dd1eb225457 None admin] RBAC: Authorization granted {{(pid=80639) enforce_call /opt/stack/keystone/keystone/common/rbac_enforcer/enforcer.py:457}}
May 26 11:25:20.865808 dv-neutron-843294-2-hyperv devstack@keystone.service[80639]: [pid: 80639|app: 0|req: 140/270] 10.222.0.24 () {56 vars in 1186 bytes} [Thu May 26 11:25:20 2022] GET /identity/v3/projects/f13200f44ce54d58af68d04d864a22ff => generated 302 bytes in 255 msecs (HTTP/1.1 200) 5 headers in 177 bytes (1 switches on core 0)
May 26 11:25:20.875255 dv-neutron-843294-2-hyperv devstack@keystone.service[80639]: DEBUG keystone.server.flask.request_processing.middleware.auth_context [None req-6e207fd1-89a5-4f2b-a2a3-7dd1eb225457 None admin] Authenticating user token {{(pid=80639) process_request /usr/local/lib/python3.8/dist-packages/keystonemiddleware/auth_token/__init__.py:407}}
May 26 11:25:20.993510 dv-neutron-843294-2-hyperv devstack@keystone.service[80640]: DEBUG keystone.server.flask.request_processing.middleware.auth_context [None req-a84bac43-efc6-4ae5-a281-bcd0815cfc69 None None] Validating token access rules against request {{(pid=80640) validate_allowed_request /usr/local/lib/python3.8/dist-packages/keystonemiddleware/auth_token/__init__.py:545}}
