May 25 15:53:55.589011 dv-neutron-843294-1-hyperv devstack@keystone.service[80415]: DEBUG keystone.server.flask.request_processing.req_logging [None req-0affec9b-b6d2-42a7-8055-f6adb60500a8 None None] REQUEST_METHOD: `GET` {{(pid=80415) log_request_info /opt/stack/keystone/keystone/server/flask/request_processing/req_logging.py:27}}
May 25 15:53:55.589430 dv-neutron-843294-1-hyperv devstack@keystone.service[80415]: DEBUG keystone.server.flask.request_processing.req_logging [None req-0affec9b-b6d2-42a7-8055-f6adb60500a8 None None] SCRIPT_NAME: `/identity` {{(pid=80415) log_request_info /opt/stack/keystone/keystone/server/flask/request_processing/req_logging.py:28}}
May 25 15:53:55.589836 dv-neutron-843294-1-hyperv devstack@keystone.service[80415]: DEBUG keystone.server.flask.request_processing.req_logging [None req-0affec9b-b6d2-42a7-8055-f6adb60500a8 None None] PATH_INFO: `/` {{(pid=80415) log_request_info /opt/stack/keystone/keystone/server/flask/request_processing/req_logging.py:29}}
May 25 15:53:55.591342 dv-neutron-843294-1-hyperv devstack@keystone.service[80415]: [pid: 80415|app: 0|req: 21/39] 10.222.0.81 () {54 vars in 926 bytes} [Wed May 25 15:53:55 2022] GET /identity => generated 270 bytes in 3 msecs (HTTP/1.1 300) 6 headers in 234 bytes (1 switches on core 0)
May 25 15:53:55.597484 dv-neutron-843294-1-hyperv devstack@keystone.service[80415]: DEBUG keystone.server.flask.request_processing.req_logging [None req-b5079bc4-59fa-4a46-acf8-90203a67da5c None None] REQUEST_METHOD: `POST` {{(pid=80415) log_request_info /opt/stack/keystone/keystone/server/flask/request_processing/req_logging.py:27}}
May 25 15:53:55.599753 dv-neutron-843294-1-hyperv devstack@keystone.service[80415]: DEBUG keystone.server.flask.request_processing.req_logging [None req-b5079bc4-59fa-4a46-acf8-90203a67da5c None None] SCRIPT_NAME: `/identity` {{(pid=80415) log_request_info /opt/stack/keystone/keystone/server/flask/request_processing/req_logging.py:28}}
May 25 15:53:55.600042 dv-neutron-843294-1-hyperv devstack@keystone.service[80415]: DEBUG keystone.server.flask.request_processing.req_logging [None req-b5079bc4-59fa-4a46-acf8-90203a67da5c None None] PATH_INFO: `/v3/auth/tokens` {{(pid=80415) log_request_info /opt/stack/keystone/keystone/server/flask/request_processing/req_logging.py:29}}
May 25 15:53:55.634164 dv-neutron-843294-1-hyperv devstack@keystone.service[80414]: DEBUG keystone.server.flask.request_processing.middleware.auth_context [None req-02bd16e5-f223-43ae-891f-a793e4b16931 None admin] RBAC: auth_context: {'token': , 'domain_id': None, 'trust_id': None, 'trustor_id': None, 'trustee_id': None, 'domain_name': None, 'group_ids': [], 'user_id': 'eaa6e603225c46bea7215a6aa57419cb', 'user_domain_id': 'default', 'system_scope': 'all', 'project_id': None, 'project_domain_id': None, 'roles': ['admin', 'member', 'reader'], 'is_admin_project': True, 'service_user_id': None, 'service_user_domain_id': None, 'service_project_id': None, 'service_project_domain_id': None, 'service_roles': []} {{(pid=80414) fill_context /opt/stack/keystone/keystone/server/flask/request_processing/middleware/auth_context.py:478}}
May 25 15:53:55.635285 dv-neutron-843294-1-hyperv devstack@keystone.service[80414]: DEBUG keystone.server.flask.request_processing.req_logging [None req-02bd16e5-f223-43ae-891f-a793e4b16931 None admin] REQUEST_METHOD: `POST` {{(pid=80414) log_request_info /opt/stack/keystone/keystone/server/flask/request_processing/req_logging.py:27}}
May 25 15:53:55.635816 dv-neutron-843294-1-hyperv devstack@keystone.service[80414]: DEBUG keystone.server.flask.request_processing.req_logging [None req-02bd16e5-f223-43ae-891f-a793e4b16931 None admin] SCRIPT_NAME: `/identity` {{(pid=80414) log_request_info /opt/stack/keystone/keystone/server/flask/request_processing/req_logging.py:28}}
May 25 15:53:55.636304 dv-neutron-843294-1-hyperv devstack@keystone.service[80414]: DEBUG keystone.server.flask.request_processing.req_logging [None req-02bd16e5-f223-43ae-891f-a793e4b16931 None admin] PATH_INFO: `/v3/roles` {{(pid=80414) log_request_info /opt/stack/keystone/keystone/server/flask/request_processing/req_logging.py:29}}
May 25 15:53:55.637062 dv-neutron-843294-1-hyperv devstack@keystone.service[80415]: DEBUG keystone.auth.core [None req-b5079bc4-59fa-4a46-acf8-90203a67da5c None None] MFA Rules not processed for user `eaa6e603225c46bea7215a6aa57419cb`. Rule list: `[]` (Enabled: `True`). {{(pid=80415) check_auth_methods_against_rules /opt/stack/keystone/keystone/auth/core.py:438}}
May 25 15:53:55.637534 dv-neutron-843294-1-hyperv devstack@keystone.service[80414]: DEBUG keystone.common.rbac_enforcer.enforcer [None req-02bd16e5-f223-43ae-891f-a793e4b16931 None admin] RBAC: Authorizing `identity:create_role()` {{(pid=80414) enforce_call /opt/stack/keystone/keystone/common/rbac_enforcer/enforcer.py:449}}
May 25 15:53:55.638308 dv-neutron-843294-1-hyperv devstack@keystone.service[80415]: DEBUG keystone.common.fernet_utils [None req-b5079bc4-59fa-4a46-acf8-90203a67da5c None None] Loaded 2 Fernet keys from /etc/keystone/fernet-keys/, but `[fernet_tokens] max_active_keys = 3`; perhaps there have not been enough key rotations to reach `max_active_keys` yet? {{(pid=80415) load_keys /opt/stack/keystone/keystone/common/fernet_utils.py:286}}
May 25 15:53:55.639578 dv-neutron-843294-1-hyperv devstack@keystone.service[80414]: DEBUG keystone.common.rbac_enforcer.enforcer [None req-02bd16e5-f223-43ae-891f-a793e4b16931 None admin] RBAC: Authorization granted {{(pid=80414) enforce_call /opt/stack/keystone/keystone/common/rbac_enforcer/enforcer.py:457}}
May 25 15:53:55.656616 dv-neutron-843294-1-hyperv devstack@keystone.service[80414]: [pid: 80414|app: 0|req: 19/40] 10.222.0.81 () {60 vars in 1131 bytes} [Wed May 25 15:53:55 2022] POST /identity/v3/roles => generated 225 bytes in 241 msecs (HTTP/1.1 201) 5 headers in 182 bytes (2 switches on core 0)
May 25 15:53:55.658763 dv-neutron-843294-1-hyperv devstack@keystone.service[80414]: DEBUG keystone.server.flask.request_processing.req_logging [None req-c36ca558-5c1d-4d93-bb07-b7f4bb735001 None None] REQUEST_METHOD: `GET` {{(pid=80414) log_request_info /opt/stack/keystone/keystone/server/flask/request_processing/req_logging.py:27}}
May 25 15:53:55.659385 dv-neutron-843294-1-hyperv devstack@keystone.service[80414]: DEBUG keystone.server.flask.request_processing.req_logging [None req-c36ca558-5c1d-4d93-bb07-b7f4bb735001 None None] SCRIPT_NAME: `/identity` {{(pid=80414) log_request_info /opt/stack/keystone/keystone/server/flask/request_processing/req_logging.py:28}}
May 25 15:53:55.659795 dv-neutron-843294-1-hyperv devstack@keystone.service[80414]: DEBUG keystone.server.flask.request_processing.req_logging [None req-c36ca558-5c1d-4d93-bb07-b7f4bb735001 None None] PATH_INFO: `/` {{(pid=80414) log_request_info /opt/stack/keystone/keystone/server/flask/request_processing/req_logging.py:29}}
May 25 15:53:55.661394 dv-neutron-843294-1-hyperv devstack@keystone.service[80414]: [pid: 80414|app: 0|req: 20/41] 10.222.0.81 () {54 vars in 926 bytes} [Wed May 25 15:53:55 2022] GET /identity => generated 270 bytes in 4 msecs (HTTP/1.1 300) 6 headers in 234 bytes (1 switches on core 0)
May 25 15:53:55.668839 dv-neutron-843294-1-hyperv devstack@keystone.service[80414]: DEBUG keystone.server.flask.request_processing.req_logging [None req-8ef8c2e2-49af-4056-939d-94840e31e38b None None] REQUEST_METHOD: `POST` {{(pid=80414) log_request_info /opt/stack/keystone/keystone/server/flask/request_processing/req_logging.py:27}}
May 25 15:53:55.669325 dv-neutron-843294-1-hyperv devstack@keystone.service[80414]: DEBUG keystone.server.flask.request_processing.req_logging [None req-8ef8c2e2-49af-4056-939d-94840e31e38b None None] SCRIPT_NAME: `/identity` {{(pid=80414) log_request_info /opt/stack/keystone/keystone/server/flask/request_processing/req_logging.py:28}}
May 25 15:53:55.669713 dv-neutron-843294-1-hyperv devstack@keystone.service[80414]: DEBUG keystone.server.flask.request_processing.req_logging [None req-8ef8c2e2-49af-4056-939d-94840e31e38b None None] PATH_INFO: `/v3/auth/tokens` {{(pid=80414) log_request_info /opt/stack/keystone/keystone/server/flask/request_processing/req_logging.py:29}}
May 25 15:53:55.690361 dv-neutron-843294-1-hyperv devstack@keystone.service[80414]: DEBUG keystone.auth.core [None req-8ef8c2e2-49af-4056-939d-94840e31e38b None None] MFA Rules not processed for user `eaa6e603225c46bea7215a6aa57419cb`. Rule list: `[]` (Enabled: `True`). {{(pid=80414) check_auth_methods_against_rules /opt/stack/keystone/keystone/auth/core.py:438}}
May 25 15:53:55.692223 dv-neutron-843294-1-hyperv devstack@keystone.service[80414]: DEBUG keystone.common.fernet_utils [None req-8ef8c2e2-49af-4056-939d-94840e31e38b None None] Loaded 2 Fernet keys from /etc/keystone/fernet-keys/, but `[fernet_tokens] max_active_keys = 3`; perhaps there have not been enough key rotations to reach `max_active_keys` yet? {{(pid=80414) load_keys /opt/stack/keystone/keystone/common/fernet_utils.py:286}}
May 25 15:53:55.714162 dv-neutron-843294-1-hyperv devstack@keystone.service[80414]: DEBUG dbcounter [-] [80414] Writing DB stats keystone:SELECT=99,keystone:INSERT=1 {{(pid=80414) stat_writer /usr/local/lib/python3.8/dist-packages/dbcounter.py:114}}
May 25 15:53:55.736179 dv-neutron-843294-1-hyperv devstack@keystone.service[80415]: [pid: 80415|app: 0|req: 22/42] 10.222.0.81 () {58 vars in 1023 bytes} [Wed May 25 15:53:55 2022] POST /identity/v3/auth/tokens => generated 799 bytes in 140 msecs (HTTP/1.1 201) 6 headers in 363 bytes (1 switches on core 0)
May 25 15:53:55.760714 dv-neutron-843294-1-hyperv devstack@keystone.service[80415]: DEBUG keystone.server.flask.request_processing.middleware.auth_context [None req-b5079bc4-59fa-4a46-acf8-90203a67da5c None None] Authenticating user token {{(pid=80415) process_request /usr/local/lib/python3.8/dist-packages/keystonemiddleware/auth_token/__init__.py:407}}
May 25 15:53:55.782143 dv-neutron-843294-1-hyperv devstack@keystone.service[80414]: [pid: 80414|app: 0|req: 21/43] 10.222.0.81 () {58 vars in 1023 bytes} [Wed May 25 15:53:55 2022] POST /identity/v3/auth/tokens => generated 799 bytes in 115 msecs (HTTP/1.1 201) 6 headers in 363 bytes (2 switches on core 0)
May 25 15:53:55.809754 dv-neutron-843294-1-hyperv devstack@keystone.service[80414]: DEBUG keystone.server.flask.request_processing.middleware.auth_context [None req-8ef8c2e2-49af-4056-939d-94840e31e38b None None] Authenticating user token {{(pid=80414) process_request /usr/local/lib/python3.8/dist-packages/keystonemiddleware/auth_token/__init__.py:407}}
May 25 15:53:55.890217 dv-neutron-843294-1-hyperv devstack@keystone.service[80415]: DEBUG dbcounter [-] [80415] Writing DB stats keystone:SELECT=99,keystone:INSERT=1 {{(pid=80415) stat_writer /usr/local/lib/python3.8/dist-packages/dbcounter.py:114}}
May 25 15:53:55.907418 dv-neutron-843294-1-hyperv devstack@keystone.service[80415]: DEBUG keystone.server.flask.request_processing.middleware.auth_context [None req-b5079bc4-59fa-4a46-acf8-90203a67da5c None None] Validating token access rules against request {{(pid=80415) validate_allowed_request /usr/local/lib/python3.8/dist-packages/keystonemiddleware/auth_token/__init__.py:545}}
May 25 15:53:55.958223 dv-neutron-843294-1-hyperv devstack@keystone.service[80415]: DEBUG keystone.server.flask.request_processing.middleware.auth_context [None req-06ac806a-6105-4f93-99c2-293ba1ba74c3 None admin] RBAC: auth_context: {'token': , 'domain_id': None, 'trust_id': None, 'trustor_id': None, 'trustee_id': None, 'domain_name': None, 'group_ids': [], 'user_id': 'eaa6e603225c46bea7215a6aa57419cb', 'user_domain_id': 'default', 'system_scope': 'all', 'project_id': None, 'project_domain_id': None, 'roles': ['admin', 'member', 'reader'], 'is_admin_project': True, 'service_user_id': None, 'service_user_domain_id': None, 'service_project_id': None, 'service_project_domain_id': None, 'service_roles': []} {{(pid=80415) fill_context /opt/stack/keystone/keystone/server/flask/request_processing/middleware/auth_context.py:478}}
May 25 15:53:55.958910 dv-neutron-843294-1-hyperv devstack@keystone.service[80415]: DEBUG keystone.server.flask.request_processing.req_logging [None req-06ac806a-6105-4f93-99c2-293ba1ba74c3 None admin] REQUEST_METHOD: `POST` {{(pid=80415) log_request_info /opt/stack/keystone/keystone/server/flask/request_processing/req_logging.py:27}}
May 25 15:53:55.959196 dv-neutron-843294-1-hyperv devstack@keystone.service[80415]: DEBUG keystone.server.flask.request_processing.req_logging [None req-06ac806a-6105-4f93-99c2-293ba1ba74c3 None admin] SCRIPT_NAME: `/identity` {{(pid=80415) log_request_info /opt/stack/keystone/keystone/server/flask/request_processing/req_logging.py:28}}
May 25 15:53:55.959475 dv-neutron-843294-1-hyperv devstack@keystone.service[80415]: DEBUG keystone.server.flask.request_processing.req_logging [None req-06ac806a-6105-4f93-99c2-293ba1ba74c3 None admin] PATH_INFO: `/v3/roles` {{(pid=80415) log_request_info /opt/stack/keystone/keystone/server/flask/request_processing/req_logging.py:29}}
May 25 15:53:55.961521 dv-neutron-843294-1-hyperv devstack@keystone.service[80415]: DEBUG keystone.common.rbac_enforcer.enforcer [None req-06ac806a-6105-4f93-99c2-293ba1ba74c3 None admin] RBAC: Authorizing `identity:create_role()` {{(pid=80415) enforce_call /opt/stack/keystone/keystone/common/rbac_enforcer/enforcer.py:449}}
May 25 15:53:55.962881 dv-neutron-843294-1-hyperv devstack@keystone.service[80415]: DEBUG keystone.common.rbac_enforcer.enforcer [None req-06ac806a-6105-4f93-99c2-293ba1ba74c3 None admin] RBAC: Authorization granted {{(pid=80415) enforce_call /opt/stack/keystone/keystone/common/rbac_enforcer/enforcer.py:457}}
May 25 15:53:55.967958 dv-neutron-843294-1-hyperv devstack@keystone.service[80414]: DEBUG keystone.server.flask.request_processing.middleware.auth_context [None req-8ef8c2e2-49af-4056-939d-94840e31e38b None None] Validating token access rules against request {{(pid=80414) validate_allowed_request /usr/local/lib/python3.8/dist-packages/keystonemiddleware/auth_token/__init__.py:545}}
May 25 15:53:55.978885 dv-neutron-843294-1-hyperv devstack@keystone.service[80415]: [pid: 80415|app: 0|req: 23/44] 10.222.0.81 () {60 vars in 1131 bytes} [Wed May 25 15:53:55 2022] POST /identity/v3/roles => generated 223 bytes in 219 msecs (HTTP/1.1 201) 5 headers in 182 bytes (2 switches on core 0)
May 25 15:53:56.010633 dv-neutron-843294-1-hyperv devstack@keystone.service[80414]: DEBUG keystone.server.flask.request_processing.middleware.auth_context [None req-f4de226f-1047-489d-92e2-914a2f2aec75 None admin] RBAC: auth_context: {'token': , 'domain_id': None, 'trust_id': None, 'trustor_id': None, 'trustee_id': None, 'domain_name': None, 'group_ids': [], 'user_id': 'eaa6e603225c46bea7215a6aa57419cb', 'user_domain_id': 'default', 'system_scope': 'all', 'project_id': None, 'project_domain_id': None, 'roles': ['admin', 'member', 'reader'], 'is_admin_project': True, 'service_user_id': None, 'service_user_domain_id': None, 'service_project_id': None, 'service_project_domain_id': None, 'service_roles': []} {{(pid=80414) fill_context /opt/stack/keystone/keystone/server/flask/request_processing/middleware/auth_context.py:478}}
May 25 15:53:56.011469 dv-neutron-843294-1-hyperv devstack@keystone.service[80414]: DEBUG keystone.server.flask.request_processing.req_logging [None req-f4de226f-1047-489d-92e2-914a2f2aec75 None admin] REQUEST_METHOD: `GET` {{(pid=80414) log_request_info /opt/stack/keystone/keystone/server/flask/request_processing/req_logging.py:27}}
May 25 15:53:56.011795 dv-neutron-843294-1-hyperv devstack@keystone.service[80414]: DEBUG keystone.server.flask.request_processing.req_logging [None req-f4de226f-1047-489d-92e2-914a2f2aec75 None admin] SCRIPT_NAME: `/identity` {{(pid=80414) log_request_info /opt/stack/keystone/keystone/server/flask/request_processing/req_logging.py:28}}
May 25 15:53:56.012083 dv-neutron-843294-1-hyperv devstack@keystone.service[80414]: DEBUG keystone.server.flask.request_processing.req_logging [None req-f4de226f-1047-489d-92e2-914a2f2aec75 None admin] PATH_INFO: `/v3/domains/default` {{(pid=80414) log_request_info /opt/stack/keystone/keystone/server/flask/request_processing/req_logging.py:29}}
May 25 15:53:56.013386 dv-neutron-843294-1-hyperv devstack@keystone.service[80414]: DEBUG keystone.common.rbac_enforcer.enforcer [None req-f4de226f-1047-489d-92e2-914a2f2aec75 None admin] RBAC: Authorizing `identity:get_domain(domain_id=default)` {{(pid=80414) enforce_call /opt/stack/keystone/keystone/common/rbac_enforcer/enforcer.py:449}}
May 25 15:53:56.014918 dv-neutron-843294-1-hyperv devstack@keystone.service[80414]: DEBUG keystone.common.rbac_enforcer.enforcer [None req-f4de226f-1047-489d-92e2-914a2f2aec75 None admin] RBAC: Authorization granted {{(pid=80414) enforce_call /opt/stack/keystone/keystone/common/rbac_enforcer/enforcer.py:457}}
May 25 15:53:56.016891 dv-neutron-843294-1-hyperv devstack@keystone.service[80414]: [pid: 80414|app: 0|req: 22/45] 10.222.0.81 () {56 vars in 1108 bytes} [Wed May 25 15:53:55 2022] GET /identity/v3/domains/default => generated 199 bytes in 209 msecs (HTTP/1.1 200) 5 headers in 177 bytes (1 switches on core 0)
May 25 15:53:56.023011 dv-neutron-843294-1-hyperv devstack@keystone.service[80415]: DEBUG keystone.server.flask.request_processing.middleware.auth_context [None req-06ac806a-6105-4f93-99c2-293ba1ba74c3 None admin] Authenticating user token {{(pid=80415) process_request /usr/local/lib/python3.8/dist-packages/keystonemiddleware/auth_token/__init__.py:407}}
May 25 15:53:56.149752 dv-neutron-843294-1-hyperv devstack@keystone.service[80415]: DEBUG keystone.server.flask.request_processing.middleware.auth_context [None req-06ac806a-6105-4f93-99c2-293ba1ba74c3 None admin] Validating token access rules against request {{(pid=80415) validate_allowed_request /usr/local/lib/python3.8/dist-packages/keystonemiddleware/auth_token/__init__.py:545}}
May 25 15:53:56.190028 dv-neutron-843294-1-hyperv devstack@keystone.service[80415]: DEBUG keystone.server.flask.request_processing.middleware.auth_context [None req-31c1d9cd-ffdf-41ad-897e-bba557ea9c31 None admin] RBAC: auth_context: {'token': , 'domain_id': None, 'trust_id': None, 'trustor_id': None, 'trustee_id': None, 'domain_name': None, 'group_ids': [], 'user_id': 'eaa6e603225c46bea7215a6aa57419cb', 'user_domain_id': 'default', 'system_scope': 'all', 'project_id': None, 'project_domain_id': None, 'roles': ['admin', 'member', 'reader'], 'is_admin_project': True, 'service_user_id': None, 'service_user_domain_id': None, 'service_project_id': None, 'service_project_domain_id': None, 'service_roles': []} {{(pid=80415) fill_context /opt/stack/keystone/keystone/server/flask/request_processing/middleware/auth_context.py:478}}
May 25 15:53:56.190028 dv-neutron-843294-1-hyperv devstack@keystone.service[80415]: DEBUG keystone.server.flask.request_processing.req_logging [None req-31c1d9cd-ffdf-41ad-897e-bba557ea9c31 None admin] REQUEST_METHOD: `POST` {{(pid=80415) log_request_info /opt/stack/keystone/keystone/server/flask/request_processing/req_logging.py:27}}
May 25 15:53:56.190028 dv-neutron-843294-1-hyperv devstack@keystone.service[80415]: DEBUG keystone.server.flask.request_processing.req_logging [None req-31c1d9cd-ffdf-41ad-897e-bba557ea9c31 None admin] SCRIPT_NAME: `/identity` {{(pid=80415) log_request_info /opt/stack/keystone/keystone/server/flask/request_processing/req_logging.py:28}}
May 25 15:53:56.190346 dv-neutron-843294-1-hyperv devstack@keystone.service[80415]: DEBUG keystone.server.flask.request_processing.req_logging [None req-31c1d9cd-ffdf-41ad-897e-bba557ea9c31 None admin] PATH_INFO: `/v3/projects` {{(pid=80415) log_request_info /opt/stack/keystone/keystone/server/flask/request_processing/req_logging.py:29}}
May 25 15:53:56.190969 dv-neutron-843294-1-hyperv devstack@keystone.service[80415]: DEBUG keystone.common.rbac_enforcer.enforcer [None req-31c1d9cd-ffdf-41ad-897e-bba557ea9c31 None admin] RBAC: Authorizing `identity:create_project()` {{(pid=80415) enforce_call /opt/stack/keystone/keystone/common/rbac_enforcer/enforcer.py:449}}
May 25 15:53:56.192466 dv-neutron-843294-1-hyperv devstack@keystone.service[80415]: DEBUG keystone.common.rbac_enforcer.enforcer [None req-31c1d9cd-ffdf-41ad-897e-bba557ea9c31 None admin] RBAC: Authorization granted {{(pid=80415) enforce_call /opt/stack/keystone/keystone/common/rbac_enforcer/enforcer.py:457}}
May 25 15:53:56.221658 dv-neutron-843294-1-hyperv devstack@keystone.service[80415]: [pid: 80415|app: 0|req: 24/46] 10.222.0.81 () {60 vars in 1141 bytes} [Wed May 25 15:53:56 2022] POST /identity/v3/projects => generated 312 bytes in 200 msecs (HTTP/1.1 201) 5 headers in 182 bytes (1 switches on core 0)
May 25 15:53:57.981669 dv-neutron-843294-1-hyperv devstack@keystone.service[80414]: DEBUG keystone.server.flask.request_processing.req_logging [None req-865ab82b-cafd-4815-8810-4920f4bb114a None None] REQUEST_METHOD: `GET` {{(pid=80414) log_request_info /opt/stack/keystone/keystone/server/flask/request_processing/req_logging.py:27}}
May 25 15:53:57.982219 dv-neutron-843294-1-hyperv devstack@keystone.service[80414]: DEBUG keystone.server.flask.request_processing.req_logging [None req-865ab82b-cafd-4815-8810-4920f4bb114a None None] SCRIPT_NAME: `/identity` {{(pid=80414) log_request_info /opt/stack/keystone/keystone/server/flask/request_processing/req_logging.py:28}}
May 25 15:53:57.982388 dv-neutron-843294-1-hyperv devstack@keystone.service[80414]: DEBUG keystone.server.flask.request_processing.req_logging [None req-865ab82b-cafd-4815-8810-4920f4bb114a None None] PATH_INFO: `/` {{(pid=80414) log_request_info /opt/stack/keystone/keystone/server/flask/request_processing/req_logging.py:29}}
May 25 15:53:57.984046 dv-neutron-843294-1-hyperv devstack@keystone.service[80414]: [pid: 80414|app: 0|req: 23/47] 10.222.0.81 () {54 vars in 926 bytes} [Wed May 25 15:53:57 2022] GET /identity => generated 270 bytes in 4 msecs (HTTP/1.1 300) 6 headers in 234 bytes (1 switches on core 0)
May 25 15:53:57.989530 dv-neutron-843294-1-hyperv devstack@keystone.service[80415]: DEBUG keystone.server.flask.request_processing.req_logging [None req-cdf34d64-2e7d-40bf-9174-a7a9758bf26c None None] REQUEST_METHOD: `POST` {{(pid=80415) log_request_info /opt/stack/keystone/keystone/server/flask/request_processing/req_logging.py:27}}
May 25 15:53:57.989933 dv-neutron-843294-1-hyperv devstack@keystone.service[80415]: DEBUG keystone.server.flask.request_processing.req_logging [None req-cdf34d64-2e7d-40bf-9174-a7a9758bf26c None None] SCRIPT_NAME: `/identity` {{(pid=80415) log_request_info /opt/stack/keystone/keystone/server/flask/request_processing/req_logging.py:28}}
May 25 15:53:57.990266 dv-neutron-843294-1-hyperv devstack@keystone.service[80415]: DEBUG keystone.server.flask.request_processing.req_logging [None req-cdf34d64-2e7d-40bf-9174-a7a9758bf26c None None] PATH_INFO: `/v3/auth/tokens` {{(pid=80415) log_request_info /opt/stack/keystone/keystone/server/flask/request_processing/req_logging.py:29}}
May 25 15:53:57.996724 dv-neutron-843294-1-hyperv devstack@keystone.service[80415]: DEBUG dbcounter [-] [80415] Writing DB stats keystone:SELECT=98,keystone:INSERT=2 {{(pid=80415) stat_writer /usr/local/lib/python3.8/dist-packages/dbcounter.py:114}}
May 25 15:53:58.009613 dv-neutron-843294-1-hyperv devstack@keystone.service[80415]: DEBUG keystone.auth.core [None req-cdf34d64-2e7d-40bf-9174-a7a9758bf26c None None] MFA Rules not processed for user `eaa6e603225c46bea7215a6aa57419cb`. Rule list: `[]` (Enabled: `True`). {{(pid=80415) check_auth_methods_against_rules /opt/stack/keystone/keystone/auth/core.py:438}}
May 25 15:53:58.010819 dv-neutron-843294-1-hyperv devstack@keystone.service[80415]: DEBUG keystone.common.fernet_utils [None req-cdf34d64-2e7d-40bf-9174-a7a9758bf26c None None] Loaded 2 Fernet keys from /etc/keystone/fernet-keys/, but `[fernet_tokens] max_active_keys = 3`; perhaps there have not been enough key rotations to reach `max_active_keys` yet? {{(pid=80415) load_keys /opt/stack/keystone/keystone/common/fernet_utils.py:286}}
May 25 15:53:58.082755 dv-neutron-843294-1-hyperv devstack@keystone.service[80415]: [pid: 80415|app: 0|req: 25/48] 10.222.0.81 () {58 vars in 1023 bytes} [Wed May 25 15:53:57 2022] POST /identity/v3/auth/tokens => generated 799 bytes in 94 msecs (HTTP/1.1 201) 6 headers in 363 bytes (1 switches on core 0)
May 25 15:53:58.108115 dv-neutron-843294-1-hyperv devstack@keystone.service[80414]: DEBUG keystone.server.flask.request_processing.middleware.auth_context [None req-865ab82b-cafd-4815-8810-4920f4bb114a None None] Authenticating user token {{(pid=80414) process_request /usr/local/lib/python3.8/dist-packages/keystonemiddleware/auth_token/__init__.py:407}}
May 25 15:53:58.132400 dv-neutron-843294-1-hyperv devstack@keystone.service[80414]: DEBUG dbcounter [-] [80414] Writing DB stats keystone:SELECT=100 {{(pid=80414) stat_writer /usr/local/lib/python3.8/dist-packages/dbcounter.py:114}}
May 25 15:53:58.244621 dv-neutron-843294-1-hyperv devstack@keystone.service[80414]: DEBUG keystone.server.flask.request_processing.middleware.auth_context [None req-865ab82b-cafd-4815-8810-4920f4bb114a None None] Validating token access rules against request {{(pid=80414) validate_allowed_request /usr/local/lib/python3.8/dist-packages/keystonemiddleware/auth_token/__init__.py:545}}
May 25 15:53:58.295269 dv-neutron-843294-1-hyperv devstack@keystone.service[80414]: DEBUG keystone.server.flask.request_processing.middleware.auth_context [None req-aaf692bd-e72f-493b-b212-6fd729009488 None admin] RBAC: auth_context: {'token': , 'domain_id': None, 'trust_id': None, 'trustor_id': None, 'trustee_id': None, 'domain_name': None, 'group_ids': [], 'user_id': 'eaa6e603225c46bea7215a6aa57419cb', 'user_domain_id': 'default', 'system_scope': 'all', 'project_id': None, 'project_domain_id': None, 'roles': ['admin', 'member', 'reader'], 'is_admin_project': True, 'service_user_id': None, 'service_user_domain_id': None, 'service_project_id': None, 'service_project_domain_id': None, 'service_roles': []} {{(pid=80414) fill_context /opt/stack/keystone/keystone/server/flask/request_processing/middleware/auth_context.py:478}}
May 25 15:53:58.296458 dv-neutron-843294-1-hyperv devstack@keystone.service[80414]: DEBUG keystone.server.flask.request_processing.req_logging [None req-aaf692bd-e72f-493b-b212-6fd729009488 None admin] REQUEST_METHOD: `GET` {{(pid=80414) log_request_info /opt/stack/keystone/keystone/server/flask/request_processing/req_logging.py:27}}
May 25 15:53:58.296747 dv-neutron-843294-1-hyperv devstack@keystone.service[80414]: DEBUG keystone.server.flask.request_processing.req_logging [None req-aaf692bd-e72f-493b-b212-6fd729009488 None admin] SCRIPT_NAME: `/identity` {{(pid=80414) log_request_info /opt/stack/keystone/keystone/server/flask/request_processing/req_logging.py:28}}
May 25 15:53:58.297033 dv-neutron-843294-1-hyperv devstack@keystone.service[80414]: DEBUG keystone.server.flask.request_processing.req_logging [None req-aaf692bd-e72f-493b-b212-6fd729009488 None admin] PATH_INFO: `/v3/roles/admin` {{(pid=80414) log_request_info /opt/stack/keystone/keystone/server/flask/request_processing/req_logging.py:29}}
May 25 15:53:58.310287 dv-neutron-843294-1-hyperv devstack@keystone.service[80414]: DEBUG keystone.common.rbac_enforcer.enforcer [None req-aaf692bd-e72f-493b-b212-6fd729009488 None admin] Extracting inferred target data resulted in "NOT FOUND (404)". {{(pid=80414) enforce_call /opt/stack/keystone/keystone/common/rbac_enforcer/enforcer.py:409}}
May 25 15:53:58.318497 dv-neutron-843294-1-hyperv devstack@keystone.service[80414]: ERROR keystone.server.flask.application [None req-aaf692bd-e72f-493b-b212-6fd729009488 None admin] Could not find role: admin.: keystone.exception.RoleNotFound: Could not find role: admin.
May 25 15:53:58.318497 dv-neutron-843294-1-hyperv devstack@keystone.service[80414]: ERROR keystone.server.flask.application
Traceback (most recent call last):
May 25 15:53:58.318497 dv-neutron-843294-1-hyperv devstack@keystone.service[80414]: ERROR keystone.server.flask.application
File "/usr/local/lib/python3.8/dist-packages/flask/app.py", line 1523, in full_dispatch_request
May 25 15:53:58.318497 dv-neutron-843294-1-hyperv devstack@keystone.service[80414]: ERROR keystone.server.flask.application rv = self.dispatch_request()
May 25 15:53:58.318497 dv-neutron-843294-1-hyperv devstack@keystone.service[80414]: ERROR keystone.server.flask.application
File "/usr/local/lib/python3.8/dist-packages/flask/app.py", line 1509, in dispatch_request
May 25 15:53:58.318497 dv-neutron-843294-1-hyperv devstack@keystone.service[80414]: ERROR keystone.server.flask.application return self.ensure_sync(self.view_functions[rule.endpoint])(**req.view_args)
May 25 15:53:58.318497 dv-neutron-843294-1-hyperv devstack@keystone.service[80414]: ERROR keystone.server.flask.application
File "/usr/local/lib/python3.8/dist-packages/flask_restful/__init__.py", line 467, in wrapper
May 25 15:53:58.318497 dv-neutron-843294-1-hyperv devstack@keystone.service[80414]: ERROR keystone.server.flask.application resp = resource(*args, **kwargs)
May 25 15:53:58.318497 dv-neutron-843294-1-hyperv devstack@keystone.service[80414]: ERROR keystone.server.flask.application
File "/usr/local/lib/python3.8/dist-packages/flask/views.py", line 84, in view
May 25 15:53:58.318497 dv-neutron-843294-1-hyperv devstack@keystone.service[80414]: ERROR keystone.server.flask.application return current_app.ensure_sync(self.dispatch_request)(*args, **kwargs)
May 25 15:53:58.318497 dv-neutron-843294-1-hyperv devstack@keystone.service[80414]: ERROR keystone.server.flask.application
File "/usr/local/lib/python3.8/dist-packages/flask_restful/__init__.py", line 582, in dispatch_request
May 25 15:53:58.318497 dv-neutron-843294-1-hyperv devstack@keystone.service[80414]: ERROR keystone.server.flask.application resp = meth(*args, **kwargs)
May 25 15:53:58.318497 dv-neutron-843294-1-hyperv devstack@keystone.service[80414]: ERROR keystone.server.flask.application
File "/opt/stack/keystone/keystone/api/roles.py", line 50, in get
May 25 15:53:58.318497 dv-neutron-843294-1-hyperv devstack@keystone.service[80414]: ERROR keystone.server.flask.application return self._get_role(role_id)
May 25 15:53:58.318497 dv-neutron-843294-1-hyperv devstack@keystone.service[80414]: ERROR keystone.server.flask.application
File "/opt/stack/keystone/keystone/api/roles.py", line 70, in _get_role
May 25 15:53:58.318497 dv-neutron-843294-1-hyperv devstack@keystone.service[80414]: ERROR keystone.server.flask.application ENFORCER.enforce_call(action='identity:get_role')
May 25 15:53:58.319883 dv-neutron-843294-1-hyperv devstack@keystone.service[80414]: ERROR keystone.server.flask.application
File "/opt/stack/keystone/keystone/common/rbac_enforcer/enforcer.py", line 402, in enforce_call
May 25 15:53:58.319883 dv-neutron-843294-1-hyperv devstack@keystone.service[80414]: ERROR keystone.server.flask.application policy_dict.update(cls._extract_member_target_data(
May 25 15:53:58.319883 dv-neutron-843294-1-hyperv devstack@keystone.service[80414]: ERROR keystone.server.flask.application
File "/opt/stack/keystone/keystone/common/rbac_enforcer/enforcer.py", line 234, in _extract_member_target_data
May 25 15:53:58.319883 dv-neutron-843294-1-hyperv devstack@keystone.service[80414]: ERROR keystone.server.flask.application member_name: func(flask.request.view_args[key])
May 25 15:53:58.319883 dv-neutron-843294-1-hyperv devstack@keystone.service[80414]: ERROR keystone.server.flask.application
File "/opt/stack/keystone/keystone/common/manager.py", line 115, in wrapped
May 25 15:53:58.319883 dv-neutron-843294-1-hyperv devstack@keystone.service[80414]: ERROR keystone.server.flask.application __ret_val = __f(*args, **kwargs)
May 25 15:53:58.319883 dv-neutron-843294-1-hyperv devstack@keystone.service[80414]: ERROR keystone.server.flask.application
File "/usr/local/lib/python3.8/dist-packages/decorator.py", line 232, in fun
May 25 15:53:58.319883 dv-neutron-843294-1-hyperv devstack@keystone.service[80414]: ERROR keystone.server.flask.application return caller(func, *(extras + args), **kw)
May 25 15:53:58.319883 dv-neutron-843294-1-hyperv devstack@keystone.service[80414]: ERROR keystone.server.flask.application
File "/usr/local/lib/python3.8/dist-packages/dogpile/cache/region.py", line 1577, in get_or_create_for_user_func
May 25 15:53:58.319883 dv-neutron-843294-1-hyperv devstack@keystone.service[80414]: ERROR keystone.server.flask.application return self.get_or_create(
May 25 15:53:58.319883 dv-neutron-843294-1-hyperv devstack@keystone.service[80414]: ERROR keystone.server.flask.application
File "/usr/local/lib/python3.8/dist-packages/dogpile/cache/region.py", line 1042, in get_or_create
May 25 15:53:58.319883 dv-neutron-843294-1-hyperv devstack@keystone.service[80414]: ERROR keystone.server.flask.application with Lock(
May 25 15:53:58.319883 dv-neutron-843294-1-hyperv devstack@keystone.service[80414]: ERROR keystone.server.flask.application
File "/usr/local/lib/python3.8/dist-packages/dogpile/lock.py", line 185, in __enter__
May 25 15:53:58.319883 dv-neutron-843294-1-hyperv devstack@keystone.service[80414]: ERROR keystone.server.flask.application return self._enter()
May 25 15:53:58.319883 dv-neutron-843294-1-hyperv devstack@keystone.service[80414]: ERROR keystone.server.flask.application
File "/usr/local/lib/python3.8/dist-packages/dogpile/lock.py", line 94, in _enter
May 25 15:53:58.319883 dv-neutron-843294-1-hyperv devstack@keystone.service[80414]: ERROR keystone.server.flask.application generated = self._enter_create(value, createdtime)
May 25 15:53:58.320863 dv-neutron-843294-1-hyperv devstack@keystone.service[80414]: ERROR keystone.server.flask.application
File "/usr/local/lib/python3.8/dist-packages/dogpile/lock.py", line 178, in _enter_create
May 25 15:53:58.320863 dv-neutron-843294-1-hyperv devstack@keystone.service[80414]: ERROR keystone.server.flask.application return self.creator()
May 25 15:53:58.320863 dv-neutron-843294-1-hyperv devstack@keystone.service[80414]: ERROR keystone.server.flask.application
File "/usr/local/lib/python3.8/dist-packages/dogpile/cache/region.py", line 995, in gen_value
May 25 15:53:58.320863 dv-neutron-843294-1-hyperv devstack@keystone.service[80414]: ERROR keystone.server.flask.application created_value = creator(
May 25 15:53:58.320863 dv-neutron-843294-1-hyperv devstack@keystone.service[80414]: ERROR keystone.server.flask.application
File "/opt/stack/keystone/keystone/assignment/core.py", line 1276, in get_role
May 25 15:53:58.320863 dv-neutron-843294-1-hyperv devstack@keystone.service[80414]: ERROR keystone.server.flask.application return self.driver.get_role(role_id)
May 25 15:53:58.320863 dv-neutron-843294-1-hyperv devstack@keystone.service[80414]: ERROR keystone.server.flask.application
File "/opt/stack/keystone/keystone/assignment/role_backends/sql.py", line 70, in get_role
May 25 15:53:58.320863 dv-neutron-843294-1-hyperv devstack@keystone.service[80414]: ERROR keystone.server.flask.application return self._get_role(session, role_id).to_dict()
May 25 15:53:58.320863 dv-neutron-843294-1-hyperv devstack@keystone.service[80414]: ERROR keystone.server.flask.application
File "/opt/stack/keystone/keystone/assignment/role_backends/sql.py", line 65, in _get_role
May 25 15:53:58.320863 dv-neutron-843294-1-hyperv devstack@keystone.service[80414]: ERROR keystone.server.flask.application raise exception.RoleNotFound(role_id=role_id)
May 25 15:53:58.320863 dv-neutron-843294-1-hyperv devstack@keystone.service[80414]: ERROR keystone.server.flask.application keystone.exception.RoleNotFound: Could not find role: admin.
May 25 15:53:58.320863 dv-neutron-843294-1-hyperv devstack@keystone.service[80414]: ERROR keystone.server.flask.application
May 25 15:53:58.320863 dv-neutron-843294-1-hyperv devstack@keystone.service[80414]: [pid: 80414|app: 0|req: 24/49] 10.222.0.81 () {56 vars in 1096 bytes} [Wed May 25 15:53:58 2022] GET /identity/v3/roles/admin => generated 83 bytes in 213 msecs (HTTP/1.1 404) 5 headers in 183 bytes (1 switches on core 0)
May 25 15:53:58.332167 dv-neutron-843294-1-hyperv devstack@keystone.service[80415]: DEBUG keystone.server.flask.request_processing.middleware.auth_context [None req-cdf34d64-2e7d-40bf-9174-a7a9758bf26c None None] Authenticating user token {{(pid=80415) process_request /usr/local/lib/python3.8/dist-packages/keystonemiddleware/auth_token/__init__.py:407}}
May 25 15:53:58.470387 dv-neutron-843294-1-hyperv devstack@keystone.service[80415]: DEBUG keystone.server.flask.request_processing.middleware.auth_context [None req-cdf34d64-2e7d-40bf-9174-a7a9758bf26c None None] Validating token access rules against request {{(pid=80415) validate_allowed_request /usr/local/lib/python3.8/dist-packages/keystonemiddleware/auth_token/__init__.py:545}}
May 25 15:53:58.508760 dv-neutron-843294-1-hyperv devstack@keystone.service[80415]: DEBUG dbcounter [-] [80415] Writing DB stats keystone:SELECT=100 {{(pid=80415) stat_writer /usr/local/lib/python3.8/dist-packages/dbcounter.py:114}}
May 25 15:53:58.516336 dv-neutron-843294-1-hyperv devstack@keystone.service[80415]: DEBUG keystone.server.flask.request_processing.middleware.auth_context [None req-6f03798a-85ea-4767-ba10-f52869395295 None admin] RBAC: auth_context: {'token': , 'domain_id': None, 'trust_id': None, 'trustor_id': None, 'trustee_id': None, 'domain_name': None, 'group_ids': [], 'user_id': 'eaa6e603225c46bea7215a6aa57419cb', 'user_domain_id': 'default', 'system_scope': 'all', 'project_id': None, 'project_domain_id': None, 'roles': ['admin', 'member', 'reader'], 'is_admin_project': True, 'service_user_id': None, 'service_user_domain_id': None, 'service_project_id': None, 'service_project_domain_id': None, 'service_roles': []} {{(pid=80415) fill_context /opt/stack/keystone/keystone/server/flask/request_processing/middleware/auth_context.py:478}}
May 25 15:53:58.517105 dv-neutron-843294-1-hyperv devstack@keystone.service[80415]: DEBUG keystone.server.flask.request_processing.req_logging [None req-6f03798a-85ea-4767-ba10-f52869395295 None admin] REQUEST_METHOD: `GET` {{(pid=80415) log_request_info /opt/stack/keystone/keystone/server/flask/request_processing/req_logging.py:27}}
May 25 15:53:58.517469 dv-neutron-843294-1-hyperv devstack@keystone.service[80415]: DEBUG keystone.server.flask.request_processing.req_logging [None req-6f03798a-85ea-4767-ba10-f52869395295 None admin] SCRIPT_NAME: `/identity` {{(pid=80415) log_request_info /opt/stack/keystone/keystone/server/flask/request_processing/req_logging.py:28}}
May 25 15:53:58.518917 dv-neutron-843294-1-hyperv devstack@keystone.service[80415]: DEBUG keystone.server.flask.request_processing.req_logging [None req-6f03798a-85ea-4767-ba10-f52869395295 None admin] PATH_INFO: `/v3/roles` {{(pid=80415) log_request_info /opt/stack/keystone/keystone/server/flask/request_processing/req_logging.py:29}}
May 25 15:53:58.518917 dv-neutron-843294-1-hyperv devstack@keystone.service[80415]: DEBUG keystone.common.rbac_enforcer.enforcer [None req-6f03798a-85ea-4767-ba10-f52869395295 None admin] RBAC: Adding query filter params (name=admin) {{(pid=80415) _extract_filter_values /opt/stack/keystone/keystone/common/rbac_enforcer/enforcer.py:167}}
May 25 15:53:58.519190 dv-neutron-843294-1-hyperv devstack@keystone.service[80415]: DEBUG keystone.common.rbac_enforcer.enforcer [None req-6f03798a-85ea-4767-ba10-f52869395295 None admin] RBAC: Authorizing `identity:list_roles()` {{(pid=80415) enforce_call /opt/stack/keystone/keystone/common/rbac_enforcer/enforcer.py:449}}
May 25 15:53:58.520585 dv-neutron-843294-1-hyperv devstack@keystone.service[80415]: DEBUG keystone.common.rbac_enforcer.enforcer [None req-6f03798a-85ea-4767-ba10-f52869395295 None admin] RBAC: Authorization granted {{(pid=80415) enforce_call /opt/stack/keystone/keystone/common/rbac_enforcer/enforcer.py:457}}
May 25 15:53:58.531339 dv-neutron-843294-1-hyperv devstack@keystone.service[80415]: [pid: 80415|app: 0|req: 26/50] 10.222.0.81 () {56 vars in 1099 bytes} [Wed May 25 15:53:58 2022] GET /identity/v3/roles?name=admin => generated 339 bytes in 200 msecs (HTTP/1.1 200) 5 headers in 177 bytes (2 switches on core 0)
May 25 15:53:58.537741 dv-neutron-843294-1-hyperv devstack@keystone.service[80414]: DEBUG keystone.server.flask.request_processing.middleware.auth_context [None req-aaf692bd-e72f-493b-b212-6fd729009488 None admin] Authenticating user token {{(pid=80414) process_request /usr/local/lib/python3.8/dist-packages/keystonemiddleware/auth_token/__init__.py:407}}
May 25 15:53:58.606976 dv-neutron-843294-1-hyperv devstack@keystone.service[80415]: DEBUG keystone.server.flask.request_processing.req_logging [None req-74d6fa1c-4ca1-4293-8169-02fe9e24b62c None None] REQUEST_METHOD: `GET` {{(pid=80415) log_request_info /opt/stack/keystone/keystone/server/flask/request_processing/req_logging.py:27}}
May 25 15:53:58.607270 dv-neutron-843294-1-hyperv devstack@keystone.service[80415]: DEBUG keystone.server.flask.request_processing.req_logging [None req-74d6fa1c-4ca1-4293-8169-02fe9e24b62c None None] SCRIPT_NAME: `/identity` {{(pid=80415) log_request_info /opt/stack/keystone/keystone/server/flask/request_processing/req_logging.py:28}}
May 25 15:53:58.607596 dv-neutron-843294-1-hyperv devstack@keystone.service[80415]: DEBUG keystone.server.flask.request_processing.req_logging [None req-74d6fa1c-4ca1-4293-8169-02fe9e24b62c None None] PATH_INFO: `/` {{(pid=80415) log_request_info /opt/stack/keystone/keystone/server/flask/request_processing/req_logging.py:29}}
May 25 15:53:58.608956 dv-neutron-843294-1-hyperv devstack@keystone.service[80415]: [pid: 80415|app: 0|req: 27/51] 10.222.0.81 () {54 vars in 926 bytes} [Wed May 25 15:53:58 2022] GET /identity => generated 270 bytes in 3 msecs (HTTP/1.1 300) 6 headers in 234 bytes (2 switches on core 0)
May 25 15:53:58.614159 dv-neutron-843294-1-hyperv devstack@keystone.service[80415]: DEBUG keystone.server.flask.request_processing.req_logging [None req-73362f38-4f74-4a1c-84db-a70abc992d3b None None] REQUEST_METHOD: `POST` {{(pid=80415) log_request_info /opt/stack/keystone/keystone/server/flask/request_processing/req_logging.py:27}}
May 25 15:53:58.614635 dv-neutron-843294-1-hyperv devstack@keystone.service[80415]: DEBUG keystone.server.flask.request_processing.req_logging [None req-73362f38-4f74-4a1c-84db-a70abc992d3b None None] SCRIPT_NAME: `/identity` {{(pid=80415) log_request_info /opt/stack/keystone/keystone/server/flask/request_processing/req_logging.py:28}}
May 25 15:53:58.615102 dv-neutron-843294-1-hyperv devstack@keystone.service[80415]: DEBUG keystone.server.flask.request_processing.req_logging [None req-73362f38-4f74-4a1c-84db-a70abc992d3b None None] PATH_INFO: `/v3/auth/tokens` {{(pid=80415) log_request_info /opt/stack/keystone/keystone/server/flask/request_processing/req_logging.py:29}}
May 25 15:53:58.635013 dv-neutron-843294-1-hyperv devstack@keystone.service[80415]: DEBUG keystone.auth.core [None req-73362f38-4f74-4a1c-84db-a70abc992d3b None None] MFA Rules not processed for user `eaa6e603225c46bea7215a6aa57419cb`. Rule list: `[]` (Enabled: `True`). {{(pid=80415) check_auth_methods_against_rules /opt/stack/keystone/keystone/auth/core.py:438}}
May 25 15:53:58.636250 dv-neutron-843294-1-hyperv devstack@keystone.service[80415]: DEBUG keystone.common.fernet_utils [None req-73362f38-4f74-4a1c-84db-a70abc992d3b None None] Loaded 2 Fernet keys from /etc/keystone/fernet-keys/, but `[fernet_tokens] max_active_keys = 3`; perhaps there have not been enough key rotations to reach `max_active_keys` yet? {{(pid=80415) load_keys /opt/stack/keystone/keystone/common/fernet_utils.py:286}}
May 25 15:53:58.640506 dv-neutron-843294-1-hyperv devstack@keystone.service[80414]: DEBUG dbcounter [-] [80414] Writing DB stats keystone:SELECT=100 {{(pid=80414) stat_writer /usr/local/lib/python3.8/dist-packages/dbcounter.py:114}}
May 25 15:53:58.667985 dv-neutron-843294-1-hyperv devstack@keystone.service[80414]: DEBUG keystone.server.flask.request_processing.middleware.auth_context [None req-aaf692bd-e72f-493b-b212-6fd729009488 None admin] Validating token access rules against request {{(pid=80414) validate_allowed_request /usr/local/lib/python3.8/dist-packages/keystonemiddleware/auth_token/__init__.py:545}}
May 25 15:53:58.706290 dv-neutron-843294-1-hyperv devstack@keystone.service[80414]: DEBUG keystone.server.flask.request_processing.middleware.auth_context [None req-c5e29ae6-cc18-4851-9c27-9b1fdd7bb588 None admin] RBAC: auth_context: {'token': , 'domain_id': None, 'trust_id': None, 'trustor_id': None, 'trustee_id': None, 'domain_name': None, 'group_ids': [], 'user_id': 'eaa6e603225c46bea7215a6aa57419cb', 'user_domain_id': 'default', 'system_scope': 'all', 'project_id': None, 'project_domain_id': None, 'roles': ['admin', 'member', 'reader'], 'is_admin_project': True, 'service_user_id': None, 'service_user_domain_id': None, 'service_project_id': None, 'service_project_domain_id': None, 'service_roles': []} {{(pid=80414) fill_context /opt/stack/keystone/keystone/server/flask/request_processing/middleware/auth_context.py:478}}
May 25 15:53:58.707279 dv-neutron-843294-1-hyperv devstack@keystone.service[80414]: DEBUG keystone.server.flask.request_processing.req_logging [None req-c5e29ae6-cc18-4851-9c27-9b1fdd7bb588 None admin] REQUEST_METHOD: `GET` {{(pid=80414) log_request_info /opt/stack/keystone/keystone/server/flask/request_processing/req_logging.py:27}}
May 25 15:53:58.707568 dv-neutron-843294-1-hyperv devstack@keystone.service[80414]: DEBUG keystone.server.flask.request_processing.req_logging [None req-c5e29ae6-cc18-4851-9c27-9b1fdd7bb588 None admin] SCRIPT_NAME: `/identity` {{(pid=80414) log_request_info /opt/stack/keystone/keystone/server/flask/request_processing/req_logging.py:28}}
May 25 15:53:58.707882 dv-neutron-843294-1-hyperv devstack@keystone.service[80414]: DEBUG keystone.server.flask.request_processing.req_logging [None req-c5e29ae6-cc18-4851-9c27-9b1fdd7bb588 None admin] PATH_INFO: `/v3/users/eaa6e603225c46bea7215a6aa57419cb` {{(pid=80414) log_request_info /opt/stack/keystone/keystone/server/flask/request_processing/req_logging.py:29}}
May 25 15:53:58.709107 dv-neutron-843294-1-hyperv devstack@keystone.service[80414]: DEBUG keystone.common.rbac_enforcer.enforcer [None req-c5e29ae6-cc18-4851-9c27-9b1fdd7bb588 None admin] RBAC: Authorizing `identity:get_user(user_id=eaa6e603225c46bea7215a6aa57419cb)` {{(pid=80414) enforce_call /opt/stack/keystone/keystone/common/rbac_enforcer/enforcer.py:449}}
May 25 15:53:58.710821 dv-neutron-843294-1-hyperv devstack@keystone.service[80414]: DEBUG keystone.common.rbac_enforcer.enforcer [None req-c5e29ae6-cc18-4851-9c27-9b1fdd7bb588 None admin] RBAC: Authorization granted {{(pid=80414) enforce_call /opt/stack/keystone/keystone/common/rbac_enforcer/enforcer.py:457}}
May 25 15:53:58.712563 dv-neutron-843294-1-hyperv devstack@keystone.service[80414]: [pid: 80414|app: 0|req: 25/52] 10.222.0.81 () {56 vars in 1177 bytes} [Wed May 25 15:53:58 2022] GET /identity/v3/users/eaa6e603225c46bea7215a6aa57419cb => generated 247 bytes in 176 msecs (HTTP/1.1 200) 5 headers in 177 bytes (1 switches on core 0)
May 25 15:53:58.716608 dv-neutron-843294-1-hyperv devstack@keystone.service[80415]: [pid: 80415|app: 0|req: 28/53] 10.222.0.81 () {58 vars in 1023 bytes} [Wed May 25 15:53:58 2022] POST /identity/v3/auth/tokens => generated 799 bytes in 103 msecs (HTTP/1.1 201) 6 headers in 363 bytes (2 switches on core 0)
May 25 15:53:58.718314 dv-neutron-843294-1-hyperv devstack@keystone.service[80414]: DEBUG keystone.server.flask.request_processing.middleware.auth_context [None req-c5e29ae6-cc18-4851-9c27-9b1fdd7bb588 None admin] Authenticating user token {{(pid=80414) process_request /usr/local/lib/python3.8/dist-packages/keystonemiddleware/auth_token/__init__.py:407}}
May 25 15:53:58.741972 dv-neutron-843294-1-hyperv devstack@keystone.service[80415]: DEBUG keystone.server.flask.request_processing.middleware.auth_context [None req-73362f38-4f74-4a1c-84db-a70abc992d3b None None] Authenticating user token {{(pid=80415) process_request /usr/local/lib/python3.8/dist-packages/keystonemiddleware/auth_token/__init__.py:407}}
May 25 15:53:58.841176 dv-neutron-843294-1-hyperv devstack@keystone.service[80414]: DEBUG keystone.server.flask.request_processing.middleware.auth_context [None req-c5e29ae6-cc18-4851-9c27-9b1fdd7bb588 None admin] Validating token access rules against request {{(pid=80414) validate_allowed_request /usr/local/lib/python3.8/dist-packages/keystonemiddleware/auth_token/__init__.py:545}}
May 25 15:53:58.860306 dv-neutron-843294-1-hyperv devstack@keystone.service[80415]: DEBUG keystone.server.flask.request_processing.middleware.auth_context [None req-73362f38-4f74-4a1c-84db-a70abc992d3b None None] Validating token access rules against request {{(pid=80415) validate_allowed_request /usr/local/lib/python3.8/dist-packages/keystonemiddleware/auth_token/__init__.py:545}}
May 25 15:53:58.888983 dv-neutron-843294-1-hyperv devstack@keystone.service[80414]: DEBUG keystone.server.flask.request_processing.middleware.auth_context [None req-80e27e19-e6e2-49de-a203-438ccdba6456 None admin] RBAC: auth_context: {'token': , 'domain_id': None, 'trust_id': None, 'trustor_id': None, 'trustee_id': None, 'domain_name': None, 'group_ids': [], 'user_id': 'eaa6e603225c46bea7215a6aa57419cb', 'user_domain_id': 'default', 'system_scope': 'all', 'project_id': None, 'project_domain_id': None, 'roles': ['admin', 'member', 'reader'], 'is_admin_project': True, 'service_user_id': None, 'service_user_domain_id': None, 'service_project_id': None, 'service_project_domain_id': None, 'service_roles': []} {{(pid=80414) fill_context /opt/stack/keystone/keystone/server/flask/request_processing/middleware/auth_context.py:478}}
