May 25 14:25:07.187826 dv-neutron-843263-1-hyperv neutron-server[104499]: DEBUG dbcounter [-] [104499] Writing DB stats neutron:SELECT=92,neutron:INSERT=5,neutron:DELETE=2,neutron:UPDATE=1 {{(pid=104499) stat_writer /usr/local/lib/python3.8/dist-packages/dbcounter.py:114}}
May 25 14:25:07.199615 dv-neutron-843263-1-hyperv neutron-server[104500]: DEBUG neutron.pecan_wsgi.hooks.policy_enforcement [req-4194d3f3-0fa7-45e2-8c2a-05f0deb861f3 req-12a34d69-6d96-441d-94f8-376c81ef1ff2 tempest-ServersTestManualDisk-1736824643 tempest-ServersTestManualDisk-1736824643-project] Attributes excluded by policy engine: ['standard_attr_id', 'vlan_transparent', 'provider:network_type', 'provider:physical_network', 'provider:segmentation_id'] {{(pid=104500) _exclude_attributes_by_policy /opt/stack/neutron/neutron/pecan_wsgi/hooks/policy_enforcement.py:259}}
May 25 14:25:07.201817 dv-neutron-843263-1-hyperv neutron-server[104500]: INFO neutron.wsgi [req-4194d3f3-0fa7-45e2-8c2a-05f0deb861f3 req-12a34d69-6d96-441d-94f8-376c81ef1ff2 tempest-ServersTestManualDisk-1736824643 tempest-ServersTestManualDisk-1736824643-project] 10.222.0.15 "GET /v2.0/networks?id=2b6bb8b3-3fee-432d-abd0-f563ec8e57b8 HTTP/1.1" status: 200 len: 811 time: 0.4005744
May 25 14:25:07.299954 dv-neutron-843263-1-hyperv neutron-server[104499]: DEBUG neutron_lib.callbacks.manager [None req-8eb63d35-1ea2-4e3a-9135-465a37bca50f tempest-AllowedAddressPairTestJSON-1788410893 tempest-AllowedAddressPairTestJSON-1788410893-project] Publish callbacks ['neutron.plugins.ml2.ovo_rpc._ObjectChangeHandler.handle_event-839234', 'neutron.api.rpc.agentnotifiers.dhcp_rpc_agent_api.DhcpAgentNotifyAPI._native_event_send_dhcp_notification-1026932', 'neutron.services.segments.plugin.NovaSegmentNotifier._notify_subnet_created-260305202', 'neutron.services.segments.plugin.SegmentHostRoutes.host_routes_after_create-260889516'] for subnet (22fe00d6-6e83-40c5-8b51-0b497b2d3909), after_create {{(pid=104499) _notify_loop /usr/local/lib/python3.8/dist-packages/neutron_lib/callbacks/manager.py:176}}
May 25 14:25:07.303673 dv-neutron-843263-1-hyperv neutron-server[104500]: DEBUG dbcounter [-] [104500] Writing DB stats neutron:SELECT=90,neutron:INSERT=9,neutron:UPDATE=1 {{(pid=104500) stat_writer /usr/local/lib/python3.8/dist-packages/dbcounter.py:114}}
May 25 14:25:07.318020 dv-neutron-843263-1-hyperv neutron-server[104500]: DEBUG neutron_lib.callbacks.manager [None req-1665ae29-cfc5-4ee3-8dd8-e34d077f358f tempest-ExternalNetworksTestJSON-523569395 tempest-ExternalNetworksTestJSON-523569395-project-admin] Publish callbacks ['neutron.plugins.ml2.plugin.Ml2Plugin._network_delete_precommit_handler-4000579', 'neutron.services.segments.db._delete_segments_for_network-8791128563559'] for network (c668d415-6bd2-4761-801a-cd0e8bffed82), precommit_delete {{(pid=104500) _notify_loop /usr/local/lib/python3.8/dist-packages/neutron_lib/callbacks/manager.py:176}}
May 25 14:25:07.388952 dv-neutron-843263-1-hyperv neutron-server[104499]: DEBUG neutron.api.rpc.handlers.resources_rpc [None req-8eb63d35-1ea2-4e3a-9135-465a37bca50f tempest-AllowedAddressPairTestJSON-1788410893 tempest-AllowedAddressPairTestJSON-1788410893-project] Pushing event updated for resources: {'Subnet': ['ID=22fe00d6-6e83-40c5-8b51-0b497b2d3909,revision_number=0']} {{(pid=104499) push /opt/stack/neutron/neutron/api/rpc/handlers/resources_rpc.py:237}}
May 25 14:25:07.392764 dv-neutron-843263-1-hyperv neutron-server[104500]: INFO neutron.wsgi [req-d57001ea-85fc-4f9b-a47c-9f2f1f2cb47b req-0fd57c4f-8b3e-4e1e-9be6-d2039b723d11 tempest-ServerActionsTestJSON-1702351788 tempest-ServerActionsTestJSON-1702351788-project] 10.222.0.69 "GET /v2.0/ports?tenant_id=2c0606706c7c46c28a71b51d49dd7663&fields=id HTTP/1.1" status: 200 len: 302 time: 0.1897457
May 25 14:25:07.458360 dv-neutron-843263-1-hyperv neutron-server[104500]: DEBUG neutron.services.segments.db [None req-1665ae29-cfc5-4ee3-8dd8-e34d077f358f tempest-ExternalNetworksTestJSON-523569395 tempest-ExternalNetworksTestJSON-523569395-project-admin] neutron.services.segments.plugin.Plugin method get_segments called with arguments (,) {'filters': {'network_id': ['c668d415-6bd2-4761-801a-cd0e8bffed82']}} {{(pid=104500) wrapper /usr/local/lib/python3.8/dist-packages/oslo_log/helpers.py:65}}
May 25 14:25:07.483817 dv-neutron-843263-1-hyperv neutron-server[104500]: DEBUG neutron.services.segments.db [None req-1665ae29-cfc5-4ee3-8dd8-e34d077f358f tempest-ExternalNetworksTestJSON-523569395 tempest-ExternalNetworksTestJSON-523569395-project-admin] neutron.services.segments.plugin.Plugin method delete_segment called with arguments (, '823364d2-55e8-4108-8544-f1c078f11b75') {'for_net_delete': True} {{(pid=104500) wrapper /usr/local/lib/python3.8/dist-packages/oslo_log/helpers.py:65}}
May 25 14:25:07.484139 dv-neutron-843263-1-hyperv neutron-server[104500]: DEBUG neutron.services.segments.db [None req-1665ae29-cfc5-4ee3-8dd8-e34d077f358f tempest-ExternalNetworksTestJSON-523569395 tempest-ExternalNetworksTestJSON-523569395-project-admin] neutron.services.segments.plugin.Plugin method get_segment called with arguments (, '823364d2-55e8-4108-8544-f1c078f11b75') {} {{(pid=104500) wrapper /usr/local/lib/python3.8/dist-packages/oslo_log/helpers.py:65}}
May 25 14:25:07.485648 dv-neutron-843263-1-hyperv neutron-server[104500]: DEBUG neutron.wsgi [-] (104500) accepted ('10.222.0.69', 45768) {{(pid=104500) server /usr/local/lib/python3.8/dist-packages/eventlet/wsgi.py:1004}}
May 25 14:25:07.516239 dv-neutron-843263-1-hyperv neutron-server[104500]: DEBUG neutron_lib.callbacks.manager [None req-1665ae29-cfc5-4ee3-8dd8-e34d077f358f tempest-ExternalNetworksTestJSON-523569395 tempest-ExternalNetworksTestJSON-523569395-project-admin] Publish callbacks ['neutron.plugins.ml2.db._prevent_segment_delete_with_port_bound-8791128562544', 'neutron.services.segments.plugin.Plugin._prevent_segment_delete_with_subnet_associated-263390585'] for segment (823364d2-55e8-4108-8544-f1c078f11b75), before_delete {{(pid=104500) _notify_loop /usr/local/lib/python3.8/dist-packages/neutron_lib/callbacks/manager.py:176}}
May 25 14:25:07.523197 dv-neutron-843263-1-hyperv neutron-server[104500]: INFO neutron.wsgi [req-4194d3f3-0fa7-45e2-8c2a-05f0deb861f3 req-1bdbbcba-a303-430e-9408-f5468432d2cd tempest-ServersTestManualDisk-1736824643 tempest-ServersTestManualDisk-1736824643-project] 10.222.0.15 "GET /v2.0/security-groups?fields=id&fields=name&tenant_id=03a89f8d11154fd59ce6fc3b900269f8 HTTP/1.1" status: 200 len: 380 time: 0.2598810
May 25 14:25:07.535638 dv-neutron-843263-1-hyperv neutron-server[104500]: DEBUG neutron.api.v2.base [req-4194d3f3-0fa7-45e2-8c2a-05f0deb861f3 req-27c7614c-989a-4be1-b280-b0593f1c6fb7 tempest-ServersTestManualDisk-1736824643 tempest-ServersTestManualDisk-1736824643-project] Request body: {'port': {'device_id': 'a40da2f6-2027-4fff-b439-dbaa6ce9948f', 'network_id': '2b6bb8b3-3fee-432d-abd0-f563ec8e57b8', 'admin_state_up': True, 'tenant_id': '03a89f8d11154fd59ce6fc3b900269f8', 'security_groups': ['9a852027-dda4-49c9-ad8d-b7edd3dd10e1']}} {{(pid=104500) prepare_request_body /opt/stack/neutron/neutron/api/v2/base.py:730}}
May 25 14:25:07.593201 dv-neutron-843263-1-hyperv neutron-server[104499]: DEBUG neutron_lib.callbacks.manager [None req-b43cf9f3-dbd8-43ea-83c0-ae822a087e87 tempest-ServersTestJSON-2082039292 tempest-ServersTestJSON-2082039292-project] Publish callbacks [] for port (bbf7277a-70e9-43e9-a7f6-78d1282613bd), precommit_update {{(pid=104499) _notify_loop /usr/local/lib/python3.8/dist-packages/neutron_lib/callbacks/manager.py:176}}
May 25 14:25:07.596598 dv-neutron-843263-1-hyperv neutron-server[104499]: DEBUG neutron.plugins.ml2.drivers.mech_agent [None req-8eb63d35-1ea2-4e3a-9135-465a37bca50f tempest-AllowedAddressPairTestJSON-1788410893 tempest-AllowedAddressPairTestJSON-1788410893-project] Checking segment: {'id': '848b61ba-9c04-4dfd-a771-4d8b8284330c', 'network_type': 'vlan', 'physical_network': 'physnet1', 'segmentation_id': 246, 'network_id': '0def1763-916c-4340-abf2-7d216b5351f6'} for mappings: {'physnet1': 'br-data'} with network types: ['local', 'flat', 'vlan'] {{(pid=104499) check_segment_for_agent /opt/stack/neutron/neutron/plugins/ml2/drivers/mech_agent.py:373}}
May 25 14:25:07.596957 dv-neutron-843263-1-hyperv neutron-server[104499]: DEBUG neutron.scheduler.dhcp_agent_scheduler [None req-8eb63d35-1ea2-4e3a-9135-465a37bca50f tempest-AllowedAddressPairTestJSON-1788410893 tempest-AllowedAddressPairTestJSON-1788410893-project] Network hostable DHCP agents. Network: 0def1763-916c-4340-abf2-7d216b5351f6, hostable agents: ['5f9a68cf-678f-4b61-8cdd-ca7e30dfdd61'], hosted agents: [] {{(pid=104499) _get_network_hostable_dhcp_agents /opt/stack/neutron/neutron/scheduler/dhcp_agent_scheduler.py:329}}
May 25 14:25:07.599121 dv-neutron-843263-1-hyperv neutron-server[104499]: DEBUG neutron_lib.callbacks.manager [None req-5e340393-4e8d-41eb-8abc-46a705aa8975 admin admin] Publish callbacks [] for security_group (c909168a-5962-4ed9-a836-09c22d68343a), before_delete {{(pid=104499) _notify_loop /usr/local/lib/python3.8/dist-packages/neutron_lib/callbacks/manager.py:176}}
May 25 14:25:07.677612 dv-neutron-843263-1-hyperv neutron-server[104499]: DEBUG neutron_lib.callbacks.manager [None req-b43cf9f3-dbd8-43ea-83c0-ae822a087e87 tempest-ServersTestJSON-2082039292 tempest-ServersTestJSON-2082039292-project] Publish callbacks ['neutron.plugins.ml2.plugin.SecurityGroupServerNotifierRpcMixin._notify_sg_on_port_change-4185099', 'neutron.plugins.ml2.ovo_rpc._ObjectChangeHandler.handle_event-136554', 'neutron.api.rpc.agentnotifiers.dhcp_rpc_agent_api.DhcpAgentNotifyAPI._native_event_send_dhcp_notification-1026932', 'neutron.db.l3_db.L3RpcNotifierMixin._notify_gateway_port_ip_changed-8791128656586', 'neutron.db.l3_dvrscheduler_db._notify_l3_agent_port_update-8791128265759', 'neutron.db.l3_hascheduler_db._notify_l3_agent_ha_port_update-8791128265777', 'neutron.services.segments.plugin.NovaSegmentNotifier._notify_port_updated-260305067'] for port (bbf7277a-70e9-43e9-a7f6-78d1282613bd), after_update {{(pid=104499) _notify_loop /usr/local/lib/python3.8/dist-packages/neutron_lib/callbacks/manager.py:176}}
May 25 14:25:07.677998 dv-neutron-843263-1-hyperv neutron-server[104501]: DEBUG neutron_lib.callbacks.manager [None req-b064b844-0202-488a-a973-38fec577fcee None None] Publish callbacks ['neutron.services.segments.db._update_segment_host_mapping_for_agent-8791128563541', 'neutron.plugins.ml2.plugin.Ml2Plugin._retry_binding_revived_agents-4099458'] for agent (4ef3536e-da67-43a7-8685-a5912e42b740), after_update {{(pid=104501) _notify_loop /usr/local/lib/python3.8/dist-packages/neutron_lib/callbacks/manager.py:176}}
May 25 14:25:07.703205 dv-neutron-843263-1-hyperv neutron-server[104500]: DEBUG neutron.pecan_wsgi.hooks.quota_enforcement [req-4194d3f3-0fa7-45e2-8c2a-05f0deb861f3 req-27c7614c-989a-4be1-b280-b0593f1c6fb7 tempest-ServersTestManualDisk-1736824643 tempest-ServersTestManualDisk-1736824643-project] Made reservation on behalf of 03a89f8d11154fd59ce6fc3b900269f8 for: {'port': 1} {{(pid=104500) before /opt/stack/neutron/neutron/pecan_wsgi/hooks/quota_enforcement.py:53}}
May 25 14:25:07.707218 dv-neutron-843263-1-hyperv neutron-server[104500]: DEBUG neutron_lib.callbacks.manager [req-4194d3f3-0fa7-45e2-8c2a-05f0deb861f3 req-27c7614c-989a-4be1-b280-b0593f1c6fb7 tempest-ServersTestManualDisk-1736824643 tempest-ServersTestManualDisk-1736824643-project] Publish callbacks ['neutron.plugins.ml2.plugin.SecurityGroupDbMixin._ensure_default_security_group_handler-4184497'] for port (None), before_create {{(pid=104500) _notify_loop /usr/local/lib/python3.8/dist-packages/neutron_lib/callbacks/manager.py:176}}
May 25 14:25:07.710625 dv-neutron-843263-1-hyperv neutron-server[104500]: DEBUG neutron_lib.callbacks.manager [None req-1665ae29-cfc5-4ee3-8dd8-e34d077f358f tempest-ExternalNetworksTestJSON-523569395 tempest-ExternalNetworksTestJSON-523569395-project-admin] Publish callbacks ['neutron.plugins.ml2.plugin.Ml2Plugin._handle_segment_change-4012247'] for segment (823364d2-55e8-4108-8544-f1c078f11b75), precommit_delete {{(pid=104500) _notify_loop /usr/local/lib/python3.8/dist-packages/neutron_lib/callbacks/manager.py:176}}
May 25 14:25:07.737883 dv-neutron-843263-1-hyperv neutron-server[104500]: DEBUG neutron.plugins.ml2.drivers.type_vlan [None req-1665ae29-cfc5-4ee3-8dd8-e34d077f358f tempest-ExternalNetworksTestJSON-523569395 tempest-ExternalNetworksTestJSON-523569395-project-admin] Releasing vlan 206 on physical network physnet1 to pool {{(pid=104500) release_segment /opt/stack/neutron/neutron/plugins/ml2/drivers/type_vlan.py:304}}
May 25 14:25:07.738527 dv-neutron-843263-1-hyperv neutron-server[104500]: DEBUG neutron_lib.callbacks.manager [None req-1665ae29-cfc5-4ee3-8dd8-e34d077f358f tempest-ExternalNetworksTestJSON-523569395 tempest-ExternalNetworksTestJSON-523569395-project-admin] Publish callbacks ['neutron.plugins.ml2.plugin.Ml2Plugin._handle_segment_change-4012247', 'neutron.services.segments.plugin.NovaSegmentNotifier._notify_segment_deleted-262747156'] for segment (823364d2-55e8-4108-8544-f1c078f11b75), after_delete {{(pid=104500) _notify_loop /usr/local/lib/python3.8/dist-packages/neutron_lib/callbacks/manager.py:176}}
May 25 14:25:07.775769 dv-neutron-843263-1-hyperv neutron-server[104499]: DEBUG neutron_lib.callbacks.manager [None req-5e340393-4e8d-41eb-8abc-46a705aa8975 admin admin] Publish callbacks [] for security_group (c909168a-5962-4ed9-a836-09c22d68343a), precommit_delete {{(pid=104499) _notify_loop /usr/local/lib/python3.8/dist-packages/neutron_lib/callbacks/manager.py:176}}
May 25 14:25:07.821206 dv-neutron-843263-1-hyperv neutron-server[104499]: DEBUG dbcounter [-] [104499] Writing DB stats neutron:SELECT=97,neutron:INSERT=3 {{(pid=104499) stat_writer /usr/local/lib/python3.8/dist-packages/dbcounter.py:114}}
May 25 14:25:07.845717 dv-neutron-843263-1-hyperv neutron-server[104500]: DEBUG neutron.api.v2.base [None req-1f5ce0f4-a674-4380-8599-81c4f93cea60 tempest-RoutersAdminTest-2056520754 tempest-RoutersAdminTest-2056520754-project] Request body: {'router': {'name': 'tempest-RoutersAdminTest-router-1712923224', 'external_gateway_info': {'network_id': '7ebac74b-397d-480f-9a0f-b3737b21e2fc'}, 'admin_state_up': False}} {{(pid=104500) prepare_request_body /opt/stack/neutron/neutron/api/v2/base.py:730}}
May 25 14:25:07.891803 dv-neutron-843263-1-hyperv neutron-server[104500]: DEBUG neutron_lib.callbacks.manager [None req-1665ae29-cfc5-4ee3-8dd8-e34d077f358f tempest-ExternalNetworksTestJSON-523569395 tempest-ExternalNetworksTestJSON-523569395-project-admin] Publish callbacks ['neutron.plugins.ml2.plugin.Ml2Plugin._network_delete_after_delete_handler-4000586', 'neutron.plugins.ml2.ovo_rpc._ObjectChangeHandler.handle_event-841388', 'neutron.api.rpc.agentnotifiers.dhcp_rpc_agent_api.DhcpAgentNotifyAPI._native_event_send_dhcp_notification-1026932', 'neutron.services.l3_router.l3_router_plugin.DVRResourceOperationHandler.delete_fip_namespaces_for_ext_net-680658'] for network (c668d415-6bd2-4761-801a-cd0e8bffed82), after_delete {{(pid=104500) _notify_loop /usr/local/lib/python3.8/dist-packages/neutron_lib/callbacks/manager.py:176}}
May 25 14:25:07.897654 dv-neutron-843263-1-hyperv neutron-server[104500]: DEBUG neutron.api.rpc.agentnotifiers.l3_rpc_agent_api [None req-1665ae29-cfc5-4ee3-8dd8-e34d077f358f tempest-ExternalNetworksTestJSON-523569395 tempest-ExternalNetworksTestJSON-523569395-project-admin] Fanout notify agent at l3_agent the message fipnamespace_delete_on_ext_net for external_network c668d415-6bd2-4761-801a-cd0e8bffed82 {{(pid=104500) _notification_fanout /opt/stack/neutron/neutron/api/rpc/agentnotifiers/l3_rpc_agent_api.py:120}}
May 25 14:25:07.900025 dv-neutron-843263-1-hyperv neutron-server[104500]: DEBUG neutron_lib.callbacks.manager [None req-1665ae29-cfc5-4ee3-8dd8-e34d077f358f tempest-ExternalNetworksTestJSON-523569395 tempest-ExternalNetworksTestJSON-523569395-project-admin] Publish callbacks ['neutron.api.rpc.agentnotifiers.dhcp_rpc_agent_api.DhcpAgentNotifyAPI._send_dhcp_notification-1026918'] for network (None), before_response {{(pid=104500) _notify_loop /usr/local/lib/python3.8/dist-packages/neutron_lib/callbacks/manager.py:176}}
May 25 14:25:07.904773 dv-neutron-843263-1-hyperv neutron-server[104500]: INFO neutron.wsgi [None req-1665ae29-cfc5-4ee3-8dd8-e34d077f358f tempest-ExternalNetworksTestJSON-523569395 tempest-ExternalNetworksTestJSON-523569395-project-admin] 10.222.0.69 "DELETE /v2.0/networks/c668d415-6bd2-4761-801a-cd0e8bffed82 HTTP/1.1" status: 204 len: 168 time: 1.1328111
May 25 14:25:07.915512 dv-neutron-843263-1-hyperv neutron-server[104499]: DEBUG neutron.api.rpc.handlers.resources_rpc [None req-b43cf9f3-dbd8-43ea-83c0-ae822a087e87 tempest-ServersTestJSON-2082039292 tempest-ServersTestJSON-2082039292-project] Pushing event updated for resources: {'Port': ['ID=bbf7277a-70e9-43e9-a7f6-78d1282613bd,revision_number=2']} {{(pid=104499) push /opt/stack/neutron/neutron/api/rpc/handlers/resources_rpc.py:237}}
May 25 14:25:07.923863 dv-neutron-843263-1-hyperv neutron-server[104499]: DEBUG neutron.wsgi [-] (104499) accepted ('10.222.0.69', 45778) {{(pid=104499) server /usr/local/lib/python3.8/dist-packages/eventlet/wsgi.py:1004}}
May 25 14:25:07.945260 dv-neutron-843263-1-hyperv neutron-server[104499]: DEBUG neutron.scheduler.dhcp_agent_scheduler [None req-8eb63d35-1ea2-4e3a-9135-465a37bca50f tempest-AllowedAddressPairTestJSON-1788410893 tempest-AllowedAddressPairTestJSON-1788410893-project] Network 0def1763-916c-4340-abf2-7d216b5351f6 is scheduled to be hosted by DHCP agent 5f9a68cf-678f-4b61-8cdd-ca7e30dfdd61 with binding_index 1 {{(pid=104499) bind /opt/stack/neutron/neutron/scheduler/dhcp_agent_scheduler.py:227}}
May 25 14:25:07.958360 dv-neutron-843263-1-hyperv neutron-server[104499]: DEBUG neutron.api.v2.base [None req-28d76cf8-112a-41bd-9d9b-e14b21e35cf2 tempest-ExternalNetworksTestJSON-523569395 tempest-ExternalNetworksTestJSON-523569395-project-admin] Request body: {'network': {'name': 'tempest-network--893655947', 'router:external': True}} {{(pid=104499) prepare_request_body /opt/stack/neutron/neutron/api/v2/base.py:730}}
May 25 14:25:07.967291 dv-neutron-843263-1-hyperv neutron-server[104500]: DEBUG neutron.wsgi [req-d57001ea-85fc-4f9b-a47c-9f2f1f2cb47b req-8eeb568b-0d46-42b6-94bd-0627b96edda4 service neutron] http://10.222.0.69:9696/v2.0/extensions returned with HTTP 200 {{(pid=104500) __call__ /opt/stack/neutron/neutron/wsgi.py:730}}
May 25 14:25:07.975142 dv-neutron-843263-1-hyperv neutron-server[104500]: INFO neutron.wsgi [req-d57001ea-85fc-4f9b-a47c-9f2f1f2cb47b req-8eeb568b-0d46-42b6-94bd-0627b96edda4 service neutron] 10.222.0.69 "GET /v2.0/extensions HTTP/1.1" status: 200 len: 14320 time: 0.2815683
May 25 14:25:08.093691 dv-neutron-843263-1-hyperv neutron-server[104499]: DEBUG neutron.scheduler.base_scheduler [None req-8eb63d35-1ea2-4e3a-9135-465a37bca50f tempest-AllowedAddressPairTestJSON-1788410893 tempest-AllowedAddressPairTestJSON-1788410893-project] Resources bound (agent type, host, resource id): (DHCP agent, dv-neutron-843263-1-hyperv, 0def1763-916c-4340-abf2-7d216b5351f6) {{(pid=104499) schedule /opt/stack/neutron/neutron/scheduler/base_scheduler.py:57}}
May 25 14:25:08.100886 dv-neutron-843263-1-hyperv neutron-server[104500]: DEBUG neutron.api.rpc.handlers.resources_rpc [None req-1665ae29-cfc5-4ee3-8dd8-e34d077f358f tempest-ExternalNetworksTestJSON-523569395 tempest-ExternalNetworksTestJSON-523569395-project-admin] Pushing event deleted for resources: {'Network': ['ID=c668d415-6bd2-4761-801a-cd0e8bffed82,revision_number=None']} {{(pid=104500) push /opt/stack/neutron/neutron/api/rpc/handlers/resources_rpc.py:237}}
May 25 14:25:08.108470 dv-neutron-843263-1-hyperv neutron-server[104501]: DEBUG neutron.api.rpc.handlers.dhcp_rpc [None req-6c785adc-ea4d-4190-baa0-d887bf6e0ec6 None None] Network 0def1763-916c-4340-abf2-7d216b5351f6 requested from dv-neutron-843263-1-hyperv {{(pid=104501) get_network_info /opt/stack/neutron/neutron/api/rpc/handlers/dhcp_rpc.py:191}}
May 25 14:25:08.119314 dv-neutron-843263-1-hyperv neutron-server[104499]: DEBUG neutron.pecan_wsgi.hooks.policy_enforcement [None req-8eb63d35-1ea2-4e3a-9135-465a37bca50f tempest-AllowedAddressPairTestJSON-1788410893 tempest-AllowedAddressPairTestJSON-1788410893-project] Attributes excluded by policy engine: ['standard_attr_id', 'shared', 'segment_id', 'network'] {{(pid=104499) _exclude_attributes_by_policy /opt/stack/neutron/neutron/pecan_wsgi/hooks/policy_enforcement.py:259}}
May 25 14:25:08.120296 dv-neutron-843263-1-hyperv neutron-server[104499]: DEBUG neutron_lib.callbacks.manager [None req-8eb63d35-1ea2-4e3a-9135-465a37bca50f tempest-AllowedAddressPairTestJSON-1788410893 tempest-AllowedAddressPairTestJSON-1788410893-project] Publish callbacks ['neutron.api.rpc.agentnotifiers.dhcp_rpc_agent_api.DhcpAgentNotifyAPI._send_dhcp_notification-1026918'] for subnet (None), before_response {{(pid=104499) _notify_loop /usr/local/lib/python3.8/dist-packages/neutron_lib/callbacks/manager.py:176}}
May 25 14:25:08.128193 dv-neutron-843263-1-hyperv neutron-server[104499]: DEBUG neutron_lib.callbacks.manager [None req-b43cf9f3-dbd8-43ea-83c0-ae822a087e87 tempest-ServersTestJSON-2082039292 tempest-ServersTestJSON-2082039292-project] Publish callbacks ['neutron.services.l3_router.l3_router_plugin.DVRResourceOperationHandler._create_dvr_floating_gw_port-680640'] for floatingip (a8ff30c4-30ae-4722-8875-3be4d044a50c), after_create {{(pid=104499) _notify_loop /usr/local/lib/python3.8/dist-packages/neutron_lib/callbacks/manager.py:176}}
May 25 14:25:08.142214 dv-neutron-843263-1-hyperv neutron-server[104500]: DEBUG dbcounter [-] [104500] Writing DB stats neutron:SELECT=91,neutron:INSERT=4,neutron:DELETE=4,neutron:UPDATE=1 {{(pid=104500) stat_writer /usr/local/lib/python3.8/dist-packages/dbcounter.py:114}}
May 25 14:25:08.153203 dv-neutron-843263-1-hyperv neutron-server[104499]: DEBUG neutron.pecan_wsgi.hooks.quota_enforcement [None req-28d76cf8-112a-41bd-9d9b-e14b21e35cf2 tempest-ExternalNetworksTestJSON-523569395 tempest-ExternalNetworksTestJSON-523569395-project-admin] Made reservation on behalf of 371c16c22070449e84f1af4f0ebfba0c for: {'network': 1} {{(pid=104499) before /opt/stack/neutron/neutron/pecan_wsgi/hooks/quota_enforcement.py:53}}
May 25 14:25:08.155836 dv-neutron-843263-1-hyperv neutron-server[104499]: DEBUG neutron_lib.callbacks.manager [None req-28d76cf8-112a-41bd-9d9b-e14b21e35cf2 tempest-ExternalNetworksTestJSON-523569395 tempest-ExternalNetworksTestJSON-523569395-project-admin] Publish callbacks ['neutron.plugins.ml2.plugin.SecurityGroupDbMixin._ensure_default_security_group_handler-4184497'] for network (None), before_create {{(pid=104499) _notify_loop /usr/local/lib/python3.8/dist-packages/neutron_lib/callbacks/manager.py:176}}
May 25 14:25:08.165732 dv-neutron-843263-1-hyperv neutron-server[104500]: DEBUG neutron_lib.callbacks.manager [None req-1f5ce0f4-a674-4380-8599-81c4f93cea60 tempest-RoutersAdminTest-2056520754 tempest-RoutersAdminTest-2056520754-project] Publish callbacks ['neutron.services.l3_router.l3_router_plugin.L3_HA_NAT_db_mixin._before_router_create_handler-687179', 'neutron.services.l3_router.service_providers.driver_controller.DriverController._check_router_request-521846'] for router (364a8cef-b37c-4be9-ad52-c176db0678d6), before_create {{(pid=104500) _notify_loop /usr/local/lib/python3.8/dist-packages/neutron_lib/callbacks/manager.py:176}}
May 25 14:25:08.167238 dv-neutron-843263-1-hyperv neutron-server[104500]: DEBUG neutron_lib.callbacks.manager [None req-1f5ce0f4-a674-4380-8599-81c4f93cea60 tempest-RoutersAdminTest-2056520754 tempest-RoutersAdminTest-2056520754-project] Publish callbacks ['neutron.services.l3_router.l3_router_plugin.L3_HA_NAT_db_mixin._precommit_router_create-687067', 'neutron.services.l3_router.l3_router_plugin.DVRResourceOperationHandler._set_distributed_flag-681803', 'neutron.services.l3_router.l3_router_plugin.RouterAvailabilityZoneMixin._process_az_request-538417', 'neutron.services.l3_router.service_providers.driver_controller.DriverController._set_router_provider-521743'] for router (364a8cef-b37c-4be9-ad52-c176db0678d6), precommit_create {{(pid=104500) _notify_loop /usr/local/lib/python3.8/dist-packages/neutron_lib/callbacks/manager.py:176}}
May 25 14:25:08.202135 dv-neutron-843263-1-hyperv neutron-server[104499]: INFO neutron.wsgi [None req-8eb63d35-1ea2-4e3a-9135-465a37bca50f tempest-AllowedAddressPairTestJSON-1788410893 tempest-AllowedAddressPairTestJSON-1788410893-project] 10.222.0.69 "POST /v2.0/subnets HTTP/1.1" status: 201 len: 801 time: 2.4833331
May 25 14:25:08.207298 dv-neutron-843263-1-hyperv neutron-server[104499]: DEBUG neutron.wsgi [-] (104499) accepted ('10.222.0.69', 45782) {{(pid=104499) server /usr/local/lib/python3.8/dist-packages/eventlet/wsgi.py:1004}}
May 25 14:25:08.213582 dv-neutron-843263-1-hyperv neutron-server[104499]: DEBUG neutron_lib.callbacks.manager [None req-b43cf9f3-dbd8-43ea-83c0-ae822a087e87 tempest-ServersTestJSON-2082039292 tempest-ServersTestJSON-2082039292-project] Publish callbacks ['neutron.notifiers.nova.Notifier._send_nova_notification-254630'] for floatingip (None), before_response {{(pid=104499) _notify_loop /usr/local/lib/python3.8/dist-packages/neutron_lib/callbacks/manager.py:176}}
May 25 14:25:08.224263 dv-neutron-843263-1-hyperv neutron-server[104499]: INFO neutron.wsgi [None req-b43cf9f3-dbd8-43ea-83c0-ae822a087e87 tempest-ServersTestJSON-2082039292 tempest-ServersTestJSON-2082039292-project] 10.222.0.69 "POST /v2.0/floatingips HTTP/1.1" status: 201 len: 693 time: 4.6651356
May 25 14:25:08.224263 dv-neutron-843263-1-hyperv neutron-server[104499]: DEBUG neutron.api.v2.base [None req-b91031f3-9854-41d0-9fac-93beeea66bbb tempest-AllowedAddressPairTestJSON-1788410893 tempest-AllowedAddressPairTestJSON-1788410893-project] Request body: {'port': {'network_id': '0def1763-916c-4340-abf2-7d216b5351f6', 'name': 'tempest-AllowedAddressPairTestJSON-554128022'}} {{(pid=104499) prepare_request_body /opt/stack/neutron/neutron/api/v2/base.py:730}}
May 25 14:25:08.227793 dv-neutron-843263-1-hyperv neutron-server[104499]: DEBUG neutron_lib.callbacks.manager [None req-1c0c373d-6cf6-4348-9b96-47ef160b8f87 tempest-FloatingIPAdminTestJSON-1369657222 tempest-FloatingIPAdminTestJSON-1369657222-project-admin] Publish callbacks [] for floatingip (06ad6359-923c-4a97-a66b-e841a651062a), precommit_create {{(pid=104499) _notify_loop /usr/local/lib/python3.8/dist-packages/neutron_lib/callbacks/manager.py:176}}
May 25 14:25:08.281213 dv-neutron-843263-1-hyperv neutron-server[104499]: DEBUG neutron.plugins.ml2.drivers.helpers [None req-28d76cf8-112a-41bd-9d9b-e14b21e35cf2 tempest-ExternalNetworksTestJSON-523569395 tempest-ExternalNetworksTestJSON-523569395-project-admin] vlan segment allocate from pool success with {'physical_network': 'physnet1', 'vlan_id': 239} {{(pid=104499) allocate_partially_specified_segment /opt/stack/neutron/neutron/plugins/ml2/drivers/helpers.py:153}}
May 25 14:25:08.283612 dv-neutron-843263-1-hyperv neutron-server[104500]: INFO neutron.wsgi [req-d57001ea-85fc-4f9b-a47c-9f2f1f2cb47b req-8817547f-c9df-4ed4-8b76-5ad60f13e4ab service neutron] 10.222.0.69 "GET /v2.0/networks/7146a8ff-2248-48ab-9b0e-f97b0bfe4b16?fields=segments HTTP/1.1" status: 200 len: 212 time: 0.3072753
May 25 14:25:08.286489 dv-neutron-843263-1-hyperv neutron-server[104499]: DEBUG neutron_lib.callbacks.manager [None req-5e340393-4e8d-41eb-8abc-46a705aa8975 admin admin] Publish callbacks ['neutron.plugins.ml2.ovo_rpc._ObjectChangeHandler.handle_event-841247'] for security_group (c909168a-5962-4ed9-a836-09c22d68343a), after_delete {{(pid=104499) _notify_loop /usr/local/lib/python3.8/dist-packages/neutron_lib/callbacks/manager.py:176}}
May 25 14:25:08.289592 dv-neutron-843263-1-hyperv neutron-server[104499]: DEBUG neutron_lib.callbacks.manager [None req-5e340393-4e8d-41eb-8abc-46a705aa8975 admin admin] Publish callbacks [] for security_group (None), before_response {{(pid=104499) _notify_loop /usr/local/lib/python3.8/dist-packages/neutron_lib/callbacks/manager.py:176}}
May 25 14:25:08.293511 dv-neutron-843263-1-hyperv neutron-server[104499]: INFO neutron.wsgi [None req-5e340393-4e8d-41eb-8abc-46a705aa8975 admin admin] 10.222.0.69 "DELETE /v2.0/security-groups/c909168a-5962-4ed9-a836-09c22d68343a HTTP/1.1" status: 204 len: 168 time: 1.1044827
May 25 14:25:08.400282 dv-neutron-843263-1-hyperv neutron-server[104501]: DEBUG dbcounter [-] [104501] Writing DB stats neutron:SELECT=99,neutron:UPDATE=1 {{(pid=104501) stat_writer /usr/local/lib/python3.8/dist-packages/dbcounter.py:114}}
May 25 14:25:08.458906 dv-neutron-843263-1-hyperv neutron-server[104499]: DEBUG neutron_lib.callbacks.manager [None req-28d76cf8-112a-41bd-9d9b-e14b21e35cf2 tempest-ExternalNetworksTestJSON-523569395 tempest-ExternalNetworksTestJSON-523569395-project-admin] Publish callbacks ['neutron.services.segments.db._add_segment_host_mapping_for_segment-8791128563550', 'neutron.plugins.ml2.plugin.Ml2Plugin._handle_segment_change-4012247'] for segment (860d4d34-0bb0-4d11-a53e-e98b5884d384), precommit_create {{(pid=104499) _notify_loop /usr/local/lib/python3.8/dist-packages/neutron_lib/callbacks/manager.py:176}}
May 25 14:25:08.459405 dv-neutron-843263-1-hyperv neutron-server[104499]: INFO neutron.db.segments_db [None req-28d76cf8-112a-41bd-9d9b-e14b21e35cf2 tempest-ExternalNetworksTestJSON-523569395 tempest-ExternalNetworksTestJSON-523569395-project-admin] Added segment 860d4d34-0bb0-4d11-a53e-e98b5884d384 of type vlan for network e38e6910-b65e-42b3-8338-8c9a9f1558c1
May 25 14:25:08.461454 dv-neutron-843263-1-hyperv neutron-server[104501]: DEBUG neutron.api.rpc.handlers.dhcp_rpc [None req-6fba6386-d3ab-4bac-b015-d3d515ebaa1d None None] Create dhcp port {'port': {'name': '', 'admin_state_up': True, 'device_id': 'dhcpc0b8fd3e-0e86-598f-bfd3-188e8fa8318a-0def1763-916c-4340-abf2-7d216b5351f6', 'network_id': '0def1763-916c-4340-abf2-7d216b5351f6', 'project_id': 'f2354652f6004d7da7ffdbb064f1e84c', 'fixed_ips': [{'subnet_id': '22fe00d6-6e83-40c5-8b51-0b497b2d3909'}]}} from dv-neutron-843263-1-hyperv. {{(pid=104501) create_dhcp_port /opt/stack/neutron/neutron/api/rpc/handlers/dhcp_rpc.py:268}}
May 25 14:25:08.464939 dv-neutron-843263-1-hyperv neutron-server[104501]: DEBUG neutron_lib.callbacks.manager [None req-6fba6386-d3ab-4bac-b015-d3d515ebaa1d None None] Publish callbacks ['neutron.plugins.ml2.plugin.SecurityGroupDbMixin._ensure_default_security_group_handler-4184497'] for port (None), before_create {{(pid=104501) _notify_loop /usr/local/lib/python3.8/dist-packages/neutron_lib/callbacks/manager.py:176}}
May 25 14:25:08.495673 dv-neutron-843263-1-hyperv neutron-server[104499]: DEBUG neutron.api.rpc.handlers.resources_rpc [None req-5e340393-4e8d-41eb-8abc-46a705aa8975 admin admin] Pushing event deleted for resources: {'SecurityGroup': ['ID=c909168a-5962-4ed9-a836-09c22d68343a,revision_number=None']} {{(pid=104499) push /opt/stack/neutron/neutron/api/rpc/handlers/resources_rpc.py:237}}
May 25 14:25:08.717142 dv-neutron-843263-1-hyperv neutron-server[104499]: DEBUG neutron_lib.callbacks.manager [None req-1c0c373d-6cf6-4348-9b96-47ef160b8f87 tempest-FloatingIPAdminTestJSON-1369657222 tempest-FloatingIPAdminTestJSON-1369657222-project-admin] Publish callbacks ['neutron.plugins.ml2.plugin.SecurityGroupDbMixin._ensure_default_security_group_handler-4184497'] for port (b5a6ef31-0d78-4319-a225-13f612db99b4), before_update {{(pid=104499) _notify_loop /usr/local/lib/python3.8/dist-packages/neutron_lib/callbacks/manager.py:176}}
May 25 14:25:08.766793 dv-neutron-843263-1-hyperv neutron-server[104499]: DEBUG neutron_lib.callbacks.manager [None req-28d76cf8-112a-41bd-9d9b-e14b21e35cf2 tempest-ExternalNetworksTestJSON-523569395 tempest-ExternalNetworksTestJSON-523569395-project-admin] Publish callbacks ['neutron.services.auto_allocate.db._ensure_external_network_default_value_callback-8791128236620'] for network (e38e6910-b65e-42b3-8338-8c9a9f1558c1), precommit_create {{(pid=104499) _notify_loop /usr/local/lib/python3.8/dist-packages/neutron_lib/callbacks/manager.py:176}}
May 25 14:25:08.784534 dv-neutron-843263-1-hyperv neutron-server[104499]: DEBUG dbcounter [-] [104499] Writing DB stats neutron:SELECT=92,neutron:UPDATE=2,neutron:DELETE=3,neutron:INSERT=3 {{(pid=104499) stat_writer /usr/local/lib/python3.8/dist-packages/dbcounter.py:114}}
May 25 14:25:08.853019 dv-neutron-843263-1-hyperv neutron-server[104501]: DEBUG neutron_lib.callbacks.manager [None req-89624b1a-6ef6-4f49-8e87-69e138b4756f None None] Publish callbacks ['neutron.services.segments.db._update_segment_host_mapping_for_agent-8791128563541', 'neutron.plugins.ml2.plugin.Ml2Plugin._retry_binding_revived_agents-4099458'] for agent (11b9befd-0bf0-4d3e-b308-55f72159f7bd), after_update {{(pid=104501) _notify_loop /usr/local/lib/python3.8/dist-packages/neutron_lib/callbacks/manager.py:176}}
May 25 14:25:08.963647 dv-neutron-843263-1-hyperv neutron-server[104500]: INFO neutron.services.segments.plugin [-] Segment 823364d2-55e8-4108-8544-f1c078f11b75 resource provider aggregate not found
May 25 14:25:09.009183 dv-neutron-843263-1-hyperv neutron-server[104501]: DEBUG neutron.db.db_base_plugin_common [None req-6fba6386-d3ab-4bac-b015-d3d515ebaa1d None None] Allocated IP 172.20.0.2 (0def1763-916c-4340-abf2-7d216b5351f6/22fe00d6-6e83-40c5-8b51-0b497b2d3909/bc885b01-bcb4-4992-9027-c53b8d05e31e) {{(pid=104501) _store_ip_allocation /opt/stack/neutron/neutron/db/db_base_plugin_common.py:131}}
May 25 14:25:09.070794 dv-neutron-843263-1-hyperv neutron-server[104500]: INFO neutron.services.segments.plugin [-] Segment 823364d2-55e8-4108-8544-f1c078f11b75 resource provider not found; error: Placement Client Error (4xx): {"errors": [{"status": 404, "title": "Not Found", "detail": "The resource could not be found.\n\n No resource provider with uuid 823364d2-55e8-4108-8544-f1c078f11b75 found for delete ", "request_id": "req-9a285443-bd44-4b75-ac05-fefcafbfb4b5"}]}
May 25 14:25:09.073083 dv-neutron-843263-1-hyperv neutron-server[104500]: DEBUG neutron_lib.callbacks.manager [None req-1f5ce0f4-a674-4380-8599-81c4f93cea60 tempest-RoutersAdminTest-2056520754 tempest-RoutersAdminTest-2056520754-project] Publish callbacks [] for router_controller (364a8cef-b37c-4be9-ad52-c176db0678d6), precommit_add_association {{(pid=104500) _notify_loop /usr/local/lib/python3.8/dist-packages/neutron_lib/callbacks/manager.py:176}}
May 25 14:25:09.075276 dv-neutron-843263-1-hyperv neutron-server[104500]: DEBUG neutron.db.db_base_plugin_common [req-4194d3f3-0fa7-45e2-8c2a-05f0deb861f3 req-27c7614c-989a-4be1-b280-b0593f1c6fb7 tempest-ServersTestManualDisk-1736824643 tempest-ServersTestManualDisk-1736824643-project] Allocated IP 172.20.0.5 (2b6bb8b3-3fee-432d-abd0-f563ec8e57b8/71cbffae-5819-402d-a623-7a1f7754fa70/3087d7cf-7ac2-4c85-a21f-bbc31fa010cc) {{(pid=104500) _store_ip_allocation /opt/stack/neutron/neutron/db/db_base_plugin_common.py:131}}
May 25 14:25:09.079778 dv-neutron-843263-1-hyperv neutron-server[104499]: DEBUG neutron.pecan_wsgi.hooks.quota_enforcement [None req-b91031f3-9854-41d0-9fac-93beeea66bbb tempest-AllowedAddressPairTestJSON-1788410893 tempest-AllowedAddressPairTestJSON-1788410893-project] Made reservation on behalf of f2354652f6004d7da7ffdbb064f1e84c for: {'port': 1} {{(pid=104499) before /opt/stack/neutron/neutron/pecan_wsgi/hooks/quota_enforcement.py:53}}
May 25 14:25:09.082460 dv-neutron-843263-1-hyperv neutron-server[104500]: INFO neutron.wsgi [req-63d95752-5d7f-4510-9a8d-664bac3610b7 req-b390fed5-7684-4706-8131-6d07b61a5a0a tempest-ServersTestManualDisk-1736824643 tempest-ServersTestManualDisk-1736824643-project] 10.222.0.69 "GET /v2.0/ports?device_id=a40da2f6-2027-4fff-b439-dbaa6ce9948f HTTP/1.1" status: 200 len: 210 time: 0.6931500
May 25 14:25:09.098920 dv-neutron-843263-1-hyperv neutron-server[104499]: DEBUG neutron_lib.callbacks.manager [None req-b91031f3-9854-41d0-9fac-93beeea66bbb tempest-AllowedAddressPairTestJSON-1788410893 tempest-AllowedAddressPairTestJSON-1788410893-project] Publish callbacks ['neutron.plugins.ml2.plugin.SecurityGroupDbMixin._ensure_default_security_group_handler-4184497'] for port (None), before_create {{(pid=104499) _notify_loop /usr/local/lib/python3.8/dist-packages/neutron_lib/callbacks/manager.py:176}}
May 25 14:25:09.098920 dv-neutron-843263-1-hyperv neutron-server[104499]: DEBUG neutron_lib.callbacks.manager [None req-28d76cf8-112a-41bd-9d9b-e14b21e35cf2 tempest-ExternalNetworksTestJSON-523569395 tempest-ExternalNetworksTestJSON-523569395-project-admin] Publish callbacks ['neutron.plugins.ml2.ovo_rpc._ObjectChangeHandler.handle_event-841388', 'neutron.api.rpc.agentnotifiers.dhcp_rpc_agent_api.DhcpAgentNotifyAPI._native_event_send_dhcp_notification-1026932'] for network (e38e6910-b65e-42b3-8338-8c9a9f1558c1), after_create {{(pid=104499) _notify_loop /usr/local/lib/python3.8/dist-packages/neutron_lib/callbacks/manager.py:176}}
May 25 14:25:09.098920 dv-neutron-843263-1-hyperv neutron-server[104499]: DEBUG neutron.pecan_wsgi.hooks.policy_enforcement [None req-28d76cf8-112a-41bd-9d9b-e14b21e35cf2 tempest-ExternalNetworksTestJSON-523569395 tempest-ExternalNetworksTestJSON-523569395-project-admin] Attributes excluded by policy engine: ['standard_attr_id', 'vlan_transparent'] {{(pid=104499) _exclude_attributes_by_policy /opt/stack/neutron/neutron/pecan_wsgi/hooks/policy_enforcement.py:259}}
May 25 14:25:09.098920 dv-neutron-843263-1-hyperv neutron-server[104499]: DEBUG neutron_lib.callbacks.manager [None req-28d76cf8-112a-41bd-9d9b-e14b21e35cf2 tempest-ExternalNetworksTestJSON-523569395 tempest-ExternalNetworksTestJSON-523569395-project-admin] Publish callbacks ['neutron.api.rpc.agentnotifiers.dhcp_rpc_agent_api.DhcpAgentNotifyAPI._send_dhcp_notification-1026918'] for network (None), before_response {{(pid=104499) _notify_loop /usr/local/lib/python3.8/dist-packages/neutron_lib/callbacks/manager.py:176}}
May 25 14:25:09.383847 dv-neutron-843263-1-hyperv neutron-server[104499]: DEBUG dbcounter [-] [104499] Writing DB stats neutron:SELECT=82,neutron:INSERT=8,neutron:DELETE=6,neutron:UPDATE=4 {{(pid=104499) stat_writer /usr/local/lib/python3.8/dist-packages/dbcounter.py:114}}
May 25 14:25:09.400646 dv-neutron-843263-1-hyperv neutron-server[104499]: INFO neutron.wsgi [None req-28d76cf8-112a-41bd-9d9b-e14b21e35cf2 tempest-ExternalNetworksTestJSON-523569395 tempest-ExternalNetworksTestJSON-523569395-project-admin] 10.222.0.69 "POST /v2.0/networks HTTP/1.1" status: 201 len: 862 time: 1.4608967
May 25 14:25:09.454026 dv-neutron-843263-1-hyperv neutron-server[104501]: DEBUG neutron_lib.callbacks.manager [None req-6fba6386-d3ab-4bac-b015-d3d515ebaa1d None None] Publish callbacks [] for port (bc885b01-bcb4-4992-9027-c53b8d05e31e), precommit_create {{(pid=104501) _notify_loop /usr/local/lib/python3.8/dist-packages/neutron_lib/callbacks/manager.py:176}}
May 25 14:25:09.487380 dv-neutron-843263-1-hyperv neutron-server[104501]: DEBUG neutron_lib.callbacks.manager [None req-6fba6386-d3ab-4bac-b015-d3d515ebaa1d None None] Publish callbacks ['neutron.plugins.ml2.plugin.SecurityGroupServerNotifierRpcMixin._notify_sg_on_port_change-4185099', 'neutron.plugins.ml2.ovo_rpc._ObjectChangeHandler.handle_event-136554', 'neutron.api.rpc.agentnotifiers.dhcp_rpc_agent_api.DhcpAgentNotifyAPI._native_event_send_dhcp_notification-1026932', 'neutron.db.l3_dvrscheduler_db._notify_l3_agent_new_port-8791128265741'] for port (bc885b01-bcb4-4992-9027-c53b8d05e31e), after_create {{(pid=104501) _notify_loop /usr/local/lib/python3.8/dist-packages/neutron_lib/callbacks/manager.py:176}}
May 25 14:25:09.492363 dv-neutron-843263-1-hyperv neutron-server[104499]: DEBUG neutron.wsgi [-] (104499) accepted ('10.222.0.69', 45812) {{(pid=104499) server /usr/local/lib/python3.8/dist-packages/eventlet/wsgi.py:1004}}
May 25 14:25:09.498940 dv-neutron-843263-1-hyperv neutron-server[104499]: DEBUG neutron.notifiers.nova [None req-b91031f3-9854-41d0-9fac-93beeea66bbb tempest-AllowedAddressPairTestJSON-1788410893 tempest-AllowedAddressPairTestJSON-1788410893-project] device_id is not set on port 2898312e-0bb4-4979-941f-6bb081f1c48f yet. {{(pid=104499) _can_notify /opt/stack/neutron/neutron/notifiers/nova.py:199}}
May 25 14:25:09.588283 dv-neutron-843263-1-hyperv neutron-server[104501]: DEBUG neutron.api.rpc.handlers.resources_rpc [None req-6fba6386-d3ab-4bac-b015-d3d515ebaa1d None None] Pushing event updated for resources: {'Port': ['ID=bc885b01-bcb4-4992-9027-c53b8d05e31e,revision_number=1']} {{(pid=104501) push /opt/stack/neutron/neutron/api/rpc/handlers/resources_rpc.py:237}}
May 25 14:25:09.657403 dv-neutron-843263-1-hyperv neutron-server[104501]: DEBUG neutron.scheduler.dhcp_agent_scheduler [None req-6fba6386-d3ab-4bac-b015-d3d515ebaa1d None None] Network 0def1763-916c-4340-abf2-7d216b5351f6 is already hosted by enough agents. {{(pid=104501) _get_dhcp_agents_hosting_network /opt/stack/neutron/neutron/scheduler/dhcp_agent_scheduler.py:275}}
May 25 14:25:09.661027 dv-neutron-843263-1-hyperv neutron-server[104501]: DEBUG neutron.scheduler.base_scheduler [None req-6fba6386-d3ab-4bac-b015-d3d515ebaa1d None None] Resources bound (agent type, host, resource id): {{(pid=104501) schedule /opt/stack/neutron/neutron/scheduler/base_scheduler.py:57}}
May 25 14:25:09.669156 dv-neutron-843263-1-hyperv neutron-server[104501]: DEBUG neutron.db.l3_dvrscheduler_db [None req-6fba6386-d3ab-4bac-b015-d3d515ebaa1d None None] Received port after_create {{(pid=104501) _notify_l3_agent_new_port /opt/stack/neutron/neutron/db/l3_dvrscheduler_db.py:536}}
May 25 14:25:09.760421 dv-neutron-843263-1-hyperv neutron-server[104500]: DEBUG neutron_lib.callbacks.manager [req-4194d3f3-0fa7-45e2-8c2a-05f0deb861f3 req-27c7614c-989a-4be1-b280-b0593f1c6fb7 tempest-ServersTestManualDisk-1736824643 tempest-ServersTestManualDisk-1736824643-project] Publish callbacks [] for port (3087d7cf-7ac2-4c85-a21f-bbc31fa010cc), precommit_create {{(pid=104500) _notify_loop /usr/local/lib/python3.8/dist-packages/neutron_lib/callbacks/manager.py:176}}
May 25 14:25:09.820546 dv-neutron-843263-1-hyperv neutron-server[104500]: DEBUG dbcounter [-] [104500] Writing DB stats neutron:SELECT=84,neutron:INSERT=9,neutron:DELETE=3,neutron:UPDATE=4 {{(pid=104500) stat_writer /usr/local/lib/python3.8/dist-packages/dbcounter.py:114}}
May 25 14:25:09.824253 dv-neutron-843263-1-hyperv neutron-server[104500]: INFO neutron.wsgi [req-d57001ea-85fc-4f9b-a47c-9f2f1f2cb47b req-dd347003-ed76-4e96-9dc2-605266c357cc service neutron] 10.222.0.69 "GET /v2.0/networks/7146a8ff-2248-48ab-9b0e-f97b0bfe4b16?fields=provider%3Aphysical_network&fields=provider%3Anetwork_type HTTP/1.1" status: 200 len: 281 time: 1.5390897
May 25 14:25:09.866958 dv-neutron-843263-1-hyperv neutron-server[104501]: DEBUG neutron.plugins.ml2.managers [None req-6fba6386-d3ab-4bac-b015-d3d515ebaa1d None None] Attempting to bind port bc885b01-bcb4-4992-9027-c53b8d05e31e on host dv-neutron-843263-1-hyperv for vnic_type normal with profile {{(pid=104501) bind_port /opt/stack/neutron/neutron/plugins/ml2/managers.py:795}}
May 25 14:25:09.867475 dv-neutron-843263-1-hyperv neutron-server[104501]: DEBUG neutron.plugins.ml2.managers [None req-6fba6386-d3ab-4bac-b015-d3d515ebaa1d None None] Attempting to bind port bc885b01-bcb4-4992-9027-c53b8d05e31e by drivers openvswitch,hyperv on host dv-neutron-843263-1-hyperv at level 0 using segments [{'id': '848b61ba-9c04-4dfd-a771-4d8b8284330c', 'network_type': 'vlan', 'physical_network': 'physnet1', 'segmentation_id': 246, 'network_id': '0def1763-916c-4340-abf2-7d216b5351f6'}] {{(pid=104501) _bind_port_level /opt/stack/neutron/neutron/plugins/ml2/managers.py:820}}
May 25 14:25:09.869352 dv-neutron-843263-1-hyperv neutron-server[104501]: DEBUG neutron.plugins.ml2.drivers.mech_agent [None req-6fba6386-d3ab-4bac-b015-d3d515ebaa1d None None] Attempting to bind port bc885b01-bcb4-4992-9027-c53b8d05e31e on network 0def1763-916c-4340-abf2-7d216b5351f6 {{(pid=104501) bind_port /opt/stack/neutron/neutron/plugins/ml2/drivers/mech_agent.py:91}}
May 25 14:25:09.872040 dv-neutron-843263-1-hyperv neutron-server[104500]: DEBUG neutron_lib.callbacks.manager [None req-1f5ce0f4-a674-4380-8599-81c4f93cea60 tempest-RoutersAdminTest-2056520754 tempest-RoutersAdminTest-2056520754-project] Publish callbacks [] for router_gateway (364a8cef-b37c-4be9-ad52-c176db0678d6), precommit_update {{(pid=104500) _notify_loop /usr/local/lib/python3.8/dist-packages/neutron_lib/callbacks/manager.py:176}}
May 25 14:25:09.888013 dv-neutron-843263-1-hyperv neutron-server[104500]: DEBUG neutron_lib.callbacks.manager [req-4194d3f3-0fa7-45e2-8c2a-05f0deb861f3 req-27c7614c-989a-4be1-b280-b0593f1c6fb7 tempest-ServersTestManualDisk-1736824643 tempest-ServersTestManualDisk-1736824643-project] Publish callbacks ['neutron.plugins.ml2.plugin.SecurityGroupServerNotifierRpcMixin._notify_sg_on_port_change-4185099', 'neutron.plugins.ml2.ovo_rpc._ObjectChangeHandler.handle_event-136554', 'neutron.api.rpc.agentnotifiers.dhcp_rpc_agent_api.DhcpAgentNotifyAPI._native_event_send_dhcp_notification-1026932', 'neutron.db.l3_dvrscheduler_db._notify_l3_agent_new_port-8791128265741', 'neutron.services.segments.plugin.NovaSegmentNotifier._notify_port_created_or_deleted-262747169'] for port (3087d7cf-7ac2-4c85-a21f-bbc31fa010cc), after_create {{(pid=104500) _notify_loop /usr/local/lib/python3.8/dist-packages/neutron_lib/callbacks/manager.py:176}}
May 25 14:25:09.889836 dv-neutron-843263-1-hyperv neutron-server[104501]: DEBUG neutron.plugins.ml2.drivers.mech_agent [None req-6fba6386-d3ab-4bac-b015-d3d515ebaa1d None None] Checking agent: {'id': '008e2254-a441-44ba-bac6-d20ee4f2b914', 'agent_type': 'Open vSwitch agent', 'binary': 'neutron-openvswitch-agent', 'topic': 'N/A', 'host': 'dv-neutron-843263-1-hyperv', 'admin_state_up': True, 'created_at': datetime.datetime(2022, 5, 25, 14, 16, 42), 'started_at': datetime.datetime(2022, 5, 25, 14, 17, 12), 'heartbeat_timestamp': datetime.datetime(2022, 5, 25, 14, 24, 42), 'description': None, 'resources_synced': None, 'availability_zone': None, 'alive': True, 'configurations': {'arp_responder_enabled': False, 'baremetal_smartnic': False, 'bridge_mappings': {'physnet1': 'br-data'}, 'datapath_type': 'system', 'devices': 0, 'enable_distributed_routing': False, 'extensions': [], 'in_distributed_mode': False, 'integration_bridge': 'br-int', 'l2_population': False, 'log_agent_heartbeats': False, 'ovs_capabilities': {'datapath_types': ['netdev', 'system'], 'iface_types': ['erspan', 'geneve', 'gre', 'internal', 'ip6erspan', 'ip6gre', 'lisp', 'patch', 'stt', 'system', 'tap', 'vxlan']}, 'ovs_hybrid_plug': False, 'resource_provider_bandwidths': {}, 'resource_provider_hypervisors': {'br-data': 'dv-neutron-843263-1-hyperv'}, 'resource_provider_inventory_defaults': {'allocation_ratio': 1.0, 'min_unit': 1, 'step_size': 1, 'reserved': 0}, 'resource_provider_packet_processing_inventory_defaults': {'allocation_ratio': 1.0, 'min_unit': 1, 'step_size': 1, 'reserved': 0}, 'resource_provider_packet_processing_with_direction': {}, 'resource_provider_packet_processing_without_direction': {}, 'tunnel_types': [], 'tunneling_ip': None, 'vhostuser_socket_dir': '/var/run/openvswitch'}, 'resource_versions': {'AddressGroup': '1.2', 'Agent': '1.1', 'ConntrackHelper': '1.0', 'LocalIPAssociation': '1.0', 'Log': '1.0', 'NDPProxy': '1.0', 'Network': '1.1', 'Port': '1.7', 'PortForwarding': '1.3', 'QosPolicy': '1.10', 'SecurityGroup': '1.5', 'SecurityGroupRule': '1.2', 'SubPort': '1.0', 'Subnet': '1.1', 'Trunk': '1.1'}} {{(pid=104501) bind_port /opt/stack/neutron/neutron/plugins/ml2/drivers/mech_agent.py:110}}
May 25 14:25:09.891642 dv-neutron-843263-1-hyperv neutron-server[104501]: DEBUG neutron.plugins.ml2.drivers.mech_agent [None req-6fba6386-d3ab-4bac-b015-d3d515ebaa1d None None] Checking segment: {'id': '848b61ba-9c04-4dfd-a771-4d8b8284330c', 'network_type': 'vlan', 'physical_network': 'physnet1', 'segmentation_id': 246, 'network_id': '0def1763-916c-4340-abf2-7d216b5351f6'} for mappings: {'physnet1': 'br-data'} with network types: ['local', 'flat', 'vlan'] {{(pid=104501) check_segment_for_agent /opt/stack/neutron/neutron/plugins/ml2/drivers/mech_agent.py:373}}
May 25 14:25:09.891642 dv-neutron-843263-1-hyperv neutron-server[104501]: DEBUG neutron_lib.callbacks.manager [None req-6fba6386-d3ab-4bac-b015-d3d515ebaa1d None None] Publish callbacks [] for ovs_bridge_name (None), before_read {{(pid=104501) _notify_loop /usr/local/lib/python3.8/dist-packages/neutron_lib/callbacks/manager.py:176}}
May 25 14:25:09.893332 dv-neutron-843263-1-hyperv neutron-server[104501]: DEBUG neutron.plugins.ml2.drivers.mech_agent [None req-6fba6386-d3ab-4bac-b015-d3d515ebaa1d None None] Bound using segment: {'id': '848b61ba-9c04-4dfd-a771-4d8b8284330c', 'network_type': 'vlan', 'physical_network': 'physnet1', 'segmentation_id': 246, 'network_id': '0def1763-916c-4340-abf2-7d216b5351f6'} {{(pid=104501) bind_port /opt/stack/neutron/neutron/plugins/ml2/drivers/mech_agent.py:120}}
May 25 14:25:09.894539 dv-neutron-843263-1-hyperv neutron-server[104501]: DEBUG neutron.plugins.ml2.managers [None req-6fba6386-d3ab-4bac-b015-d3d515ebaa1d None None] Bound port: bc885b01-bcb4-4992-9027-c53b8d05e31e, host: dv-neutron-843263-1-hyperv, vif_type: ovs, vif_details: {"connectivity": "l2", "port_filter": true, "ovs_hybrid_plug": false, "datapath_type": "system", "bridge_name": "br-int"}, binding_levels: [{'bound_driver': 'openvswitch', 'bound_segment': {'id': '848b61ba-9c04-4dfd-a771-4d8b8284330c', 'network_type': 'vlan', 'physical_network': 'physnet1', 'segmentation_id': 246, 'network_id': '0def1763-916c-4340-abf2-7d216b5351f6'}}] {{(pid=104501) _bind_port_level /opt/stack/neutron/neutron/plugins/ml2/managers.py:932}}
