May 30 08:53:38.405637 dv-neutron-843256-3-hyperv devstack@keystone.service[80504]: DEBUG keystone.server.flask.request_processing.middleware.auth_context [None req-3a14b7a6-d2af-4edb-ad4e-cde206a39f71 None admin] Validating token access rules against request {{(pid=80504) validate_allowed_request /usr/local/lib/python3.8/dist-packages/keystonemiddleware/auth_token/__init__.py:545}}
May 30 08:53:38.449264 dv-neutron-843256-3-hyperv devstack@keystone.service[80504]: DEBUG keystone.server.flask.request_processing.middleware.auth_context [None req-32b752e4-fabf-4658-9994-9791ea5448b5 None admin] RBAC: auth_context: {'token': , 'domain_id': None, 'trust_id': None, 'trustor_id': None, 'trustee_id': None, 'domain_name': None, 'group_ids': [], 'user_id': 'c5a2f9fcb4b84d468006f56eb67e9090', 'user_domain_id': 'default', 'system_scope': 'all', 'project_id': None, 'project_domain_id': None, 'roles': ['admin', 'member', 'reader'], 'is_admin_project': True, 'service_user_id': None, 'service_user_domain_id': None, 'service_project_id': None, 'service_project_domain_id': None, 'service_roles': []} {{(pid=80504) fill_context /opt/stack/keystone/keystone/server/flask/request_processing/middleware/auth_context.py:478}}
May 30 08:53:38.450383 dv-neutron-843256-3-hyperv devstack@keystone.service[80504]: DEBUG keystone.server.flask.request_processing.req_logging [None req-32b752e4-fabf-4658-9994-9791ea5448b5 None admin] REQUEST_METHOD: `PUT` {{(pid=80504) log_request_info /opt/stack/keystone/keystone/server/flask/request_processing/req_logging.py:27}}
May 30 08:53:38.450755 dv-neutron-843256-3-hyperv devstack@keystone.service[80504]: DEBUG keystone.server.flask.request_processing.req_logging [None req-32b752e4-fabf-4658-9994-9791ea5448b5 None admin] SCRIPT_NAME: `/identity` {{(pid=80504) log_request_info /opt/stack/keystone/keystone/server/flask/request_processing/req_logging.py:28}}
May 30 08:53:38.451123 dv-neutron-843256-3-hyperv devstack@keystone.service[80504]: DEBUG keystone.server.flask.request_processing.req_logging [None req-32b752e4-fabf-4658-9994-9791ea5448b5 None admin] PATH_INFO: `/v3/projects/b4683b54b54b4b2db93e599819345ade/users/fcdd5dcfea7b418b8b3c43e1a66b718f/roles/92fc1af6680e42959f9d9ac3d59c1c3f` {{(pid=80504) log_request_info /opt/stack/keystone/keystone/server/flask/request_processing/req_logging.py:29}}
May 30 08:53:38.453764 dv-neutron-843256-3-hyperv devstack@keystone.service[80504]: DEBUG keystone.common.rbac_enforcer.enforcer [None req-32b752e4-fabf-4658-9994-9791ea5448b5 None admin] RBAC: Authorizing `identity:create_grant(project_id=b4683b54b54b4b2db93e599819345ade, user_id=fcdd5dcfea7b418b8b3c43e1a66b718f, role_id=92fc1af6680e42959f9d9ac3d59c1c3f)` {{(pid=80504) enforce_call /opt/stack/keystone/keystone/common/rbac_enforcer/enforcer.py:449}}
May 30 08:53:38.455356 dv-neutron-843256-3-hyperv devstack@keystone.service[80504]: DEBUG keystone.common.rbac_enforcer.enforcer [None req-32b752e4-fabf-4658-9994-9791ea5448b5 None admin] RBAC: Authorization granted {{(pid=80504) enforce_call /opt/stack/keystone/keystone/common/rbac_enforcer/enforcer.py:457}}
May 30 08:53:38.478699 dv-neutron-843256-3-hyperv devstack@keystone.service[80504]: [pid: 80504|app: 0|req: 121/234] 10.222.0.13 () {58 vars in 1439 bytes} [Mon May 30 08:53:38 2022] PUT /identity/v3/projects/b4683b54b54b4b2db93e599819345ade/users/fcdd5dcfea7b418b8b3c43e1a66b718f/roles/92fc1af6680e42959f9d9ac3d59c1c3f => generated 0 bytes in 223 msecs (HTTP/1.1 204) 3 headers in 132 bytes (0 switches on core 0)
May 30 08:53:39.428084 dv-neutron-843256-3-hyperv devstack@keystone.service[80505]: DEBUG keystone.server.flask.request_processing.req_logging [None req-f3b1ae74-14d5-41bf-8dd9-bfca96f369cc None None] REQUEST_METHOD: `GET` {{(pid=80505) log_request_info /opt/stack/keystone/keystone/server/flask/request_processing/req_logging.py:27}}
May 30 08:53:39.428958 dv-neutron-843256-3-hyperv devstack@keystone.service[80505]: DEBUG keystone.server.flask.request_processing.req_logging [None req-f3b1ae74-14d5-41bf-8dd9-bfca96f369cc None None] SCRIPT_NAME: `/identity` {{(pid=80505) log_request_info /opt/stack/keystone/keystone/server/flask/request_processing/req_logging.py:28}}
May 30 08:53:39.428958 dv-neutron-843256-3-hyperv devstack@keystone.service[80505]: DEBUG keystone.server.flask.request_processing.req_logging [None req-f3b1ae74-14d5-41bf-8dd9-bfca96f369cc None None] PATH_INFO: `/` {{(pid=80505) log_request_info /opt/stack/keystone/keystone/server/flask/request_processing/req_logging.py:29}}
May 30 08:53:39.430121 dv-neutron-843256-3-hyperv devstack@keystone.service[80505]: [pid: 80505|app: 0|req: 114/235] 10.222.0.13 () {54 vars in 926 bytes} [Mon May 30 08:53:39 2022] GET /identity => generated 270 bytes in 3 msecs (HTTP/1.1 300) 6 headers in 234 bytes (1 switches on core 0)
May 30 08:53:39.435570 dv-neutron-843256-3-hyperv devstack@keystone.service[80504]: DEBUG keystone.server.flask.request_processing.req_logging [None req-0031ba60-5929-4ea6-b086-e967ff211948 None None] REQUEST_METHOD: `POST` {{(pid=80504) log_request_info /opt/stack/keystone/keystone/server/flask/request_processing/req_logging.py:27}}
May 30 08:53:39.435997 dv-neutron-843256-3-hyperv devstack@keystone.service[80504]: DEBUG keystone.server.flask.request_processing.req_logging [None req-0031ba60-5929-4ea6-b086-e967ff211948 None None] SCRIPT_NAME: `/identity` {{(pid=80504) log_request_info /opt/stack/keystone/keystone/server/flask/request_processing/req_logging.py:28}}
May 30 08:53:39.436181 dv-neutron-843256-3-hyperv devstack@keystone.service[80504]: DEBUG keystone.server.flask.request_processing.req_logging [None req-0031ba60-5929-4ea6-b086-e967ff211948 None None] PATH_INFO: `/v3/auth/tokens` {{(pid=80504) log_request_info /opt/stack/keystone/keystone/server/flask/request_processing/req_logging.py:29}}
May 30 08:53:39.442281 dv-neutron-843256-3-hyperv devstack@keystone.service[80504]: DEBUG dbcounter [-] [80504] Writing DB stats keystone:SELECT=98,keystone:INSERT=2 {{(pid=80504) stat_writer /usr/local/lib/python3.8/dist-packages/dbcounter.py:114}}
May 30 08:53:39.455838 dv-neutron-843256-3-hyperv devstack@keystone.service[80504]: DEBUG keystone.auth.core [None req-0031ba60-5929-4ea6-b086-e967ff211948 None None] MFA Rules not processed for user `c5a2f9fcb4b84d468006f56eb67e9090`. Rule list: `[]` (Enabled: `True`). {{(pid=80504) check_auth_methods_against_rules /opt/stack/keystone/keystone/auth/core.py:438}}
May 30 08:53:39.457027 dv-neutron-843256-3-hyperv devstack@keystone.service[80504]: DEBUG keystone.common.fernet_utils [None req-0031ba60-5929-4ea6-b086-e967ff211948 None None] Loaded 2 Fernet keys from /etc/keystone/fernet-keys/, but `[fernet_tokens] max_active_keys = 3`; perhaps there have not been enough key rotations to reach `max_active_keys` yet? {{(pid=80504) load_keys /opt/stack/keystone/keystone/common/fernet_utils.py:286}}
May 30 08:53:39.485645 dv-neutron-843256-3-hyperv devstack@keystone.service[80505]: DEBUG keystone.server.flask.request_processing.req_logging [None req-471bd497-5a2a-429a-b3f6-0c07b55bd73a None None] REQUEST_METHOD: `GET` {{(pid=80505) log_request_info /opt/stack/keystone/keystone/server/flask/request_processing/req_logging.py:27}}
May 30 08:53:39.485645 dv-neutron-843256-3-hyperv devstack@keystone.service[80505]: DEBUG keystone.server.flask.request_processing.req_logging [None req-471bd497-5a2a-429a-b3f6-0c07b55bd73a None None] SCRIPT_NAME: `/identity` {{(pid=80505) log_request_info /opt/stack/keystone/keystone/server/flask/request_processing/req_logging.py:28}}
May 30 08:53:39.485645 dv-neutron-843256-3-hyperv devstack@keystone.service[80505]: DEBUG keystone.server.flask.request_processing.req_logging [None req-471bd497-5a2a-429a-b3f6-0c07b55bd73a None None] PATH_INFO: `/` {{(pid=80505) log_request_info /opt/stack/keystone/keystone/server/flask/request_processing/req_logging.py:29}}
May 30 08:53:39.485645 dv-neutron-843256-3-hyperv devstack@keystone.service[80505]: [pid: 80505|app: 0|req: 115/236] 10.222.0.13 () {54 vars in 926 bytes} [Mon May 30 08:53:39 2022] GET /identity => generated 270 bytes in 3 msecs (HTTP/1.1 300) 6 headers in 234 bytes (2 switches on core 0)
May 30 08:53:39.492821 dv-neutron-843256-3-hyperv devstack@keystone.service[80505]: DEBUG keystone.server.flask.request_processing.req_logging [None req-675fbce6-df40-44fb-acd9-369fbc3d03c0 None None] REQUEST_METHOD: `POST` {{(pid=80505) log_request_info /opt/stack/keystone/keystone/server/flask/request_processing/req_logging.py:27}}
May 30 08:53:39.493412 dv-neutron-843256-3-hyperv devstack@keystone.service[80505]: DEBUG keystone.server.flask.request_processing.req_logging [None req-675fbce6-df40-44fb-acd9-369fbc3d03c0 None None] SCRIPT_NAME: `/identity` {{(pid=80505) log_request_info /opt/stack/keystone/keystone/server/flask/request_processing/req_logging.py:28}}
May 30 08:53:39.493871 dv-neutron-843256-3-hyperv devstack@keystone.service[80505]: DEBUG keystone.server.flask.request_processing.req_logging [None req-675fbce6-df40-44fb-acd9-369fbc3d03c0 None None] PATH_INFO: `/v3/auth/tokens` {{(pid=80505) log_request_info /opt/stack/keystone/keystone/server/flask/request_processing/req_logging.py:29}}
May 30 08:53:39.514799 dv-neutron-843256-3-hyperv devstack@keystone.service[80505]: DEBUG keystone.auth.core [None req-675fbce6-df40-44fb-acd9-369fbc3d03c0 None None] MFA Rules not processed for user `c5a2f9fcb4b84d468006f56eb67e9090`. Rule list: `[]` (Enabled: `True`). {{(pid=80505) check_auth_methods_against_rules /opt/stack/keystone/keystone/auth/core.py:438}}
May 30 08:53:39.516384 dv-neutron-843256-3-hyperv devstack@keystone.service[80505]: DEBUG keystone.common.fernet_utils [None req-675fbce6-df40-44fb-acd9-369fbc3d03c0 None None] Loaded 2 Fernet keys from /etc/keystone/fernet-keys/, but `[fernet_tokens] max_active_keys = 3`; perhaps there have not been enough key rotations to reach `max_active_keys` yet? {{(pid=80505) load_keys /opt/stack/keystone/keystone/common/fernet_utils.py:286}}
May 30 08:53:39.577646 dv-neutron-843256-3-hyperv devstack@keystone.service[80504]: [pid: 80504|app: 0|req: 122/237] 10.222.0.13 () {58 vars in 1023 bytes} [Mon May 30 08:53:39 2022] POST /identity/v3/auth/tokens => generated 799 bytes in 143 msecs (HTTP/1.1 201) 6 headers in 363 bytes (1 switches on core 0)
May 30 08:53:39.602033 dv-neutron-843256-3-hyperv devstack@keystone.service[80505]: [pid: 80505|app: 0|req: 116/238] 10.222.0.13 () {58 vars in 1023 bytes} [Mon May 30 08:53:39 2022] POST /identity/v3/auth/tokens => generated 799 bytes in 110 msecs (HTTP/1.1 201) 6 headers in 363 bytes (2 switches on core 0)
May 30 08:53:39.612498 dv-neutron-843256-3-hyperv devstack@keystone.service[80504]: DEBUG keystone.server.flask.request_processing.middleware.auth_context [None req-0031ba60-5929-4ea6-b086-e967ff211948 None None] Authenticating user token {{(pid=80504) process_request /usr/local/lib/python3.8/dist-packages/keystonemiddleware/auth_token/__init__.py:407}}
May 30 08:53:39.629677 dv-neutron-843256-3-hyperv devstack@keystone.service[80505]: DEBUG keystone.server.flask.request_processing.middleware.auth_context [None req-675fbce6-df40-44fb-acd9-369fbc3d03c0 None None] Authenticating user token {{(pid=80505) process_request /usr/local/lib/python3.8/dist-packages/keystonemiddleware/auth_token/__init__.py:407}}
May 30 08:53:39.710097 dv-neutron-843256-3-hyperv devstack@keystone.service[80505]: DEBUG dbcounter [-] [80505] Writing DB stats keystone:SELECT=100 {{(pid=80505) stat_writer /usr/local/lib/python3.8/dist-packages/dbcounter.py:114}}
May 30 08:53:39.798999 dv-neutron-843256-3-hyperv devstack@keystone.service[80504]: DEBUG keystone.server.flask.request_processing.middleware.auth_context [None req-0031ba60-5929-4ea6-b086-e967ff211948 None None] Validating token access rules against request {{(pid=80504) validate_allowed_request /usr/local/lib/python3.8/dist-packages/keystonemiddleware/auth_token/__init__.py:545}}
May 30 08:53:39.836962 dv-neutron-843256-3-hyperv devstack@keystone.service[80504]: DEBUG keystone.server.flask.request_processing.middleware.auth_context [None req-06d96551-5e5f-475e-926b-147a58218d0e None admin] RBAC: auth_context: {'token': , 'domain_id': None, 'trust_id': None, 'trustor_id': None, 'trustee_id': None, 'domain_name': None, 'group_ids': [], 'user_id': 'c5a2f9fcb4b84d468006f56eb67e9090', 'user_domain_id': 'default', 'system_scope': 'all', 'project_id': None, 'project_domain_id': None, 'roles': ['admin', 'member', 'reader'], 'is_admin_project': True, 'service_user_id': None, 'service_user_domain_id': None, 'service_project_id': None, 'service_project_domain_id': None, 'service_roles': []} {{(pid=80504) fill_context /opt/stack/keystone/keystone/server/flask/request_processing/middleware/auth_context.py:478}}
May 30 08:53:39.838122 dv-neutron-843256-3-hyperv devstack@keystone.service[80504]: DEBUG keystone.server.flask.request_processing.req_logging [None req-06d96551-5e5f-475e-926b-147a58218d0e None admin] REQUEST_METHOD: `GET` {{(pid=80504) log_request_info /opt/stack/keystone/keystone/server/flask/request_processing/req_logging.py:27}}
May 30 08:53:39.838701 dv-neutron-843256-3-hyperv devstack@keystone.service[80504]: DEBUG keystone.server.flask.request_processing.req_logging [None req-06d96551-5e5f-475e-926b-147a58218d0e None admin] SCRIPT_NAME: `/identity` {{(pid=80504) log_request_info /opt/stack/keystone/keystone/server/flask/request_processing/req_logging.py:28}}
May 30 08:53:39.839166 dv-neutron-843256-3-hyperv devstack@keystone.service[80504]: DEBUG keystone.server.flask.request_processing.req_logging [None req-06d96551-5e5f-475e-926b-147a58218d0e None admin] PATH_INFO: `/v3/roles/reader` {{(pid=80504) log_request_info /opt/stack/keystone/keystone/server/flask/request_processing/req_logging.py:29}}
May 30 08:53:39.841387 dv-neutron-843256-3-hyperv devstack@keystone.service[80504]: DEBUG dbcounter [-] [80504] Writing DB stats keystone:SELECT=100 {{(pid=80504) stat_writer /usr/local/lib/python3.8/dist-packages/dbcounter.py:114}}
May 30 08:53:39.850141 dv-neutron-843256-3-hyperv devstack@keystone.service[80505]: DEBUG keystone.server.flask.request_processing.middleware.auth_context [None req-675fbce6-df40-44fb-acd9-369fbc3d03c0 None None] Validating token access rules against request {{(pid=80505) validate_allowed_request /usr/local/lib/python3.8/dist-packages/keystonemiddleware/auth_token/__init__.py:545}}
May 30 08:53:39.852983 dv-neutron-843256-3-hyperv devstack@keystone.service[80504]: DEBUG keystone.common.rbac_enforcer.enforcer [None req-06d96551-5e5f-475e-926b-147a58218d0e None admin] Extracting inferred target data resulted in "NOT FOUND (404)". {{(pid=80504) enforce_call /opt/stack/keystone/keystone/common/rbac_enforcer/enforcer.py:409}}
May 30 08:53:39.860996 dv-neutron-843256-3-hyperv devstack@keystone.service[80504]: ERROR keystone.server.flask.application [None req-06d96551-5e5f-475e-926b-147a58218d0e None admin] Could not find role: reader.: keystone.exception.RoleNotFound: Could not find role: reader.
May 30 08:53:39.860996 dv-neutron-843256-3-hyperv devstack@keystone.service[80504]: ERROR keystone.server.flask.application
Traceback (most recent call last):
May 30 08:53:39.860996 dv-neutron-843256-3-hyperv devstack@keystone.service[80504]: ERROR keystone.server.flask.application
File "/usr/local/lib/python3.8/dist-packages/flask/app.py", line 1523, in full_dispatch_request
May 30 08:53:39.860996 dv-neutron-843256-3-hyperv devstack@keystone.service[80504]: ERROR keystone.server.flask.application rv = self.dispatch_request()
May 30 08:53:39.860996 dv-neutron-843256-3-hyperv devstack@keystone.service[80504]: ERROR keystone.server.flask.application
File "/usr/local/lib/python3.8/dist-packages/flask/app.py", line 1509, in dispatch_request
May 30 08:53:39.860996 dv-neutron-843256-3-hyperv devstack@keystone.service[80504]: ERROR keystone.server.flask.application return self.ensure_sync(self.view_functions[rule.endpoint])(**req.view_args)
May 30 08:53:39.860996 dv-neutron-843256-3-hyperv devstack@keystone.service[80504]: ERROR keystone.server.flask.application
File "/usr/local/lib/python3.8/dist-packages/flask_restful/__init__.py", line 467, in wrapper
May 30 08:53:39.860996 dv-neutron-843256-3-hyperv devstack@keystone.service[80504]: ERROR keystone.server.flask.application resp = resource(*args, **kwargs)
May 30 08:53:39.860996 dv-neutron-843256-3-hyperv devstack@keystone.service[80504]: ERROR keystone.server.flask.application
File "/usr/local/lib/python3.8/dist-packages/flask/views.py", line 84, in view
May 30 08:53:39.860996 dv-neutron-843256-3-hyperv devstack@keystone.service[80504]: ERROR keystone.server.flask.application return current_app.ensure_sync(self.dispatch_request)(*args, **kwargs)
May 30 08:53:39.860996 dv-neutron-843256-3-hyperv devstack@keystone.service[80504]: ERROR keystone.server.flask.application
File "/usr/local/lib/python3.8/dist-packages/flask_restful/__init__.py", line 582, in dispatch_request
May 30 08:53:39.860996 dv-neutron-843256-3-hyperv devstack@keystone.service[80504]: ERROR keystone.server.flask.application resp = meth(*args, **kwargs)
May 30 08:53:39.860996 dv-neutron-843256-3-hyperv devstack@keystone.service[80504]: ERROR keystone.server.flask.application
File "/opt/stack/keystone/keystone/api/roles.py", line 50, in get
May 30 08:53:39.860996 dv-neutron-843256-3-hyperv devstack@keystone.service[80504]: ERROR keystone.server.flask.application return self._get_role(role_id)
May 30 08:53:39.860996 dv-neutron-843256-3-hyperv devstack@keystone.service[80504]: ERROR keystone.server.flask.application
File "/opt/stack/keystone/keystone/api/roles.py", line 70, in _get_role
May 30 08:53:39.860996 dv-neutron-843256-3-hyperv devstack@keystone.service[80504]: ERROR keystone.server.flask.application ENFORCER.enforce_call(action='identity:get_role')
May 30 08:53:39.861932 dv-neutron-843256-3-hyperv devstack@keystone.service[80504]: ERROR keystone.server.flask.application
File "/opt/stack/keystone/keystone/common/rbac_enforcer/enforcer.py", line 402, in enforce_call
May 30 08:53:39.861932 dv-neutron-843256-3-hyperv devstack@keystone.service[80504]: ERROR keystone.server.flask.application policy_dict.update(cls._extract_member_target_data(
May 30 08:53:39.861932 dv-neutron-843256-3-hyperv devstack@keystone.service[80504]: ERROR keystone.server.flask.application
File "/opt/stack/keystone/keystone/common/rbac_enforcer/enforcer.py", line 234, in _extract_member_target_data
May 30 08:53:39.861932 dv-neutron-843256-3-hyperv devstack@keystone.service[80504]: ERROR keystone.server.flask.application member_name: func(flask.request.view_args[key])
May 30 08:53:39.861932 dv-neutron-843256-3-hyperv devstack@keystone.service[80504]: ERROR keystone.server.flask.application
File "/opt/stack/keystone/keystone/common/manager.py", line 115, in wrapped
May 30 08:53:39.861932 dv-neutron-843256-3-hyperv devstack@keystone.service[80504]: ERROR keystone.server.flask.application __ret_val = __f(*args, **kwargs)
May 30 08:53:39.861932 dv-neutron-843256-3-hyperv devstack@keystone.service[80504]: ERROR keystone.server.flask.application
File "/usr/local/lib/python3.8/dist-packages/decorator.py", line 232, in fun
May 30 08:53:39.861932 dv-neutron-843256-3-hyperv devstack@keystone.service[80504]: ERROR keystone.server.flask.application return caller(func, *(extras + args), **kw)
May 30 08:53:39.861932 dv-neutron-843256-3-hyperv devstack@keystone.service[80504]: ERROR keystone.server.flask.application
File "/usr/local/lib/python3.8/dist-packages/dogpile/cache/region.py", line 1577, in get_or_create_for_user_func
May 30 08:53:39.861932 dv-neutron-843256-3-hyperv devstack@keystone.service[80504]: ERROR keystone.server.flask.application return self.get_or_create(
May 30 08:53:39.861932 dv-neutron-843256-3-hyperv devstack@keystone.service[80504]: ERROR keystone.server.flask.application
File "/usr/local/lib/python3.8/dist-packages/dogpile/cache/region.py", line 1042, in get_or_create
May 30 08:53:39.861932 dv-neutron-843256-3-hyperv devstack@keystone.service[80504]: ERROR keystone.server.flask.application with Lock(
May 30 08:53:39.861932 dv-neutron-843256-3-hyperv devstack@keystone.service[80504]: ERROR keystone.server.flask.application
File "/usr/local/lib/python3.8/dist-packages/dogpile/lock.py", line 185, in __enter__
May 30 08:53:39.861932 dv-neutron-843256-3-hyperv devstack@keystone.service[80504]: ERROR keystone.server.flask.application return self._enter()
May 30 08:53:39.861932 dv-neutron-843256-3-hyperv devstack@keystone.service[80504]: ERROR keystone.server.flask.application
File "/usr/local/lib/python3.8/dist-packages/dogpile/lock.py", line 94, in _enter
May 30 08:53:39.861932 dv-neutron-843256-3-hyperv devstack@keystone.service[80504]: ERROR keystone.server.flask.application generated = self._enter_create(value, createdtime)
May 30 08:53:39.862720 dv-neutron-843256-3-hyperv devstack@keystone.service[80504]: ERROR keystone.server.flask.application
File "/usr/local/lib/python3.8/dist-packages/dogpile/lock.py", line 178, in _enter_create
May 30 08:53:39.862720 dv-neutron-843256-3-hyperv devstack@keystone.service[80504]: ERROR keystone.server.flask.application return self.creator()
May 30 08:53:39.862720 dv-neutron-843256-3-hyperv devstack@keystone.service[80504]: ERROR keystone.server.flask.application
File "/usr/local/lib/python3.8/dist-packages/dogpile/cache/region.py", line 995, in gen_value
May 30 08:53:39.862720 dv-neutron-843256-3-hyperv devstack@keystone.service[80504]: ERROR keystone.server.flask.application created_value = creator(
May 30 08:53:39.862720 dv-neutron-843256-3-hyperv devstack@keystone.service[80504]: ERROR keystone.server.flask.application
File "/opt/stack/keystone/keystone/assignment/core.py", line 1276, in get_role
May 30 08:53:39.862720 dv-neutron-843256-3-hyperv devstack@keystone.service[80504]: ERROR keystone.server.flask.application return self.driver.get_role(role_id)
May 30 08:53:39.862720 dv-neutron-843256-3-hyperv devstack@keystone.service[80504]: ERROR keystone.server.flask.application
File "/opt/stack/keystone/keystone/assignment/role_backends/sql.py", line 70, in get_role
May 30 08:53:39.862720 dv-neutron-843256-3-hyperv devstack@keystone.service[80504]: ERROR keystone.server.flask.application return self._get_role(session, role_id).to_dict()
May 30 08:53:39.862720 dv-neutron-843256-3-hyperv devstack@keystone.service[80504]: ERROR keystone.server.flask.application
File "/opt/stack/keystone/keystone/assignment/role_backends/sql.py", line 65, in _get_role
May 30 08:53:39.862720 dv-neutron-843256-3-hyperv devstack@keystone.service[80504]: ERROR keystone.server.flask.application raise exception.RoleNotFound(role_id=role_id)
May 30 08:53:39.862720 dv-neutron-843256-3-hyperv devstack@keystone.service[80504]: ERROR keystone.server.flask.application keystone.exception.RoleNotFound: Could not find role: reader.
May 30 08:53:39.862720 dv-neutron-843256-3-hyperv devstack@keystone.service[80504]: ERROR keystone.server.flask.application
May 30 08:53:39.865575 dv-neutron-843256-3-hyperv devstack@keystone.service[80504]: [pid: 80504|app: 0|req: 123/239] 10.222.0.13 () {56 vars in 1099 bytes} [Mon May 30 08:53:39 2022] GET /identity/v3/roles/reader => generated 84 bytes in 254 msecs (HTTP/1.1 404) 5 headers in 183 bytes (2 switches on core 0)
May 30 08:53:39.872549 dv-neutron-843256-3-hyperv devstack@keystone.service[80504]: DEBUG keystone.server.flask.request_processing.middleware.auth_context [None req-06d96551-5e5f-475e-926b-147a58218d0e None admin] Authenticating user token {{(pid=80504) process_request /usr/local/lib/python3.8/dist-packages/keystonemiddleware/auth_token/__init__.py:407}}
May 30 08:53:39.927399 dv-neutron-843256-3-hyperv devstack@keystone.service[80505]: DEBUG keystone.server.flask.request_processing.middleware.auth_context [None req-b7c7a52b-f88b-4fd1-8ba7-0470a52e7e71 None admin] RBAC: auth_context: {'token': , 'domain_id': None, 'trust_id': None, 'trustor_id': None, 'trustee_id': None, 'domain_name': None, 'group_ids': [], 'user_id': 'c5a2f9fcb4b84d468006f56eb67e9090', 'user_domain_id': 'default', 'system_scope': 'all', 'project_id': None, 'project_domain_id': None, 'roles': ['admin', 'member', 'reader'], 'is_admin_project': True, 'service_user_id': None, 'service_user_domain_id': None, 'service_project_id': None, 'service_project_domain_id': None, 'service_roles': []} {{(pid=80505) fill_context /opt/stack/keystone/keystone/server/flask/request_processing/middleware/auth_context.py:478}}
May 30 08:53:39.928219 dv-neutron-843256-3-hyperv devstack@keystone.service[80505]: DEBUG keystone.server.flask.request_processing.req_logging [None req-b7c7a52b-f88b-4fd1-8ba7-0470a52e7e71 None admin] REQUEST_METHOD: `GET` {{(pid=80505) log_request_info /opt/stack/keystone/keystone/server/flask/request_processing/req_logging.py:27}}
May 30 08:53:39.928495 dv-neutron-843256-3-hyperv devstack@keystone.service[80505]: DEBUG keystone.server.flask.request_processing.req_logging [None req-b7c7a52b-f88b-4fd1-8ba7-0470a52e7e71 None admin] SCRIPT_NAME: `/identity` {{(pid=80505) log_request_info /opt/stack/keystone/keystone/server/flask/request_processing/req_logging.py:28}}
May 30 08:53:39.928769 dv-neutron-843256-3-hyperv devstack@keystone.service[80505]: DEBUG keystone.server.flask.request_processing.req_logging [None req-b7c7a52b-f88b-4fd1-8ba7-0470a52e7e71 None admin] PATH_INFO: `/v3/domains/default` {{(pid=80505) log_request_info /opt/stack/keystone/keystone/server/flask/request_processing/req_logging.py:29}}
May 30 08:53:39.930001 dv-neutron-843256-3-hyperv devstack@keystone.service[80505]: DEBUG keystone.common.rbac_enforcer.enforcer [None req-b7c7a52b-f88b-4fd1-8ba7-0470a52e7e71 None admin] RBAC: Authorizing `identity:get_domain(domain_id=default)` {{(pid=80505) enforce_call /opt/stack/keystone/keystone/common/rbac_enforcer/enforcer.py:449}}
May 30 08:53:39.939540 dv-neutron-843256-3-hyperv devstack@keystone.service[80505]: DEBUG keystone.common.rbac_enforcer.enforcer [None req-b7c7a52b-f88b-4fd1-8ba7-0470a52e7e71 None admin] RBAC: Authorization granted {{(pid=80505) enforce_call /opt/stack/keystone/keystone/common/rbac_enforcer/enforcer.py:457}}
May 30 08:53:39.941592 dv-neutron-843256-3-hyperv devstack@keystone.service[80505]: [pid: 80505|app: 0|req: 117/240] 10.222.0.13 () {56 vars in 1108 bytes} [Mon May 30 08:53:39 2022] GET /identity/v3/domains/default => generated 199 bytes in 312 msecs (HTTP/1.1 200) 5 headers in 177 bytes (1 switches on core 0)
May 30 08:53:39.948266 dv-neutron-843256-3-hyperv devstack@keystone.service[80505]: DEBUG keystone.server.flask.request_processing.middleware.auth_context [None req-b7c7a52b-f88b-4fd1-8ba7-0470a52e7e71 None admin] Authenticating user token {{(pid=80505) process_request /usr/local/lib/python3.8/dist-packages/keystonemiddleware/auth_token/__init__.py:407}}
May 30 08:53:39.994501 dv-neutron-843256-3-hyperv devstack@keystone.service[80504]: DEBUG keystone.server.flask.request_processing.middleware.auth_context [None req-06d96551-5e5f-475e-926b-147a58218d0e None admin] Validating token access rules against request {{(pid=80504) validate_allowed_request /usr/local/lib/python3.8/dist-packages/keystonemiddleware/auth_token/__init__.py:545}}
May 30 08:53:40.044979 dv-neutron-843256-3-hyperv devstack@keystone.service[80504]: DEBUG keystone.server.flask.request_processing.middleware.auth_context [None req-b9e6203d-3ec0-4013-9072-5f1fcb27cc97 None admin] RBAC: auth_context: {'token': , 'domain_id': None, 'trust_id': None, 'trustor_id': None, 'trustee_id': None, 'domain_name': None, 'group_ids': [], 'user_id': 'c5a2f9fcb4b84d468006f56eb67e9090', 'user_domain_id': 'default', 'system_scope': 'all', 'project_id': None, 'project_domain_id': None, 'roles': ['admin', 'member', 'reader'], 'is_admin_project': True, 'service_user_id': None, 'service_user_domain_id': None, 'service_project_id': None, 'service_project_domain_id': None, 'service_roles': []} {{(pid=80504) fill_context /opt/stack/keystone/keystone/server/flask/request_processing/middleware/auth_context.py:478}}
May 30 08:53:40.045690 dv-neutron-843256-3-hyperv devstack@keystone.service[80504]: DEBUG keystone.server.flask.request_processing.req_logging [None req-b9e6203d-3ec0-4013-9072-5f1fcb27cc97 None admin] REQUEST_METHOD: `GET` {{(pid=80504) log_request_info /opt/stack/keystone/keystone/server/flask/request_processing/req_logging.py:27}}
May 30 08:53:40.045964 dv-neutron-843256-3-hyperv devstack@keystone.service[80504]: DEBUG keystone.server.flask.request_processing.req_logging [None req-b9e6203d-3ec0-4013-9072-5f1fcb27cc97 None admin] SCRIPT_NAME: `/identity` {{(pid=80504) log_request_info /opt/stack/keystone/keystone/server/flask/request_processing/req_logging.py:28}}
May 30 08:53:40.046231 dv-neutron-843256-3-hyperv devstack@keystone.service[80504]: DEBUG keystone.server.flask.request_processing.req_logging [None req-b9e6203d-3ec0-4013-9072-5f1fcb27cc97 None admin] PATH_INFO: `/v3/roles` {{(pid=80504) log_request_info /opt/stack/keystone/keystone/server/flask/request_processing/req_logging.py:29}}
May 30 08:53:40.046996 dv-neutron-843256-3-hyperv devstack@keystone.service[80504]: DEBUG keystone.common.rbac_enforcer.enforcer [None req-b9e6203d-3ec0-4013-9072-5f1fcb27cc97 None admin] RBAC: Adding query filter params (name=reader) {{(pid=80504) _extract_filter_values /opt/stack/keystone/keystone/common/rbac_enforcer/enforcer.py:167}}
May 30 08:53:40.047289 dv-neutron-843256-3-hyperv devstack@keystone.service[80504]: DEBUG keystone.common.rbac_enforcer.enforcer [None req-b9e6203d-3ec0-4013-9072-5f1fcb27cc97 None admin] RBAC: Authorizing `identity:list_roles()` {{(pid=80504) enforce_call /opt/stack/keystone/keystone/common/rbac_enforcer/enforcer.py:449}}
May 30 08:53:40.048698 dv-neutron-843256-3-hyperv devstack@keystone.service[80504]: DEBUG keystone.common.rbac_enforcer.enforcer [None req-b9e6203d-3ec0-4013-9072-5f1fcb27cc97 None admin] RBAC: Authorization granted {{(pid=80504) enforce_call /opt/stack/keystone/keystone/common/rbac_enforcer/enforcer.py:457}}
May 30 08:53:40.067541 dv-neutron-843256-3-hyperv devstack@keystone.service[80504]: [pid: 80504|app: 0|req: 124/241] 10.222.0.13 () {56 vars in 1101 bytes} [Mon May 30 08:53:39 2022] GET /identity/v3/roles?name=reader => generated 341 bytes in 195 msecs (HTTP/1.1 200) 5 headers in 177 bytes (1 switches on core 0)
May 30 08:53:40.072601 dv-neutron-843256-3-hyperv devstack@keystone.service[80504]: DEBUG keystone.server.flask.request_processing.middleware.auth_context [None req-b9e6203d-3ec0-4013-9072-5f1fcb27cc97 None admin] Authenticating user token {{(pid=80504) process_request /usr/local/lib/python3.8/dist-packages/keystonemiddleware/auth_token/__init__.py:407}}
May 30 08:53:40.121640 dv-neutron-843256-3-hyperv devstack@keystone.service[80505]: DEBUG keystone.server.flask.request_processing.middleware.auth_context [None req-b7c7a52b-f88b-4fd1-8ba7-0470a52e7e71 None admin] Validating token access rules against request {{(pid=80505) validate_allowed_request /usr/local/lib/python3.8/dist-packages/keystonemiddleware/auth_token/__init__.py:545}}
May 30 08:53:40.133502 dv-neutron-843256-3-hyperv devstack@keystone.service[80505]: DEBUG dbcounter [-] [80505] Writing DB stats keystone:SELECT=100 {{(pid=80505) stat_writer /usr/local/lib/python3.8/dist-packages/dbcounter.py:114}}
May 30 08:53:40.159814 dv-neutron-843256-3-hyperv devstack@keystone.service[80505]: DEBUG keystone.server.flask.request_processing.middleware.auth_context [None req-cee6aa22-32ca-4c87-a763-d36c6a6b4f78 None admin] RBAC: auth_context: {'token': , 'domain_id': None, 'trust_id': None, 'trustor_id': None, 'trustee_id': None, 'domain_name': None, 'group_ids': [], 'user_id': 'c5a2f9fcb4b84d468006f56eb67e9090', 'user_domain_id': 'default', 'system_scope': 'all', 'project_id': None, 'project_domain_id': None, 'roles': ['admin', 'member', 'reader'], 'is_admin_project': True, 'service_user_id': None, 'service_user_domain_id': None, 'service_project_id': None, 'service_project_domain_id': None, 'service_roles': []} {{(pid=80505) fill_context /opt/stack/keystone/keystone/server/flask/request_processing/middleware/auth_context.py:478}}
May 30 08:53:40.160911 dv-neutron-843256-3-hyperv devstack@keystone.service[80505]: DEBUG keystone.server.flask.request_processing.req_logging [None req-cee6aa22-32ca-4c87-a763-d36c6a6b4f78 None admin] REQUEST_METHOD: `POST` {{(pid=80505) log_request_info /opt/stack/keystone/keystone/server/flask/request_processing/req_logging.py:27}}
May 30 08:53:40.161384 dv-neutron-843256-3-hyperv devstack@keystone.service[80505]: DEBUG keystone.server.flask.request_processing.req_logging [None req-cee6aa22-32ca-4c87-a763-d36c6a6b4f78 None admin] SCRIPT_NAME: `/identity` {{(pid=80505) log_request_info /opt/stack/keystone/keystone/server/flask/request_processing/req_logging.py:28}}
May 30 08:53:40.161853 dv-neutron-843256-3-hyperv devstack@keystone.service[80505]: DEBUG keystone.server.flask.request_processing.req_logging [None req-cee6aa22-32ca-4c87-a763-d36c6a6b4f78 None admin] PATH_INFO: `/v3/users` {{(pid=80505) log_request_info /opt/stack/keystone/keystone/server/flask/request_processing/req_logging.py:29}}
May 30 08:53:40.162757 dv-neutron-843256-3-hyperv devstack@keystone.service[80505]: DEBUG keystone.common.rbac_enforcer.enforcer [None req-cee6aa22-32ca-4c87-a763-d36c6a6b4f78 None admin] RBAC: Authorizing `identity:create_user()` {{(pid=80505) enforce_call /opt/stack/keystone/keystone/common/rbac_enforcer/enforcer.py:449}}
May 30 08:53:40.164528 dv-neutron-843256-3-hyperv devstack@keystone.service[80505]: DEBUG keystone.common.rbac_enforcer.enforcer [None req-cee6aa22-32ca-4c87-a763-d36c6a6b4f78 None admin] RBAC: Authorization granted {{(pid=80505) enforce_call /opt/stack/keystone/keystone/common/rbac_enforcer/enforcer.py:457}}
May 30 08:53:40.170249 dv-neutron-843256-3-hyperv devstack@keystone.service[80504]: DEBUG dbcounter [-] [80504] Writing DB stats keystone:SELECT=100 {{(pid=80504) stat_writer /usr/local/lib/python3.8/dist-packages/dbcounter.py:114}}
May 30 08:53:40.210907 dv-neutron-843256-3-hyperv devstack@keystone.service[80505]: [pid: 80505|app: 0|req: 118/242] 10.222.0.13 () {60 vars in 1132 bytes} [Mon May 30 08:53:39 2022] POST /identity/v3/users => generated 293 bytes in 263 msecs (HTTP/1.1 201) 5 headers in 182 bytes (2 switches on core 0)
May 30 08:53:40.229149 dv-neutron-843256-3-hyperv devstack@keystone.service[80504]: DEBUG keystone.server.flask.request_processing.middleware.auth_context [None req-b9e6203d-3ec0-4013-9072-5f1fcb27cc97 None admin] Validating token access rules against request {{(pid=80504) validate_allowed_request /usr/local/lib/python3.8/dist-packages/keystonemiddleware/auth_token/__init__.py:545}}
May 30 08:53:40.280800 dv-neutron-843256-3-hyperv devstack@keystone.service[80504]: DEBUG keystone.server.flask.request_processing.middleware.auth_context [None req-06c90c11-0612-445d-b110-274a15f29b3a None admin] RBAC: auth_context: {'token': , 'domain_id': None, 'trust_id': None, 'trustor_id': None, 'trustee_id': None, 'domain_name': None, 'group_ids': [], 'user_id': 'c5a2f9fcb4b84d468006f56eb67e9090', 'user_domain_id': 'default', 'system_scope': 'all', 'project_id': None, 'project_domain_id': None, 'roles': ['admin', 'member', 'reader'], 'is_admin_project': True, 'service_user_id': None, 'service_user_domain_id': None, 'service_project_id': None, 'service_project_domain_id': None, 'service_roles': []} {{(pid=80504) fill_context /opt/stack/keystone/keystone/server/flask/request_processing/middleware/auth_context.py:478}}
May 30 08:53:40.281612 dv-neutron-843256-3-hyperv devstack@keystone.service[80504]: DEBUG keystone.server.flask.request_processing.req_logging [None req-06c90c11-0612-445d-b110-274a15f29b3a None admin] REQUEST_METHOD: `GET` {{(pid=80504) log_request_info /opt/stack/keystone/keystone/server/flask/request_processing/req_logging.py:27}}
May 30 08:53:40.281886 dv-neutron-843256-3-hyperv devstack@keystone.service[80504]: DEBUG keystone.server.flask.request_processing.req_logging [None req-06c90c11-0612-445d-b110-274a15f29b3a None admin] SCRIPT_NAME: `/identity` {{(pid=80504) log_request_info /opt/stack/keystone/keystone/server/flask/request_processing/req_logging.py:28}}
May 30 08:53:40.282154 dv-neutron-843256-3-hyperv devstack@keystone.service[80504]: DEBUG keystone.server.flask.request_processing.req_logging [None req-06c90c11-0612-445d-b110-274a15f29b3a None admin] PATH_INFO: `/v3/users/2d03dfa4fff24adfbacc742cb5c3fb4b` {{(pid=80504) log_request_info /opt/stack/keystone/keystone/server/flask/request_processing/req_logging.py:29}}
May 30 08:53:40.300158 dv-neutron-843256-3-hyperv devstack@keystone.service[80504]: DEBUG keystone.common.rbac_enforcer.enforcer [None req-06c90c11-0612-445d-b110-274a15f29b3a None admin] RBAC: Authorizing `identity:get_user(user_id=2d03dfa4fff24adfbacc742cb5c3fb4b)` {{(pid=80504) enforce_call /opt/stack/keystone/keystone/common/rbac_enforcer/enforcer.py:449}}
May 30 08:53:40.302060 dv-neutron-843256-3-hyperv devstack@keystone.service[80504]: DEBUG keystone.common.rbac_enforcer.enforcer [None req-06c90c11-0612-445d-b110-274a15f29b3a None admin] RBAC: Authorization granted {{(pid=80504) enforce_call /opt/stack/keystone/keystone/common/rbac_enforcer/enforcer.py:457}}
May 30 08:53:40.304829 dv-neutron-843256-3-hyperv devstack@keystone.service[80504]: [pid: 80504|app: 0|req: 125/243] 10.222.0.13 () {56 vars in 1177 bytes} [Mon May 30 08:53:40 2022] GET /identity/v3/users/2d03dfa4fff24adfbacc742cb5c3fb4b => generated 297 bytes in 232 msecs (HTTP/1.1 200) 5 headers in 177 bytes (2 switches on core 0)
May 30 08:53:40.310001 dv-neutron-843256-3-hyperv devstack@keystone.service[80505]: DEBUG keystone.server.flask.request_processing.middleware.auth_context [None req-cee6aa22-32ca-4c87-a763-d36c6a6b4f78 None admin] Authenticating user token {{(pid=80505) process_request /usr/local/lib/python3.8/dist-packages/keystonemiddleware/auth_token/__init__.py:407}}
May 30 08:53:40.448464 dv-neutron-843256-3-hyperv devstack@keystone.service[80505]: DEBUG keystone.server.flask.request_processing.middleware.auth_context [None req-cee6aa22-32ca-4c87-a763-d36c6a6b4f78 None admin] Validating token access rules against request {{(pid=80505) validate_allowed_request /usr/local/lib/python3.8/dist-packages/keystonemiddleware/auth_token/__init__.py:545}}
May 30 08:53:40.503445 dv-neutron-843256-3-hyperv devstack@keystone.service[80505]: DEBUG keystone.server.flask.request_processing.middleware.auth_context [None req-32d77dbd-0a54-4795-a1c4-463fc7a71209 None admin] RBAC: auth_context: {'token': , 'domain_id': None, 'trust_id': None, 'trustor_id': None, 'trustee_id': None, 'domain_name': None, 'group_ids': [], 'user_id': 'c5a2f9fcb4b84d468006f56eb67e9090', 'user_domain_id': 'default', 'system_scope': 'all', 'project_id': None, 'project_domain_id': None, 'roles': ['admin', 'member', 'reader'], 'is_admin_project': True, 'service_user_id': None, 'service_user_domain_id': None, 'service_project_id': None, 'service_project_domain_id': None, 'service_roles': []} {{(pid=80505) fill_context /opt/stack/keystone/keystone/server/flask/request_processing/middleware/auth_context.py:478}}
May 30 08:53:40.504116 dv-neutron-843256-3-hyperv devstack@keystone.service[80505]: DEBUG keystone.server.flask.request_processing.req_logging [None req-32d77dbd-0a54-4795-a1c4-463fc7a71209 None admin] REQUEST_METHOD: `GET` {{(pid=80505) log_request_info /opt/stack/keystone/keystone/server/flask/request_processing/req_logging.py:27}}
May 30 08:53:40.504391 dv-neutron-843256-3-hyperv devstack@keystone.service[80505]: DEBUG keystone.server.flask.request_processing.req_logging [None req-32d77dbd-0a54-4795-a1c4-463fc7a71209 None admin] SCRIPT_NAME: `/identity` {{(pid=80505) log_request_info /opt/stack/keystone/keystone/server/flask/request_processing/req_logging.py:28}}
May 30 08:53:40.504661 dv-neutron-843256-3-hyperv devstack@keystone.service[80505]: DEBUG keystone.server.flask.request_processing.req_logging [None req-32d77dbd-0a54-4795-a1c4-463fc7a71209 None admin] PATH_INFO: `/v3/auth/tokens` {{(pid=80505) log_request_info /opt/stack/keystone/keystone/server/flask/request_processing/req_logging.py:29}}
May 30 08:53:40.542487 dv-neutron-843256-3-hyperv devstack@keystone.service[80505]: DEBUG dbcounter [-] [80505] Writing DB stats keystone:SELECT=97,keystone:INSERT=3 {{(pid=80505) stat_writer /usr/local/lib/python3.8/dist-packages/dbcounter.py:114}}
May 30 08:53:40.582644 dv-neutron-843256-3-hyperv devstack@keystone.service[80505]: DEBUG keystone.common.rbac_enforcer.enforcer [None req-32d77dbd-0a54-4795-a1c4-463fc7a71209 None admin] RBAC: Authorizing `identity:validate_token()` {{(pid=80505) enforce_call /opt/stack/keystone/keystone/common/rbac_enforcer/enforcer.py:449}}
May 30 08:53:40.584200 dv-neutron-843256-3-hyperv devstack@keystone.service[80505]: DEBUG keystone.common.rbac_enforcer.enforcer [None req-32d77dbd-0a54-4795-a1c4-463fc7a71209 None admin] RBAC: Authorization granted {{(pid=80505) enforce_call /opt/stack/keystone/keystone/common/rbac_enforcer/enforcer.py:457}}
May 30 08:53:40.691120 dv-neutron-843256-3-hyperv devstack@keystone.service[80505]: [pid: 80505|app: 0|req: 119/244] 10.222.0.13 () {58 vars in 1282 bytes} [Mon May 30 08:53:40 2022] GET /identity/v3/auth/tokens => generated 799 bytes in 382 msecs (HTTP/1.1 200) 6 headers in 358 bytes (1 switches on core 0)
May 30 08:53:40.696499 dv-neutron-843256-3-hyperv devstack@keystone.service[80504]: DEBUG keystone.server.flask.request_processing.middleware.auth_context [None req-06c90c11-0612-445d-b110-274a15f29b3a None admin] Authenticating user token {{(pid=80504) process_request /usr/local/lib/python3.8/dist-packages/keystonemiddleware/auth_token/__init__.py:407}}
May 30 08:53:40.819812 dv-neutron-843256-3-hyperv devstack@keystone.service[80504]: DEBUG keystone.server.flask.request_processing.middleware.auth_context [None req-06c90c11-0612-445d-b110-274a15f29b3a None admin] Validating token access rules against request {{(pid=80504) validate_allowed_request /usr/local/lib/python3.8/dist-packages/keystonemiddleware/auth_token/__init__.py:545}}
May 30 08:53:40.834531 dv-neutron-843256-3-hyperv devstack@keystone.service[80504]: DEBUG dbcounter [-] [80504] Writing DB stats keystone:SELECT=100 {{(pid=80504) stat_writer /usr/local/lib/python3.8/dist-packages/dbcounter.py:114}}
May 30 08:53:40.860864 dv-neutron-843256-3-hyperv devstack@keystone.service[80505]: DEBUG keystone.server.flask.request_processing.req_logging [None req-01a99c2c-4e41-422c-a808-f17f5b636f3d None None] REQUEST_METHOD: `GET` {{(pid=80505) log_request_info /opt/stack/keystone/keystone/server/flask/request_processing/req_logging.py:27}}
May 30 08:53:40.861178 dv-neutron-843256-3-hyperv devstack@keystone.service[80505]: DEBUG keystone.server.flask.request_processing.req_logging [None req-01a99c2c-4e41-422c-a808-f17f5b636f3d None None] SCRIPT_NAME: `/identity` {{(pid=80505) log_request_info /opt/stack/keystone/keystone/server/flask/request_processing/req_logging.py:28}}
May 30 08:53:40.861409 dv-neutron-843256-3-hyperv devstack@keystone.service[80505]: DEBUG keystone.server.flask.request_processing.req_logging [None req-01a99c2c-4e41-422c-a808-f17f5b636f3d None None] PATH_INFO: `/` {{(pid=80505) log_request_info /opt/stack/keystone/keystone/server/flask/request_processing/req_logging.py:29}}
May 30 08:53:40.862920 dv-neutron-843256-3-hyperv devstack@keystone.service[80505]: [pid: 80505|app: 0|req: 120/245] 10.222.0.13 () {54 vars in 926 bytes} [Mon May 30 08:53:40 2022] GET /identity => generated 270 bytes in 3 msecs (HTTP/1.1 300) 6 headers in 234 bytes (2 switches on core 0)
May 30 08:53:40.865153 dv-neutron-843256-3-hyperv devstack@keystone.service[80504]: DEBUG keystone.server.flask.request_processing.middleware.auth_context [None req-640b2c02-51ad-47f9-b9d3-efe69d1407fa None admin] RBAC: auth_context: {'token': , 'domain_id': None, 'trust_id': None, 'trustor_id': None, 'trustee_id': None, 'domain_name': None, 'group_ids': [], 'user_id': 'c5a2f9fcb4b84d468006f56eb67e9090', 'user_domain_id': 'default', 'system_scope': 'all', 'project_id': None, 'project_domain_id': None, 'roles': ['admin', 'member', 'reader'], 'is_admin_project': True, 'service_user_id': None, 'service_user_domain_id': None, 'service_project_id': None, 'service_project_domain_id': None, 'service_roles': []} {{(pid=80504) fill_context /opt/stack/keystone/keystone/server/flask/request_processing/middleware/auth_context.py:478}}
May 30 08:53:40.866030 dv-neutron-843256-3-hyperv devstack@keystone.service[80504]: DEBUG keystone.server.flask.request_processing.req_logging [None req-640b2c02-51ad-47f9-b9d3-efe69d1407fa None admin] REQUEST_METHOD: `GET` {{(pid=80504) log_request_info /opt/stack/keystone/keystone/server/flask/request_processing/req_logging.py:27}}
May 30 08:53:40.866301 dv-neutron-843256-3-hyperv devstack@keystone.service[80504]: DEBUG keystone.server.flask.request_processing.req_logging [None req-640b2c02-51ad-47f9-b9d3-efe69d1407fa None admin] SCRIPT_NAME: `/identity` {{(pid=80504) log_request_info /opt/stack/keystone/keystone/server/flask/request_processing/req_logging.py:28}}
May 30 08:53:40.866682 dv-neutron-843256-3-hyperv devstack@keystone.service[80504]: DEBUG keystone.server.flask.request_processing.req_logging [None req-640b2c02-51ad-47f9-b9d3-efe69d1407fa None admin] PATH_INFO: `/v3/projects/b4683b54b54b4b2db93e599819345ade` {{(pid=80504) log_request_info /opt/stack/keystone/keystone/server/flask/request_processing/req_logging.py:29}}
May 30 08:53:40.867918 dv-neutron-843256-3-hyperv devstack@keystone.service[80504]: DEBUG keystone.common.rbac_enforcer.enforcer [None req-640b2c02-51ad-47f9-b9d3-efe69d1407fa None admin] RBAC: Authorizing `identity:get_project(project_id=b4683b54b54b4b2db93e599819345ade)` {{(pid=80504) enforce_call /opt/stack/keystone/keystone/common/rbac_enforcer/enforcer.py:449}}
May 30 08:53:40.869459 dv-neutron-843256-3-hyperv devstack@keystone.service[80504]: DEBUG keystone.common.rbac_enforcer.enforcer [None req-640b2c02-51ad-47f9-b9d3-efe69d1407fa None admin] RBAC: Authorization granted {{(pid=80504) enforce_call /opt/stack/keystone/keystone/common/rbac_enforcer/enforcer.py:457}}
May 30 08:53:40.871113 dv-neutron-843256-3-hyperv devstack@keystone.service[80505]: DEBUG keystone.server.flask.request_processing.req_logging [None req-fd16890f-9343-4c33-a349-6e14e135b765 None None] REQUEST_METHOD: `POST` {{(pid=80505) log_request_info /opt/stack/keystone/keystone/server/flask/request_processing/req_logging.py:27}}
May 30 08:53:40.871448 dv-neutron-843256-3-hyperv devstack@keystone.service[80504]: [pid: 80504|app: 0|req: 126/246] 10.222.0.13 () {56 vars in 1186 bytes} [Mon May 30 08:53:40 2022] GET /identity/v3/projects/b4683b54b54b4b2db93e599819345ade => generated 302 bytes in 175 msecs (HTTP/1.1 200) 5 headers in 177 bytes (2 switches on core 0)
May 30 08:53:40.871877 dv-neutron-843256-3-hyperv devstack@keystone.service[80505]: DEBUG keystone.server.flask.request_processing.req_logging [None req-fd16890f-9343-4c33-a349-6e14e135b765 None None] SCRIPT_NAME: `/identity` {{(pid=80505) log_request_info /opt/stack/keystone/keystone/server/flask/request_processing/req_logging.py:28}}
May 30 08:53:40.872338 dv-neutron-843256-3-hyperv devstack@keystone.service[80505]: DEBUG keystone.server.flask.request_processing.req_logging [None req-fd16890f-9343-4c33-a349-6e14e135b765 None None] PATH_INFO: `/v3/auth/tokens` {{(pid=80505) log_request_info /opt/stack/keystone/keystone/server/flask/request_processing/req_logging.py:29}}
May 30 08:53:40.877373 dv-neutron-843256-3-hyperv devstack@keystone.service[80504]: DEBUG keystone.server.flask.request_processing.middleware.auth_context [None req-640b2c02-51ad-47f9-b9d3-efe69d1407fa None admin] Authenticating user token {{(pid=80504) process_request /usr/local/lib/python3.8/dist-packages/keystonemiddleware/auth_token/__init__.py:407}}
May 30 08:53:40.897647 dv-neutron-843256-3-hyperv devstack@keystone.service[80505]: DEBUG keystone.auth.core [None req-fd16890f-9343-4c33-a349-6e14e135b765 None None] MFA Rules not processed for user `c5a2f9fcb4b84d468006f56eb67e9090`. Rule list: `[]` (Enabled: `True`). {{(pid=80505) check_auth_methods_against_rules /opt/stack/keystone/keystone/auth/core.py:438}}
May 30 08:53:40.899373 dv-neutron-843256-3-hyperv devstack@keystone.service[80505]: DEBUG keystone.common.fernet_utils [None req-fd16890f-9343-4c33-a349-6e14e135b765 None None] Loaded 2 Fernet keys from /etc/keystone/fernet-keys/, but `[fernet_tokens] max_active_keys = 3`; perhaps there have not been enough key rotations to reach `max_active_keys` yet? {{(pid=80505) load_keys /opt/stack/keystone/keystone/common/fernet_utils.py:286}}
May 30 08:53:40.982225 dv-neutron-843256-3-hyperv devstack@keystone.service[80505]: DEBUG dbcounter [-] [80505] Writing DB stats keystone:SELECT=100 {{(pid=80505) stat_writer /usr/local/lib/python3.8/dist-packages/dbcounter.py:114}}
May 30 08:53:40.991432 dv-neutron-843256-3-hyperv devstack@keystone.service[80505]: [pid: 80505|app: 0|req: 121/247] 10.222.0.13 () {58 vars in 1023 bytes} [Mon May 30 08:53:40 2022] POST /identity/v3/auth/tokens => generated 799 bytes in 118 msecs (HTTP/1.1 201) 6 headers in 363 bytes (2 switches on core 0)
May 30 08:53:40.991432 dv-neutron-843256-3-hyperv devstack@keystone.service[80505]: DEBUG keystone.server.flask.request_processing.req_logging [None req-3614fa5b-a9a3-4f9f-982e-b37db1bac4f5 None None] REQUEST_METHOD: `GET` {{(pid=80505) log_request_info /opt/stack/keystone/keystone/server/flask/request_processing/req_logging.py:27}}
