May 25 12:28:07.644994 dv-neutron-843253-1-hyperv neutron-server[104547]: DEBUG neutron.plugins.ml2.db [None req-a124d54d-7e5e-428d-9e72-30dab4f98653 None None] For port 4d4fa041-ea76-4722-9f1b-1cc0c5f50c09, host dv-neutron-843253-1-hyperv, set binding levels [PortBindingLevel(driver='openvswitch',host='dv-neutron-843253-1-hyperv',level=0,port_id=4d4fa041-ea76-4722-9f1b-1cc0c5f50c09,segment=NetworkSegment(ad9d07d6-d9bb-4ad8-ab37-a95e90c3ce86),segment_id=ad9d07d6-d9bb-4ad8-ab37-a95e90c3ce86)] {{(pid=104547) set_binding_levels /opt/stack/neutron/neutron/plugins/ml2/db.py:59}}
May 25 12:28:07.659593 dv-neutron-843253-1-hyperv neutron-server[104547]: DEBUG neutron_lib.callbacks.manager [None req-a124d54d-7e5e-428d-9e72-30dab4f98653 None None] Publish callbacks ['neutron.plugins.ml2.plugin.SecurityGroupServerNotifierRpcMixin._notify_sg_on_port_change-585062', 'neutron.plugins.ml2.ovo_rpc._ObjectChangeHandler.handle_event-85353', 'neutron.api.rpc.agentnotifiers.dhcp_rpc_agent_api.DhcpAgentNotifyAPI._native_event_send_dhcp_notification-108528', 'neutron.db.l3_db.L3RpcNotifierMixin._notify_gateway_port_ip_changed-8783293142218', 'neutron.db.l3_dvrscheduler_db._notify_l3_agent_port_update-8783292749873', 'neutron.db.l3_hascheduler_db._notify_l3_agent_ha_port_update-8783292749891'] for port (4d4fa041-ea76-4722-9f1b-1cc0c5f50c09), after_update {{(pid=104547) _notify_loop /usr/local/lib/python3.8/dist-packages/neutron_lib/callbacks/manager.py:176}}
May 25 12:28:07.674309 dv-neutron-843253-1-hyperv neutron-server[104545]: DEBUG neutron.api.rpc.handlers.resources_rpc [None req-71ac0991-0c90-4429-bdc1-74682c98c34a tempest-ServersTestJSON-740384517 tempest-ServersTestJSON-740384517-project] Pushing event updated for resources: {'SecurityGroup': ['ID=a6767182-6418-44c5-8950-586fefa3562f,revision_number=1']} {{(pid=104545) push /opt/stack/neutron/neutron/api/rpc/handlers/resources_rpc.py:237}}
May 25 12:28:07.725492 dv-neutron-843253-1-hyperv neutron-server[104545]: DEBUG dbcounter [-] [104545] Writing DB stats neutron:INSERT=8,neutron:SELECT=87,neutron:DELETE=3,neutron:UPDATE=2 {{(pid=104545) stat_writer /usr/local/lib/python3.8/dist-packages/dbcounter.py:114}}
May 25 12:28:07.796974 dv-neutron-843253-1-hyperv neutron-server[104545]: DEBUG neutron_lib.callbacks.manager [None req-03dac7cc-3967-4c02-bbb2-4e94a5798c5c tempest-ExtraDHCPOptionsIpV6TestJSON-593805955 tempest-ExtraDHCPOptionsIpV6TestJSON-593805955-project] Publish callbacks [] for security_group (a6a4a4ac-67ad-4d96-b897-fb0a80781c4d), precommit_create {{(pid=104545) _notify_loop /usr/local/lib/python3.8/dist-packages/neutron_lib/callbacks/manager.py:176}}
May 25 12:28:07.824502 dv-neutron-843253-1-hyperv neutron-server[104547]: DEBUG dbcounter [-] [104547] Writing DB stats neutron:SELECT=96,neutron:UPDATE=3,neutron:INSERT=1 {{(pid=104547) stat_writer /usr/local/lib/python3.8/dist-packages/dbcounter.py:114}}
May 25 12:28:07.828385 dv-neutron-843253-1-hyperv neutron-server[104545]: DEBUG neutron_lib.callbacks.manager [None req-71ac0991-0c90-4429-bdc1-74682c98c34a tempest-ServersTestJSON-740384517 tempest-ServersTestJSON-740384517-project] Publish callbacks [] for security_group (None), before_response {{(pid=104545) _notify_loop /usr/local/lib/python3.8/dist-packages/neutron_lib/callbacks/manager.py:176}}
May 25 12:28:07.833533 dv-neutron-843253-1-hyperv neutron-server[104545]: INFO neutron.wsgi [None req-71ac0991-0c90-4429-bdc1-74682c98c34a tempest-ServersTestJSON-740384517 tempest-ServersTestJSON-740384517-project] 10.222.0.72 "POST /v2.0/security-groups HTTP/1.1" status: 201 len: 1796 time: 1.4132299
May 25 12:28:07.836306 dv-neutron-843253-1-hyperv neutron-server[104545]: DEBUG neutron.wsgi [-] (104545) accepted ('10.222.0.72', 60342) {{(pid=104545) server /usr/local/lib/python3.8/dist-packages/eventlet/wsgi.py:1004}}
May 25 12:28:07.860030 dv-neutron-843253-1-hyperv neutron-server[104545]: DEBUG neutron.api.v2.base [None req-b12550ce-a43b-45db-8067-ad0e650f8863 tempest-ServersTestJSON-740384517 tempest-ServersTestJSON-740384517-project] Request body: {'security_group_rule': {'security_group_id': 'a6767182-6418-44c5-8950-586fefa3562f', 'protocol': 'tcp', 'ethertype': 'IPv4', 'port_range_min': 22, 'port_range_max': 22, 'direction': 'ingress'}} {{(pid=104545) prepare_request_body /opt/stack/neutron/neutron/api/v2/base.py:730}}
May 25 12:28:07.860930 dv-neutron-843253-1-hyperv neutron-server[104547]: DEBUG neutron.api.rpc.handlers.resources_rpc [None req-5322c926-2f17-45d4-b16d-f0c9e0586285 None None] Pushing event updated for resources: {'Port': ['ID=4d4fa041-ea76-4722-9f1b-1cc0c5f50c09,revision_number=4']} {{(pid=104547) push /opt/stack/neutron/neutron/api/rpc/handlers/resources_rpc.py:237}}
May 25 12:28:07.892488 dv-neutron-843253-1-hyperv neutron-server[104545]: DEBUG neutron_lib.callbacks.manager [None req-03dac7cc-3967-4c02-bbb2-4e94a5798c5c tempest-ExtraDHCPOptionsIpV6TestJSON-593805955 tempest-ExtraDHCPOptionsIpV6TestJSON-593805955-project] Publish callbacks ['neutron.plugins.ml2.ovo_rpc._ObjectChangeHandler.handle_event-1609441'] for security_group (a6a4a4ac-67ad-4d96-b897-fb0a80781c4d), after_create {{(pid=104545) _notify_loop /usr/local/lib/python3.8/dist-packages/neutron_lib/callbacks/manager.py:176}}
May 25 12:28:07.915332 dv-neutron-843253-1-hyperv neutron-server[104545]: DEBUG neutron.plugins.ml2.drivers.helpers [None req-03dac7cc-3967-4c02-bbb2-4e94a5798c5c tempest-ExtraDHCPOptionsIpV6TestJSON-593805955 tempest-ExtraDHCPOptionsIpV6TestJSON-593805955-project] vlan segment allocate from pool success with {'physical_network': 'physnet1', 'vlan_id': 717} {{(pid=104545) allocate_partially_specified_segment /opt/stack/neutron/neutron/plugins/ml2/drivers/helpers.py:153}}
May 25 12:28:07.918192 dv-neutron-843253-1-hyperv neutron-server[104547]: DEBUG neutron.db.provisioning_blocks [None req-311813c4-8bcf-49d3-9675-2b3638cd8cc1 None None] Provisioning complete for port 4d4fa041-ea76-4722-9f1b-1cc0c5f50c09 triggered by entity DHCP. {{(pid=104547) provisioning_complete /opt/stack/neutron/neutron/db/provisioning_blocks.py:145}}
May 25 12:28:07.918779 dv-neutron-843253-1-hyperv neutron-server[104547]: DEBUG neutron_lib.callbacks.manager [None req-311813c4-8bcf-49d3-9675-2b3638cd8cc1 None None] Publish callbacks ['neutron.plugins.ml2.plugin.Ml2Plugin._port_provisioned-638025'] for port (4d4fa041-ea76-4722-9f1b-1cc0c5f50c09), provisioning_complete {{(pid=104547) _notify_loop /usr/local/lib/python3.8/dist-packages/neutron_lib/callbacks/manager.py:176}}
May 25 12:28:07.934988 dv-neutron-843253-1-hyperv neutron-server[104545]: DEBUG neutron_lib.callbacks.manager [None req-03dac7cc-3967-4c02-bbb2-4e94a5798c5c tempest-ExtraDHCPOptionsIpV6TestJSON-593805955 tempest-ExtraDHCPOptionsIpV6TestJSON-593805955-project] Publish callbacks ['neutron.services.segments.db._add_segment_host_mapping_for_segment-8783293261918', 'neutron.plugins.ml2.plugin.Ml2Plugin._handle_segment_change-726202'] for segment (24d53c79-7528-4504-b25b-c4c5ab88ab9b), precommit_create {{(pid=104545) _notify_loop /usr/local/lib/python3.8/dist-packages/neutron_lib/callbacks/manager.py:176}}
May 25 12:28:07.935599 dv-neutron-843253-1-hyperv neutron-server[104545]: INFO neutron.db.segments_db [None req-03dac7cc-3967-4c02-bbb2-4e94a5798c5c tempest-ExtraDHCPOptionsIpV6TestJSON-593805955 tempest-ExtraDHCPOptionsIpV6TestJSON-593805955-project] Added segment 24d53c79-7528-4504-b25b-c4c5ab88ab9b of type vlan for network 05836ef2-838a-4a17-9add-e6f64a25e0fa
May 25 12:28:07.964487 dv-neutron-843253-1-hyperv neutron-server[104547]: DEBUG neutron.db.l3_dvrscheduler_db [None req-a124d54d-7e5e-428d-9e72-30dab4f98653 None None] Routers {'e1a58379-cba1-4819-9033-c502e21a72f0'} bound to L3 agent in host dv-neutron-843253-1-hyperv {{(pid=104547) _get_router_ids_for_agent /opt/stack/neutron/neutron/db/l3_dvrscheduler_db.py:421}}
May 25 12:28:07.965137 dv-neutron-843253-1-hyperv neutron-server[104547]: DEBUG neutron.db.l3_hamode_db [None req-a124d54d-7e5e-428d-9e72-30dab4f98653 None None] neutron.services.l3_router.l3_router_plugin.L3RouterPlugin method get_ha_sync_data_for_host called with arguments (, 'dv-neutron-843253-1-hyperv', Agent(admin_state_up=True,agent_type='L3 agent',availability_zone='nova',binary='neutron-l3-agent',configurations={"agent_mode": "legacy", "ex_gw_ports": 1, "extensions": [], "floating_ips": 0, "handle_internal_only_routers": true, "interface_driver": "openvswitch", "interfaces": 1, "log_agent_heartbeats": false, "routers": 1},created_at=2022-05-25T12:19:21Z,description=,heartbeat_timestamp=2022-05-25T12:27:51Z,host='dv-neutron-843253-1-hyperv',id=4df5b23c-c489-44d9-89e5-aedd157e459e,load=0,resource_versions=,resources_synced=,started_at=2022-05-25T12:19:21Z,topic='l3_agent')) {'router_ids': ['e1a58379-cba1-4819-9033-c502e21a72f0'], 'active': True} {{(pid=104547) wrapper /usr/local/lib/python3.8/dist-packages/oslo_log/helpers.py:65}}
May 25 12:28:08.039990 dv-neutron-843253-1-hyperv neutron-server[104545]: DEBUG neutron_lib.callbacks.manager [None req-03dac7cc-3967-4c02-bbb2-4e94a5798c5c tempest-ExtraDHCPOptionsIpV6TestJSON-593805955 tempest-ExtraDHCPOptionsIpV6TestJSON-593805955-project] Publish callbacks ['neutron.services.auto_allocate.db._ensure_external_network_default_value_callback-8783292721749'] for network (05836ef2-838a-4a17-9add-e6f64a25e0fa), precommit_create {{(pid=104545) _notify_loop /usr/local/lib/python3.8/dist-packages/neutron_lib/callbacks/manager.py:176}}
May 25 12:28:08.100551 dv-neutron-843253-1-hyperv neutron-server[104545]: DEBUG neutron.scheduler.dhcp_agent_scheduler [None req-2df4ba68-d96a-4b58-8869-92064eb91a68 tempest-DHCPAgentSchedulersTestJSON-2000519075 tempest-DHCPAgentSchedulersTestJSON-2000519075-project-admin] Network 06e4731b-e04c-4639-9a08-c03adf28d4aa is scheduled to be hosted by DHCP agent d8a91e02-815a-4399-8ed3-7d093b2ab2c4 with binding_index 1 {{(pid=104545) bind /opt/stack/neutron/neutron/scheduler/dhcp_agent_scheduler.py:227}}
May 25 12:28:08.155075 dv-neutron-843253-1-hyperv neutron-server[104545]: DEBUG neutron_lib.callbacks.manager [None req-03dac7cc-3967-4c02-bbb2-4e94a5798c5c tempest-ExtraDHCPOptionsIpV6TestJSON-593805955 tempest-ExtraDHCPOptionsIpV6TestJSON-593805955-project] Publish callbacks ['neutron.plugins.ml2.ovo_rpc._ObjectChangeHandler.handle_event-1609398', 'neutron.api.rpc.agentnotifiers.dhcp_rpc_agent_api.DhcpAgentNotifyAPI._native_event_send_dhcp_notification-108528'] for network (05836ef2-838a-4a17-9add-e6f64a25e0fa), after_create {{(pid=104545) _notify_loop /usr/local/lib/python3.8/dist-packages/neutron_lib/callbacks/manager.py:176}}
May 25 12:28:08.162241 dv-neutron-843253-1-hyperv neutron-server[104545]: DEBUG neutron.pecan_wsgi.hooks.policy_enforcement [None req-03dac7cc-3967-4c02-bbb2-4e94a5798c5c tempest-ExtraDHCPOptionsIpV6TestJSON-593805955 tempest-ExtraDHCPOptionsIpV6TestJSON-593805955-project] Attributes excluded by policy engine: ['standard_attr_id', 'provider:network_type', 'provider:physical_network', 'provider:segmentation_id', 'vlan_transparent'] {{(pid=104545) _exclude_attributes_by_policy /opt/stack/neutron/neutron/pecan_wsgi/hooks/policy_enforcement.py:259}}
May 25 12:28:08.163247 dv-neutron-843253-1-hyperv neutron-server[104545]: DEBUG neutron_lib.callbacks.manager [None req-03dac7cc-3967-4c02-bbb2-4e94a5798c5c tempest-ExtraDHCPOptionsIpV6TestJSON-593805955 tempest-ExtraDHCPOptionsIpV6TestJSON-593805955-project] Publish callbacks ['neutron.api.rpc.agentnotifiers.dhcp_rpc_agent_api.DhcpAgentNotifyAPI._send_dhcp_notification-108514'] for network (None), before_response {{(pid=104545) _notify_loop /usr/local/lib/python3.8/dist-packages/neutron_lib/callbacks/manager.py:176}}
May 25 12:28:08.176565 dv-neutron-843253-1-hyperv neutron-server[104546]: DEBUG neutron_lib.callbacks.manager [None req-0e176e7f-6e23-4574-98b5-f4bcd8a71420 tempest-RoutersTestDVR-997462686 tempest-RoutersTestDVR-997462686-project-admin] Publish callbacks ['neutron.services.l3_router.l3_router_plugin.L3_HA_NAT_db_mixin._release_router_vr_id-1726711', 'neutron.services.l3_router.service_providers.driver_controller.DriverController._clear_router_provider-4451'] for router (728bc867-092f-487e-a8f5-0e9969a055c2), precommit_delete {{(pid=104546) _notify_loop /usr/local/lib/python3.8/dist-packages/neutron_lib/callbacks/manager.py:176}}
May 25 12:28:08.183203 dv-neutron-843253-1-hyperv neutron-server[104547]: DEBUG neutron.plugins.ml2.plugin [None req-311813c4-8bcf-49d3-9675-2b3638cd8cc1 None None] Current status of the port 4d4fa041-ea76-4722-9f1b-1cc0c5f50c09 is: DOWN; New status is: ACTIVE {{(pid=104547) _update_individual_port_db_status /opt/stack/neutron/neutron/plugins/ml2/plugin.py:2296}}
May 25 12:28:08.183587 dv-neutron-843253-1-hyperv neutron-server[104547]: DEBUG neutron_lib.callbacks.manager [None req-311813c4-8bcf-49d3-9675-2b3638cd8cc1 None None] Publish callbacks ['neutron.plugins.ml2.plugin.SecurityGroupDbMixin._ensure_default_security_group_handler-586716'] for port (4d4fa041-ea76-4722-9f1b-1cc0c5f50c09), before_update {{(pid=104547) _notify_loop /usr/local/lib/python3.8/dist-packages/neutron_lib/callbacks/manager.py:176}}
May 25 12:28:08.202422 dv-neutron-843253-1-hyperv neutron-server[104547]: DEBUG neutron.db.l3_dvr_db [None req-a124d54d-7e5e-428d-9e72-30dab4f98653 None None] Set router e1a58379-cba1-4819-9033-c502e21a72f0 gateway port host: dv-neutron-843253-1-hyperv {{(pid=104547) _build_routers_list /opt/stack/neutron/neutron/db/l3_dvr_db.py:906}}
May 25 12:28:08.215283 dv-neutron-843253-1-hyperv neutron-server[104546]: DEBUG neutron_lib.callbacks.manager [None req-0e176e7f-6e23-4574-98b5-f4bcd8a71420 tempest-RoutersTestDVR-997462686 tempest-RoutersTestDVR-997462686-project-admin] Publish callbacks [] for router_controller (728bc867-092f-487e-a8f5-0e9969a055c2), precommit_delete_associations {{(pid=104546) _notify_loop /usr/local/lib/python3.8/dist-packages/neutron_lib/callbacks/manager.py:176}}
May 25 12:28:08.251629 dv-neutron-843253-1-hyperv neutron-server[104547]: DEBUG neutron.api.rpc.handlers.dhcp_rpc [None req-9e166ff7-18f2-452f-9eba-be97f3901ac2 None None] Network 06e4731b-e04c-4639-9a08-c03adf28d4aa requested from dv-neutron-843253-1-hyperv {{(pid=104547) get_network_info /opt/stack/neutron/neutron/api/rpc/handlers/dhcp_rpc.py:191}}
May 25 12:28:08.256862 dv-neutron-843253-1-hyperv neutron-server[104545]: INFO neutron.wsgi [None req-2df4ba68-d96a-4b58-8869-92064eb91a68 tempest-DHCPAgentSchedulersTestJSON-2000519075 tempest-DHCPAgentSchedulersTestJSON-2000519075-project-admin] 10.222.0.72 "POST /v2.0/agents/d8a91e02-815a-4399-8ed3-7d093b2ab2c4/dhcp-networks HTTP/1.1" status: 201 len: 201 time: 0.8754523
May 25 12:28:08.259769 dv-neutron-843253-1-hyperv neutron-server[104547]: DEBUG neutron.plugins.ml2.rpc [None req-82a1cc21-08cb-4154-813a-706940d8ee1c None None] Device 72189fc5-0486-4d62-b15c-e562848e5c77 up at agent ovs-agent-dv-neutron-843253-1-hyperv {{(pid=104547) update_device_up /opt/stack/neutron/neutron/plugins/ml2/rpc.py:296}}
May 25 12:28:08.271633 dv-neutron-843253-1-hyperv neutron-server[104546]: DEBUG neutron.wsgi [-] (104546) accepted ('10.222.0.72', 60344) {{(pid=104546) server /usr/local/lib/python3.8/dist-packages/eventlet/wsgi.py:1004}}
May 25 12:28:08.302547 dv-neutron-843253-1-hyperv neutron-server[104545]: DEBUG neutron.api.rpc.handlers.resources_rpc [None req-03dac7cc-3967-4c02-bbb2-4e94a5798c5c tempest-ExtraDHCPOptionsIpV6TestJSON-593805955 tempest-ExtraDHCPOptionsIpV6TestJSON-593805955-project] Pushing event updated for resources: {'SecurityGroup': ['ID=a6a4a4ac-67ad-4d96-b897-fb0a80781c4d,revision_number=1']} {{(pid=104545) push /opt/stack/neutron/neutron/api/rpc/handlers/resources_rpc.py:237}}
May 25 12:28:08.315493 dv-neutron-843253-1-hyperv neutron-server[104545]: INFO neutron.wsgi [None req-03dac7cc-3967-4c02-bbb2-4e94a5798c5c tempest-ExtraDHCPOptionsIpV6TestJSON-593805955 tempest-ExtraDHCPOptionsIpV6TestJSON-593805955-project] 10.222.0.72 "POST /v2.0/networks HTTP/1.1" status: 201 len: 777 time: 2.0851641
May 25 12:28:08.316455 dv-neutron-843253-1-hyperv neutron-server[104545]: DEBUG neutron.wsgi [-] (104545) accepted ('10.222.0.72', 60346) {{(pid=104545) server /usr/local/lib/python3.8/dist-packages/eventlet/wsgi.py:1004}}
May 25 12:28:08.319181 dv-neutron-843253-1-hyperv neutron-server[104545]: DEBUG dbcounter [-] [104545] Writing DB stats neutron:SELECT=79,neutron:INSERT=15,neutron:DELETE=2,neutron:UPDATE=4 {{(pid=104545) stat_writer /usr/local/lib/python3.8/dist-packages/dbcounter.py:114}}
May 25 12:28:08.324497 dv-neutron-843253-1-hyperv neutron-server[104545]: DEBUG neutron.api.v2.base [None req-85c29204-f133-48c9-a899-1527717338b7 tempest-ExtraDHCPOptionsIpV6TestJSON-593805955 tempest-ExtraDHCPOptionsIpV6TestJSON-593805955-project] Request body: {'subnet': {'network_id': '05836ef2-838a-4a17-9add-e6f64a25e0fa', 'cidr': '2001:db8::/64', 'ip_version': 6, 'gateway_ip': '2001:db8::1'}} {{(pid=104545) prepare_request_body /opt/stack/neutron/neutron/api/v2/base.py:730}}
May 25 12:28:08.351001 dv-neutron-843253-1-hyperv neutron-server[104545]: DEBUG neutron.api.rpc.handlers.resources_rpc [None req-03dac7cc-3967-4c02-bbb2-4e94a5798c5c tempest-ExtraDHCPOptionsIpV6TestJSON-593805955 tempest-ExtraDHCPOptionsIpV6TestJSON-593805955-project] Pushing event updated for resources: {'Network': ['ID=05836ef2-838a-4a17-9add-e6f64a25e0fa,revision_number=1']} {{(pid=104545) push /opt/stack/neutron/neutron/api/rpc/handlers/resources_rpc.py:237}}
May 25 12:28:08.375539 dv-neutron-843253-1-hyperv neutron-server[104545]: DEBUG neutron_lib.callbacks.manager [None req-b12550ce-a43b-45db-8067-ad0e650f8863 tempest-ServersTestJSON-740384517 tempest-ServersTestJSON-740384517-project] Publish callbacks [] for security_group_rule (c7e00cf6-36bc-480f-b6d9-77345d11bc5c), before_create {{(pid=104545) _notify_loop /usr/local/lib/python3.8/dist-packages/neutron_lib/callbacks/manager.py:176}}
May 25 12:28:08.386312 dv-neutron-843253-1-hyperv neutron-server[104547]: DEBUG neutron.plugins.ml2.db [None req-311813c4-8bcf-49d3-9675-2b3638cd8cc1 None None] For port 4d4fa041-ea76-4722-9f1b-1cc0c5f50c09, host dv-neutron-843253-1-hyperv, got binding levels [PortBindingLevel(driver='openvswitch',host='dv-neutron-843253-1-hyperv',level=0,port_id=4d4fa041-ea76-4722-9f1b-1cc0c5f50c09,segment=NetworkSegment(ad9d07d6-d9bb-4ad8-ab37-a95e90c3ce86),segment_id=ad9d07d6-d9bb-4ad8-ab37-a95e90c3ce86)] {{(pid=104547) get_binding_level_objs /opt/stack/neutron/neutron/plugins/ml2/db.py:74}}
May 25 12:28:08.391001 dv-neutron-843253-1-hyperv neutron-server[104547]: DEBUG neutron.plugins.ml2.rpc [None req-82a1cc21-08cb-4154-813a-706940d8ee1c None None] Network 05836ef2-838a-4a17-9add-e6f64a25e0fa details requested by agent ovs-agent-dv-neutron-843253-1-hyperv with host dv-neutron-843253-1-hyperv {{(pid=104547) get_network_details /opt/stack/neutron/neutron/plugins/ml2/rpc.py:248}}
May 25 12:28:08.419807 dv-neutron-843253-1-hyperv neutron-server[104547]: DEBUG neutron_lib.callbacks.manager [None req-311813c4-8bcf-49d3-9675-2b3638cd8cc1 None None] Publish callbacks ['neutron.plugins.ml2.plugin.SecurityGroupServerNotifierRpcMixin._notify_sg_on_port_change-585062', 'neutron.plugins.ml2.ovo_rpc._ObjectChangeHandler.handle_event-85353', 'neutron.api.rpc.agentnotifiers.dhcp_rpc_agent_api.DhcpAgentNotifyAPI._native_event_send_dhcp_notification-108528', 'neutron.db.l3_db.L3RpcNotifierMixin._notify_gateway_port_ip_changed-8783293142218', 'neutron.db.l3_dvrscheduler_db._notify_l3_agent_port_update-8783292749873', 'neutron.db.l3_hascheduler_db._notify_l3_agent_ha_port_update-8783292749891'] for port (4d4fa041-ea76-4722-9f1b-1cc0c5f50c09), after_update {{(pid=104547) _notify_loop /usr/local/lib/python3.8/dist-packages/neutron_lib/callbacks/manager.py:176}}
May 25 12:28:08.458214 dv-neutron-843253-1-hyperv neutron-server[104546]: DEBUG neutron_lib.callbacks.manager [None req-c5f9e0cf-5ded-4293-b181-c8ce25017d84 tempest-QuotasNegativeTest-1617178562 tempest-QuotasNegativeTest-1617178562-project-admin] Publish callbacks ['neutron.plugins.ml2.plugin.Ml2Plugin._network_delete_precommit_handler-722222', 'neutron.services.segments.db._delete_segments_for_network-8783293261927'] for network (b0f33feb-f650-4347-81b2-a4aa010bc42f), precommit_delete {{(pid=104546) _notify_loop /usr/local/lib/python3.8/dist-packages/neutron_lib/callbacks/manager.py:176}}
May 25 12:28:08.459309 dv-neutron-843253-1-hyperv neutron-server[104545]: DEBUG neutron_lib.callbacks.manager [None req-3d6a1ac0-cd30-4252-8939-0a12db21b0c7 admin admin] Publish callbacks ['neutron.plugins.ml2.plugin.SecurityGroupDbMixin._ensure_default_security_group_handler-586716'] for port (df2266ec-cbd1-4838-85f1-3a042c5e5658), before_update {{(pid=104545) _notify_loop /usr/local/lib/python3.8/dist-packages/neutron_lib/callbacks/manager.py:176}}
May 25 12:28:08.512151 dv-neutron-843253-1-hyperv neutron-server[104546]: DEBUG dbcounter [-] [104546] Writing DB stats neutron:SELECT=95,neutron:DELETE=3,neutron:UPDATE=2 {{(pid=104546) stat_writer /usr/local/lib/python3.8/dist-packages/dbcounter.py:114}}
May 25 12:28:08.513143 dv-neutron-843253-1-hyperv neutron-server[104546]: DEBUG neutron_lib.callbacks.manager [None req-0e176e7f-6e23-4574-98b5-f4bcd8a71420 tempest-RoutersTestDVR-997462686 tempest-RoutersTestDVR-997462686-project-admin] Publish callbacks ['neutron.services.l3_router.l3_router_plugin.L3_HA_NAT_db_mixin._cleanup_ha_network_handler-1726606'] for router (728bc867-092f-487e-a8f5-0e9969a055c2), after_delete {{(pid=104546) _notify_loop /usr/local/lib/python3.8/dist-packages/neutron_lib/callbacks/manager.py:176}}
May 25 12:28:08.514182 dv-neutron-843253-1-hyperv neutron-server[104546]: DEBUG neutron.api.rpc.agentnotifiers.l3_rpc_agent_api [None req-0e176e7f-6e23-4574-98b5-f4bcd8a71420 tempest-RoutersTestDVR-997462686 tempest-RoutersTestDVR-997462686-project-admin] Fanout notify agent at l3_agent the message router_deleted on router 728bc867-092f-487e-a8f5-0e9969a055c2 {{(pid=104546) _notification_fanout /opt/stack/neutron/neutron/api/rpc/agentnotifiers/l3_rpc_agent_api.py:114}}
May 25 12:28:08.519921 dv-neutron-843253-1-hyperv neutron-server[104546]: DEBUG neutron_lib.callbacks.manager [None req-0e176e7f-6e23-4574-98b5-f4bcd8a71420 tempest-RoutersTestDVR-997462686 tempest-RoutersTestDVR-997462686-project-admin] Publish callbacks [] for router (None), before_response {{(pid=104546) _notify_loop /usr/local/lib/python3.8/dist-packages/neutron_lib/callbacks/manager.py:176}}
May 25 12:28:08.525104 dv-neutron-843253-1-hyperv neutron-server[104546]: INFO neutron.wsgi [None req-0e176e7f-6e23-4574-98b5-f4bcd8a71420 tempest-RoutersTestDVR-997462686 tempest-RoutersTestDVR-997462686-project-admin] 10.222.0.72 "DELETE /v2.0/routers/728bc867-092f-487e-a8f5-0e9969a055c2 HTTP/1.1" status: 204 len: 168 time: 1.5384111
May 25 12:28:08.529230 dv-neutron-843253-1-hyperv neutron-server[104545]: DEBUG neutron.wsgi [-] (104545) accepted ('10.222.0.72', 60350) {{(pid=104545) server /usr/local/lib/python3.8/dist-packages/eventlet/wsgi.py:1004}}
May 25 12:28:08.534334 dv-neutron-843253-1-hyperv neutron-server[104547]: DEBUG neutron.db.provisioning_blocks [None req-311813c4-8bcf-49d3-9675-2b3638cd8cc1 None None] Provisioning complete for port df2266ec-cbd1-4838-85f1-3a042c5e5658 triggered by entity DHCP. {{(pid=104547) provisioning_complete /opt/stack/neutron/neutron/db/provisioning_blocks.py:145}}
May 25 12:28:08.534727 dv-neutron-843253-1-hyperv neutron-server[104547]: DEBUG neutron_lib.callbacks.manager [None req-311813c4-8bcf-49d3-9675-2b3638cd8cc1 None None] Publish callbacks ['neutron.plugins.ml2.plugin.Ml2Plugin._port_provisioned-638025'] for port (df2266ec-cbd1-4838-85f1-3a042c5e5658), provisioning_complete {{(pid=104547) _notify_loop /usr/local/lib/python3.8/dist-packages/neutron_lib/callbacks/manager.py:176}}
May 25 12:28:08.538649 dv-neutron-843253-1-hyperv neutron-server[104545]: DEBUG neutron.api.v2.base [None req-1d7715e2-5ead-451a-824a-3ea93a2112b4 tempest-RoutersTestDVR-997462686 tempest-RoutersTestDVR-997462686-project-admin] Request body: {'router': {'name': 'tempest-router-1819971434', 'distributed': False}} {{(pid=104545) prepare_request_body /opt/stack/neutron/neutron/api/v2/base.py:730}}
May 25 12:28:08.561609 dv-neutron-843253-1-hyperv neutron-server[104547]: DEBUG dbcounter [-] [104547] Writing DB stats neutron:SELECT=97,neutron:UPDATE=3 {{(pid=104547) stat_writer /usr/local/lib/python3.8/dist-packages/dbcounter.py:114}}
May 25 12:28:08.585987 dv-neutron-843253-1-hyperv neutron-server[104545]: DEBUG neutron.pecan_wsgi.hooks.quota_enforcement [None req-85c29204-f133-48c9-a899-1527717338b7 tempest-ExtraDHCPOptionsIpV6TestJSON-593805955 tempest-ExtraDHCPOptionsIpV6TestJSON-593805955-project] Made reservation on behalf of e1b38c99d6154030a5e8e3aeae5de0bb for: {'subnet': 1} {{(pid=104545) before /opt/stack/neutron/neutron/pecan_wsgi/hooks/quota_enforcement.py:53}}
May 25 12:28:08.589792 dv-neutron-843253-1-hyperv neutron-server[104545]: DEBUG neutron_lib.callbacks.manager [None req-85c29204-f133-48c9-a899-1527717338b7 tempest-ExtraDHCPOptionsIpV6TestJSON-593805955 tempest-ExtraDHCPOptionsIpV6TestJSON-593805955-project] Publish callbacks [] for subnet (None), before_create {{(pid=104545) _notify_loop /usr/local/lib/python3.8/dist-packages/neutron_lib/callbacks/manager.py:176}}
May 25 12:28:08.594278 dv-neutron-843253-1-hyperv neutron-server[104545]: DEBUG neutron_lib.callbacks.manager [None req-b12550ce-a43b-45db-8067-ad0e650f8863 tempest-ServersTestJSON-740384517 tempest-ServersTestJSON-740384517-project] Publish callbacks [] for security_group_rule (c7e00cf6-36bc-480f-b6d9-77345d11bc5c), precommit_create {{(pid=104545) _notify_loop /usr/local/lib/python3.8/dist-packages/neutron_lib/callbacks/manager.py:176}}
May 25 12:28:08.617444 dv-neutron-843253-1-hyperv neutron-server[104546]: DEBUG neutron.services.segments.db [None req-c5f9e0cf-5ded-4293-b181-c8ce25017d84 tempest-QuotasNegativeTest-1617178562 tempest-QuotasNegativeTest-1617178562-project-admin] neutron.services.segments.plugin.Plugin method get_segments called with arguments (,) {'filters': {'network_id': ['b0f33feb-f650-4347-81b2-a4aa010bc42f']}} {{(pid=104546) wrapper /usr/local/lib/python3.8/dist-packages/oslo_log/helpers.py:65}}
May 25 12:28:08.622054 dv-neutron-843253-1-hyperv neutron-server[104547]: DEBUG neutron.api.rpc.handlers.resources_rpc [None req-311813c4-8bcf-49d3-9675-2b3638cd8cc1 None None] Pushing event updated for resources: {'Port': ['ID=4d4fa041-ea76-4722-9f1b-1cc0c5f50c09,revision_number=5']} {{(pid=104547) push /opt/stack/neutron/neutron/api/rpc/handlers/resources_rpc.py:237}}
May 25 12:28:08.629064 dv-neutron-843253-1-hyperv neutron-server[104547]: DEBUG neutron.db.provisioning_blocks [None req-82a1cc21-08cb-4154-813a-706940d8ee1c None None] Provisioning complete for port 72189fc5-0486-4d62-b15c-e562848e5c77 triggered by entity L2. {{(pid=104547) provisioning_complete /opt/stack/neutron/neutron/db/provisioning_blocks.py:145}}
May 25 12:28:08.629732 dv-neutron-843253-1-hyperv neutron-server[104547]: DEBUG neutron_lib.callbacks.manager [None req-82a1cc21-08cb-4154-813a-706940d8ee1c None None] Publish callbacks ['neutron.plugins.ml2.plugin.Ml2Plugin._port_provisioned-638025'] for port (72189fc5-0486-4d62-b15c-e562848e5c77), provisioning_complete {{(pid=104547) _notify_loop /usr/local/lib/python3.8/dist-packages/neutron_lib/callbacks/manager.py:176}}
May 25 12:28:08.635939 dv-neutron-843253-1-hyperv neutron-server[104545]: DEBUG neutron_lib.callbacks.manager [None req-b12550ce-a43b-45db-8067-ad0e650f8863 tempest-ServersTestJSON-740384517 tempest-ServersTestJSON-740384517-project] Publish callbacks ['neutron.plugins.ml2.ovo_rpc._ObjectChangeHandler.handle_event-1609296'] for security_group_rule (c7e00cf6-36bc-480f-b6d9-77345d11bc5c), after_create {{(pid=104545) _notify_loop /usr/local/lib/python3.8/dist-packages/neutron_lib/callbacks/manager.py:176}}
May 25 12:28:08.673256 dv-neutron-843253-1-hyperv neutron-server[104546]: DEBUG neutron.services.segments.db [None req-c5f9e0cf-5ded-4293-b181-c8ce25017d84 tempest-QuotasNegativeTest-1617178562 tempest-QuotasNegativeTest-1617178562-project-admin] neutron.services.segments.plugin.Plugin method delete_segment called with arguments (, '08296599-5fbb-46a5-a6e6-4a24160aa86f') {'for_net_delete': True} {{(pid=104546) wrapper /usr/local/lib/python3.8/dist-packages/oslo_log/helpers.py:65}}
May 25 12:28:08.673605 dv-neutron-843253-1-hyperv neutron-server[104546]: DEBUG neutron.services.segments.db [None req-c5f9e0cf-5ded-4293-b181-c8ce25017d84 tempest-QuotasNegativeTest-1617178562 tempest-QuotasNegativeTest-1617178562-project-admin] neutron.services.segments.plugin.Plugin method get_segment called with arguments (, '08296599-5fbb-46a5-a6e6-4a24160aa86f') {} {{(pid=104546) wrapper /usr/local/lib/python3.8/dist-packages/oslo_log/helpers.py:65}}
May 25 12:28:08.676344 dv-neutron-843253-1-hyperv neutron-server[104546]: DEBUG neutron_lib.callbacks.manager [None req-570c5984-ead3-441f-9f7f-c106fb7819d4 tempest-ExternalNetworksTestJSON-605589124 tempest-ExternalNetworksTestJSON-605589124-project-admin] Publish callbacks ['neutron.services.l3_router.l3_router_plugin.L3_NAT_dbonly_mixin._precommit_delete_port_callback-1735827'] for port (a6204af4-7f5f-4886-bf7a-4f5c5a76beaf), precommit_delete {{(pid=104546) _notify_loop /usr/local/lib/python3.8/dist-packages/neutron_lib/callbacks/manager.py:176}}
May 25 12:28:08.676673 dv-neutron-843253-1-hyperv neutron-server[104546]: DEBUG neutron_lib.callbacks.manager [None req-570c5984-ead3-441f-9f7f-c106fb7819d4 tempest-ExternalNetworksTestJSON-605589124 tempest-ExternalNetworksTestJSON-605589124-project-admin] Publish callbacks [] for floatingip (a6204af4-7f5f-4886-bf7a-4f5c5a76beaf), precommit_delete {{(pid=104546) _notify_loop /usr/local/lib/python3.8/dist-packages/neutron_lib/callbacks/manager.py:176}}
May 25 12:28:08.676882 dv-neutron-843253-1-hyperv neutron-server[104547]: DEBUG neutron.plugins.ml2.plugin [None req-311813c4-8bcf-49d3-9675-2b3638cd8cc1 None None] Port df2266ec-cbd1-4838-85f1-3a042c5e5658 cannot update to ACTIVE because it is not bound. {{(pid=104547) _port_provisioned /opt/stack/neutron/neutron/plugins/ml2/plugin.py:352}}
May 25 12:28:08.687314 dv-neutron-843253-1-hyperv neutron-server[104545]: DEBUG neutron_lib.callbacks.manager [None req-1d7715e2-5ead-451a-824a-3ea93a2112b4 tempest-RoutersTestDVR-997462686 tempest-RoutersTestDVR-997462686-project-admin] Publish callbacks ['neutron.services.l3_router.l3_router_plugin.L3_HA_NAT_db_mixin._before_router_create_handler-1730137', 'neutron.services.l3_router.service_providers.driver_controller.DriverController._check_router_request-4465'] for router (9208da63-c182-4298-a6ef-54212055e470), before_create {{(pid=104545) _notify_loop /usr/local/lib/python3.8/dist-packages/neutron_lib/callbacks/manager.py:176}}
May 25 12:28:08.688679 dv-neutron-843253-1-hyperv neutron-server[104545]: DEBUG neutron_lib.callbacks.manager [None req-1d7715e2-5ead-451a-824a-3ea93a2112b4 tempest-RoutersTestDVR-997462686 tempest-RoutersTestDVR-997462686-project-admin] Publish callbacks ['neutron.services.l3_router.l3_router_plugin.L3_HA_NAT_db_mixin._precommit_router_create-1726665', 'neutron.services.l3_router.l3_router_plugin.DVRResourceOperationHandler._set_distributed_flag-1731929', 'neutron.services.l3_router.l3_router_plugin.RouterAvailabilityZoneMixin._process_az_request-299299', 'neutron.services.l3_router.service_providers.driver_controller.DriverController._set_router_provider-4456'] for router (9208da63-c182-4298-a6ef-54212055e470), precommit_create {{(pid=104545) _notify_loop /usr/local/lib/python3.8/dist-packages/neutron_lib/callbacks/manager.py:176}}
May 25 12:28:08.707942 dv-neutron-843253-1-hyperv neutron-server[104546]: DEBUG neutron_lib.callbacks.manager [None req-c5f9e0cf-5ded-4293-b181-c8ce25017d84 tempest-QuotasNegativeTest-1617178562 tempest-QuotasNegativeTest-1617178562-project-admin] Publish callbacks ['neutron.plugins.ml2.db._prevent_segment_delete_with_port_bound-8783293262448', 'neutron.services.segments.plugin.Plugin._prevent_segment_delete_with_subnet_associated-32762139'] for segment (08296599-5fbb-46a5-a6e6-4a24160aa86f), before_delete {{(pid=104546) _notify_loop /usr/local/lib/python3.8/dist-packages/neutron_lib/callbacks/manager.py:176}}
May 25 12:28:08.716064 dv-neutron-843253-1-hyperv neutron-server[104546]: DEBUG neutron_lib.callbacks.manager [None req-4ee57ff0-2f75-4041-a268-50755c47e0fc admin admin] Publish callbacks ['neutron.plugins.ml2.plugin.SecurityGroupDbMixin._ensure_default_security_group_handler-586716'] for port (20a5b004-ff07-4a49-8a80-0abcb4bb301b), before_update {{(pid=104546) _notify_loop /usr/local/lib/python3.8/dist-packages/neutron_lib/callbacks/manager.py:176}}
May 25 12:28:08.727916 dv-neutron-843253-1-hyperv neutron-server[104545]: DEBUG neutron.api.rpc.handlers.resources_rpc [None req-b12550ce-a43b-45db-8067-ad0e650f8863 tempest-ServersTestJSON-740384517 tempest-ServersTestJSON-740384517-project] Pushing event updated for resources: {'SecurityGroupRule': ['ID=c7e00cf6-36bc-480f-b6d9-77345d11bc5c,revision_number=0']} {{(pid=104545) push /opt/stack/neutron/neutron/api/rpc/handlers/resources_rpc.py:237}}
May 25 12:28:08.752434 dv-neutron-843253-1-hyperv neutron-server[104546]: DEBUG neutron.plugins.ml2.plugin [None req-570c5984-ead3-441f-9f7f-c106fb7819d4 tempest-ExternalNetworksTestJSON-605589124 tempest-ExternalNetworksTestJSON-605589124-project-admin] Calling delete_port for a6204af4-7f5f-4886-bf7a-4f5c5a76beaf owned by network:floatingip {{(pid=104546) delete_port /opt/stack/neutron/neutron/plugins/ml2/plugin.py:2120}}
May 25 12:28:08.801226 dv-neutron-843253-1-hyperv neutron-server[104546]: DEBUG neutron_lib.callbacks.manager [None req-c5f9e0cf-5ded-4293-b181-c8ce25017d84 tempest-QuotasNegativeTest-1617178562 tempest-QuotasNegativeTest-1617178562-project-admin] Publish callbacks ['neutron.plugins.ml2.plugin.Ml2Plugin._handle_segment_change-726202'] for segment (08296599-5fbb-46a5-a6e6-4a24160aa86f), precommit_delete {{(pid=104546) _notify_loop /usr/local/lib/python3.8/dist-packages/neutron_lib/callbacks/manager.py:176}}
May 25 12:28:08.821434 dv-neutron-843253-1-hyperv neutron-server[104547]: DEBUG neutron.plugins.ml2.plugin [None req-82a1cc21-08cb-4154-813a-706940d8ee1c None None] Current status of the port 72189fc5-0486-4d62-b15c-e562848e5c77 is: ACTIVE; New status is: ACTIVE {{(pid=104547) _update_individual_port_db_status /opt/stack/neutron/neutron/plugins/ml2/plugin.py:2296}}
May 25 12:28:08.822511 dv-neutron-843253-1-hyperv neutron-server[104547]: DEBUG neutron.plugins.ml2.rpc [None req-82a1cc21-08cb-4154-813a-706940d8ee1c None None] Device 68df62bd-10b3-400b-a266-da196a6a2d04 up at agent ovs-agent-dv-neutron-843253-1-hyperv {{(pid=104547) update_device_up /opt/stack/neutron/neutron/plugins/ml2/rpc.py:296}}
May 25 12:28:08.826720 dv-neutron-843253-1-hyperv neutron-server[104547]: DEBUG neutron.db.l3_hamode_db [None req-a124d54d-7e5e-428d-9e72-30dab4f98653 None None] neutron.services.l3_router.l3_router_plugin.L3RouterPlugin method _process_sync_ha_data called with arguments (, [{'id': 'e1a58379-cba1-4819-9033-c502e21a72f0', 'name': 'tempest-ServersTestJSON-1927755702-router', 'tenant_id': '48471cdd79b64d12946ea9b60b8abf48', 'admin_state_up': True, 'status': 'ACTIVE', 'external_gateway_info': {'network_id': '9b104e74-0cb5-415c-84f4-7f3fade87407', 'external_fixed_ips': [{'subnet_id': '12d1b9e5-8c54-4703-af4f-1c2b9719b7c3', 'ip_address': '172.26.2.67'}], 'enable_snat': True}, 'gw_port_id': '56574e04-4465-45ec-b685-f7092858a190', 'description': '', 'availability_zones': ['nova'], 'distributed': False, 'ha': False, 'ha_vr_id': 0, 'availability_zone_hints': [], 'routes': [], 'flavor_id': None, 'tags': [], 'created_at': '2022-05-25T12:27:52Z', 'updated_at': '2022-05-25T12:28:01Z', 'revision_number': 4, 'project_id': '48471cdd79b64d12946ea9b60b8abf48', 'gw_port': {'id': '56574e04-4465-45ec-b685-f7092858a190', 'name': '', 'network_id': '9b104e74-0cb5-415c-84f4-7f3fade87407', 'tenant_id': '', 'mac_address': 'fa:16:3e:3a:26:ea', 'admin_state_up': True, 'status': 'ACTIVE', 'device_id': 'e1a58379-cba1-4819-9033-c502e21a72f0', 'device_owner': 'network:router_gateway', 'standard_attr_id': 84, 'fixed_ips': [{'subnet_id': '12d1b9e5-8c54-4703-af4f-1c2b9719b7c3', 'ip_address': '172.26.2.67', 'prefixlen': 24}], 'allowed_address_pairs': [], 'extra_dhcp_opts': [], 'security_groups': [], 'description': '', 'binding:vnic_type': 'normal', 'binding:profile': {}, 'binding:host_id': 'dv-neutron-843253-1-hyperv', 'binding:vif_type': 'ovs', 'binding:vif_details': {'connectivity': 'l2', 'port_filter': True, 'ovs_hybrid_plug': False, 'datapath_type': 'system', 'bridge_name': 'br-int', 'bound_drivers': {'0': 'openvswitch'}}, 'port_security_enabled': False, 'tags': [], 'created_at': '2022-05-25T12:27:53Z', 'updated_at': '2022-05-25T12:28:03Z', 'revision_number': 4, 'project_id': '', 'subnets': [{'id': '12d1b9e5-8c54-4703-af4f-1c2b9719b7c3', 'cidr': '172.26.2.0/24', 'gateway_ip': '172.26.2.1', 'dns_nameservers': [], 'ipv6_ra_mode': None, 'subnetpool_id': None}], 'extra_subnets': [], 'address_scopes': {4: None, 6: None}, 'mtu': 1500}, 'enable_snat': True, 'gw_port_host': 'dv-neutron-843253-1-hyperv', '_interfaces': [{'id': '4d4fa041-ea76-4722-9f1b-1cc0c5f50c09', 'name': '', 'network_id': '3202641a-6f92-4c35-9e3a-d4be3bab4a43', 'tenant_id': '48471cdd79b64d12946ea9b60b8abf48', 'mac_address': 'fa:16:3e:5b:e3:53', 'admin_state_up': True, 'status': 'DOWN', 'device_id': 'e1a58379-cba1-4819-9033-c502e21a72f0', 'device_owner': 'network:router_interface', 'standard_attr_id': 113, 'fixed_ips': [{'subnet_id': '57901a6d-512c-4fab-9f0f-5fa0df5e2b57', 'ip_address': '172.20.0.1', 'prefixlen': 28}], 'allowed_address_pairs': [], 'extra_dhcp_opts': [], 'security_groups': [], 'description': '', 'binding:vnic_type': 'normal', 'binding:profile': {}, 'binding:host_id': 'dv-neutron-843253-1-hyperv', 'binding:vif_type': 'ovs', 'binding:vif_details': {'connectivity': 'l2', 'port_filter': True, 'ovs_hybrid_plug': False, 'datapath_type': 'system', 'bridge_name': 'br-int', 'bound_drivers': {'0': 'openvswitch'}}, 'port_security_enabled': False, 'tags': [], 'created_at': '2022-05-25T12:27:58Z', 'updated_at': '2022-05-25T12:28:07Z', 'revision_number': 4, 'project_id': '48471cdd79b64d12946ea9b60b8abf48', 'subnets': [{'id': '57901a6d-512c-4fab-9f0f-5fa0df5e2b57', 'cidr': '172.20.0.0/28', 'gateway_ip': '172.20.0.1', 'dns_nameservers': [], 'ipv6_ra_mode': None, 'subnetpool_id': None}], 'extra_subnets': [], 'address_scopes': {4: None, 6: None}, 'mtu': 1500}]}], 'dv-neutron-843253-1-hyperv', False) {} {{(pid=104547) wrapper /usr/local/lib/python3.8/dist-packages/oslo_log/helpers.py:65}}
May 25 12:28:08.845179 dv-neutron-843253-1-hyperv neutron-server[104547]: DEBUG neutron.db.provisioning_blocks [None req-67598bed-a2bd-42ce-aa96-cedf59ac1cb0 None None] Provisioning complete for port 4d4fa041-ea76-4722-9f1b-1cc0c5f50c09 triggered by entity DHCP. {{(pid=104547) provisioning_complete /opt/stack/neutron/neutron/db/provisioning_blocks.py:145}}
May 25 12:28:08.845650 dv-neutron-843253-1-hyperv neutron-server[104547]: DEBUG neutron_lib.callbacks.manager [None req-67598bed-a2bd-42ce-aa96-cedf59ac1cb0 None None] Publish callbacks ['neutron.plugins.ml2.plugin.Ml2Plugin._port_provisioned-638025'] for port (4d4fa041-ea76-4722-9f1b-1cc0c5f50c09), provisioning_complete {{(pid=104547) _notify_loop /usr/local/lib/python3.8/dist-packages/neutron_lib/callbacks/manager.py:176}}
May 25 12:28:08.903587 dv-neutron-843253-1-hyperv neutron-server[104547]: DEBUG neutron.api.rpc.handlers.l3_rpc [None req-a124d54d-7e5e-428d-9e72-30dab4f98653 None None] The sync data for ids ['e1a58379-cba1-4819-9033-c502e21a72f0'] in dv-neutron-843253-1-hyperv is: [{'id': 'e1a58379-cba1-4819-9033-c502e21a72f0', 'name': 'tempest-ServersTestJSON-1927755702-router', 'tenant_id': '48471cdd79b64d12946ea9b60b8abf48', 'admin_state_up': True, 'status': 'ACTIVE', 'external_gateway_info': {'network_id': '9b104e74-0cb5-415c-84f4-7f3fade87407', 'external_fixed_ips': [{'subnet_id': '12d1b9e5-8c54-4703-af4f-1c2b9719b7c3', 'ip_address': '172.26.2.67'}], 'enable_snat': True}, 'gw_port_id': '56574e04-4465-45ec-b685-f7092858a190', 'description': '', 'availability_zones': ['nova'], 'distributed': False, 'ha': False, 'ha_vr_id': 0, 'availability_zone_hints': [], 'routes': [], 'flavor_id': None, 'tags': [], 'created_at': '2022-05-25T12:27:52Z', 'updated_at': '2022-05-25T12:28:01Z', 'revision_number': 4, 'project_id': '48471cdd79b64d12946ea9b60b8abf48', 'gw_port': {'id': '56574e04-4465-45ec-b685-f7092858a190', 'name': '', 'network_id': '9b104e74-0cb5-415c-84f4-7f3fade87407', 'tenant_id': '', 'mac_address': 'fa:16:3e:3a:26:ea', 'admin_state_up': True, 'status': 'ACTIVE', 'device_id': 'e1a58379-cba1-4819-9033-c502e21a72f0', 'device_owner': 'network:router_gateway', 'standard_attr_id': 84, 'fixed_ips': [{'subnet_id': '12d1b9e5-8c54-4703-af4f-1c2b9719b7c3', 'ip_address': '172.26.2.67', 'prefixlen': 24}], 'allowed_address_pairs': [], 'extra_dhcp_opts': [], 'security_groups': [], 'description': '', 'binding:vnic_type': 'normal', 'binding:profile': {}, 'binding:host_id': 'dv-neutron-843253-1-hyperv', 'binding:vif_type': 'ovs', 'binding:vif_details': {'connectivity': 'l2', 'port_filter': True, 'ovs_hybrid_plug': False, 'datapath_type': 'system', 'bridge_name': 'br-int', 'bound_drivers': {'0': 'openvswitch'}}, 'port_security_enabled': False, 'tags': [], 'created_at': '2022-05-25T12:27:53Z', 'updated_at': '2022-05-25T12:28:03Z', 'revision_number': 4, 'project_id': '', 'subnets': [{'id': '12d1b9e5-8c54-4703-af4f-1c2b9719b7c3', 'cidr': '172.26.2.0/24', 'gateway_ip': '172.26.2.1', 'dns_nameservers': [], 'ipv6_ra_mode': None, 'subnetpool_id': None}], 'extra_subnets': [], 'address_scopes': {4: None, 6: None}, 'mtu': 1500}, 'enable_snat': True, 'gw_port_host': 'dv-neutron-843253-1-hyperv', '_interfaces': [{'id': '4d4fa041-ea76-4722-9f1b-1cc0c5f50c09', 'name': '', 'network_id': '3202641a-6f92-4c35-9e3a-d4be3bab4a43', 'tenant_id': '48471cdd79b64d12946ea9b60b8abf48', 'mac_address': 'fa:16:3e:5b:e3:53', 'admin_state_up': True, 'status': 'DOWN', 'device_id': 'e1a58379-cba1-4819-9033-c502e21a72f0', 'device_owner': 'network:router_interface', 'standard_attr_id': 113, 'fixed_ips': [{'subnet_id': '57901a6d-512c-4fab-9f0f-5fa0df5e2b57', 'ip_address': '172.20.0.1', 'prefixlen': 28}], 'allowed_address_pairs': [], 'extra_dhcp_opts': [], 'security_groups': [], 'description': '', 'binding:vnic_type': 'normal', 'binding:profile': {}, 'binding:host_id': 'dv-neutron-843253-1-hyperv', 'binding:vif_type': 'ovs', 'binding:vif_details': {'connectivity': 'l2', 'port_filter': True, 'ovs_hybrid_plug': False, 'datapath_type': 'system', 'bridge_name': 'br-int', 'bound_drivers': {'0': 'openvswitch'}}, 'port_security_enabled': False, 'tags': [], 'created_at': '2022-05-25T12:27:58Z', 'updated_at': '2022-05-25T12:28:07Z', 'revision_number': 4, 'project_id': '48471cdd79b64d12946ea9b60b8abf48', 'subnets': [{'id': '57901a6d-512c-4fab-9f0f-5fa0df5e2b57', 'cidr': '172.20.0.0/28', 'gateway_ip': '172.20.0.1', 'dns_nameservers': [], 'ipv6_ra_mode': None, 'subnetpool_id': None}], 'extra_subnets': [], 'address_scopes': {4: None, 6: None}, 'mtu': 1500}]}] {{(pid=104547) sync_routers /opt/stack/neutron/neutron/api/rpc/handlers/l3_rpc.py:137}}
May 25 12:28:08.911538 dv-neutron-843253-1-hyperv neutron-server[104546]: DEBUG neutron.plugins.ml2.drivers.type_vlan [None req-c5f9e0cf-5ded-4293-b181-c8ce25017d84 tempest-QuotasNegativeTest-1617178562 tempest-QuotasNegativeTest-1617178562-project-admin] Releasing vlan 739 on physical network physnet1 to pool {{(pid=104546) release_segment /opt/stack/neutron/neutron/plugins/ml2/drivers/type_vlan.py:304}}
May 25 12:28:08.912102 dv-neutron-843253-1-hyperv neutron-server[104546]: DEBUG neutron_lib.callbacks.manager [None req-c5f9e0cf-5ded-4293-b181-c8ce25017d84 tempest-QuotasNegativeTest-1617178562 tempest-QuotasNegativeTest-1617178562-project-admin] Publish callbacks ['neutron.plugins.ml2.plugin.Ml2Plugin._handle_segment_change-726202', 'neutron.services.segments.plugin.NovaSegmentNotifier._notify_segment_deleted-33261915'] for segment (08296599-5fbb-46a5-a6e6-4a24160aa86f), after_delete {{(pid=104546) _notify_loop /usr/local/lib/python3.8/dist-packages/neutron_lib/callbacks/manager.py:176}}
May 25 12:28:08.929124 dv-neutron-843253-1-hyperv neutron-server[104547]: DEBUG dbcounter [-] [104547] Writing DB stats neutron:SELECT=99,neutron:UPDATE=1 {{(pid=104547) stat_writer /usr/local/lib/python3.8/dist-packages/dbcounter.py:114}}
May 25 12:28:08.936129 dv-neutron-843253-1-hyperv neutron-server[104547]: DEBUG neutron.db.provisioning_blocks [None req-82a1cc21-08cb-4154-813a-706940d8ee1c None None] Provisioning complete for port 68df62bd-10b3-400b-a266-da196a6a2d04 triggered by entity L2. {{(pid=104547) provisioning_complete /opt/stack/neutron/neutron/db/provisioning_blocks.py:145}}
May 25 12:28:08.936770 dv-neutron-843253-1-hyperv neutron-server[104547]: DEBUG neutron_lib.callbacks.manager [None req-82a1cc21-08cb-4154-813a-706940d8ee1c None None] Publish callbacks ['neutron.plugins.ml2.plugin.Ml2Plugin._port_provisioned-638025'] for port (68df62bd-10b3-400b-a266-da196a6a2d04), provisioning_complete {{(pid=104547) _notify_loop /usr/local/lib/python3.8/dist-packages/neutron_lib/callbacks/manager.py:176}}
May 25 12:28:08.967402 dv-neutron-843253-1-hyperv neutron-server[104545]: DEBUG neutron_lib.callbacks.manager [None req-b12550ce-a43b-45db-8067-ad0e650f8863 tempest-ServersTestJSON-740384517 tempest-ServersTestJSON-740384517-project] Publish callbacks [] for security_group_rule (None), before_response {{(pid=104545) _notify_loop /usr/local/lib/python3.8/dist-packages/neutron_lib/callbacks/manager.py:176}}
May 25 12:28:08.969008 dv-neutron-843253-1-hyperv neutron-server[104545]: INFO neutron.wsgi [None req-b12550ce-a43b-45db-8067-ad0e650f8863 tempest-ServersTestJSON-740384517 tempest-ServersTestJSON-740384517-project] 10.222.0.72 "POST /v2.0/security-group-rules HTTP/1.1" status: 201 len: 764 time: 1.1202652
May 25 12:28:08.981365 dv-neutron-843253-1-hyperv neutron-server[104545]: DEBUG neutron.wsgi [-] (104545) accepted ('10.222.0.72', 60352) {{(pid=104545) server /usr/local/lib/python3.8/dist-packages/eventlet/wsgi.py:1004}}
May 25 12:28:09.029439 dv-neutron-843253-1-hyperv neutron-server[104545]: DEBUG neutron.api.v2.base [None req-33096454-5dc2-4943-8801-1b9ee9e59991 tempest-ServersTestJSON-740384517 tempest-ServersTestJSON-740384517-project] Request body: {'security_group_rule': {'security_group_id': 'a6767182-6418-44c5-8950-586fefa3562f', 'protocol': 'icmp', 'ethertype': 'IPv4', 'direction': 'ingress'}} {{(pid=104545) prepare_request_body /opt/stack/neutron/neutron/api/v2/base.py:730}}
May 25 12:28:09.036285 dv-neutron-843253-1-hyperv neutron-server[104547]: DEBUG neutron.plugins.ml2.plugin [None req-67598bed-a2bd-42ce-aa96-cedf59ac1cb0 None None] Current status of the port 4d4fa041-ea76-4722-9f1b-1cc0c5f50c09 is: ACTIVE; New status is: ACTIVE {{(pid=104547) _update_individual_port_db_status /opt/stack/neutron/neutron/plugins/ml2/plugin.py:2296}}
May 25 12:28:09.058247 dv-neutron-843253-1-hyperv neutron-server[104546]: INFO neutron.services.segments.plugin [-] Segment 08296599-5fbb-46a5-a6e6-4a24160aa86f resource provider aggregate not found
May 25 12:28:09.081621 dv-neutron-843253-1-hyperv neutron-server[104546]: INFO neutron.wsgi [None req-29d857ed-a5ee-426e-910c-b5f08f994809 tempest-DHCPAgentSchedulersTestJSON-2000519075 tempest-DHCPAgentSchedulersTestJSON-2000519075-project-admin] 10.222.0.72 "GET /v2.0/agents/d8a91e02-815a-4399-8ed3-7d093b2ab2c4/dhcp-networks HTTP/1.1" status: 200 len: 7215 time: 0.8008659
May 25 12:28:09.082373 dv-neutron-843253-1-hyperv neutron-server[104546]: DEBUG neutron.wsgi [-] (104546) accepted ('10.222.0.72', 60358) {{(pid=104546) server /usr/local/lib/python3.8/dist-packages/eventlet/wsgi.py:1004}}
May 25 12:28:09.099460 dv-neutron-843253-1-hyperv neutron-server[104547]: DEBUG neutron.plugins.ml2.plugin [None req-82a1cc21-08cb-4154-813a-706940d8ee1c None None] Current status of the port 68df62bd-10b3-400b-a266-da196a6a2d04 is: DOWN; New status is: ACTIVE {{(pid=104547) _update_individual_port_db_status /opt/stack/neutron/neutron/plugins/ml2/plugin.py:2296}}
May 25 12:28:09.100067 dv-neutron-843253-1-hyperv neutron-server[104547]: DEBUG neutron_lib.callbacks.manager [None req-82a1cc21-08cb-4154-813a-706940d8ee1c None None] Publish callbacks ['neutron.plugins.ml2.plugin.SecurityGroupDbMixin._ensure_default_security_group_handler-586716'] for port (68df62bd-10b3-400b-a266-da196a6a2d04), before_update {{(pid=104547) _notify_loop /usr/local/lib/python3.8/dist-packages/neutron_lib/callbacks/manager.py:176}}
May 25 12:28:09.100595 dv-neutron-843253-1-hyperv neutron-server[104545]: DEBUG neutron_lib.callbacks.manager [None req-1d7715e2-5ead-451a-824a-3ea93a2112b4 tempest-RoutersTestDVR-997462686 tempest-RoutersTestDVR-997462686-project-admin] Publish callbacks [] for router_controller (9208da63-c182-4298-a6ef-54212055e470), precommit_add_association {{(pid=104545) _notify_loop /usr/local/lib/python3.8/dist-packages/neutron_lib/callbacks/manager.py:176}}
May 25 12:28:09.115160 dv-neutron-843253-1-hyperv neutron-server[104545]: DEBUG neutron_lib.callbacks.manager [None req-1d7715e2-5ead-451a-824a-3ea93a2112b4 tempest-RoutersTestDVR-997462686 tempest-RoutersTestDVR-997462686-project-admin] Publish callbacks ['neutron.services.l3_router.l3_router_plugin.L3_HA_NAT_db_mixin._after_router_create-1726656', 'neutron.services.l3_router.l3_router_plugin.DVRResourceOperationHandler._create_snat_interfaces_after_change-1731852'] for router (9208da63-c182-4298-a6ef-54212055e470), after_create {{(pid=104545) _notify_loop /usr/local/lib/python3.8/dist-packages/neutron_lib/callbacks/manager.py:176}}
