May 25 16:50:22.690364 dv-neutron-843252-3-hyperv devstack@keystone.service[80621]: ERROR keystone.server.flask.application return current_app.ensure_sync(self.dispatch_request)(*args, **kwargs)
May 25 16:50:22.690364 dv-neutron-843252-3-hyperv devstack@keystone.service[80621]: ERROR keystone.server.flask.application
File "/usr/local/lib/python3.8/dist-packages/flask_restful/__init__.py", line 582, in dispatch_request
May 25 16:50:22.690364 dv-neutron-843252-3-hyperv devstack@keystone.service[80621]: ERROR keystone.server.flask.application resp = meth(*args, **kwargs)
May 25 16:50:22.690364 dv-neutron-843252-3-hyperv devstack@keystone.service[80621]: ERROR keystone.server.flask.application
File "/opt/stack/keystone/keystone/api/roles.py", line 50, in get
May 25 16:50:22.690364 dv-neutron-843252-3-hyperv devstack@keystone.service[80621]: ERROR keystone.server.flask.application return self._get_role(role_id)
May 25 16:50:22.690364 dv-neutron-843252-3-hyperv devstack@keystone.service[80621]: ERROR keystone.server.flask.application
File "/opt/stack/keystone/keystone/api/roles.py", line 70, in _get_role
May 25 16:50:22.690364 dv-neutron-843252-3-hyperv devstack@keystone.service[80621]: ERROR keystone.server.flask.application ENFORCER.enforce_call(action='identity:get_role')
May 25 16:50:22.691404 dv-neutron-843252-3-hyperv devstack@keystone.service[80621]: ERROR keystone.server.flask.application
File "/opt/stack/keystone/keystone/common/rbac_enforcer/enforcer.py", line 402, in enforce_call
May 25 16:50:22.691404 dv-neutron-843252-3-hyperv devstack@keystone.service[80621]: ERROR keystone.server.flask.application policy_dict.update(cls._extract_member_target_data(
May 25 16:50:22.691404 dv-neutron-843252-3-hyperv devstack@keystone.service[80621]: ERROR keystone.server.flask.application
File "/opt/stack/keystone/keystone/common/rbac_enforcer/enforcer.py", line 234, in _extract_member_target_data
May 25 16:50:22.691404 dv-neutron-843252-3-hyperv devstack@keystone.service[80621]: ERROR keystone.server.flask.application member_name: func(flask.request.view_args[key])
May 25 16:50:22.691404 dv-neutron-843252-3-hyperv devstack@keystone.service[80621]: ERROR keystone.server.flask.application
File "/opt/stack/keystone/keystone/common/manager.py", line 115, in wrapped
May 25 16:50:22.691404 dv-neutron-843252-3-hyperv devstack@keystone.service[80621]: ERROR keystone.server.flask.application __ret_val = __f(*args, **kwargs)
May 25 16:50:22.691404 dv-neutron-843252-3-hyperv devstack@keystone.service[80621]: ERROR keystone.server.flask.application
File "/usr/local/lib/python3.8/dist-packages/decorator.py", line 232, in fun
May 25 16:50:22.691404 dv-neutron-843252-3-hyperv devstack@keystone.service[80621]: ERROR keystone.server.flask.application return caller(func, *(extras + args), **kw)
May 25 16:50:22.691404 dv-neutron-843252-3-hyperv devstack@keystone.service[80621]: ERROR keystone.server.flask.application
File "/usr/local/lib/python3.8/dist-packages/dogpile/cache/region.py", line 1577, in get_or_create_for_user_func
May 25 16:50:22.691404 dv-neutron-843252-3-hyperv devstack@keystone.service[80621]: ERROR keystone.server.flask.application return self.get_or_create(
May 25 16:50:22.691404 dv-neutron-843252-3-hyperv devstack@keystone.service[80621]: ERROR keystone.server.flask.application
File "/usr/local/lib/python3.8/dist-packages/dogpile/cache/region.py", line 1042, in get_or_create
May 25 16:50:22.691404 dv-neutron-843252-3-hyperv devstack@keystone.service[80621]: ERROR keystone.server.flask.application with Lock(
May 25 16:50:22.691404 dv-neutron-843252-3-hyperv devstack@keystone.service[80621]: ERROR keystone.server.flask.application
File "/usr/local/lib/python3.8/dist-packages/dogpile/lock.py", line 185, in __enter__
May 25 16:50:22.691404 dv-neutron-843252-3-hyperv devstack@keystone.service[80621]: ERROR keystone.server.flask.application return self._enter()
May 25 16:50:22.691404 dv-neutron-843252-3-hyperv devstack@keystone.service[80621]: ERROR keystone.server.flask.application
File "/usr/local/lib/python3.8/dist-packages/dogpile/lock.py", line 94, in _enter
May 25 16:50:22.691404 dv-neutron-843252-3-hyperv devstack@keystone.service[80621]: ERROR keystone.server.flask.application generated = self._enter_create(value, createdtime)
May 25 16:50:22.692447 dv-neutron-843252-3-hyperv devstack@keystone.service[80621]: ERROR keystone.server.flask.application
File "/usr/local/lib/python3.8/dist-packages/dogpile/lock.py", line 178, in _enter_create
May 25 16:50:22.692447 dv-neutron-843252-3-hyperv devstack@keystone.service[80621]: ERROR keystone.server.flask.application return self.creator()
May 25 16:50:22.692447 dv-neutron-843252-3-hyperv devstack@keystone.service[80621]: ERROR keystone.server.flask.application
File "/usr/local/lib/python3.8/dist-packages/dogpile/cache/region.py", line 995, in gen_value
May 25 16:50:22.692447 dv-neutron-843252-3-hyperv devstack@keystone.service[80621]: ERROR keystone.server.flask.application created_value = creator(
May 25 16:50:22.692447 dv-neutron-843252-3-hyperv devstack@keystone.service[80621]: ERROR keystone.server.flask.application
File "/opt/stack/keystone/keystone/assignment/core.py", line 1276, in get_role
May 25 16:50:22.692447 dv-neutron-843252-3-hyperv devstack@keystone.service[80621]: ERROR keystone.server.flask.application return self.driver.get_role(role_id)
May 25 16:50:22.692447 dv-neutron-843252-3-hyperv devstack@keystone.service[80621]: ERROR keystone.server.flask.application
File "/opt/stack/keystone/keystone/assignment/role_backends/sql.py", line 70, in get_role
May 25 16:50:22.692447 dv-neutron-843252-3-hyperv devstack@keystone.service[80621]: ERROR keystone.server.flask.application return self._get_role(session, role_id).to_dict()
May 25 16:50:22.692447 dv-neutron-843252-3-hyperv devstack@keystone.service[80621]: ERROR keystone.server.flask.application
File "/opt/stack/keystone/keystone/assignment/role_backends/sql.py", line 65, in _get_role
May 25 16:50:22.692447 dv-neutron-843252-3-hyperv devstack@keystone.service[80621]: ERROR keystone.server.flask.application raise exception.RoleNotFound(role_id=role_id)
May 25 16:50:22.692447 dv-neutron-843252-3-hyperv devstack@keystone.service[80621]: ERROR keystone.server.flask.application keystone.exception.RoleNotFound: Could not find role: anotherrole.
May 25 16:50:22.692447 dv-neutron-843252-3-hyperv devstack@keystone.service[80621]: ERROR keystone.server.flask.application
May 25 16:50:22.692447 dv-neutron-843252-3-hyperv devstack@keystone.service[80621]: [pid: 80621|app: 0|req: 71/127] 10.222.0.53 () {56 vars in 1114 bytes} [Wed May 25 16:50:22 2022] GET /identity/v3/roles/anotherrole => generated 89 bytes in 193 msecs (HTTP/1.1 404) 5 headers in 183 bytes (1 switches on core 0)
May 25 16:50:22.693244 dv-neutron-843252-3-hyperv devstack@keystone.service[80621]: DEBUG keystone.server.flask.request_processing.middleware.auth_context [None req-a8d27d84-9388-4134-bf76-f0efd503bd6f None admin] Authenticating user token {{(pid=80621) process_request /usr/local/lib/python3.8/dist-packages/keystonemiddleware/auth_token/__init__.py:407}}
May 25 16:50:22.705836 dv-neutron-843252-3-hyperv devstack@keystone.service[80622]: DEBUG dbcounter [-] [80622] Writing DB stats keystone:SELECT=100 {{(pid=80622) stat_writer /usr/local/lib/python3.8/dist-packages/dbcounter.py:114}}
May 25 16:50:22.805889 dv-neutron-843252-3-hyperv devstack@keystone.service[80622]: DEBUG keystone.server.flask.request_processing.middleware.auth_context [None req-dd794cb9-e624-4c15-9a5a-79a5e83f947e None admin] Validating token access rules against request {{(pid=80622) validate_allowed_request /usr/local/lib/python3.8/dist-packages/keystonemiddleware/auth_token/__init__.py:545}}
May 25 16:50:22.819939 dv-neutron-843252-3-hyperv devstack@keystone.service[80621]: DEBUG keystone.server.flask.request_processing.middleware.auth_context [None req-a8d27d84-9388-4134-bf76-f0efd503bd6f None admin] Validating token access rules against request {{(pid=80621) validate_allowed_request /usr/local/lib/python3.8/dist-packages/keystonemiddleware/auth_token/__init__.py:545}}
May 25 16:50:22.849483 dv-neutron-843252-3-hyperv devstack@keystone.service[80622]: DEBUG keystone.server.flask.request_processing.middleware.auth_context [None req-1f9b4de3-1d6d-41fb-9d8d-748f45489795 None admin] RBAC: auth_context: {'token': , 'domain_id': None, 'trust_id': None, 'trustor_id': None, 'trustee_id': None, 'domain_name': None, 'group_ids': [], 'user_id': '09a6fb8e5b0d439e8d31e4f078ba366c', 'user_domain_id': 'default', 'system_scope': 'all', 'project_id': None, 'project_domain_id': None, 'roles': ['admin', 'member', 'reader'], 'is_admin_project': True, 'service_user_id': None, 'service_user_domain_id': None, 'service_project_id': None, 'service_project_domain_id': None, 'service_roles': []} {{(pid=80622) fill_context /opt/stack/keystone/keystone/server/flask/request_processing/middleware/auth_context.py:478}}
May 25 16:50:22.850352 dv-neutron-843252-3-hyperv devstack@keystone.service[80622]: DEBUG keystone.server.flask.request_processing.req_logging [None req-1f9b4de3-1d6d-41fb-9d8d-748f45489795 None admin] REQUEST_METHOD: `GET` {{(pid=80622) log_request_info /opt/stack/keystone/keystone/server/flask/request_processing/req_logging.py:27}}
May 25 16:50:22.850639 dv-neutron-843252-3-hyperv devstack@keystone.service[80622]: DEBUG keystone.server.flask.request_processing.req_logging [None req-1f9b4de3-1d6d-41fb-9d8d-748f45489795 None admin] SCRIPT_NAME: `/identity` {{(pid=80622) log_request_info /opt/stack/keystone/keystone/server/flask/request_processing/req_logging.py:28}}
May 25 16:50:22.850919 dv-neutron-843252-3-hyperv devstack@keystone.service[80622]: DEBUG keystone.server.flask.request_processing.req_logging [None req-1f9b4de3-1d6d-41fb-9d8d-748f45489795 None admin] PATH_INFO: `/v3/users/1601c40eb1b44657b8cec3add2cc719d` {{(pid=80622) log_request_info /opt/stack/keystone/keystone/server/flask/request_processing/req_logging.py:29}}
May 25 16:50:22.852151 dv-neutron-843252-3-hyperv devstack@keystone.service[80622]: DEBUG keystone.common.rbac_enforcer.enforcer [None req-1f9b4de3-1d6d-41fb-9d8d-748f45489795 None admin] RBAC: Authorizing `identity:get_user(user_id=1601c40eb1b44657b8cec3add2cc719d)` {{(pid=80622) enforce_call /opt/stack/keystone/keystone/common/rbac_enforcer/enforcer.py:449}}
May 25 16:50:22.853632 dv-neutron-843252-3-hyperv devstack@keystone.service[80622]: DEBUG keystone.common.rbac_enforcer.enforcer [None req-1f9b4de3-1d6d-41fb-9d8d-748f45489795 None admin] RBAC: Authorization granted {{(pid=80622) enforce_call /opt/stack/keystone/keystone/common/rbac_enforcer/enforcer.py:457}}
May 25 16:50:22.855387 dv-neutron-843252-3-hyperv devstack@keystone.service[80622]: [pid: 80622|app: 0|req: 57/128] 10.222.0.53 () {56 vars in 1177 bytes} [Wed May 25 16:50:22 2022] GET /identity/v3/users/1601c40eb1b44657b8cec3add2cc719d => generated 275 bytes in 195 msecs (HTTP/1.1 200) 5 headers in 177 bytes (1 switches on core 0)
May 25 16:50:22.856137 dv-neutron-843252-3-hyperv devstack@keystone.service[80622]: DEBUG keystone.server.flask.request_processing.middleware.auth_context [None req-1f9b4de3-1d6d-41fb-9d8d-748f45489795 None admin] Authenticating user token {{(pid=80622) process_request /usr/local/lib/python3.8/dist-packages/keystonemiddleware/auth_token/__init__.py:407}}
May 25 16:50:22.864205 dv-neutron-843252-3-hyperv devstack@keystone.service[80621]: DEBUG keystone.server.flask.request_processing.middleware.auth_context [None req-626c262b-0b96-4bde-93fc-311e7e8c33f5 None admin] RBAC: auth_context: {'token': , 'domain_id': None, 'trust_id': None, 'trustor_id': None, 'trustee_id': None, 'domain_name': None, 'group_ids': [], 'user_id': '09a6fb8e5b0d439e8d31e4f078ba366c', 'user_domain_id': 'default', 'system_scope': 'all', 'project_id': None, 'project_domain_id': None, 'roles': ['admin', 'member', 'reader'], 'is_admin_project': True, 'service_user_id': None, 'service_user_domain_id': None, 'service_project_id': None, 'service_project_domain_id': None, 'service_roles': []} {{(pid=80621) fill_context /opt/stack/keystone/keystone/server/flask/request_processing/middleware/auth_context.py:478}}
May 25 16:50:22.866364 dv-neutron-843252-3-hyperv devstack@keystone.service[80621]: DEBUG keystone.server.flask.request_processing.req_logging [None req-626c262b-0b96-4bde-93fc-311e7e8c33f5 None admin] REQUEST_METHOD: `GET` {{(pid=80621) log_request_info /opt/stack/keystone/keystone/server/flask/request_processing/req_logging.py:27}}
May 25 16:50:22.866871 dv-neutron-843252-3-hyperv devstack@keystone.service[80621]: DEBUG keystone.server.flask.request_processing.req_logging [None req-626c262b-0b96-4bde-93fc-311e7e8c33f5 None admin] SCRIPT_NAME: `/identity` {{(pid=80621) log_request_info /opt/stack/keystone/keystone/server/flask/request_processing/req_logging.py:28}}
May 25 16:50:22.867344 dv-neutron-843252-3-hyperv devstack@keystone.service[80621]: DEBUG keystone.server.flask.request_processing.req_logging [None req-626c262b-0b96-4bde-93fc-311e7e8c33f5 None admin] PATH_INFO: `/v3/projects/86a99a88556f46eea332aa8cfbb0feea` {{(pid=80621) log_request_info /opt/stack/keystone/keystone/server/flask/request_processing/req_logging.py:29}}
May 25 16:50:22.869046 dv-neutron-843252-3-hyperv devstack@keystone.service[80621]: DEBUG keystone.common.rbac_enforcer.enforcer [None req-626c262b-0b96-4bde-93fc-311e7e8c33f5 None admin] RBAC: Authorizing `identity:get_project(project_id=86a99a88556f46eea332aa8cfbb0feea)` {{(pid=80621) enforce_call /opt/stack/keystone/keystone/common/rbac_enforcer/enforcer.py:449}}
May 25 16:50:22.871386 dv-neutron-843252-3-hyperv devstack@keystone.service[80621]: DEBUG keystone.common.rbac_enforcer.enforcer [None req-626c262b-0b96-4bde-93fc-311e7e8c33f5 None admin] RBAC: Authorization granted {{(pid=80621) enforce_call /opt/stack/keystone/keystone/common/rbac_enforcer/enforcer.py:457}}
May 25 16:50:22.874096 dv-neutron-843252-3-hyperv devstack@keystone.service[80621]: [pid: 80621|app: 0|req: 72/129] 10.222.0.53 () {56 vars in 1186 bytes} [Wed May 25 16:50:22 2022] GET /identity/v3/projects/86a99a88556f46eea332aa8cfbb0feea => generated 298 bytes in 182 msecs (HTTP/1.1 200) 5 headers in 177 bytes (1 switches on core 0)
May 25 16:50:22.875271 dv-neutron-843252-3-hyperv devstack@keystone.service[80621]: DEBUG keystone.server.flask.request_processing.middleware.auth_context [None req-626c262b-0b96-4bde-93fc-311e7e8c33f5 None admin] Authenticating user token {{(pid=80621) process_request /usr/local/lib/python3.8/dist-packages/keystonemiddleware/auth_token/__init__.py:407}}
May 25 16:50:22.889546 dv-neutron-843252-3-hyperv devstack@keystone.service[80621]: DEBUG dbcounter [-] [80621] Writing DB stats keystone:SELECT=100 {{(pid=80621) stat_writer /usr/local/lib/python3.8/dist-packages/dbcounter.py:114}}
May 25 16:50:22.986522 dv-neutron-843252-3-hyperv devstack@keystone.service[80622]: DEBUG keystone.server.flask.request_processing.middleware.auth_context [None req-1f9b4de3-1d6d-41fb-9d8d-748f45489795 None admin] Validating token access rules against request {{(pid=80622) validate_allowed_request /usr/local/lib/python3.8/dist-packages/keystonemiddleware/auth_token/__init__.py:545}}
May 25 16:50:22.990493 dv-neutron-843252-3-hyperv devstack@keystone.service[80622]: DEBUG dbcounter [-] [80622] Writing DB stats keystone:SELECT=100 {{(pid=80622) stat_writer /usr/local/lib/python3.8/dist-packages/dbcounter.py:114}}
May 25 16:50:22.992927 dv-neutron-843252-3-hyperv devstack@keystone.service[80621]: DEBUG keystone.server.flask.request_processing.middleware.auth_context [None req-626c262b-0b96-4bde-93fc-311e7e8c33f5 None admin] Validating token access rules against request {{(pid=80621) validate_allowed_request /usr/local/lib/python3.8/dist-packages/keystonemiddleware/auth_token/__init__.py:545}}
May 25 16:50:23.029433 dv-neutron-843252-3-hyperv devstack@keystone.service[80622]: DEBUG keystone.server.flask.request_processing.middleware.auth_context [None req-d2b364ec-a3f6-4f69-a013-51dc81c6cc29 None admin] RBAC: auth_context: {'token': , 'domain_id': None, 'trust_id': None, 'trustor_id': None, 'trustee_id': None, 'domain_name': None, 'group_ids': [], 'user_id': '09a6fb8e5b0d439e8d31e4f078ba366c', 'user_domain_id': 'default', 'system_scope': 'all', 'project_id': None, 'project_domain_id': None, 'roles': ['admin', 'member', 'reader'], 'is_admin_project': True, 'service_user_id': None, 'service_user_domain_id': None, 'service_project_id': None, 'service_project_domain_id': None, 'service_roles': []} {{(pid=80622) fill_context /opt/stack/keystone/keystone/server/flask/request_processing/middleware/auth_context.py:478}}
May 25 16:50:23.030861 dv-neutron-843252-3-hyperv devstack@keystone.service[80622]: DEBUG keystone.server.flask.request_processing.req_logging [None req-d2b364ec-a3f6-4f69-a013-51dc81c6cc29 None admin] REQUEST_METHOD: `PUT` {{(pid=80622) log_request_info /opt/stack/keystone/keystone/server/flask/request_processing/req_logging.py:27}}
May 25 16:50:23.031388 dv-neutron-843252-3-hyperv devstack@keystone.service[80622]: DEBUG keystone.server.flask.request_processing.req_logging [None req-d2b364ec-a3f6-4f69-a013-51dc81c6cc29 None admin] SCRIPT_NAME: `/identity` {{(pid=80622) log_request_info /opt/stack/keystone/keystone/server/flask/request_processing/req_logging.py:28}}
May 25 16:50:23.032031 dv-neutron-843252-3-hyperv devstack@keystone.service[80622]: DEBUG keystone.server.flask.request_processing.req_logging [None req-d2b364ec-a3f6-4f69-a013-51dc81c6cc29 None admin] PATH_INFO: `/v3/projects/86a99a88556f46eea332aa8cfbb0feea/users/09a6fb8e5b0d439e8d31e4f078ba366c/roles/20d87fe99f244029bf9c567daab8ba09` {{(pid=80622) log_request_info /opt/stack/keystone/keystone/server/flask/request_processing/req_logging.py:29}}
May 25 16:50:23.033227 dv-neutron-843252-3-hyperv devstack@keystone.service[80621]: DEBUG keystone.server.flask.request_processing.middleware.auth_context [None req-8f01dd98-7f17-45b0-bc02-e5e443722168 None admin] RBAC: auth_context: {'token': , 'domain_id': None, 'trust_id': None, 'trustor_id': None, 'trustee_id': None, 'domain_name': None, 'group_ids': [], 'user_id': '09a6fb8e5b0d439e8d31e4f078ba366c', 'user_domain_id': 'default', 'system_scope': 'all', 'project_id': None, 'project_domain_id': None, 'roles': ['admin', 'member', 'reader'], 'is_admin_project': True, 'service_user_id': None, 'service_user_domain_id': None, 'service_project_id': None, 'service_project_domain_id': None, 'service_roles': []} {{(pid=80621) fill_context /opt/stack/keystone/keystone/server/flask/request_processing/middleware/auth_context.py:478}}
May 25 16:50:23.034538 dv-neutron-843252-3-hyperv devstack@keystone.service[80621]: DEBUG keystone.server.flask.request_processing.req_logging [None req-8f01dd98-7f17-45b0-bc02-e5e443722168 None admin] REQUEST_METHOD: `GET` {{(pid=80621) log_request_info /opt/stack/keystone/keystone/server/flask/request_processing/req_logging.py:27}}
May 25 16:50:23.034837 dv-neutron-843252-3-hyperv devstack@keystone.service[80621]: DEBUG keystone.server.flask.request_processing.req_logging [None req-8f01dd98-7f17-45b0-bc02-e5e443722168 None admin] SCRIPT_NAME: `/identity` {{(pid=80621) log_request_info /opt/stack/keystone/keystone/server/flask/request_processing/req_logging.py:28}}
May 25 16:50:23.035178 dv-neutron-843252-3-hyperv devstack@keystone.service[80621]: DEBUG keystone.server.flask.request_processing.req_logging [None req-8f01dd98-7f17-45b0-bc02-e5e443722168 None admin] PATH_INFO: `/v3/roles` {{(pid=80621) log_request_info /opt/stack/keystone/keystone/server/flask/request_processing/req_logging.py:29}}
May 25 16:50:23.035661 dv-neutron-843252-3-hyperv devstack@keystone.service[80622]: DEBUG keystone.common.rbac_enforcer.enforcer [None req-d2b364ec-a3f6-4f69-a013-51dc81c6cc29 None admin] RBAC: Authorizing `identity:create_grant(project_id=86a99a88556f46eea332aa8cfbb0feea, user_id=09a6fb8e5b0d439e8d31e4f078ba366c, role_id=20d87fe99f244029bf9c567daab8ba09)` {{(pid=80622) enforce_call /opt/stack/keystone/keystone/common/rbac_enforcer/enforcer.py:449}}
May 25 16:50:23.035942 dv-neutron-843252-3-hyperv devstack@keystone.service[80621]: DEBUG keystone.common.rbac_enforcer.enforcer [None req-8f01dd98-7f17-45b0-bc02-e5e443722168 None admin] RBAC: Adding query filter params (name=anotherrole) {{(pid=80621) _extract_filter_values /opt/stack/keystone/keystone/common/rbac_enforcer/enforcer.py:167}}
May 25 16:50:23.036258 dv-neutron-843252-3-hyperv devstack@keystone.service[80621]: DEBUG keystone.common.rbac_enforcer.enforcer [None req-8f01dd98-7f17-45b0-bc02-e5e443722168 None admin] RBAC: Authorizing `identity:list_roles()` {{(pid=80621) enforce_call /opt/stack/keystone/keystone/common/rbac_enforcer/enforcer.py:449}}
May 25 16:50:23.037643 dv-neutron-843252-3-hyperv devstack@keystone.service[80621]: DEBUG keystone.common.rbac_enforcer.enforcer [None req-8f01dd98-7f17-45b0-bc02-e5e443722168 None admin] RBAC: Authorization granted {{(pid=80621) enforce_call /opt/stack/keystone/keystone/common/rbac_enforcer/enforcer.py:457}}
May 25 16:50:23.037999 dv-neutron-843252-3-hyperv devstack@keystone.service[80622]: DEBUG keystone.common.rbac_enforcer.enforcer [None req-d2b364ec-a3f6-4f69-a013-51dc81c6cc29 None admin] RBAC: Authorization granted {{(pid=80622) enforce_call /opt/stack/keystone/keystone/common/rbac_enforcer/enforcer.py:457}}
May 25 16:50:23.046299 dv-neutron-843252-3-hyperv devstack@keystone.service[80621]: [pid: 80621|app: 0|req: 73/130] 10.222.0.53 () {56 vars in 1111 bytes} [Wed May 25 16:50:22 2022] GET /identity/v3/roles?name=anotherrole => generated 334 bytes in 171 msecs (HTTP/1.1 200) 5 headers in 177 bytes (1 switches on core 0)
May 25 16:50:23.051227 dv-neutron-843252-3-hyperv devstack@keystone.service[80621]: DEBUG keystone.server.flask.request_processing.middleware.auth_context [None req-8f01dd98-7f17-45b0-bc02-e5e443722168 None admin] Authenticating user token {{(pid=80621) process_request /usr/local/lib/python3.8/dist-packages/keystonemiddleware/auth_token/__init__.py:407}}
May 25 16:50:23.118295 dv-neutron-843252-3-hyperv devstack@keystone.service[80622]: [pid: 80622|app: 0|req: 58/131] 10.222.0.53 () {58 vars in 1439 bytes} [Wed May 25 16:50:22 2022] PUT /identity/v3/projects/86a99a88556f46eea332aa8cfbb0feea/users/09a6fb8e5b0d439e8d31e4f078ba366c/roles/20d87fe99f244029bf9c567daab8ba09 => generated 0 bytes in 255 msecs (HTTP/1.1 204) 3 headers in 132 bytes (0 switches on core 0)
May 25 16:50:23.118295 dv-neutron-843252-3-hyperv devstack@keystone.service[80622]: DEBUG keystone.server.flask.request_processing.middleware.auth_context [None req-d2b364ec-a3f6-4f69-a013-51dc81c6cc29 None admin] Authenticating user token {{(pid=80622) process_request /usr/local/lib/python3.8/dist-packages/keystonemiddleware/auth_token/__init__.py:407}}
May 25 16:50:23.158439 dv-neutron-843252-3-hyperv devstack@keystone.service[80621]: DEBUG dbcounter [-] [80621] Writing DB stats keystone:SELECT=100 {{(pid=80621) stat_writer /usr/local/lib/python3.8/dist-packages/dbcounter.py:114}}
May 25 16:50:23.221379 dv-neutron-843252-3-hyperv devstack@keystone.service[80621]: DEBUG keystone.server.flask.request_processing.middleware.auth_context [None req-8f01dd98-7f17-45b0-bc02-e5e443722168 None admin] Validating token access rules against request {{(pid=80621) validate_allowed_request /usr/local/lib/python3.8/dist-packages/keystonemiddleware/auth_token/__init__.py:545}}
May 25 16:50:23.304150 dv-neutron-843252-3-hyperv devstack@keystone.service[80622]: DEBUG keystone.server.flask.request_processing.middleware.auth_context [None req-d2b364ec-a3f6-4f69-a013-51dc81c6cc29 None admin] Validating token access rules against request {{(pid=80622) validate_allowed_request /usr/local/lib/python3.8/dist-packages/keystonemiddleware/auth_token/__init__.py:545}}
May 25 16:50:23.323595 dv-neutron-843252-3-hyperv devstack@keystone.service[80621]: DEBUG keystone.server.flask.request_processing.middleware.auth_context [None req-3afbb4e6-1f0c-41ad-9fcd-068a94c232b7 None admin] RBAC: auth_context: {'token': , 'domain_id': None, 'trust_id': None, 'trustor_id': None, 'trustee_id': None, 'domain_name': None, 'group_ids': [], 'user_id': '09a6fb8e5b0d439e8d31e4f078ba366c', 'user_domain_id': 'default', 'system_scope': 'all', 'project_id': None, 'project_domain_id': None, 'roles': ['admin', 'member', 'reader'], 'is_admin_project': True, 'service_user_id': None, 'service_user_domain_id': None, 'service_project_id': None, 'service_project_domain_id': None, 'service_roles': []} {{(pid=80621) fill_context /opt/stack/keystone/keystone/server/flask/request_processing/middleware/auth_context.py:478}}
May 25 16:50:23.324485 dv-neutron-843252-3-hyperv devstack@keystone.service[80621]: DEBUG keystone.server.flask.request_processing.req_logging [None req-3afbb4e6-1f0c-41ad-9fcd-068a94c232b7 None admin] REQUEST_METHOD: `GET` {{(pid=80621) log_request_info /opt/stack/keystone/keystone/server/flask/request_processing/req_logging.py:27}}
May 25 16:50:23.324779 dv-neutron-843252-3-hyperv devstack@keystone.service[80621]: DEBUG keystone.server.flask.request_processing.req_logging [None req-3afbb4e6-1f0c-41ad-9fcd-068a94c232b7 None admin] SCRIPT_NAME: `/identity` {{(pid=80621) log_request_info /opt/stack/keystone/keystone/server/flask/request_processing/req_logging.py:28}}
May 25 16:50:23.325058 dv-neutron-843252-3-hyperv devstack@keystone.service[80621]: DEBUG keystone.server.flask.request_processing.req_logging [None req-3afbb4e6-1f0c-41ad-9fcd-068a94c232b7 None admin] PATH_INFO: `/v3/projects/e6bf0fda35c540b0a63b047e103204e0` {{(pid=80621) log_request_info /opt/stack/keystone/keystone/server/flask/request_processing/req_logging.py:29}}
May 25 16:50:23.327036 dv-neutron-843252-3-hyperv devstack@keystone.service[80621]: DEBUG keystone.common.rbac_enforcer.enforcer [None req-3afbb4e6-1f0c-41ad-9fcd-068a94c232b7 None admin] RBAC: Authorizing `identity:get_project(project_id=e6bf0fda35c540b0a63b047e103204e0)` {{(pid=80621) enforce_call /opt/stack/keystone/keystone/common/rbac_enforcer/enforcer.py:449}}
May 25 16:50:23.328620 dv-neutron-843252-3-hyperv devstack@keystone.service[80621]: DEBUG keystone.common.rbac_enforcer.enforcer [None req-3afbb4e6-1f0c-41ad-9fcd-068a94c232b7 None admin] RBAC: Authorization granted {{(pid=80621) enforce_call /opt/stack/keystone/keystone/common/rbac_enforcer/enforcer.py:457}}
May 25 16:50:23.330545 dv-neutron-843252-3-hyperv devstack@keystone.service[80621]: [pid: 80621|app: 0|req: 74/132] 10.222.0.53 () {56 vars in 1186 bytes} [Wed May 25 16:50:23 2022] GET /identity/v3/projects/e6bf0fda35c540b0a63b047e103204e0 => generated 312 bytes in 280 msecs (HTTP/1.1 200) 5 headers in 177 bytes (1 switches on core 0)
May 25 16:50:23.331416 dv-neutron-843252-3-hyperv devstack@keystone.service[80621]: DEBUG keystone.server.flask.request_processing.middleware.auth_context [None req-3afbb4e6-1f0c-41ad-9fcd-068a94c232b7 None admin] Authenticating user token {{(pid=80621) process_request /usr/local/lib/python3.8/dist-packages/keystonemiddleware/auth_token/__init__.py:407}}
May 25 16:50:23.345484 dv-neutron-843252-3-hyperv devstack@keystone.service[80622]: DEBUG keystone.server.flask.request_processing.middleware.auth_context [None req-205d23c2-c2f5-4871-ad20-24c4abda97f3 None admin] RBAC: auth_context: {'token': , 'domain_id': None, 'trust_id': None, 'trustor_id': None, 'trustee_id': None, 'domain_name': None, 'group_ids': [], 'user_id': '09a6fb8e5b0d439e8d31e4f078ba366c', 'user_domain_id': 'default', 'system_scope': 'all', 'project_id': None, 'project_domain_id': None, 'roles': ['admin', 'member', 'reader'], 'is_admin_project': True, 'service_user_id': None, 'service_user_domain_id': None, 'service_project_id': None, 'service_project_domain_id': None, 'service_roles': []} {{(pid=80622) fill_context /opt/stack/keystone/keystone/server/flask/request_processing/middleware/auth_context.py:478}}
May 25 16:50:23.347312 dv-neutron-843252-3-hyperv devstack@keystone.service[80622]: DEBUG keystone.server.flask.request_processing.req_logging [None req-205d23c2-c2f5-4871-ad20-24c4abda97f3 None admin] REQUEST_METHOD: `PUT` {{(pid=80622) log_request_info /opt/stack/keystone/keystone/server/flask/request_processing/req_logging.py:27}}
May 25 16:50:23.348931 dv-neutron-843252-3-hyperv devstack@keystone.service[80622]: DEBUG keystone.server.flask.request_processing.req_logging [None req-205d23c2-c2f5-4871-ad20-24c4abda97f3 None admin] SCRIPT_NAME: `/identity` {{(pid=80622) log_request_info /opt/stack/keystone/keystone/server/flask/request_processing/req_logging.py:28}}
May 25 16:50:23.349441 dv-neutron-843252-3-hyperv devstack@keystone.service[80622]: DEBUG keystone.server.flask.request_processing.req_logging [None req-205d23c2-c2f5-4871-ad20-24c4abda97f3 None admin] PATH_INFO: `/v3/projects/86a99a88556f46eea332aa8cfbb0feea/users/1601c40eb1b44657b8cec3add2cc719d/roles/ba4629922e2b4e45a16e84dcf5c89390` {{(pid=80622) log_request_info /opt/stack/keystone/keystone/server/flask/request_processing/req_logging.py:29}}
May 25 16:50:23.351933 dv-neutron-843252-3-hyperv devstack@keystone.service[80622]: DEBUG keystone.common.rbac_enforcer.enforcer [None req-205d23c2-c2f5-4871-ad20-24c4abda97f3 None admin] RBAC: Authorizing `identity:create_grant(project_id=86a99a88556f46eea332aa8cfbb0feea, user_id=1601c40eb1b44657b8cec3add2cc719d, role_id=ba4629922e2b4e45a16e84dcf5c89390)` {{(pid=80622) enforce_call /opt/stack/keystone/keystone/common/rbac_enforcer/enforcer.py:449}}
May 25 16:50:23.354458 dv-neutron-843252-3-hyperv devstack@keystone.service[80622]: DEBUG keystone.common.rbac_enforcer.enforcer [None req-205d23c2-c2f5-4871-ad20-24c4abda97f3 None admin] RBAC: Authorization granted {{(pid=80622) enforce_call /opt/stack/keystone/keystone/common/rbac_enforcer/enforcer.py:457}}
May 25 16:50:23.460408 dv-neutron-843252-3-hyperv devstack@keystone.service[80622]: [pid: 80622|app: 0|req: 59/133] 10.222.0.53 () {58 vars in 1439 bytes} [Wed May 25 16:50:23 2022] PUT /identity/v3/projects/86a99a88556f46eea332aa8cfbb0feea/users/1601c40eb1b44657b8cec3add2cc719d/roles/ba4629922e2b4e45a16e84dcf5c89390 => generated 0 bytes in 349 msecs (HTTP/1.1 204) 3 headers in 132 bytes (0 switches on core 0)
May 25 16:50:23.461768 dv-neutron-843252-3-hyperv devstack@keystone.service[80622]: DEBUG keystone.server.flask.request_processing.middleware.auth_context [None req-205d23c2-c2f5-4871-ad20-24c4abda97f3 None admin] Authenticating user token {{(pid=80622) process_request /usr/local/lib/python3.8/dist-packages/keystonemiddleware/auth_token/__init__.py:407}}
May 25 16:50:23.469856 dv-neutron-843252-3-hyperv devstack@keystone.service[80621]: DEBUG keystone.server.flask.request_processing.middleware.auth_context [None req-3afbb4e6-1f0c-41ad-9fcd-068a94c232b7 None admin] Validating token access rules against request {{(pid=80621) validate_allowed_request /usr/local/lib/python3.8/dist-packages/keystonemiddleware/auth_token/__init__.py:545}}
May 25 16:50:23.512818 dv-neutron-843252-3-hyperv devstack@keystone.service[80622]: DEBUG dbcounter [-] [80622] Writing DB stats keystone:SELECT=98,keystone:INSERT=2 {{(pid=80622) stat_writer /usr/local/lib/python3.8/dist-packages/dbcounter.py:114}}
May 25 16:50:23.527486 dv-neutron-843252-3-hyperv devstack@keystone.service[80621]: DEBUG keystone.server.flask.request_processing.middleware.auth_context [None req-ecb19f4e-42a8-455d-be87-05082b0d433f None admin] RBAC: auth_context: {'token': , 'domain_id': None, 'trust_id': None, 'trustor_id': None, 'trustee_id': None, 'domain_name': None, 'group_ids': [], 'user_id': '09a6fb8e5b0d439e8d31e4f078ba366c', 'user_domain_id': 'default', 'system_scope': 'all', 'project_id': None, 'project_domain_id': None, 'roles': ['admin', 'member', 'reader'], 'is_admin_project': True, 'service_user_id': None, 'service_user_domain_id': None, 'service_project_id': None, 'service_project_domain_id': None, 'service_roles': []} {{(pid=80621) fill_context /opt/stack/keystone/keystone/server/flask/request_processing/middleware/auth_context.py:478}}
May 25 16:50:23.528719 dv-neutron-843252-3-hyperv devstack@keystone.service[80621]: DEBUG keystone.server.flask.request_processing.req_logging [None req-ecb19f4e-42a8-455d-be87-05082b0d433f None admin] REQUEST_METHOD: `GET` {{(pid=80621) log_request_info /opt/stack/keystone/keystone/server/flask/request_processing/req_logging.py:27}}
May 25 16:50:23.529009 dv-neutron-843252-3-hyperv devstack@keystone.service[80621]: DEBUG keystone.server.flask.request_processing.req_logging [None req-ecb19f4e-42a8-455d-be87-05082b0d433f None admin] SCRIPT_NAME: `/identity` {{(pid=80621) log_request_info /opt/stack/keystone/keystone/server/flask/request_processing/req_logging.py:28}}
May 25 16:50:23.529282 dv-neutron-843252-3-hyperv devstack@keystone.service[80621]: DEBUG keystone.server.flask.request_processing.req_logging [None req-ecb19f4e-42a8-455d-be87-05082b0d433f None admin] PATH_INFO: `/v3/users/1601c40eb1b44657b8cec3add2cc719d` {{(pid=80621) log_request_info /opt/stack/keystone/keystone/server/flask/request_processing/req_logging.py:29}}
May 25 16:50:23.530588 dv-neutron-843252-3-hyperv devstack@keystone.service[80621]: DEBUG keystone.common.rbac_enforcer.enforcer [None req-ecb19f4e-42a8-455d-be87-05082b0d433f None admin] RBAC: Authorizing `identity:get_user(user_id=1601c40eb1b44657b8cec3add2cc719d)` {{(pid=80621) enforce_call /opt/stack/keystone/keystone/common/rbac_enforcer/enforcer.py:449}}
May 25 16:50:23.532059 dv-neutron-843252-3-hyperv devstack@keystone.service[80621]: DEBUG keystone.common.rbac_enforcer.enforcer [None req-ecb19f4e-42a8-455d-be87-05082b0d433f None admin] RBAC: Authorization granted {{(pid=80621) enforce_call /opt/stack/keystone/keystone/common/rbac_enforcer/enforcer.py:457}}
May 25 16:50:23.534340 dv-neutron-843252-3-hyperv devstack@keystone.service[80621]: [pid: 80621|app: 0|req: 75/134] 10.222.0.53 () {56 vars in 1177 bytes} [Wed May 25 16:50:23 2022] GET /identity/v3/users/1601c40eb1b44657b8cec3add2cc719d => generated 275 bytes in 203 msecs (HTTP/1.1 200) 5 headers in 177 bytes (1 switches on core 0)
May 25 16:50:23.535703 dv-neutron-843252-3-hyperv devstack@keystone.service[80621]: DEBUG keystone.server.flask.request_processing.req_logging [None req-fe5a06d4-afa7-4f34-b703-f68fb303c369 None None] REQUEST_METHOD: `GET` {{(pid=80621) log_request_info /opt/stack/keystone/keystone/server/flask/request_processing/req_logging.py:27}}
May 25 16:50:23.536048 dv-neutron-843252-3-hyperv devstack@keystone.service[80621]: DEBUG keystone.server.flask.request_processing.req_logging [None req-fe5a06d4-afa7-4f34-b703-f68fb303c369 None None] SCRIPT_NAME: `/identity` {{(pid=80621) log_request_info /opt/stack/keystone/keystone/server/flask/request_processing/req_logging.py:28}}
May 25 16:50:23.536326 dv-neutron-843252-3-hyperv devstack@keystone.service[80621]: DEBUG keystone.server.flask.request_processing.req_logging [None req-fe5a06d4-afa7-4f34-b703-f68fb303c369 None None] PATH_INFO: `/` {{(pid=80621) log_request_info /opt/stack/keystone/keystone/server/flask/request_processing/req_logging.py:29}}
May 25 16:50:23.537569 dv-neutron-843252-3-hyperv devstack@keystone.service[80621]: [pid: 80621|app: 0|req: 76/135] 10.222.0.53 () {54 vars in 926 bytes} [Wed May 25 16:50:23 2022] GET /identity => generated 270 bytes in 3 msecs (HTTP/1.1 300) 6 headers in 234 bytes (1 switches on core 0)
May 25 16:50:23.543009 dv-neutron-843252-3-hyperv devstack@keystone.service[80621]: DEBUG keystone.server.flask.request_processing.middleware.auth_context [None req-fe5a06d4-afa7-4f34-b703-f68fb303c369 None None] Authenticating user token {{(pid=80621) process_request /usr/local/lib/python3.8/dist-packages/keystonemiddleware/auth_token/__init__.py:407}}
May 25 16:50:23.553486 dv-neutron-843252-3-hyperv devstack@keystone.service[80621]: DEBUG dbcounter [-] [80621] Writing DB stats keystone:SELECT=100 {{(pid=80621) stat_writer /usr/local/lib/python3.8/dist-packages/dbcounter.py:114}}
May 25 16:50:23.626970 dv-neutron-843252-3-hyperv devstack@keystone.service[80622]: DEBUG keystone.server.flask.request_processing.middleware.auth_context [None req-205d23c2-c2f5-4871-ad20-24c4abda97f3 None admin] Validating token access rules against request {{(pid=80622) validate_allowed_request /usr/local/lib/python3.8/dist-packages/keystonemiddleware/auth_token/__init__.py:545}}
May 25 16:50:23.683370 dv-neutron-843252-3-hyperv devstack@keystone.service[80621]: DEBUG keystone.server.flask.request_processing.middleware.auth_context [None req-fe5a06d4-afa7-4f34-b703-f68fb303c369 None None] Validating token access rules against request {{(pid=80621) validate_allowed_request /usr/local/lib/python3.8/dist-packages/keystonemiddleware/auth_token/__init__.py:545}}
May 25 16:50:23.708529 dv-neutron-843252-3-hyperv devstack@keystone.service[80622]: DEBUG keystone.server.flask.request_processing.middleware.auth_context [None req-817468e7-e59f-4ff0-a475-b34979b534d0 None admin] RBAC: auth_context: {'token': , 'domain_id': None, 'trust_id': None, 'trustor_id': None, 'trustee_id': None, 'domain_name': None, 'group_ids': [], 'user_id': '09a6fb8e5b0d439e8d31e4f078ba366c', 'user_domain_id': 'default', 'system_scope': 'all', 'project_id': None, 'project_domain_id': None, 'roles': ['admin', 'member', 'reader'], 'is_admin_project': True, 'service_user_id': None, 'service_user_domain_id': None, 'service_project_id': None, 'service_project_domain_id': None, 'service_roles': []} {{(pid=80622) fill_context /opt/stack/keystone/keystone/server/flask/request_processing/middleware/auth_context.py:478}}
May 25 16:50:23.709448 dv-neutron-843252-3-hyperv devstack@keystone.service[80622]: DEBUG keystone.server.flask.request_processing.req_logging [None req-817468e7-e59f-4ff0-a475-b34979b534d0 None admin] REQUEST_METHOD: `PUT` {{(pid=80622) log_request_info /opt/stack/keystone/keystone/server/flask/request_processing/req_logging.py:27}}
May 25 16:50:23.709726 dv-neutron-843252-3-hyperv devstack@keystone.service[80622]: DEBUG keystone.server.flask.request_processing.req_logging [None req-817468e7-e59f-4ff0-a475-b34979b534d0 None admin] SCRIPT_NAME: `/identity` {{(pid=80622) log_request_info /opt/stack/keystone/keystone/server/flask/request_processing/req_logging.py:28}}
May 25 16:50:23.710001 dv-neutron-843252-3-hyperv devstack@keystone.service[80622]: DEBUG keystone.server.flask.request_processing.req_logging [None req-817468e7-e59f-4ff0-a475-b34979b534d0 None admin] PATH_INFO: `/v3/projects/e6bf0fda35c540b0a63b047e103204e0/users/1601c40eb1b44657b8cec3add2cc719d/roles/ba4629922e2b4e45a16e84dcf5c89390` {{(pid=80622) log_request_info /opt/stack/keystone/keystone/server/flask/request_processing/req_logging.py:29}}
May 25 16:50:23.716383 dv-neutron-843252-3-hyperv devstack@keystone.service[80622]: DEBUG keystone.common.rbac_enforcer.enforcer [None req-817468e7-e59f-4ff0-a475-b34979b534d0 None admin] RBAC: Authorizing `identity:create_grant(project_id=e6bf0fda35c540b0a63b047e103204e0, user_id=1601c40eb1b44657b8cec3add2cc719d, role_id=ba4629922e2b4e45a16e84dcf5c89390)` {{(pid=80622) enforce_call /opt/stack/keystone/keystone/common/rbac_enforcer/enforcer.py:449}}
May 25 16:50:23.717806 dv-neutron-843252-3-hyperv devstack@keystone.service[80622]: DEBUG keystone.common.rbac_enforcer.enforcer [None req-817468e7-e59f-4ff0-a475-b34979b534d0 None admin] RBAC: Authorization granted {{(pid=80622) enforce_call /opt/stack/keystone/keystone/common/rbac_enforcer/enforcer.py:457}}
May 25 16:50:23.744630 dv-neutron-843252-3-hyperv devstack@keystone.service[80621]: DEBUG keystone.server.flask.request_processing.middleware.auth_context [None req-4e00cf15-dcc9-4e08-b363-3457bfa82c8b None admin] RBAC: auth_context: {'token': , 'domain_id': None, 'trust_id': None, 'trustor_id': None, 'trustee_id': None, 'domain_name': None, 'group_ids': [], 'user_id': '09a6fb8e5b0d439e8d31e4f078ba366c', 'user_domain_id': 'default', 'system_scope': 'all', 'project_id': None, 'project_domain_id': None, 'roles': ['admin', 'member', 'reader'], 'is_admin_project': True, 'service_user_id': None, 'service_user_domain_id': None, 'service_project_id': None, 'service_project_domain_id': None, 'service_roles': []} {{(pid=80621) fill_context /opt/stack/keystone/keystone/server/flask/request_processing/middleware/auth_context.py:478}}
May 25 16:50:23.745603 dv-neutron-843252-3-hyperv devstack@keystone.service[80621]: DEBUG keystone.server.flask.request_processing.req_logging [None req-4e00cf15-dcc9-4e08-b363-3457bfa82c8b None admin] REQUEST_METHOD: `GET` {{(pid=80621) log_request_info /opt/stack/keystone/keystone/server/flask/request_processing/req_logging.py:27}}
May 25 16:50:23.745886 dv-neutron-843252-3-hyperv devstack@keystone.service[80621]: DEBUG keystone.server.flask.request_processing.req_logging [None req-4e00cf15-dcc9-4e08-b363-3457bfa82c8b None admin] SCRIPT_NAME: `/identity` {{(pid=80621) log_request_info /opt/stack/keystone/keystone/server/flask/request_processing/req_logging.py:28}}
May 25 16:50:23.746159 dv-neutron-843252-3-hyperv devstack@keystone.service[80621]: DEBUG keystone.server.flask.request_processing.req_logging [None req-4e00cf15-dcc9-4e08-b363-3457bfa82c8b None admin] PATH_INFO: `/v3/projects/86a99a88556f46eea332aa8cfbb0feea` {{(pid=80621) log_request_info /opt/stack/keystone/keystone/server/flask/request_processing/req_logging.py:29}}
May 25 16:50:23.747456 dv-neutron-843252-3-hyperv devstack@keystone.service[80621]: DEBUG keystone.common.rbac_enforcer.enforcer [None req-4e00cf15-dcc9-4e08-b363-3457bfa82c8b None admin] RBAC: Authorizing `identity:get_project(project_id=86a99a88556f46eea332aa8cfbb0feea)` {{(pid=80621) enforce_call /opt/stack/keystone/keystone/common/rbac_enforcer/enforcer.py:449}}
May 25 16:50:23.748925 dv-neutron-843252-3-hyperv devstack@keystone.service[80621]: DEBUG keystone.common.rbac_enforcer.enforcer [None req-4e00cf15-dcc9-4e08-b363-3457bfa82c8b None admin] RBAC: Authorization granted {{(pid=80621) enforce_call /opt/stack/keystone/keystone/common/rbac_enforcer/enforcer.py:457}}
May 25 16:50:23.751104 dv-neutron-843252-3-hyperv devstack@keystone.service[80621]: [pid: 80621|app: 0|req: 77/136] 10.222.0.53 () {56 vars in 1186 bytes} [Wed May 25 16:50:23 2022] GET /identity/v3/projects/86a99a88556f46eea332aa8cfbb0feea => generated 298 bytes in 208 msecs (HTTP/1.1 200) 5 headers in 177 bytes (1 switches on core 0)
May 25 16:50:23.752460 dv-neutron-843252-3-hyperv devstack@keystone.service[80621]: DEBUG keystone.server.flask.request_processing.req_logging [None req-48fed7a0-71a6-4326-b729-9627deab68da None None] REQUEST_METHOD: `POST` {{(pid=80621) log_request_info /opt/stack/keystone/keystone/server/flask/request_processing/req_logging.py:27}}
May 25 16:50:23.752846 dv-neutron-843252-3-hyperv devstack@keystone.service[80621]: DEBUG keystone.server.flask.request_processing.req_logging [None req-48fed7a0-71a6-4326-b729-9627deab68da None None] SCRIPT_NAME: `/identity` {{(pid=80621) log_request_info /opt/stack/keystone/keystone/server/flask/request_processing/req_logging.py:28}}
May 25 16:50:23.753128 dv-neutron-843252-3-hyperv devstack@keystone.service[80621]: DEBUG keystone.server.flask.request_processing.req_logging [None req-48fed7a0-71a6-4326-b729-9627deab68da None None] PATH_INFO: `/v3/auth/tokens` {{(pid=80621) log_request_info /opt/stack/keystone/keystone/server/flask/request_processing/req_logging.py:29}}
May 25 16:50:23.773459 dv-neutron-843252-3-hyperv devstack@keystone.service[80621]: DEBUG keystone.auth.core [None req-48fed7a0-71a6-4326-b729-9627deab68da None None] MFA Rules not processed for user `09a6fb8e5b0d439e8d31e4f078ba366c`. Rule list: `[]` (Enabled: `True`). {{(pid=80621) check_auth_methods_against_rules /opt/stack/keystone/keystone/auth/core.py:438}}
May 25 16:50:23.775682 dv-neutron-843252-3-hyperv devstack@keystone.service[80621]: DEBUG keystone.common.fernet_utils [None req-48fed7a0-71a6-4326-b729-9627deab68da None None] Loaded 2 Fernet keys from /etc/keystone/fernet-keys/, but `[fernet_tokens] max_active_keys = 3`; perhaps there have not been enough key rotations to reach `max_active_keys` yet? {{(pid=80621) load_keys /opt/stack/keystone/keystone/common/fernet_utils.py:286}}
May 25 16:50:23.813484 dv-neutron-843252-3-hyperv devstack@keystone.service[80622]: [pid: 80622|app: 0|req: 60/137] 10.222.0.53 () {58 vars in 1439 bytes} [Wed May 25 16:50:23 2022] PUT /identity/v3/projects/e6bf0fda35c540b0a63b047e103204e0/users/1601c40eb1b44657b8cec3add2cc719d/roles/ba4629922e2b4e45a16e84dcf5c89390 => generated 0 bytes in 352 msecs (HTTP/1.1 204) 3 headers in 132 bytes (0 switches on core 0)
May 25 16:50:23.815050 dv-neutron-843252-3-hyperv devstack@keystone.service[80622]: DEBUG keystone.server.flask.request_processing.middleware.auth_context [None req-817468e7-e59f-4ff0-a475-b34979b534d0 None admin] Authenticating user token {{(pid=80622) process_request /usr/local/lib/python3.8/dist-packages/keystonemiddleware/auth_token/__init__.py:407}}
May 25 16:50:23.856483 dv-neutron-843252-3-hyperv devstack@keystone.service[80621]: [pid: 80621|app: 0|req: 78/138] 10.222.0.53 () {58 vars in 1023 bytes} [Wed May 25 16:50:23 2022] POST /identity/v3/auth/tokens => generated 799 bytes in 105 msecs (HTTP/1.1 201) 6 headers in 363 bytes (1 switches on core 0)
May 25 16:50:23.885561 dv-neutron-843252-3-hyperv devstack@keystone.service[80621]: DEBUG keystone.server.flask.request_processing.middleware.auth_context [None req-48fed7a0-71a6-4326-b729-9627deab68da None None] Authenticating user token {{(pid=80621) process_request /usr/local/lib/python3.8/dist-packages/keystonemiddleware/auth_token/__init__.py:407}}
May 25 16:50:23.890124 dv-neutron-843252-3-hyperv devstack@keystone.service[80621]: DEBUG dbcounter [-] [80621] Writing DB stats keystone:SELECT=100 {{(pid=80621) stat_writer /usr/local/lib/python3.8/dist-packages/dbcounter.py:114}}
May 25 16:50:23.923470 dv-neutron-843252-3-hyperv devstack@keystone.service[80622]: DEBUG dbcounter [-] [80622] Writing DB stats keystone:SELECT=99,keystone:INSERT=1 {{(pid=80622) stat_writer /usr/local/lib/python3.8/dist-packages/dbcounter.py:114}}
May 25 16:50:23.951247 dv-neutron-843252-3-hyperv devstack@keystone.service[80622]: DEBUG keystone.server.flask.request_processing.middleware.auth_context [None req-817468e7-e59f-4ff0-a475-b34979b534d0 None admin] Validating token access rules against request {{(pid=80622) validate_allowed_request /usr/local/lib/python3.8/dist-packages/keystonemiddleware/auth_token/__init__.py:545}}
May 25 16:50:23.994596 dv-neutron-843252-3-hyperv devstack@keystone.service[80622]: DEBUG keystone.server.flask.request_processing.middleware.auth_context [None req-31ca3176-f5cf-49c9-918e-8bbca2b15897 None admin] RBAC: auth_context: {'token': , 'domain_id': None, 'trust_id': None, 'trustor_id': None, 'trustee_id': None, 'domain_name': None, 'group_ids': [], 'user_id': '09a6fb8e5b0d439e8d31e4f078ba366c', 'user_domain_id': 'default', 'system_scope': 'all', 'project_id': None, 'project_domain_id': None, 'roles': ['admin', 'member', 'reader'], 'is_admin_project': True, 'service_user_id': None, 'service_user_domain_id': None, 'service_project_id': None, 'service_project_domain_id': None, 'service_roles': []} {{(pid=80622) fill_context /opt/stack/keystone/keystone/server/flask/request_processing/middleware/auth_context.py:478}}
May 25 16:50:23.995417 dv-neutron-843252-3-hyperv devstack@keystone.service[80622]: DEBUG keystone.server.flask.request_processing.req_logging [None req-31ca3176-f5cf-49c9-918e-8bbca2b15897 None admin] REQUEST_METHOD: `PUT` {{(pid=80622) log_request_info /opt/stack/keystone/keystone/server/flask/request_processing/req_logging.py:27}}
May 25 16:50:23.995703 dv-neutron-843252-3-hyperv devstack@keystone.service[80622]: DEBUG keystone.server.flask.request_processing.req_logging [None req-31ca3176-f5cf-49c9-918e-8bbca2b15897 None admin] SCRIPT_NAME: `/identity` {{(pid=80622) log_request_info /opt/stack/keystone/keystone/server/flask/request_processing/req_logging.py:28}}
May 25 16:50:23.995982 dv-neutron-843252-3-hyperv devstack@keystone.service[80622]: DEBUG keystone.server.flask.request_processing.req_logging [None req-31ca3176-f5cf-49c9-918e-8bbca2b15897 None admin] PATH_INFO: `/v3/projects/86a99a88556f46eea332aa8cfbb0feea/users/1601c40eb1b44657b8cec3add2cc719d/roles/17529c583eaf45e0865e03baf745fa6a` {{(pid=80622) log_request_info /opt/stack/keystone/keystone/server/flask/request_processing/req_logging.py:29}}
May 25 16:50:23.998401 dv-neutron-843252-3-hyperv devstack@keystone.service[80622]: DEBUG keystone.common.rbac_enforcer.enforcer [None req-31ca3176-f5cf-49c9-918e-8bbca2b15897 None admin] RBAC: Authorizing `identity:create_grant(project_id=86a99a88556f46eea332aa8cfbb0feea, user_id=1601c40eb1b44657b8cec3add2cc719d, role_id=17529c583eaf45e0865e03baf745fa6a)` {{(pid=80622) enforce_call /opt/stack/keystone/keystone/common/rbac_enforcer/enforcer.py:449}}
May 25 16:50:24.000822 dv-neutron-843252-3-hyperv devstack@keystone.service[80622]: DEBUG keystone.common.rbac_enforcer.enforcer [None req-31ca3176-f5cf-49c9-918e-8bbca2b15897 None admin] RBAC: Authorization granted {{(pid=80622) enforce_call /opt/stack/keystone/keystone/common/rbac_enforcer/enforcer.py:457}}
May 25 16:50:24.026012 dv-neutron-843252-3-hyperv devstack@keystone.service[80621]: DEBUG keystone.server.flask.request_processing.middleware.auth_context [None req-48fed7a0-71a6-4326-b729-9627deab68da None None] Validating token access rules against request {{(pid=80621) validate_allowed_request /usr/local/lib/python3.8/dist-packages/keystonemiddleware/auth_token/__init__.py:545}}
