May 25 16:50:16.329999 dv-neutron-843252-3-hyperv devstack@keystone.service[80621]: ERROR keystone.server.flask.application [None req-454961cf-6b53-42f7-8aee-24f33c0196f3 None admin] Could not find role: member.: keystone.exception.RoleNotFound: Could not find role: member.
May 25 16:50:16.329999 dv-neutron-843252-3-hyperv devstack@keystone.service[80621]: ERROR keystone.server.flask.application
Traceback (most recent call last):
May 25 16:50:16.329999 dv-neutron-843252-3-hyperv devstack@keystone.service[80621]: ERROR keystone.server.flask.application
File "/usr/local/lib/python3.8/dist-packages/flask/app.py", line 1523, in full_dispatch_request
May 25 16:50:16.329999 dv-neutron-843252-3-hyperv devstack@keystone.service[80621]: ERROR keystone.server.flask.application rv = self.dispatch_request()
May 25 16:50:16.329999 dv-neutron-843252-3-hyperv devstack@keystone.service[80621]: ERROR keystone.server.flask.application
File "/usr/local/lib/python3.8/dist-packages/flask/app.py", line 1509, in dispatch_request
May 25 16:50:16.329999 dv-neutron-843252-3-hyperv devstack@keystone.service[80621]: ERROR keystone.server.flask.application return self.ensure_sync(self.view_functions[rule.endpoint])(**req.view_args)
May 25 16:50:16.329999 dv-neutron-843252-3-hyperv devstack@keystone.service[80621]: ERROR keystone.server.flask.application
File "/usr/local/lib/python3.8/dist-packages/flask_restful/__init__.py", line 467, in wrapper
May 25 16:50:16.329999 dv-neutron-843252-3-hyperv devstack@keystone.service[80621]: ERROR keystone.server.flask.application resp = resource(*args, **kwargs)
May 25 16:50:16.329999 dv-neutron-843252-3-hyperv devstack@keystone.service[80621]: ERROR keystone.server.flask.application
File "/usr/local/lib/python3.8/dist-packages/flask/views.py", line 84, in view
May 25 16:50:16.329999 dv-neutron-843252-3-hyperv devstack@keystone.service[80621]: ERROR keystone.server.flask.application return current_app.ensure_sync(self.dispatch_request)(*args, **kwargs)
May 25 16:50:16.329999 dv-neutron-843252-3-hyperv devstack@keystone.service[80621]: ERROR keystone.server.flask.application
File "/usr/local/lib/python3.8/dist-packages/flask_restful/__init__.py", line 582, in dispatch_request
May 25 16:50:16.329999 dv-neutron-843252-3-hyperv devstack@keystone.service[80621]: ERROR keystone.server.flask.application resp = meth(*args, **kwargs)
May 25 16:50:16.329999 dv-neutron-843252-3-hyperv devstack@keystone.service[80621]: ERROR keystone.server.flask.application
File "/opt/stack/keystone/keystone/api/roles.py", line 50, in get
May 25 16:50:16.329999 dv-neutron-843252-3-hyperv devstack@keystone.service[80621]: ERROR keystone.server.flask.application return self._get_role(role_id)
May 25 16:50:16.329999 dv-neutron-843252-3-hyperv devstack@keystone.service[80621]: ERROR keystone.server.flask.application
File "/opt/stack/keystone/keystone/api/roles.py", line 70, in _get_role
May 25 16:50:16.329999 dv-neutron-843252-3-hyperv devstack@keystone.service[80621]: ERROR keystone.server.flask.application ENFORCER.enforce_call(action='identity:get_role')
May 25 16:50:16.331045 dv-neutron-843252-3-hyperv devstack@keystone.service[80621]: ERROR keystone.server.flask.application
File "/opt/stack/keystone/keystone/common/rbac_enforcer/enforcer.py", line 402, in enforce_call
May 25 16:50:16.331045 dv-neutron-843252-3-hyperv devstack@keystone.service[80621]: ERROR keystone.server.flask.application policy_dict.update(cls._extract_member_target_data(
May 25 16:50:16.331045 dv-neutron-843252-3-hyperv devstack@keystone.service[80621]: ERROR keystone.server.flask.application
File "/opt/stack/keystone/keystone/common/rbac_enforcer/enforcer.py", line 234, in _extract_member_target_data
May 25 16:50:16.331045 dv-neutron-843252-3-hyperv devstack@keystone.service[80621]: ERROR keystone.server.flask.application member_name: func(flask.request.view_args[key])
May 25 16:50:16.331045 dv-neutron-843252-3-hyperv devstack@keystone.service[80621]: ERROR keystone.server.flask.application
File "/opt/stack/keystone/keystone/common/manager.py", line 115, in wrapped
May 25 16:50:16.331045 dv-neutron-843252-3-hyperv devstack@keystone.service[80621]: ERROR keystone.server.flask.application __ret_val = __f(*args, **kwargs)
May 25 16:50:16.331045 dv-neutron-843252-3-hyperv devstack@keystone.service[80621]: ERROR keystone.server.flask.application
File "/usr/local/lib/python3.8/dist-packages/decorator.py", line 232, in fun
May 25 16:50:16.331045 dv-neutron-843252-3-hyperv devstack@keystone.service[80621]: ERROR keystone.server.flask.application return caller(func, *(extras + args), **kw)
May 25 16:50:16.331045 dv-neutron-843252-3-hyperv devstack@keystone.service[80621]: ERROR keystone.server.flask.application
File "/usr/local/lib/python3.8/dist-packages/dogpile/cache/region.py", line 1577, in get_or_create_for_user_func
May 25 16:50:16.331045 dv-neutron-843252-3-hyperv devstack@keystone.service[80621]: ERROR keystone.server.flask.application return self.get_or_create(
May 25 16:50:16.331045 dv-neutron-843252-3-hyperv devstack@keystone.service[80621]: ERROR keystone.server.flask.application
File "/usr/local/lib/python3.8/dist-packages/dogpile/cache/region.py", line 1042, in get_or_create
May 25 16:50:16.331045 dv-neutron-843252-3-hyperv devstack@keystone.service[80621]: ERROR keystone.server.flask.application with Lock(
May 25 16:50:16.331045 dv-neutron-843252-3-hyperv devstack@keystone.service[80621]: ERROR keystone.server.flask.application
File "/usr/local/lib/python3.8/dist-packages/dogpile/lock.py", line 185, in __enter__
May 25 16:50:16.331045 dv-neutron-843252-3-hyperv devstack@keystone.service[80621]: ERROR keystone.server.flask.application return self._enter()
May 25 16:50:16.331045 dv-neutron-843252-3-hyperv devstack@keystone.service[80621]: ERROR keystone.server.flask.application
File "/usr/local/lib/python3.8/dist-packages/dogpile/lock.py", line 94, in _enter
May 25 16:50:16.331045 dv-neutron-843252-3-hyperv devstack@keystone.service[80621]: ERROR keystone.server.flask.application generated = self._enter_create(value, createdtime)
May 25 16:50:16.332359 dv-neutron-843252-3-hyperv devstack@keystone.service[80621]: ERROR keystone.server.flask.application
File "/usr/local/lib/python3.8/dist-packages/dogpile/lock.py", line 178, in _enter_create
May 25 16:50:16.332359 dv-neutron-843252-3-hyperv devstack@keystone.service[80621]: ERROR keystone.server.flask.application return self.creator()
May 25 16:50:16.332359 dv-neutron-843252-3-hyperv devstack@keystone.service[80621]: ERROR keystone.server.flask.application
File "/usr/local/lib/python3.8/dist-packages/dogpile/cache/region.py", line 995, in gen_value
May 25 16:50:16.332359 dv-neutron-843252-3-hyperv devstack@keystone.service[80621]: ERROR keystone.server.flask.application created_value = creator(
May 25 16:50:16.332359 dv-neutron-843252-3-hyperv devstack@keystone.service[80621]: ERROR keystone.server.flask.application
File "/opt/stack/keystone/keystone/assignment/core.py", line 1276, in get_role
May 25 16:50:16.332359 dv-neutron-843252-3-hyperv devstack@keystone.service[80621]: ERROR keystone.server.flask.application return self.driver.get_role(role_id)
May 25 16:50:16.332359 dv-neutron-843252-3-hyperv devstack@keystone.service[80621]: ERROR keystone.server.flask.application
File "/opt/stack/keystone/keystone/assignment/role_backends/sql.py", line 70, in get_role
May 25 16:50:16.332359 dv-neutron-843252-3-hyperv devstack@keystone.service[80621]: ERROR keystone.server.flask.application return self._get_role(session, role_id).to_dict()
May 25 16:50:16.332359 dv-neutron-843252-3-hyperv devstack@keystone.service[80621]: ERROR keystone.server.flask.application
File "/opt/stack/keystone/keystone/assignment/role_backends/sql.py", line 65, in _get_role
May 25 16:50:16.332359 dv-neutron-843252-3-hyperv devstack@keystone.service[80621]: ERROR keystone.server.flask.application raise exception.RoleNotFound(role_id=role_id)
May 25 16:50:16.332359 dv-neutron-843252-3-hyperv devstack@keystone.service[80621]: ERROR keystone.server.flask.application keystone.exception.RoleNotFound: Could not find role: member.
May 25 16:50:16.332359 dv-neutron-843252-3-hyperv devstack@keystone.service[80621]: ERROR keystone.server.flask.application
May 25 16:50:16.332359 dv-neutron-843252-3-hyperv devstack@keystone.service[80621]: [pid: 80621|app: 0|req: 45/80] 10.222.0.53 () {56 vars in 1099 bytes} [Wed May 25 16:50:16 2022] GET /identity/v3/roles/member => generated 84 bytes in 151 msecs (HTTP/1.1 404) 5 headers in 183 bytes (1 switches on core 0)
May 25 16:50:16.332979 dv-neutron-843252-3-hyperv devstack@keystone.service[80621]: DEBUG keystone.server.flask.request_processing.middleware.auth_context [None req-454961cf-6b53-42f7-8aee-24f33c0196f3 None admin] Authenticating user token {{(pid=80621) process_request /usr/local/lib/python3.8/dist-packages/keystonemiddleware/auth_token/__init__.py:407}}
May 25 16:50:16.384794 dv-neutron-843252-3-hyperv devstack@keystone.service[80622]: DEBUG keystone.server.flask.request_processing.middleware.auth_context [None req-fc2c4197-08d9-4339-b4af-e6f71ce3e00b None admin] Validating token access rules against request {{(pid=80622) validate_allowed_request /usr/local/lib/python3.8/dist-packages/keystonemiddleware/auth_token/__init__.py:545}}
May 25 16:50:16.418476 dv-neutron-843252-3-hyperv devstack@keystone.service[80622]: DEBUG keystone.server.flask.request_processing.middleware.auth_context [None req-e699c75a-82c2-443e-8d8d-dd144440b532 None admin] RBAC: auth_context: {'token': , 'domain_id': None, 'trust_id': None, 'trustor_id': None, 'trustee_id': None, 'domain_name': None, 'group_ids': [], 'user_id': '09a6fb8e5b0d439e8d31e4f078ba366c', 'user_domain_id': 'default', 'system_scope': 'all', 'project_id': None, 'project_domain_id': None, 'roles': ['admin', 'member', 'reader'], 'is_admin_project': True, 'service_user_id': None, 'service_user_domain_id': None, 'service_project_id': None, 'service_project_domain_id': None, 'service_roles': []} {{(pid=80622) fill_context /opt/stack/keystone/keystone/server/flask/request_processing/middleware/auth_context.py:478}}
May 25 16:50:16.419125 dv-neutron-843252-3-hyperv devstack@keystone.service[80622]: DEBUG keystone.server.flask.request_processing.req_logging [None req-e699c75a-82c2-443e-8d8d-dd144440b532 None admin] REQUEST_METHOD: `GET` {{(pid=80622) log_request_info /opt/stack/keystone/keystone/server/flask/request_processing/req_logging.py:27}}
May 25 16:50:16.419411 dv-neutron-843252-3-hyperv devstack@keystone.service[80622]: DEBUG keystone.server.flask.request_processing.req_logging [None req-e699c75a-82c2-443e-8d8d-dd144440b532 None admin] SCRIPT_NAME: `/identity` {{(pid=80622) log_request_info /opt/stack/keystone/keystone/server/flask/request_processing/req_logging.py:28}}
May 25 16:50:16.419697 dv-neutron-843252-3-hyperv devstack@keystone.service[80622]: DEBUG keystone.server.flask.request_processing.req_logging [None req-e699c75a-82c2-443e-8d8d-dd144440b532 None admin] PATH_INFO: `/v3/auth/tokens` {{(pid=80622) log_request_info /opt/stack/keystone/keystone/server/flask/request_processing/req_logging.py:29}}
May 25 16:50:16.431197 dv-neutron-843252-3-hyperv devstack@keystone.service[80621]: DEBUG keystone.server.flask.request_processing.middleware.auth_context [None req-454961cf-6b53-42f7-8aee-24f33c0196f3 None admin] Validating token access rules against request {{(pid=80621) validate_allowed_request /usr/local/lib/python3.8/dist-packages/keystonemiddleware/auth_token/__init__.py:545}}
May 25 16:50:16.463219 dv-neutron-843252-3-hyperv devstack@keystone.service[80621]: DEBUG keystone.server.flask.request_processing.middleware.auth_context [None req-ac2cff72-fba4-4205-b658-4c3189e60c33 None admin] RBAC: auth_context: {'token': , 'domain_id': None, 'trust_id': None, 'trustor_id': None, 'trustee_id': None, 'domain_name': None, 'group_ids': [], 'user_id': '09a6fb8e5b0d439e8d31e4f078ba366c', 'user_domain_id': 'default', 'system_scope': 'all', 'project_id': None, 'project_domain_id': None, 'roles': ['admin', 'member', 'reader'], 'is_admin_project': True, 'service_user_id': None, 'service_user_domain_id': None, 'service_project_id': None, 'service_project_domain_id': None, 'service_roles': []} {{(pid=80621) fill_context /opt/stack/keystone/keystone/server/flask/request_processing/middleware/auth_context.py:478}}
May 25 16:50:16.463998 dv-neutron-843252-3-hyperv devstack@keystone.service[80621]: DEBUG keystone.server.flask.request_processing.req_logging [None req-ac2cff72-fba4-4205-b658-4c3189e60c33 None admin] REQUEST_METHOD: `GET` {{(pid=80621) log_request_info /opt/stack/keystone/keystone/server/flask/request_processing/req_logging.py:27}}
May 25 16:50:16.464280 dv-neutron-843252-3-hyperv devstack@keystone.service[80621]: DEBUG keystone.server.flask.request_processing.req_logging [None req-ac2cff72-fba4-4205-b658-4c3189e60c33 None admin] SCRIPT_NAME: `/identity` {{(pid=80621) log_request_info /opt/stack/keystone/keystone/server/flask/request_processing/req_logging.py:28}}
May 25 16:50:16.464560 dv-neutron-843252-3-hyperv devstack@keystone.service[80621]: DEBUG keystone.server.flask.request_processing.req_logging [None req-ac2cff72-fba4-4205-b658-4c3189e60c33 None admin] PATH_INFO: `/v3/domains/default` {{(pid=80621) log_request_info /opt/stack/keystone/keystone/server/flask/request_processing/req_logging.py:29}}
May 25 16:50:16.465724 dv-neutron-843252-3-hyperv devstack@keystone.service[80621]: DEBUG keystone.common.rbac_enforcer.enforcer [None req-ac2cff72-fba4-4205-b658-4c3189e60c33 None admin] RBAC: Authorizing `identity:get_domain(domain_id=default)` {{(pid=80621) enforce_call /opt/stack/keystone/keystone/common/rbac_enforcer/enforcer.py:449}}
May 25 16:50:16.467210 dv-neutron-843252-3-hyperv devstack@keystone.service[80621]: DEBUG keystone.common.rbac_enforcer.enforcer [None req-ac2cff72-fba4-4205-b658-4c3189e60c33 None admin] RBAC: Authorization granted {{(pid=80621) enforce_call /opt/stack/keystone/keystone/common/rbac_enforcer/enforcer.py:457}}
May 25 16:50:16.468805 dv-neutron-843252-3-hyperv devstack@keystone.service[80621]: [pid: 80621|app: 0|req: 46/81] 10.222.0.53 () {56 vars in 1108 bytes} [Wed May 25 16:50:16 2022] GET /identity/v3/domains/default => generated 199 bytes in 137 msecs (HTTP/1.1 200) 5 headers in 177 bytes (1 switches on core 0)
May 25 16:50:16.469563 dv-neutron-843252-3-hyperv devstack@keystone.service[80621]: DEBUG keystone.server.flask.request_processing.middleware.auth_context [None req-ac2cff72-fba4-4205-b658-4c3189e60c33 None admin] Authenticating user token {{(pid=80621) process_request /usr/local/lib/python3.8/dist-packages/keystonemiddleware/auth_token/__init__.py:407}}
May 25 16:50:16.479116 dv-neutron-843252-3-hyperv devstack@keystone.service[80622]: DEBUG dbcounter [-] [80622] Writing DB stats keystone:SELECT=100 {{(pid=80622) stat_writer /usr/local/lib/python3.8/dist-packages/dbcounter.py:114}}
May 25 16:50:16.486530 dv-neutron-843252-3-hyperv devstack@keystone.service[80622]: DEBUG keystone.common.rbac_enforcer.enforcer [None req-e699c75a-82c2-443e-8d8d-dd144440b532 None admin] RBAC: Authorizing `identity:validate_token()` {{(pid=80622) enforce_call /opt/stack/keystone/keystone/common/rbac_enforcer/enforcer.py:449}}
May 25 16:50:16.488020 dv-neutron-843252-3-hyperv devstack@keystone.service[80622]: DEBUG keystone.common.rbac_enforcer.enforcer [None req-e699c75a-82c2-443e-8d8d-dd144440b532 None admin] RBAC: Authorization granted {{(pid=80622) enforce_call /opt/stack/keystone/keystone/common/rbac_enforcer/enforcer.py:457}}
May 25 16:50:16.524193 dv-neutron-843252-3-hyperv devstack@keystone.service[80621]: DEBUG dbcounter [-] [80621] Writing DB stats keystone:SELECT=100 {{(pid=80621) stat_writer /usr/local/lib/python3.8/dist-packages/dbcounter.py:114}}
May 25 16:50:16.566605 dv-neutron-843252-3-hyperv devstack@keystone.service[80621]: DEBUG keystone.server.flask.request_processing.middleware.auth_context [None req-ac2cff72-fba4-4205-b658-4c3189e60c33 None admin] Validating token access rules against request {{(pid=80621) validate_allowed_request /usr/local/lib/python3.8/dist-packages/keystonemiddleware/auth_token/__init__.py:545}}
May 25 16:50:16.586643 dv-neutron-843252-3-hyperv devstack@keystone.service[80622]: [pid: 80622|app: 0|req: 36/82] 10.222.0.53 () {58 vars in 1282 bytes} [Wed May 25 16:50:16 2022] GET /identity/v3/auth/tokens => generated 799 bytes in 306 msecs (HTTP/1.1 200) 6 headers in 358 bytes (1 switches on core 0)
May 25 16:50:16.587498 dv-neutron-843252-3-hyperv devstack@keystone.service[80622]: DEBUG keystone.server.flask.request_processing.middleware.auth_context [None req-e699c75a-82c2-443e-8d8d-dd144440b532 None admin] Authenticating user token {{(pid=80622) process_request /usr/local/lib/python3.8/dist-packages/keystonemiddleware/auth_token/__init__.py:407}}
May 25 16:50:16.606824 dv-neutron-843252-3-hyperv devstack@keystone.service[80621]: DEBUG keystone.server.flask.request_processing.middleware.auth_context [None req-34c896e0-94c3-44a8-aaab-b618312e9691 None admin] RBAC: auth_context: {'token': , 'domain_id': None, 'trust_id': None, 'trustor_id': None, 'trustee_id': None, 'domain_name': None, 'group_ids': [], 'user_id': '09a6fb8e5b0d439e8d31e4f078ba366c', 'user_domain_id': 'default', 'system_scope': 'all', 'project_id': None, 'project_domain_id': None, 'roles': ['admin', 'member', 'reader'], 'is_admin_project': True, 'service_user_id': None, 'service_user_domain_id': None, 'service_project_id': None, 'service_project_domain_id': None, 'service_roles': []} {{(pid=80621) fill_context /opt/stack/keystone/keystone/server/flask/request_processing/middleware/auth_context.py:478}}
May 25 16:50:16.607988 dv-neutron-843252-3-hyperv devstack@keystone.service[80621]: DEBUG keystone.server.flask.request_processing.req_logging [None req-34c896e0-94c3-44a8-aaab-b618312e9691 None admin] REQUEST_METHOD: `GET` {{(pid=80621) log_request_info /opt/stack/keystone/keystone/server/flask/request_processing/req_logging.py:27}}
May 25 16:50:16.608273 dv-neutron-843252-3-hyperv devstack@keystone.service[80621]: DEBUG keystone.server.flask.request_processing.req_logging [None req-34c896e0-94c3-44a8-aaab-b618312e9691 None admin] SCRIPT_NAME: `/identity` {{(pid=80621) log_request_info /opt/stack/keystone/keystone/server/flask/request_processing/req_logging.py:28}}
May 25 16:50:16.608552 dv-neutron-843252-3-hyperv devstack@keystone.service[80621]: DEBUG keystone.server.flask.request_processing.req_logging [None req-34c896e0-94c3-44a8-aaab-b618312e9691 None admin] PATH_INFO: `/v3/users/1601c40eb1b44657b8cec3add2cc719d` {{(pid=80621) log_request_info /opt/stack/keystone/keystone/server/flask/request_processing/req_logging.py:29}}
May 25 16:50:16.610165 dv-neutron-843252-3-hyperv devstack@keystone.service[80621]: DEBUG keystone.common.rbac_enforcer.enforcer [None req-34c896e0-94c3-44a8-aaab-b618312e9691 None admin] RBAC: Authorizing `identity:get_user(user_id=1601c40eb1b44657b8cec3add2cc719d)` {{(pid=80621) enforce_call /opt/stack/keystone/keystone/common/rbac_enforcer/enforcer.py:449}}
May 25 16:50:16.611656 dv-neutron-843252-3-hyperv devstack@keystone.service[80621]: DEBUG keystone.common.rbac_enforcer.enforcer [None req-34c896e0-94c3-44a8-aaab-b618312e9691 None admin] RBAC: Authorization granted {{(pid=80621) enforce_call /opt/stack/keystone/keystone/common/rbac_enforcer/enforcer.py:457}}
May 25 16:50:16.613317 dv-neutron-843252-3-hyperv devstack@keystone.service[80621]: [pid: 80621|app: 0|req: 47/83] 10.222.0.53 () {56 vars in 1177 bytes} [Wed May 25 16:50:16 2022] GET /identity/v3/users/1601c40eb1b44657b8cec3add2cc719d => generated 275 bytes in 144 msecs (HTTP/1.1 200) 5 headers in 177 bytes (1 switches on core 0)
May 25 16:50:16.614076 dv-neutron-843252-3-hyperv devstack@keystone.service[80621]: DEBUG keystone.server.flask.request_processing.middleware.auth_context [None req-34c896e0-94c3-44a8-aaab-b618312e9691 None admin] Authenticating user token {{(pid=80621) process_request /usr/local/lib/python3.8/dist-packages/keystonemiddleware/auth_token/__init__.py:407}}
May 25 16:50:16.683191 dv-neutron-843252-3-hyperv devstack@keystone.service[80622]: DEBUG dbcounter [-] [80622] Writing DB stats keystone:SELECT=100 {{(pid=80622) stat_writer /usr/local/lib/python3.8/dist-packages/dbcounter.py:114}}
May 25 16:50:16.689522 dv-neutron-843252-3-hyperv devstack@keystone.service[80622]: DEBUG keystone.server.flask.request_processing.middleware.auth_context [None req-e699c75a-82c2-443e-8d8d-dd144440b532 None admin] Validating token access rules against request {{(pid=80622) validate_allowed_request /usr/local/lib/python3.8/dist-packages/keystonemiddleware/auth_token/__init__.py:545}}
May 25 16:50:16.713342 dv-neutron-843252-3-hyperv devstack@keystone.service[80621]: DEBUG keystone.server.flask.request_processing.middleware.auth_context [None req-34c896e0-94c3-44a8-aaab-b618312e9691 None admin] Validating token access rules against request {{(pid=80621) validate_allowed_request /usr/local/lib/python3.8/dist-packages/keystonemiddleware/auth_token/__init__.py:545}}
May 25 16:50:16.723170 dv-neutron-843252-3-hyperv devstack@keystone.service[80622]: DEBUG keystone.server.flask.request_processing.middleware.auth_context [None req-d8d023c5-c9ad-4a75-a869-4235f07ec539 None admin] RBAC: auth_context: {'token': , 'domain_id': None, 'trust_id': None, 'trustor_id': None, 'trustee_id': None, 'domain_name': None, 'group_ids': [], 'user_id': '09a6fb8e5b0d439e8d31e4f078ba366c', 'user_domain_id': 'default', 'system_scope': 'all', 'project_id': None, 'project_domain_id': None, 'roles': ['admin', 'member', 'reader'], 'is_admin_project': True, 'service_user_id': None, 'service_user_domain_id': None, 'service_project_id': None, 'service_project_domain_id': None, 'service_roles': []} {{(pid=80622) fill_context /opt/stack/keystone/keystone/server/flask/request_processing/middleware/auth_context.py:478}}
May 25 16:50:16.723826 dv-neutron-843252-3-hyperv devstack@keystone.service[80622]: DEBUG keystone.server.flask.request_processing.req_logging [None req-d8d023c5-c9ad-4a75-a869-4235f07ec539 None admin] REQUEST_METHOD: `GET` {{(pid=80622) log_request_info /opt/stack/keystone/keystone/server/flask/request_processing/req_logging.py:27}}
May 25 16:50:16.724115 dv-neutron-843252-3-hyperv devstack@keystone.service[80622]: DEBUG keystone.server.flask.request_processing.req_logging [None req-d8d023c5-c9ad-4a75-a869-4235f07ec539 None admin] SCRIPT_NAME: `/identity` {{(pid=80622) log_request_info /opt/stack/keystone/keystone/server/flask/request_processing/req_logging.py:28}}
May 25 16:50:16.724397 dv-neutron-843252-3-hyperv devstack@keystone.service[80622]: DEBUG keystone.server.flask.request_processing.req_logging [None req-d8d023c5-c9ad-4a75-a869-4235f07ec539 None admin] PATH_INFO: `/v3/auth/tokens` {{(pid=80622) log_request_info /opt/stack/keystone/keystone/server/flask/request_processing/req_logging.py:29}}
May 25 16:50:16.734978 dv-neutron-843252-3-hyperv devstack@keystone.service[80621]: DEBUG dbcounter [-] [80621] Writing DB stats keystone:SELECT=100 {{(pid=80621) stat_writer /usr/local/lib/python3.8/dist-packages/dbcounter.py:114}}
May 25 16:50:16.746297 dv-neutron-843252-3-hyperv devstack@keystone.service[80621]: DEBUG keystone.server.flask.request_processing.middleware.auth_context [None req-4c39fd69-4d5b-4931-bced-8ef4d37e584c None admin] RBAC: auth_context: {'token': , 'domain_id': None, 'trust_id': None, 'trustor_id': None, 'trustee_id': None, 'domain_name': None, 'group_ids': [], 'user_id': '09a6fb8e5b0d439e8d31e4f078ba366c', 'user_domain_id': 'default', 'system_scope': 'all', 'project_id': None, 'project_domain_id': None, 'roles': ['admin', 'member', 'reader'], 'is_admin_project': True, 'service_user_id': None, 'service_user_domain_id': None, 'service_project_id': None, 'service_project_domain_id': None, 'service_roles': []} {{(pid=80621) fill_context /opt/stack/keystone/keystone/server/flask/request_processing/middleware/auth_context.py:478}}
May 25 16:50:16.748602 dv-neutron-843252-3-hyperv devstack@keystone.service[80621]: DEBUG keystone.server.flask.request_processing.req_logging [None req-4c39fd69-4d5b-4931-bced-8ef4d37e584c None admin] REQUEST_METHOD: `GET` {{(pid=80621) log_request_info /opt/stack/keystone/keystone/server/flask/request_processing/req_logging.py:27}}
May 25 16:50:16.748602 dv-neutron-843252-3-hyperv devstack@keystone.service[80621]: DEBUG keystone.server.flask.request_processing.req_logging [None req-4c39fd69-4d5b-4931-bced-8ef4d37e584c None admin] SCRIPT_NAME: `/identity` {{(pid=80621) log_request_info /opt/stack/keystone/keystone/server/flask/request_processing/req_logging.py:28}}
May 25 16:50:16.748602 dv-neutron-843252-3-hyperv devstack@keystone.service[80621]: DEBUG keystone.server.flask.request_processing.req_logging [None req-4c39fd69-4d5b-4931-bced-8ef4d37e584c None admin] PATH_INFO: `/v3/roles` {{(pid=80621) log_request_info /opt/stack/keystone/keystone/server/flask/request_processing/req_logging.py:29}}
May 25 16:50:16.748602 dv-neutron-843252-3-hyperv devstack@keystone.service[80621]: DEBUG keystone.common.rbac_enforcer.enforcer [None req-4c39fd69-4d5b-4931-bced-8ef4d37e584c None admin] RBAC: Adding query filter params (name=member) {{(pid=80621) _extract_filter_values /opt/stack/keystone/keystone/common/rbac_enforcer/enforcer.py:167}}
May 25 16:50:16.748602 dv-neutron-843252-3-hyperv devstack@keystone.service[80621]: DEBUG keystone.common.rbac_enforcer.enforcer [None req-4c39fd69-4d5b-4931-bced-8ef4d37e584c None admin] RBAC: Authorizing `identity:list_roles()` {{(pid=80621) enforce_call /opt/stack/keystone/keystone/common/rbac_enforcer/enforcer.py:449}}
May 25 16:50:16.750013 dv-neutron-843252-3-hyperv devstack@keystone.service[80621]: DEBUG keystone.common.rbac_enforcer.enforcer [None req-4c39fd69-4d5b-4931-bced-8ef4d37e584c None admin] RBAC: Authorization granted {{(pid=80621) enforce_call /opt/stack/keystone/keystone/common/rbac_enforcer/enforcer.py:457}}
May 25 16:50:16.758820 dv-neutron-843252-3-hyperv devstack@keystone.service[80621]: [pid: 80621|app: 0|req: 48/84] 10.222.0.53 () {56 vars in 1101 bytes} [Wed May 25 16:50:16 2022] GET /identity/v3/roles?name=member => generated 341 bytes in 145 msecs (HTTP/1.1 200) 5 headers in 177 bytes (1 switches on core 0)
May 25 16:50:16.759494 dv-neutron-843252-3-hyperv devstack@keystone.service[80621]: DEBUG keystone.server.flask.request_processing.middleware.auth_context [None req-4c39fd69-4d5b-4931-bced-8ef4d37e584c None admin] Authenticating user token {{(pid=80621) process_request /usr/local/lib/python3.8/dist-packages/keystonemiddleware/auth_token/__init__.py:407}}
May 25 16:50:16.795585 dv-neutron-843252-3-hyperv devstack@keystone.service[80622]: DEBUG keystone.common.rbac_enforcer.enforcer [None req-d8d023c5-c9ad-4a75-a869-4235f07ec539 None admin] RBAC: Authorizing `identity:validate_token()` {{(pid=80622) enforce_call /opt/stack/keystone/keystone/common/rbac_enforcer/enforcer.py:449}}
May 25 16:50:16.797075 dv-neutron-843252-3-hyperv devstack@keystone.service[80622]: DEBUG keystone.common.rbac_enforcer.enforcer [None req-d8d023c5-c9ad-4a75-a869-4235f07ec539 None admin] RBAC: Authorization granted {{(pid=80622) enforce_call /opt/stack/keystone/keystone/common/rbac_enforcer/enforcer.py:457}}
May 25 16:50:16.858372 dv-neutron-843252-3-hyperv devstack@keystone.service[80621]: DEBUG keystone.server.flask.request_processing.middleware.auth_context [None req-4c39fd69-4d5b-4931-bced-8ef4d37e584c None admin] Validating token access rules against request {{(pid=80621) validate_allowed_request /usr/local/lib/python3.8/dist-packages/keystonemiddleware/auth_token/__init__.py:545}}
May 25 16:50:16.891407 dv-neutron-843252-3-hyperv devstack@keystone.service[80621]: DEBUG keystone.server.flask.request_processing.middleware.auth_context [None req-a9c8b0d9-91da-40db-ab22-e25fcbae606d None admin] RBAC: auth_context: {'token': , 'domain_id': None, 'trust_id': None, 'trustor_id': None, 'trustee_id': None, 'domain_name': None, 'group_ids': [], 'user_id': '09a6fb8e5b0d439e8d31e4f078ba366c', 'user_domain_id': 'default', 'system_scope': 'all', 'project_id': None, 'project_domain_id': None, 'roles': ['admin', 'member', 'reader'], 'is_admin_project': True, 'service_user_id': None, 'service_user_domain_id': None, 'service_project_id': None, 'service_project_domain_id': None, 'service_roles': []} {{(pid=80621) fill_context /opt/stack/keystone/keystone/server/flask/request_processing/middleware/auth_context.py:478}}
May 25 16:50:16.892085 dv-neutron-843252-3-hyperv devstack@keystone.service[80621]: DEBUG keystone.server.flask.request_processing.req_logging [None req-a9c8b0d9-91da-40db-ab22-e25fcbae606d None admin] REQUEST_METHOD: `POST` {{(pid=80621) log_request_info /opt/stack/keystone/keystone/server/flask/request_processing/req_logging.py:27}}
May 25 16:50:16.892372 dv-neutron-843252-3-hyperv devstack@keystone.service[80621]: DEBUG keystone.server.flask.request_processing.req_logging [None req-a9c8b0d9-91da-40db-ab22-e25fcbae606d None admin] SCRIPT_NAME: `/identity` {{(pid=80621) log_request_info /opt/stack/keystone/keystone/server/flask/request_processing/req_logging.py:28}}
May 25 16:50:16.892655 dv-neutron-843252-3-hyperv devstack@keystone.service[80621]: DEBUG keystone.server.flask.request_processing.req_logging [None req-a9c8b0d9-91da-40db-ab22-e25fcbae606d None admin] PATH_INFO: `/v3/users` {{(pid=80621) log_request_info /opt/stack/keystone/keystone/server/flask/request_processing/req_logging.py:29}}
May 25 16:50:16.893362 dv-neutron-843252-3-hyperv devstack@keystone.service[80621]: DEBUG keystone.common.rbac_enforcer.enforcer [None req-a9c8b0d9-91da-40db-ab22-e25fcbae606d None admin] RBAC: Authorizing `identity:create_user()` {{(pid=80621) enforce_call /opt/stack/keystone/keystone/common/rbac_enforcer/enforcer.py:449}}
May 25 16:50:16.894845 dv-neutron-843252-3-hyperv devstack@keystone.service[80621]: DEBUG keystone.common.rbac_enforcer.enforcer [None req-a9c8b0d9-91da-40db-ab22-e25fcbae606d None admin] RBAC: Authorization granted {{(pid=80621) enforce_call /opt/stack/keystone/keystone/common/rbac_enforcer/enforcer.py:457}}
May 25 16:50:16.898505 dv-neutron-843252-3-hyperv devstack@keystone.service[80622]: DEBUG dbcounter [-] [80622] Writing DB stats keystone:SELECT=100 {{(pid=80622) stat_writer /usr/local/lib/python3.8/dist-packages/dbcounter.py:114}}
May 25 16:50:16.906428 dv-neutron-843252-3-hyperv devstack@keystone.service[80622]: [pid: 80622|app: 0|req: 37/85] 10.222.0.53 () {58 vars in 1282 bytes} [Wed May 25 16:50:16 2022] GET /identity/v3/auth/tokens => generated 799 bytes in 319 msecs (HTTP/1.1 200) 6 headers in 358 bytes (1 switches on core 0)
May 25 16:50:16.908842 dv-neutron-843252-3-hyperv devstack@keystone.service[80622]: DEBUG keystone.server.flask.request_processing.middleware.auth_context [None req-d8d023c5-c9ad-4a75-a869-4235f07ec539 None admin] Authenticating user token {{(pid=80622) process_request /usr/local/lib/python3.8/dist-packages/keystonemiddleware/auth_token/__init__.py:407}}
May 25 16:50:16.992597 dv-neutron-843252-3-hyperv devstack@keystone.service[80621]: [pid: 80621|app: 0|req: 49/86] 10.222.0.53 () {60 vars in 1132 bytes} [Wed May 25 16:50:16 2022] POST /identity/v3/users => generated 289 bytes in 233 msecs (HTTP/1.1 201) 5 headers in 182 bytes (1 switches on core 0)
May 25 16:50:16.993441 dv-neutron-843252-3-hyperv devstack@keystone.service[80621]: DEBUG keystone.server.flask.request_processing.middleware.auth_context [None req-a9c8b0d9-91da-40db-ab22-e25fcbae606d None admin] Authenticating user token {{(pid=80621) process_request /usr/local/lib/python3.8/dist-packages/keystonemiddleware/auth_token/__init__.py:407}}
May 25 16:50:17.007319 dv-neutron-843252-3-hyperv devstack@keystone.service[80622]: DEBUG keystone.server.flask.request_processing.middleware.auth_context [None req-d8d023c5-c9ad-4a75-a869-4235f07ec539 None admin] Validating token access rules against request {{(pid=80622) validate_allowed_request /usr/local/lib/python3.8/dist-packages/keystonemiddleware/auth_token/__init__.py:545}}
May 25 16:50:17.043209 dv-neutron-843252-3-hyperv devstack@keystone.service[80621]: DEBUG dbcounter [-] [80621] Writing DB stats keystone:SELECT=97,keystone:INSERT=3 {{(pid=80621) stat_writer /usr/local/lib/python3.8/dist-packages/dbcounter.py:114}}
May 25 16:50:17.053105 dv-neutron-843252-3-hyperv devstack@keystone.service[80622]: DEBUG keystone.server.flask.request_processing.middleware.auth_context [None req-e55fc2f3-394e-4e16-b19e-9755f6b4c05d None admin] RBAC: auth_context: {'token': , 'domain_id': None, 'trust_id': None, 'trustor_id': None, 'trustee_id': None, 'domain_name': None, 'group_ids': [], 'user_id': '09a6fb8e5b0d439e8d31e4f078ba366c', 'user_domain_id': 'default', 'system_scope': 'all', 'project_id': None, 'project_domain_id': None, 'roles': ['admin', 'member', 'reader'], 'is_admin_project': True, 'service_user_id': None, 'service_user_domain_id': None, 'service_project_id': None, 'service_project_domain_id': None, 'service_roles': []} {{(pid=80622) fill_context /opt/stack/keystone/keystone/server/flask/request_processing/middleware/auth_context.py:478}}
May 25 16:50:17.053971 dv-neutron-843252-3-hyperv devstack@keystone.service[80622]: DEBUG keystone.server.flask.request_processing.req_logging [None req-e55fc2f3-394e-4e16-b19e-9755f6b4c05d None admin] REQUEST_METHOD: `GET` {{(pid=80622) log_request_info /opt/stack/keystone/keystone/server/flask/request_processing/req_logging.py:27}}
May 25 16:50:17.054299 dv-neutron-843252-3-hyperv devstack@keystone.service[80622]: DEBUG keystone.server.flask.request_processing.req_logging [None req-e55fc2f3-394e-4e16-b19e-9755f6b4c05d None admin] SCRIPT_NAME: `/identity` {{(pid=80622) log_request_info /opt/stack/keystone/keystone/server/flask/request_processing/req_logging.py:28}}
May 25 16:50:17.054582 dv-neutron-843252-3-hyperv devstack@keystone.service[80622]: DEBUG keystone.server.flask.request_processing.req_logging [None req-e55fc2f3-394e-4e16-b19e-9755f6b4c05d None admin] PATH_INFO: `/v3/projects/86a99a88556f46eea332aa8cfbb0feea` {{(pid=80622) log_request_info /opt/stack/keystone/keystone/server/flask/request_processing/req_logging.py:29}}
May 25 16:50:17.055908 dv-neutron-843252-3-hyperv devstack@keystone.service[80622]: DEBUG keystone.common.rbac_enforcer.enforcer [None req-e55fc2f3-394e-4e16-b19e-9755f6b4c05d None admin] RBAC: Authorizing `identity:get_project(project_id=86a99a88556f46eea332aa8cfbb0feea)` {{(pid=80622) enforce_call /opt/stack/keystone/keystone/common/rbac_enforcer/enforcer.py:449}}
May 25 16:50:17.057399 dv-neutron-843252-3-hyperv devstack@keystone.service[80622]: DEBUG keystone.common.rbac_enforcer.enforcer [None req-e55fc2f3-394e-4e16-b19e-9755f6b4c05d None admin] RBAC: Authorization granted {{(pid=80622) enforce_call /opt/stack/keystone/keystone/common/rbac_enforcer/enforcer.py:457}}
May 25 16:50:17.064669 dv-neutron-843252-3-hyperv devstack@keystone.service[80622]: [pid: 80622|app: 0|req: 38/87] 10.222.0.53 () {56 vars in 1186 bytes} [Wed May 25 16:50:16 2022] GET /identity/v3/projects/86a99a88556f46eea332aa8cfbb0feea => generated 298 bytes in 152 msecs (HTTP/1.1 200) 5 headers in 177 bytes (1 switches on core 0)
May 25 16:50:17.064669 dv-neutron-843252-3-hyperv devstack@keystone.service[80622]: DEBUG keystone.server.flask.request_processing.middleware.auth_context [None req-e55fc2f3-394e-4e16-b19e-9755f6b4c05d None admin] Authenticating user token {{(pid=80622) process_request /usr/local/lib/python3.8/dist-packages/keystonemiddleware/auth_token/__init__.py:407}}
May 25 16:50:17.115245 dv-neutron-843252-3-hyperv devstack@keystone.service[80621]: DEBUG keystone.server.flask.request_processing.middleware.auth_context [None req-a9c8b0d9-91da-40db-ab22-e25fcbae606d None admin] Validating token access rules against request {{(pid=80621) validate_allowed_request /usr/local/lib/python3.8/dist-packages/keystonemiddleware/auth_token/__init__.py:545}}
May 25 16:50:17.129793 dv-neutron-843252-3-hyperv devstack@keystone.service[80622]: DEBUG dbcounter [-] [80622] Writing DB stats keystone:SELECT=100 {{(pid=80622) stat_writer /usr/local/lib/python3.8/dist-packages/dbcounter.py:114}}
May 25 16:50:17.153191 dv-neutron-843252-3-hyperv devstack@keystone.service[80621]: DEBUG keystone.server.flask.request_processing.middleware.auth_context [None req-fba2a4c1-3fd4-415c-b5ee-de4f46120348 None admin] RBAC: auth_context: {'token': , 'domain_id': None, 'trust_id': None, 'trustor_id': None, 'trustee_id': None, 'domain_name': None, 'group_ids': [], 'user_id': '09a6fb8e5b0d439e8d31e4f078ba366c', 'user_domain_id': 'default', 'system_scope': 'all', 'project_id': None, 'project_domain_id': None, 'roles': ['admin', 'member', 'reader'], 'is_admin_project': True, 'service_user_id': None, 'service_user_domain_id': None, 'service_project_id': None, 'service_project_domain_id': None, 'service_roles': []} {{(pid=80621) fill_context /opt/stack/keystone/keystone/server/flask/request_processing/middleware/auth_context.py:478}}
May 25 16:50:17.154134 dv-neutron-843252-3-hyperv devstack@keystone.service[80621]: DEBUG keystone.server.flask.request_processing.req_logging [None req-fba2a4c1-3fd4-415c-b5ee-de4f46120348 None admin] REQUEST_METHOD: `GET` {{(pid=80621) log_request_info /opt/stack/keystone/keystone/server/flask/request_processing/req_logging.py:27}}
May 25 16:50:17.154492 dv-neutron-843252-3-hyperv devstack@keystone.service[80621]: DEBUG keystone.server.flask.request_processing.req_logging [None req-fba2a4c1-3fd4-415c-b5ee-de4f46120348 None admin] SCRIPT_NAME: `/identity` {{(pid=80621) log_request_info /opt/stack/keystone/keystone/server/flask/request_processing/req_logging.py:28}}
May 25 16:50:17.154756 dv-neutron-843252-3-hyperv devstack@keystone.service[80621]: DEBUG keystone.server.flask.request_processing.req_logging [None req-fba2a4c1-3fd4-415c-b5ee-de4f46120348 None admin] PATH_INFO: `/v3/auth/tokens` {{(pid=80621) log_request_info /opt/stack/keystone/keystone/server/flask/request_processing/req_logging.py:29}}
May 25 16:50:17.173925 dv-neutron-843252-3-hyperv devstack@keystone.service[80622]: DEBUG keystone.server.flask.request_processing.middleware.auth_context [None req-e55fc2f3-394e-4e16-b19e-9755f6b4c05d None admin] Validating token access rules against request {{(pid=80622) validate_allowed_request /usr/local/lib/python3.8/dist-packages/keystonemiddleware/auth_token/__init__.py:545}}
May 25 16:50:17.213468 dv-neutron-843252-3-hyperv devstack@keystone.service[80622]: DEBUG keystone.server.flask.request_processing.middleware.auth_context [None req-e0cb510f-6189-463e-a220-6937af86a173 None admin] RBAC: auth_context: {'token': , 'domain_id': None, 'trust_id': None, 'trustor_id': None, 'trustee_id': None, 'domain_name': None, 'group_ids': [], 'user_id': '09a6fb8e5b0d439e8d31e4f078ba366c', 'user_domain_id': 'default', 'system_scope': 'all', 'project_id': None, 'project_domain_id': None, 'roles': ['admin', 'member', 'reader'], 'is_admin_project': True, 'service_user_id': None, 'service_user_domain_id': None, 'service_project_id': None, 'service_project_domain_id': None, 'service_roles': []} {{(pid=80622) fill_context /opt/stack/keystone/keystone/server/flask/request_processing/middleware/auth_context.py:478}}
May 25 16:50:17.214434 dv-neutron-843252-3-hyperv devstack@keystone.service[80622]: DEBUG keystone.server.flask.request_processing.req_logging [None req-e0cb510f-6189-463e-a220-6937af86a173 None admin] REQUEST_METHOD: `GET` {{(pid=80622) log_request_info /opt/stack/keystone/keystone/server/flask/request_processing/req_logging.py:27}}
May 25 16:50:17.214718 dv-neutron-843252-3-hyperv devstack@keystone.service[80622]: DEBUG keystone.server.flask.request_processing.req_logging [None req-e0cb510f-6189-463e-a220-6937af86a173 None admin] SCRIPT_NAME: `/identity` {{(pid=80622) log_request_info /opt/stack/keystone/keystone/server/flask/request_processing/req_logging.py:28}}
May 25 16:50:17.214995 dv-neutron-843252-3-hyperv devstack@keystone.service[80622]: DEBUG keystone.server.flask.request_processing.req_logging [None req-e0cb510f-6189-463e-a220-6937af86a173 None admin] PATH_INFO: `/v3/users/1601c40eb1b44657b8cec3add2cc719d` {{(pid=80622) log_request_info /opt/stack/keystone/keystone/server/flask/request_processing/req_logging.py:29}}
May 25 16:50:17.216205 dv-neutron-843252-3-hyperv devstack@keystone.service[80622]: DEBUG keystone.common.rbac_enforcer.enforcer [None req-e0cb510f-6189-463e-a220-6937af86a173 None admin] RBAC: Authorizing `identity:get_user(user_id=1601c40eb1b44657b8cec3add2cc719d)` {{(pid=80622) enforce_call /opt/stack/keystone/keystone/common/rbac_enforcer/enforcer.py:449}}
May 25 16:50:17.217662 dv-neutron-843252-3-hyperv devstack@keystone.service[80622]: DEBUG keystone.common.rbac_enforcer.enforcer [None req-e0cb510f-6189-463e-a220-6937af86a173 None admin] RBAC: Authorization granted {{(pid=80622) enforce_call /opt/stack/keystone/keystone/common/rbac_enforcer/enforcer.py:457}}
May 25 16:50:17.219507 dv-neutron-843252-3-hyperv devstack@keystone.service[80622]: [pid: 80622|app: 0|req: 39/88] 10.222.0.53 () {56 vars in 1177 bytes} [Wed May 25 16:50:17 2022] GET /identity/v3/users/1601c40eb1b44657b8cec3add2cc719d => generated 275 bytes in 160 msecs (HTTP/1.1 200) 5 headers in 177 bytes (1 switches on core 0)
May 25 16:50:17.220091 dv-neutron-843252-3-hyperv devstack@keystone.service[80622]: DEBUG keystone.server.flask.request_processing.middleware.auth_context [None req-e0cb510f-6189-463e-a220-6937af86a173 None admin] Authenticating user token {{(pid=80622) process_request /usr/local/lib/python3.8/dist-packages/keystonemiddleware/auth_token/__init__.py:407}}
May 25 16:50:17.241492 dv-neutron-843252-3-hyperv devstack@keystone.service[80621]: DEBUG keystone.common.rbac_enforcer.enforcer [None req-fba2a4c1-3fd4-415c-b5ee-de4f46120348 None admin] RBAC: Authorizing `identity:validate_token()` {{(pid=80621) enforce_call /opt/stack/keystone/keystone/common/rbac_enforcer/enforcer.py:449}}
May 25 16:50:17.243351 dv-neutron-843252-3-hyperv devstack@keystone.service[80621]: DEBUG keystone.common.rbac_enforcer.enforcer [None req-fba2a4c1-3fd4-415c-b5ee-de4f46120348 None admin] RBAC: Authorization granted {{(pid=80621) enforce_call /opt/stack/keystone/keystone/common/rbac_enforcer/enforcer.py:457}}
May 25 16:50:17.305520 dv-neutron-843252-3-hyperv devstack@keystone.service[80621]: DEBUG dbcounter [-] [80621] Writing DB stats keystone:SELECT=100 {{(pid=80621) stat_writer /usr/local/lib/python3.8/dist-packages/dbcounter.py:114}}
May 25 16:50:17.344058 dv-neutron-843252-3-hyperv devstack@keystone.service[80622]: DEBUG keystone.server.flask.request_processing.middleware.auth_context [None req-e0cb510f-6189-463e-a220-6937af86a173 None admin] Validating token access rules against request {{(pid=80622) validate_allowed_request /usr/local/lib/python3.8/dist-packages/keystonemiddleware/auth_token/__init__.py:545}}
May 25 16:50:17.368464 dv-neutron-843252-3-hyperv devstack@keystone.service[80621]: [pid: 80621|app: 0|req: 50/89] 10.222.0.53 () {58 vars in 1282 bytes} [Wed May 25 16:50:16 2022] GET /identity/v3/auth/tokens => generated 799 bytes in 375 msecs (HTTP/1.1 200) 6 headers in 358 bytes (1 switches on core 0)
May 25 16:50:17.369557 dv-neutron-843252-3-hyperv devstack@keystone.service[80621]: DEBUG keystone.server.flask.request_processing.middleware.auth_context [None req-fba2a4c1-3fd4-415c-b5ee-de4f46120348 None admin] Authenticating user token {{(pid=80621) process_request /usr/local/lib/python3.8/dist-packages/keystonemiddleware/auth_token/__init__.py:407}}
May 25 16:50:17.378576 dv-neutron-843252-3-hyperv devstack@keystone.service[80622]: DEBUG dbcounter [-] [80622] Writing DB stats keystone:SELECT=100 {{(pid=80622) stat_writer /usr/local/lib/python3.8/dist-packages/dbcounter.py:114}}
May 25 16:50:17.388519 dv-neutron-843252-3-hyperv devstack@keystone.service[80622]: DEBUG keystone.server.flask.request_processing.middleware.auth_context [None req-55dd8089-fb9c-4fc5-835d-8cd4fb9bf669 None admin] RBAC: auth_context: {'token': , 'domain_id': None, 'trust_id': None, 'trustor_id': None, 'trustee_id': None, 'domain_name': None, 'group_ids': [], 'user_id': '09a6fb8e5b0d439e8d31e4f078ba366c', 'user_domain_id': 'default', 'system_scope': 'all', 'project_id': None, 'project_domain_id': None, 'roles': ['admin', 'member', 'reader'], 'is_admin_project': True, 'service_user_id': None, 'service_user_domain_id': None, 'service_project_id': None, 'service_project_domain_id': None, 'service_roles': []} {{(pid=80622) fill_context /opt/stack/keystone/keystone/server/flask/request_processing/middleware/auth_context.py:478}}
May 25 16:50:17.392656 dv-neutron-843252-3-hyperv devstack@keystone.service[80622]: DEBUG keystone.server.flask.request_processing.req_logging [None req-55dd8089-fb9c-4fc5-835d-8cd4fb9bf669 None admin] REQUEST_METHOD: `GET` {{(pid=80622) log_request_info /opt/stack/keystone/keystone/server/flask/request_processing/req_logging.py:27}}
May 25 16:50:17.392656 dv-neutron-843252-3-hyperv devstack@keystone.service[80622]: DEBUG keystone.server.flask.request_processing.req_logging [None req-55dd8089-fb9c-4fc5-835d-8cd4fb9bf669 None admin] SCRIPT_NAME: `/identity` {{(pid=80622) log_request_info /opt/stack/keystone/keystone/server/flask/request_processing/req_logging.py:28}}
May 25 16:50:17.392656 dv-neutron-843252-3-hyperv devstack@keystone.service[80622]: DEBUG keystone.server.flask.request_processing.req_logging [None req-55dd8089-fb9c-4fc5-835d-8cd4fb9bf669 None admin] PATH_INFO: `/v3/projects/86a99a88556f46eea332aa8cfbb0feea` {{(pid=80622) log_request_info /opt/stack/keystone/keystone/server/flask/request_processing/req_logging.py:29}}
May 25 16:50:17.392656 dv-neutron-843252-3-hyperv devstack@keystone.service[80622]: DEBUG keystone.common.rbac_enforcer.enforcer [None req-55dd8089-fb9c-4fc5-835d-8cd4fb9bf669 None admin] RBAC: Authorizing `identity:get_project(project_id=86a99a88556f46eea332aa8cfbb0feea)` {{(pid=80622) enforce_call /opt/stack/keystone/keystone/common/rbac_enforcer/enforcer.py:449}}
May 25 16:50:17.393639 dv-neutron-843252-3-hyperv devstack@keystone.service[80622]: DEBUG keystone.common.rbac_enforcer.enforcer [None req-55dd8089-fb9c-4fc5-835d-8cd4fb9bf669 None admin] RBAC: Authorization granted {{(pid=80622) enforce_call /opt/stack/keystone/keystone/common/rbac_enforcer/enforcer.py:457}}
May 25 16:50:17.396010 dv-neutron-843252-3-hyperv devstack@keystone.service[80622]: [pid: 80622|app: 0|req: 40/90] 10.222.0.53 () {56 vars in 1186 bytes} [Wed May 25 16:50:17 2022] GET /identity/v3/projects/86a99a88556f46eea332aa8cfbb0feea => generated 298 bytes in 176 msecs (HTTP/1.1 200) 5 headers in 177 bytes (1 switches on core 0)
May 25 16:50:17.397098 dv-neutron-843252-3-hyperv devstack@keystone.service[80622]: DEBUG keystone.server.flask.request_processing.middleware.auth_context [None req-55dd8089-fb9c-4fc5-835d-8cd4fb9bf669 None admin] Authenticating user token {{(pid=80622) process_request /usr/local/lib/python3.8/dist-packages/keystonemiddleware/auth_token/__init__.py:407}}
May 25 16:50:17.498252 dv-neutron-843252-3-hyperv devstack@keystone.service[80621]: DEBUG keystone.server.flask.request_processing.middleware.auth_context [None req-fba2a4c1-3fd4-415c-b5ee-de4f46120348 None admin] Validating token access rules against request {{(pid=80621) validate_allowed_request /usr/local/lib/python3.8/dist-packages/keystonemiddleware/auth_token/__init__.py:545}}
May 25 16:50:17.522361 dv-neutron-843252-3-hyperv devstack@keystone.service[80622]: DEBUG keystone.server.flask.request_processing.middleware.auth_context [None req-55dd8089-fb9c-4fc5-835d-8cd4fb9bf669 None admin] Validating token access rules against request {{(pid=80622) validate_allowed_request /usr/local/lib/python3.8/dist-packages/keystonemiddleware/auth_token/__init__.py:545}}
May 25 16:50:17.537726 dv-neutron-843252-3-hyperv devstack@keystone.service[80621]: DEBUG keystone.server.flask.request_processing.middleware.auth_context [None req-c5e2bab2-f4c9-49f2-b88b-a0397d762018 None admin] RBAC: auth_context: {'token': , 'domain_id': None, 'trust_id': None, 'trustor_id': None, 'trustee_id': None, 'domain_name': None, 'group_ids': [], 'user_id': '09a6fb8e5b0d439e8d31e4f078ba366c', 'user_domain_id': 'default', 'system_scope': 'all', 'project_id': None, 'project_domain_id': None, 'roles': ['admin', 'member', 'reader'], 'is_admin_project': True, 'service_user_id': None, 'service_user_domain_id': None, 'service_project_id': None, 'service_project_domain_id': None, 'service_roles': []} {{(pid=80621) fill_context /opt/stack/keystone/keystone/server/flask/request_processing/middleware/auth_context.py:478}}
May 25 16:50:17.538443 dv-neutron-843252-3-hyperv devstack@keystone.service[80621]: DEBUG keystone.server.flask.request_processing.req_logging [None req-c5e2bab2-f4c9-49f2-b88b-a0397d762018 None admin] REQUEST_METHOD: `GET` {{(pid=80621) log_request_info /opt/stack/keystone/keystone/server/flask/request_processing/req_logging.py:27}}
May 25 16:50:17.538740 dv-neutron-843252-3-hyperv devstack@keystone.service[80621]: DEBUG keystone.server.flask.request_processing.req_logging [None req-c5e2bab2-f4c9-49f2-b88b-a0397d762018 None admin] SCRIPT_NAME: `/identity` {{(pid=80621) log_request_info /opt/stack/keystone/keystone/server/flask/request_processing/req_logging.py:28}}
May 25 16:50:17.539287 dv-neutron-843252-3-hyperv devstack@keystone.service[80621]: DEBUG keystone.server.flask.request_processing.req_logging [None req-c5e2bab2-f4c9-49f2-b88b-a0397d762018 None admin] PATH_INFO: `/v3/role_assignments` {{(pid=80621) log_request_info /opt/stack/keystone/keystone/server/flask/request_processing/req_logging.py:29}}
