May 31 06:52:34.547256 dv-neutron-843252-10-hyperv neutron-server[116240]: INFO neutron.wsgi [req-5f0a81f2-a791-4b95-8325-4b3e663a8ba9 req-db57b6b1-24ab-4f0d-ada9-680efcb7dde2 tempest-ServerActionsTestJSON-525168592 tempest-ServerActionsTestJSON-525168592-project] 10.222.0.45 "GET /v2.0/quotas/87226a532292491f8136547eeae8fd5c HTTP/1.1" status: 200 len: 375 time: 0.1311350
May 31 06:52:34.566260 dv-neutron-843252-10-hyperv neutron-server[116240]: DEBUG neutron.plugins.ml2.drivers.mech_agent [req-771fc37f-2c9d-4555-bdf2-ab7e37939d70 req-966a0c50-082e-4ff8-856a-44aaccee1c78 service neutron] Checking agent: {'id': '36300c02-462a-49ee-b013-3c90228e2a3e', 'agent_type': 'HyperV agent', 'binary': 'neutron-hyperv-agent', 'topic': 'N/A', 'host': 'hv-neutron-8432', 'admin_state_up': True, 'created_at': datetime.datetime(2022, 5, 31, 6, 50, 13), 'started_at': datetime.datetime(2022, 5, 31, 6, 50, 13), 'heartbeat_timestamp': datetime.datetime(2022, 5, 31, 6, 52, 13), 'description': None, 'resources_synced': None, 'availability_zone': None, 'alive': True, 'configurations': {'vswitch_mappings': {'physnet1$': 'br-data'}}, 'resource_versions': {}} {{(pid=116240) bind_port /opt/stack/neutron/neutron/plugins/ml2/drivers/mech_agent.py:110}}
May 31 06:52:34.566529 dv-neutron-843252-10-hyperv neutron-server[116240]: DEBUG neutron.plugins.ml2.drivers.mech_agent [req-771fc37f-2c9d-4555-bdf2-ab7e37939d70 req-966a0c50-082e-4ff8-856a-44aaccee1c78 service neutron] Checking segment: {'id': '7032d099-8c8f-4cc5-8776-9f3b6d5a7089', 'network_type': 'vlan', 'physical_network': 'physnet1', 'segmentation_id': 219, 'network_id': 'cdcdd2bc-e510-4e5a-b74f-5091b8f6125d'} for mappings: {'physnet1$': 'br-data'} with network types: ['local', 'flat', 'vlan'] {{(pid=116240) check_segment_for_agent /opt/stack/neutron/neutron/plugins/ml2/drivers/mech_agent.py:373}}
May 31 06:52:34.579431 dv-neutron-843252-10-hyperv neutron-server[116240]: DEBUG neutron.plugins.ml2.drivers.mech_agent [req-771fc37f-2c9d-4555-bdf2-ab7e37939d70 req-966a0c50-082e-4ff8-856a-44aaccee1c78 service neutron] Bound using segment: {'id': '7032d099-8c8f-4cc5-8776-9f3b6d5a7089', 'network_type': 'vlan', 'physical_network': 'physnet1', 'segmentation_id': 219, 'network_id': 'cdcdd2bc-e510-4e5a-b74f-5091b8f6125d'} {{(pid=116240) bind_port /opt/stack/neutron/neutron/plugins/ml2/drivers/mech_agent.py:120}}
May 31 06:52:34.579431 dv-neutron-843252-10-hyperv neutron-server[116240]: DEBUG neutron.plugins.ml2.managers [req-771fc37f-2c9d-4555-bdf2-ab7e37939d70 req-966a0c50-082e-4ff8-856a-44aaccee1c78 service neutron] Bound port: 57b7cbe0-be07-40e1-a97c-fbdce44afd65, host: hv-neutron-8432, vif_type: hyperv, vif_details: {"connectivity": "legacy", "port_filter": false}, binding_levels: [{'bound_driver': 'hyperv', 'bound_segment': {'id': '7032d099-8c8f-4cc5-8776-9f3b6d5a7089', 'network_type': 'vlan', 'physical_network': 'physnet1', 'segmentation_id': 219, 'network_id': 'cdcdd2bc-e510-4e5a-b74f-5091b8f6125d'}}] {{(pid=116240) _bind_port_level /opt/stack/neutron/neutron/plugins/ml2/managers.py:948}}
May 31 06:52:34.579431 dv-neutron-843252-10-hyperv neutron-server[116240]: DEBUG neutron_lib.callbacks.manager [req-771fc37f-2c9d-4555-bdf2-ab7e37939d70 req-966a0c50-082e-4ff8-856a-44aaccee1c78 service neutron] Publish callbacks ['neutron.plugins.ml2.plugin.SecurityGroupDbMixin._ensure_default_security_group_handler-762090'] for port (57b7cbe0-be07-40e1-a97c-fbdce44afd65), before_update {{(pid=116240) _notify_loop /usr/local/lib/python3.8/dist-packages/neutron_lib/callbacks/manager.py:176}}
May 31 06:52:34.587668 dv-neutron-843252-10-hyperv neutron-server[116241]: INFO neutron.pecan_wsgi.hooks.translation [None req-81bb6bc8-7c4d-4b2f-9b73-b2b9144b3790 tempest-AllowedAddressPairTestJSON-1160828787 tempest-AllowedAddressPairTestJSON-1160828787-project] GET failed (client error): The resource could not be found.
May 31 06:52:34.605456 dv-neutron-843252-10-hyperv neutron-server[116241]: INFO neutron.wsgi [None req-81bb6bc8-7c4d-4b2f-9b73-b2b9144b3790 tempest-AllowedAddressPairTestJSON-1160828787 tempest-AllowedAddressPairTestJSON-1160828787-project] 10.222.0.45 "GET /v2.0/ports/9df8b9aa-baa0-498a-9957-c6ca79f44f24 HTTP/1.1" status: 404 len: 333 time: 0.3314385
May 31 06:52:34.609037 dv-neutron-843252-10-hyperv neutron-server[116243]: DEBUG dbcounter [-] [116243] Writing DB stats neutron:SELECT=85,neutron:UPDATE=1 {{(pid=116243) stat_writer /usr/local/lib/python3.8/dist-packages/dbcounter.py:114}}
May 31 06:52:34.628401 dv-neutron-843252-10-hyperv neutron-server[116243]: DEBUG dbcounter [-] [116243] Writing DB stats neutron:SELECT=64,neutron:UPDATE=1,neutron:INSERT=1 {{(pid=116243) stat_writer /usr/local/lib/python3.8/dist-packages/dbcounter.py:114}}
May 31 06:52:34.657659 dv-neutron-843252-10-hyperv neutron-server[116240]: INFO neutron.wsgi [req-5f0a81f2-a791-4b95-8325-4b3e663a8ba9 req-0a655a3b-d57b-45bc-b674-2dadaa08ab3d tempest-ServerActionsTestJSON-525168592 tempest-ServerActionsTestJSON-525168592-project] 10.222.0.45 "GET /v2.0/ports?tenant_id=87226a532292491f8136547eeae8fd5c&fields=id HTTP/1.1" status: 200 len: 302 time: 0.0865343
May 31 06:52:34.668235 dv-neutron-843252-10-hyperv neutron-server[116240]: DEBUG neutron.wsgi [-] (116240) accepted ('10.222.0.45', 49738) {{(pid=116240) server /usr/local/lib/python3.8/dist-packages/eventlet/wsgi.py:1004}}
May 31 06:52:34.669980 dv-neutron-843252-10-hyperv neutron-server[116241]: DEBUG neutron.wsgi [-] (116241) accepted ('10.222.0.45', 49736) {{(pid=116241) server /usr/local/lib/python3.8/dist-packages/eventlet/wsgi.py:1004}}
May 31 06:52:34.774109 dv-neutron-843252-10-hyperv neutron-server[116240]: DEBUG neutron.plugins.ml2.db [req-771fc37f-2c9d-4555-bdf2-ab7e37939d70 req-966a0c50-082e-4ff8-856a-44aaccee1c78 service neutron] For port 57b7cbe0-be07-40e1-a97c-fbdce44afd65, host hv-neutron-8432, cleared binding levels {{(pid=116240) clear_binding_levels /opt/stack/neutron/neutron/plugins/ml2/db.py:87}}
May 31 06:52:34.778172 dv-neutron-843252-10-hyperv neutron-server[116240]: DEBUG neutron.plugins.ml2.db [req-771fc37f-2c9d-4555-bdf2-ab7e37939d70 req-966a0c50-082e-4ff8-856a-44aaccee1c78 service neutron] For port 57b7cbe0-be07-40e1-a97c-fbdce44afd65, host hv-neutron-8432, set binding levels [PortBindingLevel(driver='hyperv',host='hv-neutron-8432',level=0,port_id=57b7cbe0-be07-40e1-a97c-fbdce44afd65,segment=NetworkSegment(7032d099-8c8f-4cc5-8776-9f3b6d5a7089),segment_id=7032d099-8c8f-4cc5-8776-9f3b6d5a7089)] {{(pid=116240) set_binding_levels /opt/stack/neutron/neutron/plugins/ml2/db.py:59}}
May 31 06:52:34.781277 dv-neutron-843252-10-hyperv neutron-server[116240]: DEBUG dbcounter [-] [116240] Writing DB stats neutron:SELECT=100 {{(pid=116240) stat_writer /usr/local/lib/python3.8/dist-packages/dbcounter.py:114}}
May 31 06:52:34.799205 dv-neutron-843252-10-hyperv neutron-server[116240]: DEBUG neutron_lib.callbacks.manager [req-771fc37f-2c9d-4555-bdf2-ab7e37939d70 req-966a0c50-082e-4ff8-856a-44aaccee1c78 service neutron] Publish callbacks ['neutron.plugins.ml2.plugin.SecurityGroupServerNotifierRpcMixin._notify_sg_on_port_change-761899', 'neutron.plugins.ml2.ovo_rpc._ObjectChangeHandler.handle_event-158043', 'neutron.api.rpc.agentnotifiers.dhcp_rpc_agent_api.DhcpAgentNotifyAPI._native_event_send_dhcp_notification-32147', 'neutron.db.l3_db.L3RpcNotifierMixin._notify_gateway_port_ip_changed-8782333007315', 'neutron.db.l3_dvrscheduler_db._notify_l3_agent_port_update-8782332457283', 'neutron.db.l3_hascheduler_db._notify_l3_agent_ha_port_update-8782332457301', 'neutron.services.segments.plugin.NovaSegmentNotifier._notify_port_updated-8033081'] for port (57b7cbe0-be07-40e1-a97c-fbdce44afd65), after_update {{(pid=116240) _notify_loop /usr/local/lib/python3.8/dist-packages/neutron_lib/callbacks/manager.py:176}}
May 31 06:52:34.806844 dv-neutron-843252-10-hyperv neutron-server[116241]: DEBUG neutron.plugins.ml2.plugin [None req-ddeaaab2-d99e-4f66-88cb-2e4553aaa780 tempest-AllowedAddressPairTestJSON-1160828787 tempest-AllowedAddressPairTestJSON-1160828787-project] Deleting port 18668dd1-66b0-4b12-b999-4d3d012f77d6 {{(pid=116241) _pre_delete_port /opt/stack/neutron/neutron/plugins/ml2/plugin.py:2043}}
May 31 06:52:34.807992 dv-neutron-843252-10-hyperv neutron-server[116241]: DEBUG neutron_lib.callbacks.manager [None req-ddeaaab2-d99e-4f66-88cb-2e4553aaa780 tempest-AllowedAddressPairTestJSON-1160828787 tempest-AllowedAddressPairTestJSON-1160828787-project] Publish callbacks ['neutron.db.l3_db.L3_NAT_dbonly_mixin._prevent_l3_port_delete_callback-8782333000834'] for port (18668dd1-66b0-4b12-b999-4d3d012f77d6), before_delete {{(pid=116241) _notify_loop /usr/local/lib/python3.8/dist-packages/neutron_lib/callbacks/manager.py:176}}
May 31 06:52:34.888068 dv-neutron-843252-10-hyperv neutron-server[116240]: INFO neutron.wsgi [None req-64d46c6f-4382-43d2-b52d-5ef4d0b39a02 admin admin] 10.222.0.45 "GET /v2.0/security-groups?tenant_id=cce280ebd9fd41c886abede47b1474ce&name=default HTTP/1.1" status: 200 len: 2992 time: 0.2127216
May 31 06:52:34.891041 dv-neutron-843252-10-hyperv neutron-server[116241]: DEBUG neutron.wsgi [-] (116241) accepted ('10.222.0.45', 49742) {{(pid=116241) server /usr/local/lib/python3.8/dist-packages/eventlet/wsgi.py:1004}}
May 31 06:52:34.896384 dv-neutron-843252-10-hyperv neutron-server[116242]: DEBUG neutron.plugins.ml2.db [None req-82fd34fd-86f4-4e7f-a684-a88a964d175d None None] For port f13fc381-1627-470a-be06-c58f0394889b, host dv-neutron-843252-10-hyperv, cleared binding levels {{(pid=116242) clear_binding_levels /opt/stack/neutron/neutron/plugins/ml2/db.py:87}}
May 31 06:52:34.912905 dv-neutron-843252-10-hyperv neutron-server[116242]: DEBUG neutron.plugins.ml2.db [None req-82fd34fd-86f4-4e7f-a684-a88a964d175d None None] For port f13fc381-1627-470a-be06-c58f0394889b, host dv-neutron-843252-10-hyperv, set binding levels [PortBindingLevel(driver='openvswitch',host='dv-neutron-843252-10-hyperv',level=0,port_id=f13fc381-1627-470a-be06-c58f0394889b,segment=NetworkSegment(66038c57-cfa6-4ad4-8a65-f620a5a4004e),segment_id=66038c57-cfa6-4ad4-8a65-f620a5a4004e)] {{(pid=116242) set_binding_levels /opt/stack/neutron/neutron/plugins/ml2/db.py:59}}
May 31 06:52:34.931427 dv-neutron-843252-10-hyperv neutron-server[116242]: DEBUG neutron_lib.callbacks.manager [None req-b834d54f-0233-48cb-a4a5-e4a362014a3c None None] Publish callbacks [] for port (634ea376-4285-467d-90db-e30c126768c7), precommit_create {{(pid=116242) _notify_loop /usr/local/lib/python3.8/dist-packages/neutron_lib/callbacks/manager.py:176}}
May 31 06:52:34.939443 dv-neutron-843252-10-hyperv neutron-server[116242]: DEBUG neutron_lib.callbacks.manager [None req-82fd34fd-86f4-4e7f-a684-a88a964d175d None None] Publish callbacks ['neutron.plugins.ml2.plugin.SecurityGroupServerNotifierRpcMixin._notify_sg_on_port_change-761899', 'neutron.plugins.ml2.ovo_rpc._ObjectChangeHandler.handle_event-158043', 'neutron.api.rpc.agentnotifiers.dhcp_rpc_agent_api.DhcpAgentNotifyAPI._native_event_send_dhcp_notification-32147', 'neutron.db.l3_db.L3RpcNotifierMixin._notify_gateway_port_ip_changed-8782333007315', 'neutron.db.l3_dvrscheduler_db._notify_l3_agent_port_update-8782332457283', 'neutron.db.l3_hascheduler_db._notify_l3_agent_ha_port_update-8782332457301'] for port (f13fc381-1627-470a-be06-c58f0394889b), after_update {{(pid=116242) _notify_loop /usr/local/lib/python3.8/dist-packages/neutron_lib/callbacks/manager.py:176}}
May 31 06:52:34.947671 dv-neutron-843252-10-hyperv neutron-server[116241]: DEBUG neutron_lib.callbacks.manager [None req-de3a804d-a0a0-49fc-8e06-9716ca41a4b5 tempest-FloatingIPAdminTestJSON-1436680571 tempest-FloatingIPAdminTestJSON-1436680571-project] Publish callbacks [] for router_gateway (eaf2920f-e0bc-490b-8741-33c59d2ea403), precommit_update {{(pid=116241) _notify_loop /usr/local/lib/python3.8/dist-packages/neutron_lib/callbacks/manager.py:176}}
May 31 06:52:34.951650 dv-neutron-843252-10-hyperv neutron-server[116241]: DEBUG dbcounter [-] [116241] Writing DB stats neutron:SELECT=80,neutron:DELETE=10,neutron:INSERT=8,neutron:UPDATE=2 {{(pid=116241) stat_writer /usr/local/lib/python3.8/dist-packages/dbcounter.py:114}}
May 31 06:52:35.018643 dv-neutron-843252-10-hyperv neutron-server[116241]: DEBUG neutron.db.db_base_plugin_common [None req-405a444b-9029-4ec0-adb7-d2a94bc4a887 tempest-AllowedAddressPairIpV6TestJSON-802064588 tempest-AllowedAddressPairIpV6TestJSON-802064588-project] Allocated IP 2001:db8::206 (7a6109f1-ec97-4740-8d84-c0cbb34da837/9eb7e92f-40db-406c-9c05-68cb13c0a28c/69a66149-bd6b-478b-a85b-10f7b0ec8809) {{(pid=116241) _store_ip_allocation /opt/stack/neutron/neutron/db/db_base_plugin_common.py:131}}
May 31 06:52:35.030220 dv-neutron-843252-10-hyperv neutron-server[116240]: DEBUG neutron.wsgi [req-223f713c-e9cf-4762-8c59-51ac38909a00 req-20324b22-55d9-4e09-8c71-c74b0db4da28 service neutron] http://10.222.0.45:9696/v2.0/extensions returned with HTTP 200 {{(pid=116240) __call__ /opt/stack/neutron/neutron/wsgi.py:730}}
May 31 06:52:35.032545 dv-neutron-843252-10-hyperv neutron-server[116240]: INFO neutron.wsgi [req-223f713c-e9cf-4762-8c59-51ac38909a00 req-20324b22-55d9-4e09-8c71-c74b0db4da28 service neutron] 10.222.0.45 "GET /v2.0/extensions HTTP/1.1" status: 200 len: 14320 time: 0.3503051
May 31 06:52:35.048414 dv-neutron-843252-10-hyperv neutron-server[116240]: DEBUG neutron.pecan_wsgi.hooks.policy_enforcement [req-771fc37f-2c9d-4555-bdf2-ab7e37939d70 req-966a0c50-082e-4ff8-856a-44aaccee1c78 service neutron] Attributes excluded by policy engine: ['standard_attr_id'] {{(pid=116240) _exclude_attributes_by_policy /opt/stack/neutron/neutron/pecan_wsgi/hooks/policy_enforcement.py:259}}
May 31 06:52:35.048791 dv-neutron-843252-10-hyperv neutron-server[116242]: DEBUG neutron_lib.callbacks.manager [None req-b834d54f-0233-48cb-a4a5-e4a362014a3c None None] Publish callbacks ['neutron.plugins.ml2.plugin.SecurityGroupServerNotifierRpcMixin._notify_sg_on_port_change-761899', 'neutron.plugins.ml2.ovo_rpc._ObjectChangeHandler.handle_event-158043', 'neutron.api.rpc.agentnotifiers.dhcp_rpc_agent_api.DhcpAgentNotifyAPI._native_event_send_dhcp_notification-32147', 'neutron.db.l3_dvrscheduler_db._notify_l3_agent_new_port-8782332457265'] for port (634ea376-4285-467d-90db-e30c126768c7), after_create {{(pid=116242) _notify_loop /usr/local/lib/python3.8/dist-packages/neutron_lib/callbacks/manager.py:176}}
May 31 06:52:35.051721 dv-neutron-843252-10-hyperv neutron-server[116240]: DEBUG neutron_lib.callbacks.manager [req-771fc37f-2c9d-4555-bdf2-ab7e37939d70 req-966a0c50-082e-4ff8-856a-44aaccee1c78 service neutron] Publish callbacks ['neutron.notifiers.nova.Notifier._send_nova_notification-206372'] for port (None), before_response {{(pid=116240) _notify_loop /usr/local/lib/python3.8/dist-packages/neutron_lib/callbacks/manager.py:176}}
May 31 06:52:35.053416 dv-neutron-843252-10-hyperv neutron-server[116240]: INFO neutron.wsgi [req-771fc37f-2c9d-4555-bdf2-ab7e37939d70 req-966a0c50-082e-4ff8-856a-44aaccee1c78 service neutron] 10.222.0.46 "PUT /v2.0/ports/57b7cbe0-be07-40e1-a97c-fbdce44afd65 HTTP/1.1" status: 200 len: 1094 time: 5.0565100
May 31 06:52:35.070598 dv-neutron-843252-10-hyperv neutron-server[116240]: DEBUG neutron.notifiers.nova [-] Sending events: [{'name': 'network-changed', 'server_uuid': '90cfd8da-a10b-4033-88e0-1b6ea41f9436', 'tag': '57b7cbe0-be07-40e1-a97c-fbdce44afd65'}] {{(pid=116240) send_events /opt/stack/neutron/neutron/notifiers/nova.py:271}}
May 31 06:52:35.116914 dv-neutron-843252-10-hyperv neutron-server[116242]: DEBUG neutron.scheduler.dhcp_agent_scheduler [None req-b834d54f-0233-48cb-a4a5-e4a362014a3c None None] Network 7a6109f1-ec97-4740-8d84-c0cbb34da837 is already hosted by enough agents. {{(pid=116242) _get_dhcp_agents_hosting_network /opt/stack/neutron/neutron/scheduler/dhcp_agent_scheduler.py:275}}
May 31 06:52:35.118613 dv-neutron-843252-10-hyperv neutron-server[116242]: DEBUG neutron.scheduler.base_scheduler [None req-b834d54f-0233-48cb-a4a5-e4a362014a3c None None] Resources bound (agent type, host, resource id): {{(pid=116242) schedule /opt/stack/neutron/neutron/scheduler/base_scheduler.py:57}}
May 31 06:52:35.122143 dv-neutron-843252-10-hyperv neutron-server[116242]: DEBUG neutron.db.l3_dvrscheduler_db [None req-b834d54f-0233-48cb-a4a5-e4a362014a3c None None] Received port after_create {{(pid=116242) _notify_l3_agent_new_port /opt/stack/neutron/neutron/db/l3_dvrscheduler_db.py:542}}
May 31 06:52:35.124398 dv-neutron-843252-10-hyperv neutron-server[116242]: DEBUG neutron.api.rpc.handlers.resources_rpc [None req-82fd34fd-86f4-4e7f-a684-a88a964d175d None None] Pushing event updated for resources: {'Port': ['ID=f13fc381-1627-470a-be06-c58f0394889b,revision_number=2']} {{(pid=116242) push /opt/stack/neutron/neutron/api/rpc/handlers/resources_rpc.py:237}}
May 31 06:52:35.153499 dv-neutron-843252-10-hyperv neutron-server[116240]: DEBUG dbcounter [-] [116240] Writing DB stats neutron:SELECT=95,neutron:INSERT=2,neutron:UPDATE=2,neutron:DELETE=1 {{(pid=116240) stat_writer /usr/local/lib/python3.8/dist-packages/dbcounter.py:114}}
May 31 06:52:35.189280 dv-neutron-843252-10-hyperv neutron-server[116242]: DEBUG neutron.api.rpc.handlers.resources_rpc [None req-b834d54f-0233-48cb-a4a5-e4a362014a3c None None] Pushing event updated for resources: {'Port': ['ID=634ea376-4285-467d-90db-e30c126768c7,revision_number=1']} {{(pid=116242) push /opt/stack/neutron/neutron/api/rpc/handlers/resources_rpc.py:237}}
May 31 06:52:35.210657 dv-neutron-843252-10-hyperv neutron-server[116241]: DEBUG neutron_lib.callbacks.manager [None req-ddeaaab2-d99e-4f66-88cb-2e4553aaa780 tempest-AllowedAddressPairTestJSON-1160828787 tempest-AllowedAddressPairTestJSON-1160828787-project] Publish callbacks ['neutron.services.l3_router.l3_router_plugin.L3_NAT_dbonly_mixin._precommit_delete_port_callback-1593155'] for port (18668dd1-66b0-4b12-b999-4d3d012f77d6), precommit_delete {{(pid=116241) _notify_loop /usr/local/lib/python3.8/dist-packages/neutron_lib/callbacks/manager.py:176}}
May 31 06:52:35.261734 dv-neutron-843252-10-hyperv neutron-server[116242]: DEBUG dbcounter [-] [116242] Writing DB stats neutron:SELECT=86,neutron:UPDATE=7,neutron:INSERT=7 {{(pid=116242) stat_writer /usr/local/lib/python3.8/dist-packages/dbcounter.py:114}}
May 31 06:52:35.282530 dv-neutron-843252-10-hyperv neutron-server[116241]: DEBUG dbcounter [-] [116241] Writing DB stats neutron:SELECT=91,neutron:INSERT=4,neutron:DELETE=1,neutron:UPDATE=4 {{(pid=116241) stat_writer /usr/local/lib/python3.8/dist-packages/dbcounter.py:114}}
May 31 06:52:35.283686 dv-neutron-843252-10-hyperv neutron-server[116242]: DEBUG neutron.plugins.ml2.managers [None req-b834d54f-0233-48cb-a4a5-e4a362014a3c None None] Attempting to bind port 634ea376-4285-467d-90db-e30c126768c7 on host dv-neutron-843252-10-hyperv for vnic_type normal with profile {{(pid=116242) bind_port /opt/stack/neutron/neutron/plugins/ml2/managers.py:811}}
May 31 06:52:35.284593 dv-neutron-843252-10-hyperv neutron-server[116242]: DEBUG neutron.plugins.ml2.managers [None req-b834d54f-0233-48cb-a4a5-e4a362014a3c None None] Attempting to bind port 634ea376-4285-467d-90db-e30c126768c7 by drivers openvswitch,hyperv on host dv-neutron-843252-10-hyperv at level 0 using segments [{'id': '90617396-2826-45ec-affb-7e1ade4087d9', 'network_type': 'vlan', 'physical_network': 'physnet1', 'segmentation_id': 231, 'network_id': '7a6109f1-ec97-4740-8d84-c0cbb34da837'}] {{(pid=116242) _bind_port_level /opt/stack/neutron/neutron/plugins/ml2/managers.py:836}}
May 31 06:52:35.285308 dv-neutron-843252-10-hyperv neutron-server[116242]: DEBUG neutron.plugins.ml2.drivers.mech_agent [None req-b834d54f-0233-48cb-a4a5-e4a362014a3c None None] Attempting to bind port 634ea376-4285-467d-90db-e30c126768c7 on network 7a6109f1-ec97-4740-8d84-c0cbb34da837 {{(pid=116242) bind_port /opt/stack/neutron/neutron/plugins/ml2/drivers/mech_agent.py:91}}
May 31 06:52:35.292358 dv-neutron-843252-10-hyperv neutron-server[116242]: DEBUG neutron.plugins.ml2.drivers.mech_agent [None req-b834d54f-0233-48cb-a4a5-e4a362014a3c None None] Checking agent: {'id': '27e42fb7-d8d8-4826-b914-5145d39f9f88', 'agent_type': 'Open vSwitch agent', 'binary': 'neutron-openvswitch-agent', 'topic': 'N/A', 'host': 'dv-neutron-843252-10-hyperv', 'admin_state_up': True, 'created_at': datetime.datetime(2022, 5, 31, 6, 44, 13), 'started_at': datetime.datetime(2022, 5, 31, 6, 44, 43), 'heartbeat_timestamp': datetime.datetime(2022, 5, 31, 6, 52, 13), 'description': None, 'resources_synced': None, 'availability_zone': None, 'alive': True, 'configurations': {'arp_responder_enabled': False, 'baremetal_smartnic': False, 'bridge_mappings': {'physnet1': 'br-data'}, 'datapath_type': 'system', 'devices': 0, 'enable_distributed_routing': False, 'extensions': [], 'in_distributed_mode': False, 'integration_bridge': 'br-int', 'l2_population': False, 'log_agent_heartbeats': False, 'ovs_capabilities': {'datapath_types': ['netdev', 'system'], 'iface_types': ['erspan', 'geneve', 'gre', 'internal', 'ip6erspan', 'ip6gre', 'lisp', 'patch', 'stt', 'system', 'tap', 'vxlan']}, 'ovs_hybrid_plug': False, 'resource_provider_bandwidths': {}, 'resource_provider_hypervisors': {'br-data': 'dv-neutron-843252-10-hyperv'}, 'resource_provider_inventory_defaults': {'allocation_ratio': 1.0, 'min_unit': 1, 'step_size': 1, 'reserved': 0}, 'resource_provider_packet_processing_inventory_defaults': {'allocation_ratio': 1.0, 'min_unit': 1, 'step_size': 1, 'reserved': 0}, 'resource_provider_packet_processing_with_direction': {}, 'resource_provider_packet_processing_without_direction': {}, 'tunnel_types': [], 'tunneling_ip': None, 'vhostuser_socket_dir': '/var/run/openvswitch'}, 'resource_versions': {'AddressGroup': '1.2', 'Agent': '1.1', 'ConntrackHelper': '1.0', 'LocalIPAssociation': '1.0', 'Log': '1.0', 'NDPProxy': '1.0', 'Network': '1.1', 'Port': '1.7', 'PortForwarding': '1.3', 'QosPolicy': '1.10', 'SecurityGroup': '1.5', 'SecurityGroupRule': '1.2', 'SubPort': '1.0', 'Subnet': '1.1', 'Trunk': '1.1'}} {{(pid=116242) bind_port /opt/stack/neutron/neutron/plugins/ml2/drivers/mech_agent.py:110}}
May 31 06:52:35.294810 dv-neutron-843252-10-hyperv neutron-server[116242]: DEBUG neutron.plugins.ml2.drivers.mech_agent [None req-b834d54f-0233-48cb-a4a5-e4a362014a3c None None] Checking segment: {'id': '90617396-2826-45ec-affb-7e1ade4087d9', 'network_type': 'vlan', 'physical_network': 'physnet1', 'segmentation_id': 231, 'network_id': '7a6109f1-ec97-4740-8d84-c0cbb34da837'} for mappings: {'physnet1': 'br-data'} with network types: ['local', 'flat', 'vlan'] {{(pid=116242) check_segment_for_agent /opt/stack/neutron/neutron/plugins/ml2/drivers/mech_agent.py:373}}
May 31 06:52:35.295400 dv-neutron-843252-10-hyperv neutron-server[116242]: DEBUG neutron_lib.callbacks.manager [None req-b834d54f-0233-48cb-a4a5-e4a362014a3c None None] Publish callbacks [] for ovs_bridge_name (None), before_read {{(pid=116242) _notify_loop /usr/local/lib/python3.8/dist-packages/neutron_lib/callbacks/manager.py:176}}
May 31 06:52:35.296585 dv-neutron-843252-10-hyperv neutron-server[116242]: DEBUG neutron.plugins.ml2.drivers.mech_agent [None req-b834d54f-0233-48cb-a4a5-e4a362014a3c None None] Bound using segment: {'id': '90617396-2826-45ec-affb-7e1ade4087d9', 'network_type': 'vlan', 'physical_network': 'physnet1', 'segmentation_id': 231, 'network_id': '7a6109f1-ec97-4740-8d84-c0cbb34da837'} {{(pid=116242) bind_port /opt/stack/neutron/neutron/plugins/ml2/drivers/mech_agent.py:120}}
May 31 06:52:35.297257 dv-neutron-843252-10-hyperv neutron-server[116242]: DEBUG neutron.plugins.ml2.managers [None req-b834d54f-0233-48cb-a4a5-e4a362014a3c None None] Bound port: 634ea376-4285-467d-90db-e30c126768c7, host: dv-neutron-843252-10-hyperv, vif_type: ovs, vif_details: {"connectivity": "l2", "port_filter": true, "ovs_hybrid_plug": false, "datapath_type": "system", "bridge_name": "br-int"}, binding_levels: [{'bound_driver': 'openvswitch', 'bound_segment': {'id': '90617396-2826-45ec-affb-7e1ade4087d9', 'network_type': 'vlan', 'physical_network': 'physnet1', 'segmentation_id': 231, 'network_id': '7a6109f1-ec97-4740-8d84-c0cbb34da837'}}] {{(pid=116242) _bind_port_level /opt/stack/neutron/neutron/plugins/ml2/managers.py:948}}
May 31 06:52:35.299593 dv-neutron-843252-10-hyperv neutron-server[116242]: DEBUG neutron_lib.callbacks.manager [None req-b834d54f-0233-48cb-a4a5-e4a362014a3c None None] Publish callbacks ['neutron.plugins.ml2.plugin.SecurityGroupDbMixin._ensure_default_security_group_handler-762090'] for port (634ea376-4285-467d-90db-e30c126768c7), before_update {{(pid=116242) _notify_loop /usr/local/lib/python3.8/dist-packages/neutron_lib/callbacks/manager.py:176}}
May 31 06:52:35.345608 dv-neutron-843252-10-hyperv neutron-server[116241]: DEBUG neutron.plugins.ml2.plugin [None req-ddeaaab2-d99e-4f66-88cb-2e4553aaa780 tempest-AllowedAddressPairTestJSON-1160828787 tempest-AllowedAddressPairTestJSON-1160828787-project] Calling delete_port for 18668dd1-66b0-4b12-b999-4d3d012f77d6 owned by {{(pid=116241) delete_port /opt/stack/neutron/neutron/plugins/ml2/plugin.py:2122}}
May 31 06:52:35.375610 dv-neutron-843252-10-hyperv neutron-server[116241]: DEBUG neutron_lib.callbacks.manager [None req-b6a791dd-5420-4527-a497-01d352215343 admin admin] Publish callbacks [] for security_group (a8cedc45-9551-4cc6-ab57-f0d5999f6ef0), before_delete {{(pid=116241) _notify_loop /usr/local/lib/python3.8/dist-packages/neutron_lib/callbacks/manager.py:176}}
May 31 06:52:35.400654 dv-neutron-843252-10-hyperv neutron-server[116242]: DEBUG neutron.plugins.ml2.db [None req-b834d54f-0233-48cb-a4a5-e4a362014a3c None None] For port 634ea376-4285-467d-90db-e30c126768c7, host dv-neutron-843252-10-hyperv, cleared binding levels {{(pid=116242) clear_binding_levels /opt/stack/neutron/neutron/plugins/ml2/db.py:87}}
May 31 06:52:35.411383 dv-neutron-843252-10-hyperv neutron-server[116242]: DEBUG neutron.plugins.ml2.db [None req-b834d54f-0233-48cb-a4a5-e4a362014a3c None None] For port 634ea376-4285-467d-90db-e30c126768c7, host dv-neutron-843252-10-hyperv, set binding levels [PortBindingLevel(driver='openvswitch',host='dv-neutron-843252-10-hyperv',level=0,port_id=634ea376-4285-467d-90db-e30c126768c7,segment=NetworkSegment(90617396-2826-45ec-affb-7e1ade4087d9),segment_id=90617396-2826-45ec-affb-7e1ade4087d9)] {{(pid=116242) set_binding_levels /opt/stack/neutron/neutron/plugins/ml2/db.py:59}}
May 31 06:52:35.415813 dv-neutron-843252-10-hyperv neutron-server[116240]: DEBUG neutron.pecan_wsgi.hooks.policy_enforcement [req-771fc37f-2c9d-4555-bdf2-ab7e37939d70 req-ee3220cb-91bf-472b-89f6-ddd821bf5887 service neutron] Attributes excluded by policy engine: ['standard_attr_id'] {{(pid=116240) _exclude_attributes_by_policy /opt/stack/neutron/neutron/pecan_wsgi/hooks/policy_enforcement.py:259}}
May 31 06:52:35.424459 dv-neutron-843252-10-hyperv neutron-server[116242]: DEBUG neutron_lib.callbacks.manager [None req-b834d54f-0233-48cb-a4a5-e4a362014a3c None None] Publish callbacks ['neutron.plugins.ml2.plugin.SecurityGroupServerNotifierRpcMixin._notify_sg_on_port_change-761899', 'neutron.plugins.ml2.ovo_rpc._ObjectChangeHandler.handle_event-158043', 'neutron.api.rpc.agentnotifiers.dhcp_rpc_agent_api.DhcpAgentNotifyAPI._native_event_send_dhcp_notification-32147', 'neutron.db.l3_db.L3RpcNotifierMixin._notify_gateway_port_ip_changed-8782333007315', 'neutron.db.l3_dvrscheduler_db._notify_l3_agent_port_update-8782332457283', 'neutron.db.l3_hascheduler_db._notify_l3_agent_ha_port_update-8782332457301'] for port (634ea376-4285-467d-90db-e30c126768c7), after_update {{(pid=116242) _notify_loop /usr/local/lib/python3.8/dist-packages/neutron_lib/callbacks/manager.py:176}}
May 31 06:52:35.424708 dv-neutron-843252-10-hyperv neutron-server[116240]: INFO neutron.wsgi [req-771fc37f-2c9d-4555-bdf2-ab7e37939d70 req-ee3220cb-91bf-472b-89f6-ddd821bf5887 service neutron] 10.222.0.46 "GET /v2.0/ports?tenant_id=7b25cb2edfb74a0ea4fafa0b80202223&device_id=90cfd8da-a10b-4033-88e0-1b6ea41f9436 HTTP/1.1" status: 200 len: 1128 time: 0.2689378
May 31 06:52:35.514449 dv-neutron-843252-10-hyperv neutron-server[116240]: DEBUG novaclient.v2.client [-] REQ: curl -g -i --cacert "/opt/stack/data/ca-bundle.pem" -X POST http://10.222.0.45/compute/v2.1/os-server-external-events -H "Accept: application/json" -H "Content-Type: application/json" -H "User-Agent: python-novaclient" -H "X-Auth-Token: {SHA256}1f2fa123f141d805502609082103ea046e79bab699384a99aa366ff8edecd2eb" -H "X-OpenStack-Nova-API-Version: 2.1" -H "X-OpenStack-Request-ID: req-c643f2d7-69b0-4c96-af38-8e9fd555c986" -d '{"events": [{"name": "network-changed", "server_uuid": "90cfd8da-a10b-4033-88e0-1b6ea41f9436", "tag": "57b7cbe0-be07-40e1-a97c-fbdce44afd65"}]}' {{(pid=116240) _http_log_request /usr/local/lib/python3.8/dist-packages/keystoneauth1/session.py:519}}
May 31 06:52:35.558682 dv-neutron-843252-10-hyperv neutron-server[116242]: DEBUG neutron.api.rpc.handlers.resources_rpc [None req-b834d54f-0233-48cb-a4a5-e4a362014a3c None None] Pushing event updated for resources: {'Port': ['ID=634ea376-4285-467d-90db-e30c126768c7,revision_number=2']} {{(pid=116242) push /opt/stack/neutron/neutron/api/rpc/handlers/resources_rpc.py:237}}
May 31 06:52:35.608593 dv-neutron-843252-10-hyperv neutron-server[116241]: DEBUG neutron_lib.callbacks.manager [None req-b6a791dd-5420-4527-a497-01d352215343 admin admin] Publish callbacks [] for security_group (a8cedc45-9551-4cc6-ab57-f0d5999f6ef0), precommit_delete {{(pid=116241) _notify_loop /usr/local/lib/python3.8/dist-packages/neutron_lib/callbacks/manager.py:176}}
May 31 06:52:35.747466 dv-neutron-843252-10-hyperv neutron-server[116240]: DEBUG neutron.api.rpc.handlers.resources_rpc [None req-966a0c50-082e-4ff8-856a-44aaccee1c78 service neutron] Pushing event updated for resources: {'Port': ['ID=57b7cbe0-be07-40e1-a97c-fbdce44afd65,revision_number=3']} {{(pid=116240) push /opt/stack/neutron/neutron/api/rpc/handlers/resources_rpc.py:237}}
May 31 06:52:35.770828 dv-neutron-843252-10-hyperv neutron-server[116240]: INFO neutron.wsgi [req-771fc37f-2c9d-4555-bdf2-ab7e37939d70 req-0b771d9b-c0e4-41bb-91a7-26a93b6ad32d service neutron] 10.222.0.46 "GET /v2.0/floatingips?fixed_ip_address=172.20.0.13&port_id=57b7cbe0-be07-40e1-a97c-fbdce44afd65 HTTP/1.1" status: 200 len: 217 time: 0.2533941
May 31 06:52:35.850090 dv-neutron-843252-10-hyperv neutron-server[116241]: DEBUG neutron_lib.callbacks.manager [None req-405a444b-9029-4ec0-adb7-d2a94bc4a887 tempest-AllowedAddressPairIpV6TestJSON-802064588 tempest-AllowedAddressPairIpV6TestJSON-802064588-project] Publish callbacks [] for port (69a66149-bd6b-478b-a85b-10f7b0ec8809), precommit_create {{(pid=116241) _notify_loop /usr/local/lib/python3.8/dist-packages/neutron_lib/callbacks/manager.py:176}}
May 31 06:52:35.868340 dv-neutron-843252-10-hyperv neutron-server[116240]: INFO neutron.wsgi [req-5f0a81f2-a791-4b95-8325-4b3e663a8ba9 req-7caa9a8c-9deb-474e-b545-772a9f0cac4a service neutron] 10.222.0.45 "GET /v2.0/networks/2a86c20f-adb4-4fc3-9ee2-2006137621dd?fields=segments HTTP/1.1" status: 200 len: 212 time: 1.1916313
May 31 06:52:35.878210 dv-neutron-843252-10-hyperv neutron-server[116241]: DEBUG neutron_lib.callbacks.manager [None req-de3a804d-a0a0-49fc-8e06-9716ca41a4b5 tempest-FloatingIPAdminTestJSON-1436680571 tempest-FloatingIPAdminTestJSON-1436680571-project] Publish callbacks [] for router_gateway (eaf2920f-e0bc-490b-8741-33c59d2ea403), before_create {{(pid=116241) _notify_loop /usr/local/lib/python3.8/dist-packages/neutron_lib/callbacks/manager.py:176}}
May 31 06:52:35.947185 dv-neutron-843252-10-hyperv neutron-server[116241]: DEBUG neutron_lib.callbacks.manager [None req-de3a804d-a0a0-49fc-8e06-9716ca41a4b5 tempest-FloatingIPAdminTestJSON-1436680571 tempest-FloatingIPAdminTestJSON-1436680571-project] Publish callbacks ['neutron.plugins.ml2.plugin.SecurityGroupDbMixin._ensure_default_security_group_handler-762090'] for port (None), before_create {{(pid=116241) _notify_loop /usr/local/lib/python3.8/dist-packages/neutron_lib/callbacks/manager.py:176}}
May 31 06:52:35.978243 dv-neutron-843252-10-hyperv neutron-server[116240]: INFO neutron.wsgi [req-223f713c-e9cf-4762-8c59-51ac38909a00 req-56ae7c88-9819-42fe-94ac-97c2bc0c2bf9 service neutron] 10.222.0.45 "GET /v2.0/networks/4ce337c9-78b4-4c1a-8c2d-d33d799b3451?fields=segments HTTP/1.1" status: 200 len: 212 time: 0.8876543
May 31 06:52:35.999062 dv-neutron-843252-10-hyperv neutron-server[116240]: DEBUG neutron_lib.callbacks.manager [None req-29014fe4-2cf3-42a9-8d20-4ed5e3f9e674 tempest-RoutersIpV6AdminTest-713237546 tempest-RoutersIpV6AdminTest-713237546-project] Publish callbacks ['neutron.plugins.ml2.plugin.SecurityGroupServerNotifierRpcMixin._notify_sg_on_port_change-761899', 'neutron.plugins.ml2.ovo_rpc._ObjectChangeHandler.handle_event-158043', 'neutron.api.rpc.agentnotifiers.dhcp_rpc_agent_api.DhcpAgentNotifyAPI._native_event_send_dhcp_notification-32147', 'neutron.db.l3_db.L3RpcNotifierMixin._notify_routers_callback-8782333007297', 'neutron.db.l3_dvrscheduler_db._notify_port_delete-8782332457274', 'neutron.services.segments.plugin.NovaSegmentNotifier._notify_port_created_or_deleted-8033078'] for port (4b27c80e-eed9-4e51-aeab-1a9a0ec1cb25), after_delete {{(pid=116240) _notify_loop /usr/local/lib/python3.8/dist-packages/neutron_lib/callbacks/manager.py:176}}
May 31 06:52:36.082272 dv-neutron-843252-10-hyperv neutron-server[116241]: DEBUG neutron_lib.callbacks.manager [None req-b6a791dd-5420-4527-a497-01d352215343 admin admin] Publish callbacks ['neutron.plugins.ml2.ovo_rpc._ObjectChangeHandler.handle_event-1741279'] for security_group (a8cedc45-9551-4cc6-ab57-f0d5999f6ef0), after_delete {{(pid=116241) _notify_loop /usr/local/lib/python3.8/dist-packages/neutron_lib/callbacks/manager.py:176}}
May 31 06:52:36.084812 dv-neutron-843252-10-hyperv neutron-server[116241]: DEBUG neutron_lib.callbacks.manager [None req-b6a791dd-5420-4527-a497-01d352215343 admin admin] Publish callbacks [] for security_group (None), before_response {{(pid=116241) _notify_loop /usr/local/lib/python3.8/dist-packages/neutron_lib/callbacks/manager.py:176}}
May 31 06:52:36.089132 dv-neutron-843252-10-hyperv neutron-server[116241]: INFO neutron.wsgi [None req-b6a791dd-5420-4527-a497-01d352215343 admin admin] 10.222.0.45 "DELETE /v2.0/security-groups/a8cedc45-9551-4cc6-ab57-f0d5999f6ef0 HTTP/1.1" status: 204 len: 168 time: 1.1950223
May 31 06:52:36.105375 dv-neutron-843252-10-hyperv neutron-server[116240]: DEBUG neutron.api.rpc.handlers.resources_rpc [None req-29014fe4-2cf3-42a9-8d20-4ed5e3f9e674 tempest-RoutersIpV6AdminTest-713237546 tempest-RoutersIpV6AdminTest-713237546-project] Pushing event deleted for resources: {'Port': ['ID=4b27c80e-eed9-4e51-aeab-1a9a0ec1cb25,revision_number=None']} {{(pid=116240) push /opt/stack/neutron/neutron/api/rpc/handlers/resources_rpc.py:237}}
May 31 06:52:36.119424 dv-neutron-843252-10-hyperv neutron-server[116240]: DEBUG neutron.pecan_wsgi.hooks.policy_enforcement [req-771fc37f-2c9d-4555-bdf2-ab7e37939d70 req-d95dd3b1-4f88-4f34-8513-616e3927ad05 service neutron] Attributes excluded by policy engine: ['standard_attr_id', 'shared', 'segment_id'] {{(pid=116240) _exclude_attributes_by_policy /opt/stack/neutron/neutron/pecan_wsgi/hooks/policy_enforcement.py:259}}
May 31 06:52:36.131110 dv-neutron-843252-10-hyperv neutron-server[116240]: INFO neutron.wsgi [req-771fc37f-2c9d-4555-bdf2-ab7e37939d70 req-d95dd3b1-4f88-4f34-8513-616e3927ad05 service neutron] 10.222.0.46 "GET /v2.0/subnets?id=0f25ad86-0f7d-4d25-9606-ff9dc40d4542 HTTP/1.1" status: 200 len: 850 time: 0.2600663
May 31 06:52:36.131594 dv-neutron-843252-10-hyperv neutron-server[116242]: DEBUG neutron_lib.callbacks.manager [None req-6bcac301-97e3-493a-b543-7e4a013d517f None None] Publish callbacks ['neutron.services.segments.db._update_segment_host_mapping_for_agent-8782332908171', 'neutron.plugins.ml2.plugin.Ml2Plugin._retry_binding_revived_agents-684991'] for agent (5e885339-8ff3-4f64-be41-16d6c0a1c6d0), after_update {{(pid=116242) _notify_loop /usr/local/lib/python3.8/dist-packages/neutron_lib/callbacks/manager.py:176}}
May 31 06:52:36.137617 dv-neutron-843252-10-hyperv neutron-server[116241]: DEBUG neutron.api.rpc.handlers.resources_rpc [None req-b6a791dd-5420-4527-a497-01d352215343 admin admin] Pushing event deleted for resources: {'SecurityGroup': ['ID=a8cedc45-9551-4cc6-ab57-f0d5999f6ef0,revision_number=None']} {{(pid=116241) push /opt/stack/neutron/neutron/api/rpc/handlers/resources_rpc.py:237}}
May 31 06:52:36.144331 dv-neutron-843252-10-hyperv neutron-server[116241]: DEBUG dbcounter [-] [116241] Writing DB stats neutron:SELECT=95,neutron:INSERT=4,neutron:UPDATE=1 {{(pid=116241) stat_writer /usr/local/lib/python3.8/dist-packages/dbcounter.py:114}}
May 31 06:52:36.190111 dv-neutron-843252-10-hyperv neutron-server[116241]: DEBUG neutron.db.db_base_plugin_common [None req-de3a804d-a0a0-49fc-8e06-9716ca41a4b5 tempest-FloatingIPAdminTestJSON-1436680571 tempest-FloatingIPAdminTestJSON-1436680571-project] Allocated IP 172.26.9.77 (31eb0392-3b7a-482a-abf0-0b5edb7f799f/5c6b0491-0361-4a2d-b1fa-e4c16c684a38/e09cc737-e9e5-437d-9945-abaa928287aa) {{(pid=116241) _store_ip_allocation /opt/stack/neutron/neutron/db/db_base_plugin_common.py:131}}
May 31 06:52:36.194442 dv-neutron-843252-10-hyperv neutron-server[116241]: DEBUG neutron_lib.callbacks.manager [None req-405a444b-9029-4ec0-adb7-d2a94bc4a887 tempest-AllowedAddressPairIpV6TestJSON-802064588 tempest-AllowedAddressPairIpV6TestJSON-802064588-project] Publish callbacks ['neutron.plugins.ml2.plugin.SecurityGroupServerNotifierRpcMixin._notify_sg_on_port_change-761899', 'neutron.plugins.ml2.ovo_rpc._ObjectChangeHandler.handle_event-158043', 'neutron.api.rpc.agentnotifiers.dhcp_rpc_agent_api.DhcpAgentNotifyAPI._native_event_send_dhcp_notification-32147', 'neutron.db.l3_dvrscheduler_db._notify_l3_agent_new_port-8782332457265', 'neutron.services.segments.plugin.NovaSegmentNotifier._notify_port_created_or_deleted-5063931'] for port (69a66149-bd6b-478b-a85b-10f7b0ec8809), after_create {{(pid=116241) _notify_loop /usr/local/lib/python3.8/dist-packages/neutron_lib/callbacks/manager.py:176}}
May 31 06:52:36.259706 dv-neutron-843252-10-hyperv neutron-server[116240]: INFO neutron.wsgi [req-5f0a81f2-a791-4b95-8325-4b3e663a8ba9 req-19836bce-6d9d-4e12-941e-7201bfca2356 service neutron] 10.222.0.45 "GET /v2.0/networks/2a86c20f-adb4-4fc3-9ee2-2006137621dd?fields=provider%3Aphysical_network&fields=provider%3Anetwork_type HTTP/1.1" status: 200 len: 281 time: 0.3898933
May 31 06:52:36.265093 dv-neutron-843252-10-hyperv neutron-server[116241]: DEBUG neutron.api.rpc.handlers.resources_rpc [None req-405a444b-9029-4ec0-adb7-d2a94bc4a887 tempest-AllowedAddressPairIpV6TestJSON-802064588 tempest-AllowedAddressPairIpV6TestJSON-802064588-project] Pushing event updated for resources: {'Port': ['ID=69a66149-bd6b-478b-a85b-10f7b0ec8809,revision_number=1']} {{(pid=116241) push /opt/stack/neutron/neutron/api/rpc/handlers/resources_rpc.py:237}}
May 31 06:52:36.276580 dv-neutron-843252-10-hyperv neutron-server[116241]: DEBUG neutron.scheduler.dhcp_agent_scheduler [None req-405a444b-9029-4ec0-adb7-d2a94bc4a887 tempest-AllowedAddressPairIpV6TestJSON-802064588 tempest-AllowedAddressPairIpV6TestJSON-802064588-project] Network 7a6109f1-ec97-4740-8d84-c0cbb34da837 is already hosted by enough agents. {{(pid=116241) _get_dhcp_agents_hosting_network /opt/stack/neutron/neutron/scheduler/dhcp_agent_scheduler.py:275}}
May 31 06:52:36.284805 dv-neutron-843252-10-hyperv neutron-server[116241]: DEBUG neutron.scheduler.base_scheduler [None req-405a444b-9029-4ec0-adb7-d2a94bc4a887 tempest-AllowedAddressPairIpV6TestJSON-802064588 tempest-AllowedAddressPairIpV6TestJSON-802064588-project] Resources bound (agent type, host, resource id): {{(pid=116241) schedule /opt/stack/neutron/neutron/scheduler/base_scheduler.py:57}}
May 31 06:52:36.308463 dv-neutron-843252-10-hyperv neutron-server[116241]: DEBUG neutron.db.l3_dvrscheduler_db [None req-405a444b-9029-4ec0-adb7-d2a94bc4a887 tempest-AllowedAddressPairIpV6TestJSON-802064588 tempest-AllowedAddressPairIpV6TestJSON-802064588-project] Received port after_create {{(pid=116241) _notify_l3_agent_new_port /opt/stack/neutron/neutron/db/l3_dvrscheduler_db.py:542}}
May 31 06:52:36.314231 dv-neutron-843252-10-hyperv neutron-server[116241]: DEBUG neutron.pecan_wsgi.hooks.policy_enforcement [None req-405a444b-9029-4ec0-adb7-d2a94bc4a887 tempest-AllowedAddressPairIpV6TestJSON-802064588 tempest-AllowedAddressPairIpV6TestJSON-802064588-project] Attributes excluded by policy engine: ['standard_attr_id', 'binding:profile', 'binding:host_id', 'binding:vif_type', 'binding:vif_details', 'network'] {{(pid=116241) _exclude_attributes_by_policy /opt/stack/neutron/neutron/pecan_wsgi/hooks/policy_enforcement.py:259}}
May 31 06:52:36.314884 dv-neutron-843252-10-hyperv neutron-server[116241]: DEBUG neutron_lib.callbacks.manager [None req-405a444b-9029-4ec0-adb7-d2a94bc4a887 tempest-AllowedAddressPairIpV6TestJSON-802064588 tempest-AllowedAddressPairIpV6TestJSON-802064588-project] Publish callbacks ['neutron.notifiers.nova.Notifier._send_nova_notification-206372'] for port (None), before_response {{(pid=116241) _notify_loop /usr/local/lib/python3.8/dist-packages/neutron_lib/callbacks/manager.py:176}}
May 31 06:52:36.327617 dv-neutron-843252-10-hyperv neutron-server[116240]: INFO neutron.wsgi [req-223f713c-e9cf-4762-8c59-51ac38909a00 req-0231ee27-507e-48f4-8210-ecff31df0705 service neutron] 10.222.0.45 "GET /v2.0/networks/4ce337c9-78b4-4c1a-8c2d-d33d799b3451?fields=provider%3Aphysical_network&fields=provider%3Anetwork_type HTTP/1.1" status: 200 len: 281 time: 0.3296783
May 31 06:52:36.334270 dv-neutron-843252-10-hyperv neutron-server[116240]: DEBUG dbcounter [-] [116240] Writing DB stats neutron:SELECT=93,neutron:DELETE=6,neutron:UPDATE=1 {{(pid=116240) stat_writer /usr/local/lib/python3.8/dist-packages/dbcounter.py:114}}
May 31 06:52:36.345665 dv-neutron-843252-10-hyperv neutron-server[116240]: DEBUG neutron_lib.callbacks.manager [None req-29014fe4-2cf3-42a9-8d20-4ed5e3f9e674 tempest-RoutersIpV6AdminTest-713237546 tempest-RoutersIpV6AdminTest-713237546-project] Publish callbacks ['neutron.services.l3_router.l3_router_plugin.DVRResourceOperationHandler._delete_dvr_internal_ports-1583883'] for router_gateway (a1b1d479-23e9-4b76-af17-6f9d22d5b434), after_delete {{(pid=116240) _notify_loop /usr/local/lib/python3.8/dist-packages/neutron_lib/callbacks/manager.py:176}}
May 31 06:52:36.500171 dv-neutron-843252-10-hyperv neutron-server[116241]: INFO neutron.wsgi [None req-405a444b-9029-4ec0-adb7-d2a94bc4a887 tempest-AllowedAddressPairIpV6TestJSON-802064588 tempest-AllowedAddressPairIpV6TestJSON-802064588-project] 10.222.0.45 "POST /v2.0/ports HTTP/1.1" status: 201 len: 944 time: 3.9066174
May 31 06:52:36.511925 dv-neutron-843252-10-hyperv neutron-server[116240]: DEBUG neutron_lib.callbacks.manager [None req-29014fe4-2cf3-42a9-8d20-4ed5e3f9e674 tempest-RoutersIpV6AdminTest-713237546 tempest-RoutersIpV6AdminTest-713237546-project] Publish callbacks ['neutron.services.l3_router.l3_router_plugin.L3_HA_NAT_db_mixin._release_router_vr_id-1584560', 'neutron.services.l3_router.service_providers.driver_controller.DriverController._clear_router_provider-7748'] for router (a1b1d479-23e9-4b76-af17-6f9d22d5b434), precommit_delete {{(pid=116240) _notify_loop /usr/local/lib/python3.8/dist-packages/neutron_lib/callbacks/manager.py:176}}
May 31 06:52:36.515809 dv-neutron-843252-10-hyperv neutron-server[116240]: DEBUG neutron_lib.callbacks.manager [None req-29014fe4-2cf3-42a9-8d20-4ed5e3f9e674 tempest-RoutersIpV6AdminTest-713237546 tempest-RoutersIpV6AdminTest-713237546-project] Publish callbacks [] for router_controller (a1b1d479-23e9-4b76-af17-6f9d22d5b434), precommit_delete_associations {{(pid=116240) _notify_loop /usr/local/lib/python3.8/dist-packages/neutron_lib/callbacks/manager.py:176}}
May 31 06:52:36.521802 dv-neutron-843252-10-hyperv neutron-server[116241]: DEBUG neutron.wsgi [-] (116241) accepted ('10.222.0.45', 49760) {{(pid=116241) server /usr/local/lib/python3.8/dist-packages/eventlet/wsgi.py:1004}}
May 31 06:52:36.553711 dv-neutron-843252-10-hyperv neutron-server[116241]: DEBUG neutron.api.v2.base [None req-cbf590a5-ce8c-4558-96bc-f5a167a540e2 tempest-AllowedAddressPairIpV6TestJSON-802064588 tempest-AllowedAddressPairIpV6TestJSON-802064588-project] Request body: {'port': {'network_id': '7a6109f1-ec97-4740-8d84-c0cbb34da837', 'name': 'tempest-AllowedAddressPairIpV6TestJSON-147097245', 'allowed_address_pairs': [{'ip_address': '2001:db8::206', 'mac_address': 'fa:16:3e:d8:25:bd'}]}} {{(pid=116241) prepare_request_body /opt/stack/neutron/neutron/api/v2/base.py:730}}
May 31 06:52:36.628814 dv-neutron-843252-10-hyperv neutron-server[116240]: DEBUG neutron_lib.callbacks.manager [None req-29014fe4-2cf3-42a9-8d20-4ed5e3f9e674 tempest-RoutersIpV6AdminTest-713237546 tempest-RoutersIpV6AdminTest-713237546-project] Publish callbacks ['neutron.services.l3_router.l3_router_plugin.L3_HA_NAT_db_mixin._cleanup_ha_network_handler-1584571'] for router (a1b1d479-23e9-4b76-af17-6f9d22d5b434), after_delete {{(pid=116240) _notify_loop /usr/local/lib/python3.8/dist-packages/neutron_lib/callbacks/manager.py:176}}
May 31 06:52:36.629604 dv-neutron-843252-10-hyperv neutron-server[116240]: DEBUG neutron.api.rpc.agentnotifiers.l3_rpc_agent_api [None req-29014fe4-2cf3-42a9-8d20-4ed5e3f9e674 tempest-RoutersIpV6AdminTest-713237546 tempest-RoutersIpV6AdminTest-713237546-project] Fanout notify agent at l3_agent the message router_deleted on router a1b1d479-23e9-4b76-af17-6f9d22d5b434 {{(pid=116240) _notification_fanout /opt/stack/neutron/neutron/api/rpc/agentnotifiers/l3_rpc_agent_api.py:114}}
May 31 06:52:36.658003 dv-neutron-843252-10-hyperv neutron-server[116240]: DEBUG neutron_lib.callbacks.manager [None req-29014fe4-2cf3-42a9-8d20-4ed5e3f9e674 tempest-RoutersIpV6AdminTest-713237546 tempest-RoutersIpV6AdminTest-713237546-project] Publish callbacks [] for router (None), before_response {{(pid=116240) _notify_loop /usr/local/lib/python3.8/dist-packages/neutron_lib/callbacks/manager.py:176}}
May 31 06:52:36.661623 dv-neutron-843252-10-hyperv neutron-server[116240]: INFO neutron.wsgi [None req-29014fe4-2cf3-42a9-8d20-4ed5e3f9e674 tempest-RoutersIpV6AdminTest-713237546 tempest-RoutersIpV6AdminTest-713237546-project] 10.222.0.45 "DELETE /v2.0/routers/a1b1d479-23e9-4b76-af17-6f9d22d5b434 HTTP/1.1" status: 204 len: 168 time: 5.3430331
May 31 06:52:36.719988 dv-neutron-843252-10-hyperv neutron-server[116241]: DEBUG neutron.wsgi [-] (116241) accepted ('10.222.0.45', 49772) {{(pid=116241) server /usr/local/lib/python3.8/dist-packages/eventlet/wsgi.py:1004}}
May 31 06:52:36.762816 dv-neutron-843252-10-hyperv neutron-server[116241]: DEBUG neutron.api.v2.base [None req-1e76d5bf-81ea-4d03-84ab-cc82807aaacd tempest-RoutersIpV6AdminTest-1821716117 tempest-RoutersIpV6AdminTest-1821716117-project-admin] Request body: {'router': {'name': 'tempest-snat-router-81701669', 'external_gateway_info': {'network_id': '31eb0392-3b7a-482a-abf0-0b5edb7f799f', 'enable_snat': False}}} {{(pid=116241) prepare_request_body /opt/stack/neutron/neutron/api/v2/base.py:730}}
May 31 06:52:36.764252 dv-neutron-843252-10-hyperv neutron-server[116240]: DEBUG neutron.pecan_wsgi.hooks.policy_enforcement [req-a5cd9eeb-cf04-4c2d-b252-80dfc626229a req-06ce5488-e696-4d9f-ab5e-ed816403510b tempest-ServersTestManualDisk-192050425 tempest-ServersTestManualDisk-192050425-project] Attributes excluded by policy engine: ['standard_attr_id', 'binding:profile', 'binding:host_id', 'binding:vif_type', 'binding:vif_details'] {{(pid=116240) _exclude_attributes_by_policy /opt/stack/neutron/neutron/pecan_wsgi/hooks/policy_enforcement.py:259}}
May 31 06:52:36.766409 dv-neutron-843252-10-hyperv neutron-server[116240]: INFO neutron.wsgi [req-a5cd9eeb-cf04-4c2d-b252-80dfc626229a req-06ce5488-e696-4d9f-ab5e-ed816403510b tempest-ServersTestManualDisk-192050425 tempest-ServersTestManualDisk-192050425-project] 10.222.0.45 "GET /v2.0/ports?device_id=90cfd8da-a10b-4033-88e0-1b6ea41f9436 HTTP/1.1" status: 200 len: 944 time: 0.1662729
May 31 06:52:36.785636 dv-neutron-843252-10-hyperv neutron-server[116241]: DEBUG neutron_lib.callbacks.manager [None req-ddeaaab2-d99e-4f66-88cb-2e4553aaa780 tempest-AllowedAddressPairTestJSON-1160828787 tempest-AllowedAddressPairTestJSON-1160828787-project] Publish callbacks ['neutron.plugins.ml2.plugin.SecurityGroupServerNotifierRpcMixin._notify_sg_on_port_change-761899', 'neutron.plugins.ml2.ovo_rpc._ObjectChangeHandler.handle_event-158043', 'neutron.api.rpc.agentnotifiers.dhcp_rpc_agent_api.DhcpAgentNotifyAPI._native_event_send_dhcp_notification-32147', 'neutron.db.l3_db.L3RpcNotifierMixin._notify_routers_callback-8782333007297', 'neutron.db.l3_dvrscheduler_db._notify_port_delete-8782332457274', 'neutron.services.segments.plugin.NovaSegmentNotifier._notify_port_created_or_deleted-5063931'] for port (18668dd1-66b0-4b12-b999-4d3d012f77d6), after_delete {{(pid=116241) _notify_loop /usr/local/lib/python3.8/dist-packages/neutron_lib/callbacks/manager.py:176}}
May 31 06:52:36.810905 dv-neutron-843252-10-hyperv neutron-server[116240]: DEBUG neutron.pecan_wsgi.hooks.policy_enforcement [req-771fc37f-2c9d-4555-bdf2-ab7e37939d70 req-e3a6f514-b648-4b29-a59f-cb68601fc428 service neutron] Attributes excluded by policy engine: ['standard_attr_id'] {{(pid=116240) _exclude_attributes_by_policy /opt/stack/neutron/neutron/pecan_wsgi/hooks/policy_enforcement.py:259}}
May 31 06:52:36.831710 dv-neutron-843252-10-hyperv neutron-server[116240]: INFO neutron.wsgi [req-771fc37f-2c9d-4555-bdf2-ab7e37939d70 req-e3a6f514-b648-4b29-a59f-cb68601fc428 service neutron] 10.222.0.46 "GET /v2.0/ports?network_id=cdcdd2bc-e510-4e5a-b74f-5091b8f6125d&device_owner=network%3Adhcp HTTP/1.1" status: 200 len: 1215 time: 0.2431052
