May 27 14:50:08.977672 dv-neutron-843245-6-hyperv devstack@keystone.service[80404]: [pid: 80404|app: 0|req: 59/115] 10.222.0.65 () {58 vars in 1023 bytes} [Fri May 27 14:50:08 2022] POST /identity/v3/auth/tokens => generated 799 bytes in 106 msecs (HTTP/1.1 201) 6 headers in 363 bytes (1 switches on core 0)
May 27 14:50:08.982743 dv-neutron-843245-6-hyperv devstack@keystone.service[80404]: DEBUG keystone.server.flask.request_processing.middleware.auth_context [None req-ca011222-a951-459f-a42c-15920910781c None None] Authenticating user token {{(pid=80404) process_request /usr/local/lib/python3.8/dist-packages/keystonemiddleware/auth_token/__init__.py:407}}
May 27 14:50:09.010266 dv-neutron-843245-6-hyperv devstack@keystone.service[80405]: DEBUG keystone.server.flask.request_processing.middleware.auth_context [None req-4dc5579f-6166-4169-a4b6-47bcfe0a11e9 None admin] RBAC: auth_context: {'token': , 'domain_id': None, 'trust_id': None, 'trustor_id': None, 'trustee_id': None, 'domain_name': None, 'group_ids': [], 'user_id': 'c4423520877a4dc59a7d3944fa5aa870', 'user_domain_id': 'default', 'system_scope': 'all', 'project_id': None, 'project_domain_id': None, 'roles': ['admin', 'member', 'reader'], 'is_admin_project': True, 'service_user_id': None, 'service_user_domain_id': None, 'service_project_id': None, 'service_project_domain_id': None, 'service_roles': []} {{(pid=80405) fill_context /opt/stack/keystone/keystone/server/flask/request_processing/middleware/auth_context.py:478}}
May 27 14:50:09.011530 dv-neutron-843245-6-hyperv devstack@keystone.service[80405]: DEBUG keystone.server.flask.request_processing.req_logging [None req-4dc5579f-6166-4169-a4b6-47bcfe0a11e9 None admin] REQUEST_METHOD: `GET` {{(pid=80405) log_request_info /opt/stack/keystone/keystone/server/flask/request_processing/req_logging.py:27}}
May 27 14:50:09.012419 dv-neutron-843245-6-hyperv devstack@keystone.service[80405]: DEBUG keystone.server.flask.request_processing.req_logging [None req-4dc5579f-6166-4169-a4b6-47bcfe0a11e9 None admin] SCRIPT_NAME: `/identity` {{(pid=80405) log_request_info /opt/stack/keystone/keystone/server/flask/request_processing/req_logging.py:28}}
May 27 14:50:09.013148 dv-neutron-843245-6-hyperv devstack@keystone.service[80405]: DEBUG keystone.server.flask.request_processing.req_logging [None req-4dc5579f-6166-4169-a4b6-47bcfe0a11e9 None admin] PATH_INFO: `/v3/roles` {{(pid=80405) log_request_info /opt/stack/keystone/keystone/server/flask/request_processing/req_logging.py:29}}
May 27 14:50:09.014364 dv-neutron-843245-6-hyperv devstack@keystone.service[80405]: DEBUG keystone.common.rbac_enforcer.enforcer [None req-4dc5579f-6166-4169-a4b6-47bcfe0a11e9 None admin] RBAC: Adding query filter params (name=member) {{(pid=80405) _extract_filter_values /opt/stack/keystone/keystone/common/rbac_enforcer/enforcer.py:167}}
May 27 14:50:09.015333 dv-neutron-843245-6-hyperv devstack@keystone.service[80405]: DEBUG keystone.common.rbac_enforcer.enforcer [None req-4dc5579f-6166-4169-a4b6-47bcfe0a11e9 None admin] RBAC: Authorizing `identity:list_roles()` {{(pid=80405) enforce_call /opt/stack/keystone/keystone/common/rbac_enforcer/enforcer.py:449}}
May 27 14:50:09.017195 dv-neutron-843245-6-hyperv devstack@keystone.service[80405]: DEBUG keystone.common.rbac_enforcer.enforcer [None req-4dc5579f-6166-4169-a4b6-47bcfe0a11e9 None admin] RBAC: Authorization granted {{(pid=80405) enforce_call /opt/stack/keystone/keystone/common/rbac_enforcer/enforcer.py:457}}
May 27 14:50:09.028823 dv-neutron-843245-6-hyperv devstack@keystone.service[80405]: [pid: 80405|app: 0|req: 57/116] 10.222.0.65 () {56 vars in 1101 bytes} [Fri May 27 14:50:08 2022] GET /identity/v3/roles?name=member => generated 341 bytes in 209 msecs (HTTP/1.1 200) 5 headers in 177 bytes (1 switches on core 0)
May 27 14:50:09.030587 dv-neutron-843245-6-hyperv devstack@keystone.service[80405]: DEBUG keystone.server.flask.request_processing.middleware.auth_context [None req-4dc5579f-6166-4169-a4b6-47bcfe0a11e9 None admin] Authenticating user token {{(pid=80405) process_request /usr/local/lib/python3.8/dist-packages/keystonemiddleware/auth_token/__init__.py:407}}
May 27 14:50:09.090208 dv-neutron-843245-6-hyperv devstack@keystone.service[80404]: DEBUG keystone.server.flask.request_processing.middleware.auth_context [None req-ca011222-a951-459f-a42c-15920910781c None None] Validating token access rules against request {{(pid=80404) validate_allowed_request /usr/local/lib/python3.8/dist-packages/keystonemiddleware/auth_token/__init__.py:545}}
May 27 14:50:09.100801 dv-neutron-843245-6-hyperv devstack@keystone.service[80404]: DEBUG dbcounter [-] [80404] Writing DB stats keystone:SELECT=100 {{(pid=80404) stat_writer /usr/local/lib/python3.8/dist-packages/dbcounter.py:114}}
May 27 14:50:09.131328 dv-neutron-843245-6-hyperv devstack@keystone.service[80404]: DEBUG keystone.server.flask.request_processing.middleware.auth_context [None req-15ef9890-dcac-436e-98e4-e60951abd04b None admin] RBAC: auth_context: {'token': , 'domain_id': None, 'trust_id': None, 'trustor_id': None, 'trustee_id': None, 'domain_name': None, 'group_ids': [], 'user_id': 'c4423520877a4dc59a7d3944fa5aa870', 'user_domain_id': 'default', 'system_scope': 'all', 'project_id': None, 'project_domain_id': None, 'roles': ['admin', 'member', 'reader'], 'is_admin_project': True, 'service_user_id': None, 'service_user_domain_id': None, 'service_project_id': None, 'service_project_domain_id': None, 'service_roles': []} {{(pid=80404) fill_context /opt/stack/keystone/keystone/server/flask/request_processing/middleware/auth_context.py:478}}
May 27 14:50:09.132203 dv-neutron-843245-6-hyperv devstack@keystone.service[80404]: DEBUG keystone.server.flask.request_processing.req_logging [None req-15ef9890-dcac-436e-98e4-e60951abd04b None admin] REQUEST_METHOD: `GET` {{(pid=80404) log_request_info /opt/stack/keystone/keystone/server/flask/request_processing/req_logging.py:27}}
May 27 14:50:09.132489 dv-neutron-843245-6-hyperv devstack@keystone.service[80404]: DEBUG keystone.server.flask.request_processing.req_logging [None req-15ef9890-dcac-436e-98e4-e60951abd04b None admin] SCRIPT_NAME: `/identity` {{(pid=80404) log_request_info /opt/stack/keystone/keystone/server/flask/request_processing/req_logging.py:28}}
May 27 14:50:09.132768 dv-neutron-843245-6-hyperv devstack@keystone.service[80404]: DEBUG keystone.server.flask.request_processing.req_logging [None req-15ef9890-dcac-436e-98e4-e60951abd04b None admin] PATH_INFO: `/v3/projects/14865e92898540ffa0e1fbcadc6b2a1e` {{(pid=80404) log_request_info /opt/stack/keystone/keystone/server/flask/request_processing/req_logging.py:29}}
May 27 14:50:09.135129 dv-neutron-843245-6-hyperv devstack@keystone.service[80404]: DEBUG keystone.common.rbac_enforcer.enforcer [None req-15ef9890-dcac-436e-98e4-e60951abd04b None admin] RBAC: Authorizing `identity:get_project(project_id=14865e92898540ffa0e1fbcadc6b2a1e)` {{(pid=80404) enforce_call /opt/stack/keystone/keystone/common/rbac_enforcer/enforcer.py:449}}
May 27 14:50:09.136615 dv-neutron-843245-6-hyperv devstack@keystone.service[80404]: DEBUG keystone.common.rbac_enforcer.enforcer [None req-15ef9890-dcac-436e-98e4-e60951abd04b None admin] RBAC: Authorization granted {{(pid=80404) enforce_call /opt/stack/keystone/keystone/common/rbac_enforcer/enforcer.py:457}}
May 27 14:50:09.138368 dv-neutron-843245-6-hyperv devstack@keystone.service[80404]: [pid: 80404|app: 0|req: 60/117] 10.222.0.65 () {56 vars in 1186 bytes} [Fri May 27 14:50:08 2022] GET /identity/v3/projects/14865e92898540ffa0e1fbcadc6b2a1e => generated 298 bytes in 160 msecs (HTTP/1.1 200) 5 headers in 177 bytes (1 switches on core 0)
May 27 14:50:09.139127 dv-neutron-843245-6-hyperv devstack@keystone.service[80404]: DEBUG keystone.server.flask.request_processing.middleware.auth_context [None req-15ef9890-dcac-436e-98e4-e60951abd04b None admin] Authenticating user token {{(pid=80404) process_request /usr/local/lib/python3.8/dist-packages/keystonemiddleware/auth_token/__init__.py:407}}
May 27 14:50:09.152393 dv-neutron-843245-6-hyperv devstack@keystone.service[80405]: DEBUG keystone.server.flask.request_processing.middleware.auth_context [None req-4dc5579f-6166-4169-a4b6-47bcfe0a11e9 None admin] Validating token access rules against request {{(pid=80405) validate_allowed_request /usr/local/lib/python3.8/dist-packages/keystonemiddleware/auth_token/__init__.py:545}}
May 27 14:50:09.187990 dv-neutron-843245-6-hyperv devstack@keystone.service[80405]: DEBUG keystone.server.flask.request_processing.middleware.auth_context [None req-a21c9859-68c3-458d-a76b-606b0e7f7887 None admin] RBAC: auth_context: {'token': , 'domain_id': None, 'trust_id': None, 'trustor_id': None, 'trustee_id': None, 'domain_name': None, 'group_ids': [], 'user_id': 'c4423520877a4dc59a7d3944fa5aa870', 'user_domain_id': 'default', 'system_scope': 'all', 'project_id': None, 'project_domain_id': None, 'roles': ['admin', 'member', 'reader'], 'is_admin_project': True, 'service_user_id': None, 'service_user_domain_id': None, 'service_project_id': None, 'service_project_domain_id': None, 'service_roles': []} {{(pid=80405) fill_context /opt/stack/keystone/keystone/server/flask/request_processing/middleware/auth_context.py:478}}
May 27 14:50:09.188664 dv-neutron-843245-6-hyperv devstack@keystone.service[80405]: DEBUG keystone.server.flask.request_processing.req_logging [None req-a21c9859-68c3-458d-a76b-606b0e7f7887 None admin] REQUEST_METHOD: `GET` {{(pid=80405) log_request_info /opt/stack/keystone/keystone/server/flask/request_processing/req_logging.py:27}}
May 27 14:50:09.189049 dv-neutron-843245-6-hyperv devstack@keystone.service[80405]: DEBUG keystone.server.flask.request_processing.req_logging [None req-a21c9859-68c3-458d-a76b-606b0e7f7887 None admin] SCRIPT_NAME: `/identity` {{(pid=80405) log_request_info /opt/stack/keystone/keystone/server/flask/request_processing/req_logging.py:28}}
May 27 14:50:09.189231 dv-neutron-843245-6-hyperv devstack@keystone.service[80405]: DEBUG keystone.server.flask.request_processing.req_logging [None req-a21c9859-68c3-458d-a76b-606b0e7f7887 None admin] PATH_INFO: `/v3/roles` {{(pid=80405) log_request_info /opt/stack/keystone/keystone/server/flask/request_processing/req_logging.py:29}}
May 27 14:50:09.190009 dv-neutron-843245-6-hyperv devstack@keystone.service[80405]: DEBUG keystone.common.rbac_enforcer.enforcer [None req-a21c9859-68c3-458d-a76b-606b0e7f7887 None admin] RBAC: Adding query filter params (name=admin) {{(pid=80405) _extract_filter_values /opt/stack/keystone/keystone/common/rbac_enforcer/enforcer.py:167}}
May 27 14:50:09.190317 dv-neutron-843245-6-hyperv devstack@keystone.service[80405]: DEBUG keystone.common.rbac_enforcer.enforcer [None req-a21c9859-68c3-458d-a76b-606b0e7f7887 None admin] RBAC: Authorizing `identity:list_roles()` {{(pid=80405) enforce_call /opt/stack/keystone/keystone/common/rbac_enforcer/enforcer.py:449}}
May 27 14:50:09.191690 dv-neutron-843245-6-hyperv devstack@keystone.service[80405]: DEBUG keystone.common.rbac_enforcer.enforcer [None req-a21c9859-68c3-458d-a76b-606b0e7f7887 None admin] RBAC: Authorization granted {{(pid=80405) enforce_call /opt/stack/keystone/keystone/common/rbac_enforcer/enforcer.py:457}}
May 27 14:50:09.200922 dv-neutron-843245-6-hyperv devstack@keystone.service[80405]: [pid: 80405|app: 0|req: 58/118] 10.222.0.65 () {56 vars in 1099 bytes} [Fri May 27 14:50:09 2022] GET /identity/v3/roles?name=admin => generated 339 bytes in 171 msecs (HTTP/1.1 200) 5 headers in 177 bytes (1 switches on core 0)
May 27 14:50:09.201743 dv-neutron-843245-6-hyperv devstack@keystone.service[80405]: DEBUG keystone.server.flask.request_processing.middleware.auth_context [None req-a21c9859-68c3-458d-a76b-606b0e7f7887 None admin] Authenticating user token {{(pid=80405) process_request /usr/local/lib/python3.8/dist-packages/keystonemiddleware/auth_token/__init__.py:407}}
May 27 14:50:09.222698 dv-neutron-843245-6-hyperv devstack@keystone.service[80405]: DEBUG dbcounter [-] [80405] Writing DB stats keystone:SELECT=100 {{(pid=80405) stat_writer /usr/local/lib/python3.8/dist-packages/dbcounter.py:114}}
May 27 14:50:09.253294 dv-neutron-843245-6-hyperv devstack@keystone.service[80404]: DEBUG keystone.server.flask.request_processing.middleware.auth_context [None req-15ef9890-dcac-436e-98e4-e60951abd04b None admin] Validating token access rules against request {{(pid=80404) validate_allowed_request /usr/local/lib/python3.8/dist-packages/keystonemiddleware/auth_token/__init__.py:545}}
May 27 14:50:09.289714 dv-neutron-843245-6-hyperv devstack@keystone.service[80404]: DEBUG keystone.server.flask.request_processing.middleware.auth_context [None req-1e83a53b-c30a-44ad-a7f3-d4e8f90ef985 None admin] RBAC: auth_context: {'token': , 'domain_id': None, 'trust_id': None, 'trustor_id': None, 'trustee_id': None, 'domain_name': None, 'group_ids': [], 'user_id': 'c4423520877a4dc59a7d3944fa5aa870', 'user_domain_id': 'default', 'system_scope': 'all', 'project_id': None, 'project_domain_id': None, 'roles': ['admin', 'member', 'reader'], 'is_admin_project': True, 'service_user_id': None, 'service_user_domain_id': None, 'service_project_id': None, 'service_project_domain_id': None, 'service_roles': []} {{(pid=80404) fill_context /opt/stack/keystone/keystone/server/flask/request_processing/middleware/auth_context.py:478}}
May 27 14:50:09.291170 dv-neutron-843245-6-hyperv devstack@keystone.service[80404]: DEBUG keystone.server.flask.request_processing.req_logging [None req-1e83a53b-c30a-44ad-a7f3-d4e8f90ef985 None admin] REQUEST_METHOD: `GET` {{(pid=80404) log_request_info /opt/stack/keystone/keystone/server/flask/request_processing/req_logging.py:27}}
May 27 14:50:09.291472 dv-neutron-843245-6-hyperv devstack@keystone.service[80404]: DEBUG keystone.server.flask.request_processing.req_logging [None req-1e83a53b-c30a-44ad-a7f3-d4e8f90ef985 None admin] SCRIPT_NAME: `/identity` {{(pid=80404) log_request_info /opt/stack/keystone/keystone/server/flask/request_processing/req_logging.py:28}}
May 27 14:50:09.291753 dv-neutron-843245-6-hyperv devstack@keystone.service[80404]: DEBUG keystone.server.flask.request_processing.req_logging [None req-1e83a53b-c30a-44ad-a7f3-d4e8f90ef985 None admin] PATH_INFO: `/v3/roles/anotherrole` {{(pid=80404) log_request_info /opt/stack/keystone/keystone/server/flask/request_processing/req_logging.py:29}}
May 27 14:50:09.302684 dv-neutron-843245-6-hyperv devstack@keystone.service[80404]: DEBUG keystone.common.rbac_enforcer.enforcer [None req-1e83a53b-c30a-44ad-a7f3-d4e8f90ef985 None admin] Extracting inferred target data resulted in "NOT FOUND (404)". {{(pid=80404) enforce_call /opt/stack/keystone/keystone/common/rbac_enforcer/enforcer.py:409}}
May 27 14:50:09.310187 dv-neutron-843245-6-hyperv devstack@keystone.service[80405]: DEBUG keystone.server.flask.request_processing.middleware.auth_context [None req-a21c9859-68c3-458d-a76b-606b0e7f7887 None admin] Validating token access rules against request {{(pid=80405) validate_allowed_request /usr/local/lib/python3.8/dist-packages/keystonemiddleware/auth_token/__init__.py:545}}
May 27 14:50:09.311386 dv-neutron-843245-6-hyperv devstack@keystone.service[80404]: ERROR keystone.server.flask.application [None req-1e83a53b-c30a-44ad-a7f3-d4e8f90ef985 None admin] Could not find role: anotherrole.: keystone.exception.RoleNotFound: Could not find role: anotherrole.
May 27 14:50:09.311386 dv-neutron-843245-6-hyperv devstack@keystone.service[80404]: ERROR keystone.server.flask.application
Traceback (most recent call last):
May 27 14:50:09.311386 dv-neutron-843245-6-hyperv devstack@keystone.service[80404]: ERROR keystone.server.flask.application
File "/usr/local/lib/python3.8/dist-packages/flask/app.py", line 1523, in full_dispatch_request
May 27 14:50:09.311386 dv-neutron-843245-6-hyperv devstack@keystone.service[80404]: ERROR keystone.server.flask.application rv = self.dispatch_request()
May 27 14:50:09.311386 dv-neutron-843245-6-hyperv devstack@keystone.service[80404]: ERROR keystone.server.flask.application
File "/usr/local/lib/python3.8/dist-packages/flask/app.py", line 1509, in dispatch_request
May 27 14:50:09.311386 dv-neutron-843245-6-hyperv devstack@keystone.service[80404]: ERROR keystone.server.flask.application return self.ensure_sync(self.view_functions[rule.endpoint])(**req.view_args)
May 27 14:50:09.311386 dv-neutron-843245-6-hyperv devstack@keystone.service[80404]: ERROR keystone.server.flask.application
File "/usr/local/lib/python3.8/dist-packages/flask_restful/__init__.py", line 467, in wrapper
May 27 14:50:09.311386 dv-neutron-843245-6-hyperv devstack@keystone.service[80404]: ERROR keystone.server.flask.application resp = resource(*args, **kwargs)
May 27 14:50:09.311386 dv-neutron-843245-6-hyperv devstack@keystone.service[80404]: ERROR keystone.server.flask.application
File "/usr/local/lib/python3.8/dist-packages/flask/views.py", line 84, in view
May 27 14:50:09.311386 dv-neutron-843245-6-hyperv devstack@keystone.service[80404]: ERROR keystone.server.flask.application return current_app.ensure_sync(self.dispatch_request)(*args, **kwargs)
May 27 14:50:09.311386 dv-neutron-843245-6-hyperv devstack@keystone.service[80404]: ERROR keystone.server.flask.application
File "/usr/local/lib/python3.8/dist-packages/flask_restful/__init__.py", line 582, in dispatch_request
May 27 14:50:09.311386 dv-neutron-843245-6-hyperv devstack@keystone.service[80404]: ERROR keystone.server.flask.application resp = meth(*args, **kwargs)
May 27 14:50:09.311386 dv-neutron-843245-6-hyperv devstack@keystone.service[80404]: ERROR keystone.server.flask.application
File "/opt/stack/keystone/keystone/api/roles.py", line 50, in get
May 27 14:50:09.311386 dv-neutron-843245-6-hyperv devstack@keystone.service[80404]: ERROR keystone.server.flask.application return self._get_role(role_id)
May 27 14:50:09.311386 dv-neutron-843245-6-hyperv devstack@keystone.service[80404]: ERROR keystone.server.flask.application
File "/opt/stack/keystone/keystone/api/roles.py", line 70, in _get_role
May 27 14:50:09.311386 dv-neutron-843245-6-hyperv devstack@keystone.service[80404]: ERROR keystone.server.flask.application ENFORCER.enforce_call(action='identity:get_role')
May 27 14:50:09.312182 dv-neutron-843245-6-hyperv devstack@keystone.service[80404]: ERROR keystone.server.flask.application
File "/opt/stack/keystone/keystone/common/rbac_enforcer/enforcer.py", line 402, in enforce_call
May 27 14:50:09.312182 dv-neutron-843245-6-hyperv devstack@keystone.service[80404]: ERROR keystone.server.flask.application policy_dict.update(cls._extract_member_target_data(
May 27 14:50:09.312182 dv-neutron-843245-6-hyperv devstack@keystone.service[80404]: ERROR keystone.server.flask.application
File "/opt/stack/keystone/keystone/common/rbac_enforcer/enforcer.py", line 234, in _extract_member_target_data
May 27 14:50:09.312182 dv-neutron-843245-6-hyperv devstack@keystone.service[80404]: ERROR keystone.server.flask.application member_name: func(flask.request.view_args[key])
May 27 14:50:09.312182 dv-neutron-843245-6-hyperv devstack@keystone.service[80404]: ERROR keystone.server.flask.application
File "/opt/stack/keystone/keystone/common/manager.py", line 115, in wrapped
May 27 14:50:09.312182 dv-neutron-843245-6-hyperv devstack@keystone.service[80404]: ERROR keystone.server.flask.application __ret_val = __f(*args, **kwargs)
May 27 14:50:09.312182 dv-neutron-843245-6-hyperv devstack@keystone.service[80404]: ERROR keystone.server.flask.application
File "/usr/local/lib/python3.8/dist-packages/decorator.py", line 232, in fun
May 27 14:50:09.312182 dv-neutron-843245-6-hyperv devstack@keystone.service[80404]: ERROR keystone.server.flask.application return caller(func, *(extras + args), **kw)
May 27 14:50:09.312182 dv-neutron-843245-6-hyperv devstack@keystone.service[80404]: ERROR keystone.server.flask.application
File "/usr/local/lib/python3.8/dist-packages/dogpile/cache/region.py", line 1577, in get_or_create_for_user_func
May 27 14:50:09.312182 dv-neutron-843245-6-hyperv devstack@keystone.service[80404]: ERROR keystone.server.flask.application return self.get_or_create(
May 27 14:50:09.312182 dv-neutron-843245-6-hyperv devstack@keystone.service[80404]: ERROR keystone.server.flask.application
File "/usr/local/lib/python3.8/dist-packages/dogpile/cache/region.py", line 1042, in get_or_create
May 27 14:50:09.312182 dv-neutron-843245-6-hyperv devstack@keystone.service[80404]: ERROR keystone.server.flask.application with Lock(
May 27 14:50:09.312182 dv-neutron-843245-6-hyperv devstack@keystone.service[80404]: ERROR keystone.server.flask.application
File "/usr/local/lib/python3.8/dist-packages/dogpile/lock.py", line 185, in __enter__
May 27 14:50:09.312182 dv-neutron-843245-6-hyperv devstack@keystone.service[80404]: ERROR keystone.server.flask.application return self._enter()
May 27 14:50:09.312182 dv-neutron-843245-6-hyperv devstack@keystone.service[80404]: ERROR keystone.server.flask.application
File "/usr/local/lib/python3.8/dist-packages/dogpile/lock.py", line 94, in _enter
May 27 14:50:09.312182 dv-neutron-843245-6-hyperv devstack@keystone.service[80404]: ERROR keystone.server.flask.application generated = self._enter_create(value, createdtime)
May 27 14:50:09.312933 dv-neutron-843245-6-hyperv devstack@keystone.service[80404]: ERROR keystone.server.flask.application
File "/usr/local/lib/python3.8/dist-packages/dogpile/lock.py", line 178, in _enter_create
May 27 14:50:09.312933 dv-neutron-843245-6-hyperv devstack@keystone.service[80404]: ERROR keystone.server.flask.application return self.creator()
May 27 14:50:09.312933 dv-neutron-843245-6-hyperv devstack@keystone.service[80404]: ERROR keystone.server.flask.application
File "/usr/local/lib/python3.8/dist-packages/dogpile/cache/region.py", line 995, in gen_value
May 27 14:50:09.312933 dv-neutron-843245-6-hyperv devstack@keystone.service[80404]: ERROR keystone.server.flask.application created_value = creator(
May 27 14:50:09.312933 dv-neutron-843245-6-hyperv devstack@keystone.service[80404]: ERROR keystone.server.flask.application
File "/opt/stack/keystone/keystone/assignment/core.py", line 1276, in get_role
May 27 14:50:09.312933 dv-neutron-843245-6-hyperv devstack@keystone.service[80404]: ERROR keystone.server.flask.application return self.driver.get_role(role_id)
May 27 14:50:09.312933 dv-neutron-843245-6-hyperv devstack@keystone.service[80404]: ERROR keystone.server.flask.application
File "/opt/stack/keystone/keystone/assignment/role_backends/sql.py", line 70, in get_role
May 27 14:50:09.312933 dv-neutron-843245-6-hyperv devstack@keystone.service[80404]: ERROR keystone.server.flask.application return self._get_role(session, role_id).to_dict()
May 27 14:50:09.312933 dv-neutron-843245-6-hyperv devstack@keystone.service[80404]: ERROR keystone.server.flask.application
File "/opt/stack/keystone/keystone/assignment/role_backends/sql.py", line 65, in _get_role
May 27 14:50:09.312933 dv-neutron-843245-6-hyperv devstack@keystone.service[80404]: ERROR keystone.server.flask.application raise exception.RoleNotFound(role_id=role_id)
May 27 14:50:09.312933 dv-neutron-843245-6-hyperv devstack@keystone.service[80404]: ERROR keystone.server.flask.application keystone.exception.RoleNotFound: Could not find role: anotherrole.
May 27 14:50:09.312933 dv-neutron-843245-6-hyperv devstack@keystone.service[80404]: ERROR keystone.server.flask.application
May 27 14:50:09.312933 dv-neutron-843245-6-hyperv devstack@keystone.service[80404]: [pid: 80404|app: 0|req: 61/119] 10.222.0.65 () {56 vars in 1114 bytes} [Fri May 27 14:50:09 2022] GET /identity/v3/roles/anotherrole => generated 89 bytes in 174 msecs (HTTP/1.1 404) 5 headers in 183 bytes (1 switches on core 0)
May 27 14:50:09.314210 dv-neutron-843245-6-hyperv devstack@keystone.service[80404]: DEBUG keystone.server.flask.request_processing.req_logging [None req-70bd014a-093c-4935-a318-cd759a2ff683 None None] REQUEST_METHOD: `GET` {{(pid=80404) log_request_info /opt/stack/keystone/keystone/server/flask/request_processing/req_logging.py:27}}
May 27 14:50:09.314210 dv-neutron-843245-6-hyperv devstack@keystone.service[80404]: DEBUG keystone.server.flask.request_processing.req_logging [None req-70bd014a-093c-4935-a318-cd759a2ff683 None None] SCRIPT_NAME: `/identity` {{(pid=80404) log_request_info /opt/stack/keystone/keystone/server/flask/request_processing/req_logging.py:28}}
May 27 14:50:09.314366 dv-neutron-843245-6-hyperv devstack@keystone.service[80404]: DEBUG keystone.server.flask.request_processing.req_logging [None req-70bd014a-093c-4935-a318-cd759a2ff683 None None] PATH_INFO: `/` {{(pid=80404) log_request_info /opt/stack/keystone/keystone/server/flask/request_processing/req_logging.py:29}}
May 27 14:50:09.315769 dv-neutron-843245-6-hyperv devstack@keystone.service[80404]: [pid: 80404|app: 0|req: 62/120] 10.222.0.65 () {54 vars in 926 bytes} [Fri May 27 14:50:09 2022] GET /identity => generated 270 bytes in 2 msecs (HTTP/1.1 300) 6 headers in 234 bytes (1 switches on core 0)
May 27 14:50:09.317720 dv-neutron-843245-6-hyperv devstack@keystone.service[80404]: DEBUG keystone.server.flask.request_processing.middleware.auth_context [None req-70bd014a-093c-4935-a318-cd759a2ff683 None None] Authenticating user token {{(pid=80404) process_request /usr/local/lib/python3.8/dist-packages/keystonemiddleware/auth_token/__init__.py:407}}
May 27 14:50:09.350591 dv-neutron-843245-6-hyperv devstack@keystone.service[80405]: DEBUG keystone.server.flask.request_processing.middleware.auth_context [None req-6d2aec19-9c18-40c7-b6ad-41502e294f29 None admin] RBAC: auth_context: {'token': , 'domain_id': None, 'trust_id': None, 'trustor_id': None, 'trustee_id': None, 'domain_name': None, 'group_ids': [], 'user_id': 'c4423520877a4dc59a7d3944fa5aa870', 'user_domain_id': 'default', 'system_scope': 'all', 'project_id': None, 'project_domain_id': None, 'roles': ['admin', 'member', 'reader'], 'is_admin_project': True, 'service_user_id': None, 'service_user_domain_id': None, 'service_project_id': None, 'service_project_domain_id': None, 'service_roles': []} {{(pid=80405) fill_context /opt/stack/keystone/keystone/server/flask/request_processing/middleware/auth_context.py:478}}
May 27 14:50:09.351483 dv-neutron-843245-6-hyperv devstack@keystone.service[80405]: DEBUG keystone.server.flask.request_processing.req_logging [None req-6d2aec19-9c18-40c7-b6ad-41502e294f29 None admin] REQUEST_METHOD: `GET` {{(pid=80405) log_request_info /opt/stack/keystone/keystone/server/flask/request_processing/req_logging.py:27}}
May 27 14:50:09.351766 dv-neutron-843245-6-hyperv devstack@keystone.service[80405]: DEBUG keystone.server.flask.request_processing.req_logging [None req-6d2aec19-9c18-40c7-b6ad-41502e294f29 None admin] SCRIPT_NAME: `/identity` {{(pid=80405) log_request_info /opt/stack/keystone/keystone/server/flask/request_processing/req_logging.py:28}}
May 27 14:50:09.352048 dv-neutron-843245-6-hyperv devstack@keystone.service[80405]: DEBUG keystone.server.flask.request_processing.req_logging [None req-6d2aec19-9c18-40c7-b6ad-41502e294f29 None admin] PATH_INFO: `/v3/users/5d0fe157710647bebdd1eff517a36e46` {{(pid=80405) log_request_info /opt/stack/keystone/keystone/server/flask/request_processing/req_logging.py:29}}
May 27 14:50:09.353253 dv-neutron-843245-6-hyperv devstack@keystone.service[80405]: DEBUG keystone.common.rbac_enforcer.enforcer [None req-6d2aec19-9c18-40c7-b6ad-41502e294f29 None admin] RBAC: Authorizing `identity:get_user(user_id=5d0fe157710647bebdd1eff517a36e46)` {{(pid=80405) enforce_call /opt/stack/keystone/keystone/common/rbac_enforcer/enforcer.py:449}}
May 27 14:50:09.354742 dv-neutron-843245-6-hyperv devstack@keystone.service[80405]: DEBUG keystone.common.rbac_enforcer.enforcer [None req-6d2aec19-9c18-40c7-b6ad-41502e294f29 None admin] RBAC: Authorization granted {{(pid=80405) enforce_call /opt/stack/keystone/keystone/common/rbac_enforcer/enforcer.py:457}}
May 27 14:50:09.356359 dv-neutron-843245-6-hyperv devstack@keystone.service[80405]: [pid: 80405|app: 0|req: 59/121] 10.222.0.65 () {56 vars in 1177 bytes} [Fri May 27 14:50:09 2022] GET /identity/v3/users/5d0fe157710647bebdd1eff517a36e46 => generated 275 bytes in 155 msecs (HTTP/1.1 200) 5 headers in 177 bytes (1 switches on core 0)
May 27 14:50:09.357125 dv-neutron-843245-6-hyperv devstack@keystone.service[80405]: DEBUG keystone.server.flask.request_processing.middleware.auth_context [None req-6d2aec19-9c18-40c7-b6ad-41502e294f29 None admin] Authenticating user token {{(pid=80405) process_request /usr/local/lib/python3.8/dist-packages/keystonemiddleware/auth_token/__init__.py:407}}
May 27 14:50:09.363473 dv-neutron-843245-6-hyperv devstack@keystone.service[80404]: DEBUG dbcounter [-] [80404] Writing DB stats keystone:SELECT=100 {{(pid=80404) stat_writer /usr/local/lib/python3.8/dist-packages/dbcounter.py:114}}
May 27 14:50:09.431525 dv-neutron-843245-6-hyperv devstack@keystone.service[80404]: DEBUG keystone.server.flask.request_processing.middleware.auth_context [None req-70bd014a-093c-4935-a318-cd759a2ff683 None None] Validating token access rules against request {{(pid=80404) validate_allowed_request /usr/local/lib/python3.8/dist-packages/keystonemiddleware/auth_token/__init__.py:545}}
May 27 14:50:09.452640 dv-neutron-843245-6-hyperv devstack@keystone.service[80405]: DEBUG dbcounter [-] [80405] Writing DB stats keystone:SELECT=100 {{(pid=80405) stat_writer /usr/local/lib/python3.8/dist-packages/dbcounter.py:114}}
May 27 14:50:09.466953 dv-neutron-843245-6-hyperv devstack@keystone.service[80404]: DEBUG keystone.server.flask.request_processing.middleware.auth_context [None req-4ae8d09c-6a1a-4485-9b92-1d0301b4409a None admin] RBAC: auth_context: {'token': , 'domain_id': None, 'trust_id': None, 'trustor_id': None, 'trustee_id': None, 'domain_name': None, 'group_ids': [], 'user_id': 'c4423520877a4dc59a7d3944fa5aa870', 'user_domain_id': 'default', 'system_scope': 'all', 'project_id': None, 'project_domain_id': None, 'roles': ['admin', 'member', 'reader'], 'is_admin_project': True, 'service_user_id': None, 'service_user_domain_id': None, 'service_project_id': None, 'service_project_domain_id': None, 'service_roles': []} {{(pid=80404) fill_context /opt/stack/keystone/keystone/server/flask/request_processing/middleware/auth_context.py:478}}
May 27 14:50:09.467729 dv-neutron-843245-6-hyperv devstack@keystone.service[80404]: DEBUG keystone.server.flask.request_processing.req_logging [None req-4ae8d09c-6a1a-4485-9b92-1d0301b4409a None admin] REQUEST_METHOD: `GET` {{(pid=80404) log_request_info /opt/stack/keystone/keystone/server/flask/request_processing/req_logging.py:27}}
May 27 14:50:09.468020 dv-neutron-843245-6-hyperv devstack@keystone.service[80404]: DEBUG keystone.server.flask.request_processing.req_logging [None req-4ae8d09c-6a1a-4485-9b92-1d0301b4409a None admin] SCRIPT_NAME: `/identity` {{(pid=80404) log_request_info /opt/stack/keystone/keystone/server/flask/request_processing/req_logging.py:28}}
May 27 14:50:09.468305 dv-neutron-843245-6-hyperv devstack@keystone.service[80404]: DEBUG keystone.server.flask.request_processing.req_logging [None req-4ae8d09c-6a1a-4485-9b92-1d0301b4409a None admin] PATH_INFO: `/v3/role_assignments` {{(pid=80404) log_request_info /opt/stack/keystone/keystone/server/flask/request_processing/req_logging.py:29}}
May 27 14:50:09.469138 dv-neutron-843245-6-hyperv devstack@keystone.service[80404]: DEBUG keystone.common.rbac_enforcer.enforcer [None req-4ae8d09c-6a1a-4485-9b92-1d0301b4409a None admin] RBAC: Adding query filter params (role.id=5ea8c61cd91b45f4bcffde741821215c, scope.project.id=14865e92898540ffa0e1fbcadc6b2a1e, user.id=3822b72731a94c26a81d3c60155d98a0) {{(pid=80404) _extract_filter_values /opt/stack/keystone/keystone/common/rbac_enforcer/enforcer.py:167}}
May 27 14:50:09.469459 dv-neutron-843245-6-hyperv devstack@keystone.service[80404]: DEBUG keystone.common.rbac_enforcer.enforcer [None req-4ae8d09c-6a1a-4485-9b92-1d0301b4409a None admin] RBAC: Authorizing `identity:list_role_assignments()` {{(pid=80404) enforce_call /opt/stack/keystone/keystone/common/rbac_enforcer/enforcer.py:449}}
May 27 14:50:09.470534 dv-neutron-843245-6-hyperv devstack@keystone.service[80405]: DEBUG keystone.server.flask.request_processing.middleware.auth_context [None req-6d2aec19-9c18-40c7-b6ad-41502e294f29 None admin] Validating token access rules against request {{(pid=80405) validate_allowed_request /usr/local/lib/python3.8/dist-packages/keystonemiddleware/auth_token/__init__.py:545}}
May 27 14:50:09.472025 dv-neutron-843245-6-hyperv devstack@keystone.service[80404]: DEBUG keystone.common.rbac_enforcer.enforcer [None req-4ae8d09c-6a1a-4485-9b92-1d0301b4409a None admin] RBAC: Authorization granted {{(pid=80404) enforce_call /opt/stack/keystone/keystone/common/rbac_enforcer/enforcer.py:457}}
May 27 14:50:09.478886 dv-neutron-843245-6-hyperv devstack@keystone.service[80404]: [pid: 80404|app: 0|req: 63/122] 10.222.0.65 () {56 vars in 1374 bytes} [Fri May 27 14:50:09 2022] GET /identity/v3/role_assignments?user.id=3822b72731a94c26a81d3c60155d98a0&scope.project.id=14865e92898540ffa0e1fbcadc6b2a1e&role.id=5ea8c61cd91b45f4bcffde741821215c => generated 259 bytes in 163 msecs (HTTP/1.1 200) 5 headers in 177 bytes (1 switches on core 0)
May 27 14:50:09.479639 dv-neutron-843245-6-hyperv devstack@keystone.service[80404]: DEBUG keystone.server.flask.request_processing.middleware.auth_context [None req-4ae8d09c-6a1a-4485-9b92-1d0301b4409a None admin] Authenticating user token {{(pid=80404) process_request /usr/local/lib/python3.8/dist-packages/keystonemiddleware/auth_token/__init__.py:407}}
May 27 14:50:09.519765 dv-neutron-843245-6-hyperv devstack@keystone.service[80405]: DEBUG keystone.server.flask.request_processing.middleware.auth_context [None req-d4180d6b-86b5-49ca-bf42-a5a78d9d5478 None admin] RBAC: auth_context: {'token': , 'domain_id': None, 'trust_id': None, 'trustor_id': None, 'trustee_id': None, 'domain_name': None, 'group_ids': [], 'user_id': 'c4423520877a4dc59a7d3944fa5aa870', 'user_domain_id': 'default', 'system_scope': 'all', 'project_id': None, 'project_domain_id': None, 'roles': ['admin', 'member', 'reader'], 'is_admin_project': True, 'service_user_id': None, 'service_user_domain_id': None, 'service_project_id': None, 'service_project_domain_id': None, 'service_roles': []} {{(pid=80405) fill_context /opt/stack/keystone/keystone/server/flask/request_processing/middleware/auth_context.py:478}}
May 27 14:50:09.521342 dv-neutron-843245-6-hyperv devstack@keystone.service[80405]: DEBUG keystone.server.flask.request_processing.req_logging [None req-d4180d6b-86b5-49ca-bf42-a5a78d9d5478 None admin] REQUEST_METHOD: `GET` {{(pid=80405) log_request_info /opt/stack/keystone/keystone/server/flask/request_processing/req_logging.py:27}}
May 27 14:50:09.521670 dv-neutron-843245-6-hyperv devstack@keystone.service[80405]: DEBUG keystone.server.flask.request_processing.req_logging [None req-d4180d6b-86b5-49ca-bf42-a5a78d9d5478 None admin] SCRIPT_NAME: `/identity` {{(pid=80405) log_request_info /opt/stack/keystone/keystone/server/flask/request_processing/req_logging.py:28}}
May 27 14:50:09.522245 dv-neutron-843245-6-hyperv devstack@keystone.service[80405]: DEBUG keystone.server.flask.request_processing.req_logging [None req-d4180d6b-86b5-49ca-bf42-a5a78d9d5478 None admin] PATH_INFO: `/v3/users/c4423520877a4dc59a7d3944fa5aa870` {{(pid=80405) log_request_info /opt/stack/keystone/keystone/server/flask/request_processing/req_logging.py:29}}
May 27 14:50:09.523641 dv-neutron-843245-6-hyperv devstack@keystone.service[80405]: DEBUG keystone.common.rbac_enforcer.enforcer [None req-d4180d6b-86b5-49ca-bf42-a5a78d9d5478 None admin] RBAC: Authorizing `identity:get_user(user_id=c4423520877a4dc59a7d3944fa5aa870)` {{(pid=80405) enforce_call /opt/stack/keystone/keystone/common/rbac_enforcer/enforcer.py:449}}
May 27 14:50:09.526930 dv-neutron-843245-6-hyperv devstack@keystone.service[80405]: DEBUG keystone.common.rbac_enforcer.enforcer [None req-d4180d6b-86b5-49ca-bf42-a5a78d9d5478 None admin] RBAC: Authorization granted {{(pid=80405) enforce_call /opt/stack/keystone/keystone/common/rbac_enforcer/enforcer.py:457}}
May 27 14:50:09.528983 dv-neutron-843245-6-hyperv devstack@keystone.service[80405]: [pid: 80405|app: 0|req: 60/123] 10.222.0.65 () {56 vars in 1177 bytes} [Fri May 27 14:50:09 2022] GET /identity/v3/users/c4423520877a4dc59a7d3944fa5aa870 => generated 247 bytes in 172 msecs (HTTP/1.1 200) 5 headers in 177 bytes (1 switches on core 0)
May 27 14:50:09.530260 dv-neutron-843245-6-hyperv devstack@keystone.service[80405]: DEBUG keystone.server.flask.request_processing.req_logging [None req-8cb38a39-9ac4-4ea1-b823-fd51c07c30ee None None] REQUEST_METHOD: `POST` {{(pid=80405) log_request_info /opt/stack/keystone/keystone/server/flask/request_processing/req_logging.py:27}}
May 27 14:50:09.530555 dv-neutron-843245-6-hyperv devstack@keystone.service[80405]: DEBUG keystone.server.flask.request_processing.req_logging [None req-8cb38a39-9ac4-4ea1-b823-fd51c07c30ee None None] SCRIPT_NAME: `/identity` {{(pid=80405) log_request_info /opt/stack/keystone/keystone/server/flask/request_processing/req_logging.py:28}}
May 27 14:50:09.530843 dv-neutron-843245-6-hyperv devstack@keystone.service[80405]: DEBUG keystone.server.flask.request_processing.req_logging [None req-8cb38a39-9ac4-4ea1-b823-fd51c07c30ee None None] PATH_INFO: `/v3/auth/tokens` {{(pid=80405) log_request_info /opt/stack/keystone/keystone/server/flask/request_processing/req_logging.py:29}}
May 27 14:50:09.553296 dv-neutron-843245-6-hyperv devstack@keystone.service[80405]: DEBUG keystone.auth.core [None req-8cb38a39-9ac4-4ea1-b823-fd51c07c30ee None None] MFA Rules not processed for user `c4423520877a4dc59a7d3944fa5aa870`. Rule list: `[]` (Enabled: `True`). {{(pid=80405) check_auth_methods_against_rules /opt/stack/keystone/keystone/auth/core.py:438}}
May 27 14:50:09.554754 dv-neutron-843245-6-hyperv devstack@keystone.service[80405]: DEBUG keystone.common.fernet_utils [None req-8cb38a39-9ac4-4ea1-b823-fd51c07c30ee None None] Loaded 2 Fernet keys from /etc/keystone/fernet-keys/, but `[fernet_tokens] max_active_keys = 3`; perhaps there have not been enough key rotations to reach `max_active_keys` yet? {{(pid=80405) load_keys /opt/stack/keystone/keystone/common/fernet_utils.py:286}}
May 27 14:50:09.608373 dv-neutron-843245-6-hyperv devstack@keystone.service[80404]: DEBUG dbcounter [-] [80404] Writing DB stats keystone:SELECT=100 {{(pid=80404) stat_writer /usr/local/lib/python3.8/dist-packages/dbcounter.py:114}}
May 27 14:50:09.612459 dv-neutron-843245-6-hyperv devstack@keystone.service[80404]: DEBUG keystone.server.flask.request_processing.middleware.auth_context [None req-4ae8d09c-6a1a-4485-9b92-1d0301b4409a None admin] Validating token access rules against request {{(pid=80404) validate_allowed_request /usr/local/lib/python3.8/dist-packages/keystonemiddleware/auth_token/__init__.py:545}}
May 27 14:50:09.650167 dv-neutron-843245-6-hyperv devstack@keystone.service[80405]: [pid: 80405|app: 0|req: 61/124] 10.222.0.65 () {58 vars in 1023 bytes} [Fri May 27 14:50:09 2022] POST /identity/v3/auth/tokens => generated 799 bytes in 121 msecs (HTTP/1.1 201) 6 headers in 363 bytes (1 switches on core 0)
May 27 14:50:09.651222 dv-neutron-843245-6-hyperv devstack@keystone.service[80405]: DEBUG keystone.server.flask.request_processing.middleware.auth_context [None req-8cb38a39-9ac4-4ea1-b823-fd51c07c30ee None None] Authenticating user token {{(pid=80405) process_request /usr/local/lib/python3.8/dist-packages/keystonemiddleware/auth_token/__init__.py:407}}
May 27 14:50:09.661328 dv-neutron-843245-6-hyperv devstack@keystone.service[80404]: DEBUG keystone.server.flask.request_processing.middleware.auth_context [None req-cdb99bba-6ed3-4990-bebc-00945aa2b0a6 None admin] RBAC: auth_context: {'token': , 'domain_id': None, 'trust_id': None, 'trustor_id': None, 'trustee_id': None, 'domain_name': None, 'group_ids': [], 'user_id': 'c4423520877a4dc59a7d3944fa5aa870', 'user_domain_id': 'default', 'system_scope': 'all', 'project_id': None, 'project_domain_id': None, 'roles': ['admin', 'member', 'reader'], 'is_admin_project': True, 'service_user_id': None, 'service_user_domain_id': None, 'service_project_id': None, 'service_project_domain_id': None, 'service_roles': []} {{(pid=80404) fill_context /opt/stack/keystone/keystone/server/flask/request_processing/middleware/auth_context.py:478}}
May 27 14:50:09.670345 dv-neutron-843245-6-hyperv devstack@keystone.service[80404]: DEBUG keystone.server.flask.request_processing.req_logging [None req-cdb99bba-6ed3-4990-bebc-00945aa2b0a6 None admin] REQUEST_METHOD: `GET` {{(pid=80404) log_request_info /opt/stack/keystone/keystone/server/flask/request_processing/req_logging.py:27}}
May 27 14:50:09.670345 dv-neutron-843245-6-hyperv devstack@keystone.service[80404]: DEBUG keystone.server.flask.request_processing.req_logging [None req-cdb99bba-6ed3-4990-bebc-00945aa2b0a6 None admin] SCRIPT_NAME: `/identity` {{(pid=80404) log_request_info /opt/stack/keystone/keystone/server/flask/request_processing/req_logging.py:28}}
May 27 14:50:09.670345 dv-neutron-843245-6-hyperv devstack@keystone.service[80404]: DEBUG keystone.server.flask.request_processing.req_logging [None req-cdb99bba-6ed3-4990-bebc-00945aa2b0a6 None admin] PATH_INFO: `/v3/roles` {{(pid=80404) log_request_info /opt/stack/keystone/keystone/server/flask/request_processing/req_logging.py:29}}
May 27 14:50:09.670345 dv-neutron-843245-6-hyperv devstack@keystone.service[80404]: DEBUG keystone.common.rbac_enforcer.enforcer [None req-cdb99bba-6ed3-4990-bebc-00945aa2b0a6 None admin] RBAC: Adding query filter params (name=anotherrole) {{(pid=80404) _extract_filter_values /opt/stack/keystone/keystone/common/rbac_enforcer/enforcer.py:167}}
May 27 14:50:09.670792 dv-neutron-843245-6-hyperv devstack@keystone.service[80404]: DEBUG keystone.common.rbac_enforcer.enforcer [None req-cdb99bba-6ed3-4990-bebc-00945aa2b0a6 None admin] RBAC: Authorizing `identity:list_roles()` {{(pid=80404) enforce_call /opt/stack/keystone/keystone/common/rbac_enforcer/enforcer.py:449}}
May 27 14:50:09.672303 dv-neutron-843245-6-hyperv devstack@keystone.service[80404]: DEBUG keystone.common.rbac_enforcer.enforcer [None req-cdb99bba-6ed3-4990-bebc-00945aa2b0a6 None admin] RBAC: Authorization granted {{(pid=80404) enforce_call /opt/stack/keystone/keystone/common/rbac_enforcer/enforcer.py:457}}
May 27 14:50:09.683105 dv-neutron-843245-6-hyperv devstack@keystone.service[80404]: [pid: 80404|app: 0|req: 64/125] 10.222.0.65 () {56 vars in 1111 bytes} [Fri May 27 14:50:09 2022] GET /identity/v3/roles?name=anotherrole => generated 334 bytes in 204 msecs (HTTP/1.1 200) 5 headers in 177 bytes (1 switches on core 0)
May 27 14:50:09.683947 dv-neutron-843245-6-hyperv devstack@keystone.service[80404]: DEBUG keystone.server.flask.request_processing.middleware.auth_context [None req-cdb99bba-6ed3-4990-bebc-00945aa2b0a6 None admin] Authenticating user token {{(pid=80404) process_request /usr/local/lib/python3.8/dist-packages/keystonemiddleware/auth_token/__init__.py:407}}
May 27 14:50:09.767446 dv-neutron-843245-6-hyperv devstack@keystone.service[80405]: DEBUG dbcounter [-] [80405] Writing DB stats keystone:SELECT=100 {{(pid=80405) stat_writer /usr/local/lib/python3.8/dist-packages/dbcounter.py:114}}
May 27 14:50:09.790206 dv-neutron-843245-6-hyperv devstack@keystone.service[80405]: DEBUG keystone.server.flask.request_processing.middleware.auth_context [None req-8cb38a39-9ac4-4ea1-b823-fd51c07c30ee None None] Validating token access rules against request {{(pid=80405) validate_allowed_request /usr/local/lib/python3.8/dist-packages/keystonemiddleware/auth_token/__init__.py:545}}
May 27 14:50:09.802557 dv-neutron-843245-6-hyperv devstack@keystone.service[80404]: DEBUG keystone.server.flask.request_processing.middleware.auth_context [None req-cdb99bba-6ed3-4990-bebc-00945aa2b0a6 None admin] Validating token access rules against request {{(pid=80404) validate_allowed_request /usr/local/lib/python3.8/dist-packages/keystonemiddleware/auth_token/__init__.py:545}}
May 27 14:50:09.829007 dv-neutron-843245-6-hyperv devstack@keystone.service[80405]: DEBUG keystone.server.flask.request_processing.middleware.auth_context [None req-c55e3920-f0be-4484-b90c-b456ebb5e460 None admin] RBAC: auth_context: {'token': , 'domain_id': None, 'trust_id': None, 'trustor_id': None, 'trustee_id': None, 'domain_name': None, 'group_ids': [], 'user_id': 'c4423520877a4dc59a7d3944fa5aa870', 'user_domain_id': 'default', 'system_scope': 'all', 'project_id': None, 'project_domain_id': None, 'roles': ['admin', 'member', 'reader'], 'is_admin_project': True, 'service_user_id': None, 'service_user_domain_id': None, 'service_project_id': None, 'service_project_domain_id': None, 'service_roles': []} {{(pid=80405) fill_context /opt/stack/keystone/keystone/server/flask/request_processing/middleware/auth_context.py:478}}
May 27 14:50:09.830480 dv-neutron-843245-6-hyperv devstack@keystone.service[80405]: DEBUG keystone.server.flask.request_processing.req_logging [None req-c55e3920-f0be-4484-b90c-b456ebb5e460 None admin] REQUEST_METHOD: `GET` {{(pid=80405) log_request_info /opt/stack/keystone/keystone/server/flask/request_processing/req_logging.py:27}}
May 27 14:50:09.830998 dv-neutron-843245-6-hyperv devstack@keystone.service[80405]: DEBUG keystone.server.flask.request_processing.req_logging [None req-c55e3920-f0be-4484-b90c-b456ebb5e460 None admin] SCRIPT_NAME: `/identity` {{(pid=80405) log_request_info /opt/stack/keystone/keystone/server/flask/request_processing/req_logging.py:28}}
May 27 14:50:09.831427 dv-neutron-843245-6-hyperv devstack@keystone.service[80405]: DEBUG keystone.server.flask.request_processing.req_logging [None req-c55e3920-f0be-4484-b90c-b456ebb5e460 None admin] PATH_INFO: `/v3/projects/14865e92898540ffa0e1fbcadc6b2a1e` {{(pid=80405) log_request_info /opt/stack/keystone/keystone/server/flask/request_processing/req_logging.py:29}}
May 27 14:50:09.832822 dv-neutron-843245-6-hyperv devstack@keystone.service[80405]: DEBUG keystone.common.rbac_enforcer.enforcer [None req-c55e3920-f0be-4484-b90c-b456ebb5e460 None admin] RBAC: Authorizing `identity:get_project(project_id=14865e92898540ffa0e1fbcadc6b2a1e)` {{(pid=80405) enforce_call /opt/stack/keystone/keystone/common/rbac_enforcer/enforcer.py:449}}
May 27 14:50:09.834507 dv-neutron-843245-6-hyperv devstack@keystone.service[80405]: DEBUG keystone.common.rbac_enforcer.enforcer [None req-c55e3920-f0be-4484-b90c-b456ebb5e460 None admin] RBAC: Authorization granted {{(pid=80405) enforce_call /opt/stack/keystone/keystone/common/rbac_enforcer/enforcer.py:457}}
May 27 14:50:09.836334 dv-neutron-843245-6-hyperv devstack@keystone.service[80404]: DEBUG keystone.server.flask.request_processing.middleware.auth_context [None req-4e3f7c54-aaf1-4eca-9067-d7b8f9977160 None admin] RBAC: auth_context: {'token': , 'domain_id': None, 'trust_id': None, 'trustor_id': None, 'trustee_id': None, 'domain_name': None, 'group_ids': [], 'user_id': 'c4423520877a4dc59a7d3944fa5aa870', 'user_domain_id': 'default', 'system_scope': 'all', 'project_id': None, 'project_domain_id': None, 'roles': ['admin', 'member', 'reader'], 'is_admin_project': True, 'service_user_id': None, 'service_user_domain_id': None, 'service_project_id': None, 'service_project_domain_id': None, 'service_roles': []} {{(pid=80404) fill_context /opt/stack/keystone/keystone/server/flask/request_processing/middleware/auth_context.py:478}}
May 27 14:50:09.837132 dv-neutron-843245-6-hyperv devstack@keystone.service[80405]: [pid: 80405|app: 0|req: 62/126] 10.222.0.65 () {56 vars in 1186 bytes} [Fri May 27 14:50:09 2022] GET /identity/v3/projects/14865e92898540ffa0e1fbcadc6b2a1e => generated 298 bytes in 186 msecs (HTTP/1.1 200) 5 headers in 177 bytes (1 switches on core 0)
May 27 14:50:09.837829 dv-neutron-843245-6-hyperv devstack@keystone.service[80404]: DEBUG keystone.server.flask.request_processing.req_logging [None req-4e3f7c54-aaf1-4eca-9067-d7b8f9977160 None admin] REQUEST_METHOD: `GET` {{(pid=80404) log_request_info /opt/stack/keystone/keystone/server/flask/request_processing/req_logging.py:27}}
May 27 14:50:09.838217 dv-neutron-843245-6-hyperv devstack@keystone.service[80404]: DEBUG keystone.server.flask.request_processing.req_logging [None req-4e3f7c54-aaf1-4eca-9067-d7b8f9977160 None admin] SCRIPT_NAME: `/identity` {{(pid=80404) log_request_info /opt/stack/keystone/keystone/server/flask/request_processing/req_logging.py:28}}
May 27 14:50:09.838496 dv-neutron-843245-6-hyperv devstack@keystone.service[80404]: DEBUG keystone.server.flask.request_processing.req_logging [None req-4e3f7c54-aaf1-4eca-9067-d7b8f9977160 None admin] PATH_INFO: `/v3/projects/14865e92898540ffa0e1fbcadc6b2a1e` {{(pid=80404) log_request_info /opt/stack/keystone/keystone/server/flask/request_processing/req_logging.py:29}}
May 27 14:50:09.838816 dv-neutron-843245-6-hyperv devstack@keystone.service[80405]: DEBUG keystone.server.flask.request_processing.middleware.auth_context [None req-c55e3920-f0be-4484-b90c-b456ebb5e460 None admin] Authenticating user token {{(pid=80405) process_request /usr/local/lib/python3.8/dist-packages/keystonemiddleware/auth_token/__init__.py:407}}
May 27 14:50:09.839728 dv-neutron-843245-6-hyperv devstack@keystone.service[80404]: DEBUG keystone.common.rbac_enforcer.enforcer [None req-4e3f7c54-aaf1-4eca-9067-d7b8f9977160 None admin] RBAC: Authorizing `identity:get_project(project_id=14865e92898540ffa0e1fbcadc6b2a1e)` {{(pid=80404) enforce_call /opt/stack/keystone/keystone/common/rbac_enforcer/enforcer.py:449}}
May 27 14:50:09.841154 dv-neutron-843245-6-hyperv devstack@keystone.service[80404]: DEBUG keystone.common.rbac_enforcer.enforcer [None req-4e3f7c54-aaf1-4eca-9067-d7b8f9977160 None admin] RBAC: Authorization granted {{(pid=80404) enforce_call /opt/stack/keystone/keystone/common/rbac_enforcer/enforcer.py:457}}
