Jul 28 12:39:13.921604 dv-neutron-843245-10-hyperv devstack@keystone.service[86960]: DEBUG keystone.server.flask.request_processing.middleware.auth_context [None req-c5877ed3-2b17-4882-9956-ba8cf1f32363 None admin] RBAC: auth_context: {'token': , 'domain_id': None, 'trust_id': None, 'trustor_id': None, 'trustee_id': None, 'domain_name': None, 'group_ids': [], 'user_id': 'e0b604092f564ca4b376cb684cd3b0f9', 'user_domain_id': 'default', 'system_scope': 'all', 'project_id': None, 'project_domain_id': None, 'roles': ['admin', 'member', 'reader'], 'is_admin_project': True, 'service_user_id': None, 'service_user_domain_id': None, 'service_project_id': None, 'service_project_domain_id': None, 'service_roles': []} {{(pid=86960) fill_context /opt/stack/keystone/keystone/server/flask/request_processing/middleware/auth_context.py:478}}
Jul 28 12:39:13.921978 dv-neutron-843245-10-hyperv devstack@keystone.service[86960]: DEBUG keystone.server.flask.request_processing.req_logging [None req-c5877ed3-2b17-4882-9956-ba8cf1f32363 None admin] REQUEST_METHOD: `GET` {{(pid=86960) log_request_info /opt/stack/keystone/keystone/server/flask/request_processing/req_logging.py:27}}
Jul 28 12:39:13.922136 dv-neutron-843245-10-hyperv devstack@keystone.service[86960]: DEBUG keystone.server.flask.request_processing.req_logging [None req-c5877ed3-2b17-4882-9956-ba8cf1f32363 None admin] SCRIPT_NAME: `/identity` {{(pid=86960) log_request_info /opt/stack/keystone/keystone/server/flask/request_processing/req_logging.py:28}}
Jul 28 12:39:13.922965 dv-neutron-843245-10-hyperv devstack@keystone.service[86960]: DEBUG keystone.server.flask.request_processing.req_logging [None req-c5877ed3-2b17-4882-9956-ba8cf1f32363 None admin] PATH_INFO: `/v3/domains/default` {{(pid=86960) log_request_info /opt/stack/keystone/keystone/server/flask/request_processing/req_logging.py:29}}
Jul 28 12:39:13.924482 dv-neutron-843245-10-hyperv devstack@keystone.service[86960]: DEBUG keystone.common.rbac_enforcer.enforcer [None req-c5877ed3-2b17-4882-9956-ba8cf1f32363 None admin] RBAC: Authorizing `identity:get_domain(domain_id=default)` {{(pid=86960) enforce_call /opt/stack/keystone/keystone/common/rbac_enforcer/enforcer.py:449}}
Jul 28 12:39:13.926229 dv-neutron-843245-10-hyperv devstack@keystone.service[86960]: DEBUG keystone.common.rbac_enforcer.enforcer [None req-c5877ed3-2b17-4882-9956-ba8cf1f32363 None admin] RBAC: Authorization granted {{(pid=86960) enforce_call /opt/stack/keystone/keystone/common/rbac_enforcer/enforcer.py:457}}
Jul 28 12:39:13.928327 dv-neutron-843245-10-hyperv devstack@keystone.service[86960]: [pid: 86960|app: 0|req: 69/139] 10.222.0.71 () {56 vars in 1108 bytes} [Thu Jul 28 12:39:13 2022] GET /identity/v3/domains/default => generated 199 bytes in 172 msecs (HTTP/1.1 200) 5 headers in 177 bytes (1 switches on core 0)
Jul 28 12:39:13.934865 dv-neutron-843245-10-hyperv devstack@keystone.service[86960]: DEBUG keystone.server.flask.request_processing.middleware.auth_context [None req-c5877ed3-2b17-4882-9956-ba8cf1f32363 None admin] Authenticating user token {{(pid=86960) process_request /usr/local/lib/python3.8/dist-packages/keystonemiddleware/auth_token/__init__.py:407}}
Jul 28 12:39:14.002797 dv-neutron-843245-10-hyperv devstack@keystone.service[86960]: DEBUG dbcounter [-] [86960] Writing DB stats keystone:SELECT=100 {{(pid=86960) stat_writer /usr/local/lib/python3.8/dist-packages/dbcounter.py:114}}
Jul 28 12:39:14.010759 dv-neutron-843245-10-hyperv devstack@keystone.service[86959]: DEBUG keystone.server.flask.request_processing.middleware.auth_context [None req-9e661e89-4464-4bcc-b43c-14b3bcc4b3e0 None admin] Validating token access rules against request {{(pid=86959) validate_allowed_request /usr/local/lib/python3.8/dist-packages/keystonemiddleware/auth_token/__init__.py:545}}
Jul 28 12:39:14.054734 dv-neutron-843245-10-hyperv devstack@keystone.service[86959]: DEBUG dbcounter [-] [86959] Writing DB stats keystone:SELECT=100 {{(pid=86959) stat_writer /usr/local/lib/python3.8/dist-packages/dbcounter.py:114}}
Jul 28 12:39:14.058374 dv-neutron-843245-10-hyperv devstack@keystone.service[86959]: DEBUG keystone.server.flask.request_processing.middleware.auth_context [None req-c76bab40-9066-4e1b-ac0a-4b059da2c9e0 None admin] RBAC: auth_context: {'token': , 'domain_id': None, 'trust_id': None, 'trustor_id': None, 'trustee_id': None, 'domain_name': None, 'group_ids': [], 'user_id': 'e0b604092f564ca4b376cb684cd3b0f9', 'user_domain_id': 'default', 'system_scope': 'all', 'project_id': None, 'project_domain_id': None, 'roles': ['admin', 'member', 'reader'], 'is_admin_project': True, 'service_user_id': None, 'service_user_domain_id': None, 'service_project_id': None, 'service_project_domain_id': None, 'service_roles': []} {{(pid=86959) fill_context /opt/stack/keystone/keystone/server/flask/request_processing/middleware/auth_context.py:478}}
Jul 28 12:39:14.059139 dv-neutron-843245-10-hyperv devstack@keystone.service[86959]: DEBUG keystone.server.flask.request_processing.req_logging [None req-c76bab40-9066-4e1b-ac0a-4b059da2c9e0 None admin] REQUEST_METHOD: `PUT` {{(pid=86959) log_request_info /opt/stack/keystone/keystone/server/flask/request_processing/req_logging.py:27}}
Jul 28 12:39:14.059432 dv-neutron-843245-10-hyperv devstack@keystone.service[86959]: DEBUG keystone.server.flask.request_processing.req_logging [None req-c76bab40-9066-4e1b-ac0a-4b059da2c9e0 None admin] SCRIPT_NAME: `/identity` {{(pid=86959) log_request_info /opt/stack/keystone/keystone/server/flask/request_processing/req_logging.py:28}}
Jul 28 12:39:14.059722 dv-neutron-843245-10-hyperv devstack@keystone.service[86959]: DEBUG keystone.server.flask.request_processing.req_logging [None req-c76bab40-9066-4e1b-ac0a-4b059da2c9e0 None admin] PATH_INFO: `/v3/projects/5480bef6d83c425d9e8c2d8ef3902ebf/users/991f0b35cc4648f5a638034570531f36/roles/b65ef73b27434e2993318a473f8b3073` {{(pid=86959) log_request_info /opt/stack/keystone/keystone/server/flask/request_processing/req_logging.py:29}}
Jul 28 12:39:14.067800 dv-neutron-843245-10-hyperv devstack@keystone.service[86959]: DEBUG keystone.common.rbac_enforcer.enforcer [None req-c76bab40-9066-4e1b-ac0a-4b059da2c9e0 None admin] RBAC: Authorizing `identity:create_grant(project_id=5480bef6d83c425d9e8c2d8ef3902ebf, user_id=991f0b35cc4648f5a638034570531f36, role_id=b65ef73b27434e2993318a473f8b3073)` {{(pid=86959) enforce_call /opt/stack/keystone/keystone/common/rbac_enforcer/enforcer.py:449}}
Jul 28 12:39:14.069331 dv-neutron-843245-10-hyperv devstack@keystone.service[86959]: DEBUG keystone.common.rbac_enforcer.enforcer [None req-c76bab40-9066-4e1b-ac0a-4b059da2c9e0 None admin] RBAC: Authorization granted {{(pid=86959) enforce_call /opt/stack/keystone/keystone/common/rbac_enforcer/enforcer.py:457}}
Jul 28 12:39:14.100850 dv-neutron-843245-10-hyperv devstack@keystone.service[86960]: DEBUG keystone.server.flask.request_processing.middleware.auth_context [None req-c5877ed3-2b17-4882-9956-ba8cf1f32363 None admin] Validating token access rules against request {{(pid=86960) validate_allowed_request /usr/local/lib/python3.8/dist-packages/keystonemiddleware/auth_token/__init__.py:545}}
Jul 28 12:39:14.109173 dv-neutron-843245-10-hyperv devstack@keystone.service[86959]: [pid: 86959|app: 0|req: 71/140] 10.222.0.71 () {58 vars in 1439 bytes} [Thu Jul 28 12:39:13 2022] PUT /identity/v3/projects/5480bef6d83c425d9e8c2d8ef3902ebf/users/991f0b35cc4648f5a638034570531f36/roles/b65ef73b27434e2993318a473f8b3073 => generated 0 bytes in 270 msecs (HTTP/1.1 204) 3 headers in 132 bytes (0 switches on core 0)
Jul 28 12:39:14.138255 dv-neutron-843245-10-hyperv devstack@keystone.service[86960]: DEBUG keystone.server.flask.request_processing.middleware.auth_context [None req-4e4c3bd2-2801-4fe7-b08e-4330b12f9c7f None admin] RBAC: auth_context: {'token': , 'domain_id': None, 'trust_id': None, 'trustor_id': None, 'trustee_id': None, 'domain_name': None, 'group_ids': [], 'user_id': 'e0b604092f564ca4b376cb684cd3b0f9', 'user_domain_id': 'default', 'system_scope': 'all', 'project_id': None, 'project_domain_id': None, 'roles': ['admin', 'member', 'reader'], 'is_admin_project': True, 'service_user_id': None, 'service_user_domain_id': None, 'service_project_id': None, 'service_project_domain_id': None, 'service_roles': []} {{(pid=86960) fill_context /opt/stack/keystone/keystone/server/flask/request_processing/middleware/auth_context.py:478}}
Jul 28 12:39:14.138907 dv-neutron-843245-10-hyperv devstack@keystone.service[86960]: DEBUG keystone.server.flask.request_processing.req_logging [None req-4e4c3bd2-2801-4fe7-b08e-4330b12f9c7f None admin] REQUEST_METHOD: `POST` {{(pid=86960) log_request_info /opt/stack/keystone/keystone/server/flask/request_processing/req_logging.py:27}}
Jul 28 12:39:14.139193 dv-neutron-843245-10-hyperv devstack@keystone.service[86960]: DEBUG keystone.server.flask.request_processing.req_logging [None req-4e4c3bd2-2801-4fe7-b08e-4330b12f9c7f None admin] SCRIPT_NAME: `/identity` {{(pid=86960) log_request_info /opt/stack/keystone/keystone/server/flask/request_processing/req_logging.py:28}}
Jul 28 12:39:14.139471 dv-neutron-843245-10-hyperv devstack@keystone.service[86960]: DEBUG keystone.server.flask.request_processing.req_logging [None req-4e4c3bd2-2801-4fe7-b08e-4330b12f9c7f None admin] PATH_INFO: `/v3/users` {{(pid=86960) log_request_info /opt/stack/keystone/keystone/server/flask/request_processing/req_logging.py:29}}
Jul 28 12:39:14.140172 dv-neutron-843245-10-hyperv devstack@keystone.service[86960]: DEBUG keystone.common.rbac_enforcer.enforcer [None req-4e4c3bd2-2801-4fe7-b08e-4330b12f9c7f None admin] RBAC: Authorizing `identity:create_user()` {{(pid=86960) enforce_call /opt/stack/keystone/keystone/common/rbac_enforcer/enforcer.py:449}}
Jul 28 12:39:14.141669 dv-neutron-843245-10-hyperv devstack@keystone.service[86960]: DEBUG keystone.common.rbac_enforcer.enforcer [None req-4e4c3bd2-2801-4fe7-b08e-4330b12f9c7f None admin] RBAC: Authorization granted {{(pid=86960) enforce_call /opt/stack/keystone/keystone/common/rbac_enforcer/enforcer.py:457}}
Jul 28 12:39:14.175641 dv-neutron-843245-10-hyperv devstack@keystone.service[86960]: [pid: 86960|app: 0|req: 70/141] 10.222.0.71 () {60 vars in 1132 bytes} [Thu Jul 28 12:39:13 2022] POST /identity/v3/users => generated 283 bytes in 241 msecs (HTTP/1.1 201) 5 headers in 182 bytes (1 switches on core 0)
Jul 28 12:39:15.824170 dv-neutron-843245-10-hyperv devstack@keystone.service[86959]: DEBUG keystone.server.flask.request_processing.req_logging [None req-c06eb962-2e4e-4100-b19e-4d1a864c8e00 None None] REQUEST_METHOD: `GET` {{(pid=86959) log_request_info /opt/stack/keystone/keystone/server/flask/request_processing/req_logging.py:27}}
Jul 28 12:39:15.825254 dv-neutron-843245-10-hyperv devstack@keystone.service[86959]: DEBUG keystone.server.flask.request_processing.req_logging [None req-c06eb962-2e4e-4100-b19e-4d1a864c8e00 None None] SCRIPT_NAME: `/identity` {{(pid=86959) log_request_info /opt/stack/keystone/keystone/server/flask/request_processing/req_logging.py:28}}
Jul 28 12:39:15.825750 dv-neutron-843245-10-hyperv devstack@keystone.service[86959]: DEBUG keystone.server.flask.request_processing.req_logging [None req-c06eb962-2e4e-4100-b19e-4d1a864c8e00 None None] PATH_INFO: `/` {{(pid=86959) log_request_info /opt/stack/keystone/keystone/server/flask/request_processing/req_logging.py:29}}
Jul 28 12:39:15.827407 dv-neutron-843245-10-hyperv devstack@keystone.service[86959]: [pid: 86959|app: 0|req: 72/142] 10.222.0.71 () {54 vars in 926 bytes} [Thu Jul 28 12:39:15 2022] GET /identity => generated 270 bytes in 4 msecs (HTTP/1.1 300) 6 headers in 234 bytes (1 switches on core 0)
Jul 28 12:39:15.833377 dv-neutron-843245-10-hyperv devstack@keystone.service[86960]: DEBUG keystone.server.flask.request_processing.req_logging [None req-c3f58637-525f-47e9-bab3-3b7005331321 None None] REQUEST_METHOD: `POST` {{(pid=86960) log_request_info /opt/stack/keystone/keystone/server/flask/request_processing/req_logging.py:27}}
Jul 28 12:39:15.833839 dv-neutron-843245-10-hyperv devstack@keystone.service[86960]: DEBUG keystone.server.flask.request_processing.req_logging [None req-c3f58637-525f-47e9-bab3-3b7005331321 None None] SCRIPT_NAME: `/identity` {{(pid=86960) log_request_info /opt/stack/keystone/keystone/server/flask/request_processing/req_logging.py:28}}
Jul 28 12:39:15.833955 dv-neutron-843245-10-hyperv devstack@keystone.service[86960]: DEBUG keystone.server.flask.request_processing.req_logging [None req-c3f58637-525f-47e9-bab3-3b7005331321 None None] PATH_INFO: `/v3/auth/tokens` {{(pid=86960) log_request_info /opt/stack/keystone/keystone/server/flask/request_processing/req_logging.py:29}}
Jul 28 12:39:15.858437 dv-neutron-843245-10-hyperv devstack@keystone.service[86960]: DEBUG keystone.auth.core [None req-c3f58637-525f-47e9-bab3-3b7005331321 None None] MFA Rules not processed for user `e0b604092f564ca4b376cb684cd3b0f9`. Rule list: `[]` (Enabled: `True`). {{(pid=86960) check_auth_methods_against_rules /opt/stack/keystone/keystone/auth/core.py:438}}
Jul 28 12:39:15.859655 dv-neutron-843245-10-hyperv devstack@keystone.service[86960]: DEBUG keystone.common.fernet_utils [None req-c3f58637-525f-47e9-bab3-3b7005331321 None None] Loaded 2 Fernet keys from /etc/keystone/fernet-keys/, but `[fernet_tokens] max_active_keys = 3`; perhaps there have not been enough key rotations to reach `max_active_keys` yet? {{(pid=86960) load_keys /opt/stack/keystone/keystone/common/fernet_utils.py:286}}
Jul 28 12:39:15.934737 dv-neutron-843245-10-hyperv devstack@keystone.service[86960]: [pid: 86960|app: 0|req: 71/143] 10.222.0.71 () {58 vars in 1023 bytes} [Thu Jul 28 12:39:15 2022] POST /identity/v3/auth/tokens => generated 799 bytes in 102 msecs (HTTP/1.1 201) 6 headers in 363 bytes (1 switches on core 0)
Jul 28 12:39:15.969956 dv-neutron-843245-10-hyperv devstack@keystone.service[86959]: DEBUG keystone.server.flask.request_processing.middleware.auth_context [None req-c06eb962-2e4e-4100-b19e-4d1a864c8e00 None None] Authenticating user token {{(pid=86959) process_request /usr/local/lib/python3.8/dist-packages/keystonemiddleware/auth_token/__init__.py:407}}
Jul 28 12:39:16.119225 dv-neutron-843245-10-hyperv devstack@keystone.service[86959]: DEBUG keystone.server.flask.request_processing.middleware.auth_context [None req-c06eb962-2e4e-4100-b19e-4d1a864c8e00 None None] Validating token access rules against request {{(pid=86959) validate_allowed_request /usr/local/lib/python3.8/dist-packages/keystonemiddleware/auth_token/__init__.py:545}}
Jul 28 12:39:16.174231 dv-neutron-843245-10-hyperv devstack@keystone.service[86959]: DEBUG keystone.server.flask.request_processing.middleware.auth_context [None req-70a8ec10-f409-479e-b583-b567762ce5b8 None admin] RBAC: auth_context: {'token': , 'domain_id': None, 'trust_id': None, 'trustor_id': None, 'trustee_id': None, 'domain_name': None, 'group_ids': [], 'user_id': 'e0b604092f564ca4b376cb684cd3b0f9', 'user_domain_id': 'default', 'system_scope': 'all', 'project_id': None, 'project_domain_id': None, 'roles': ['admin', 'member', 'reader'], 'is_admin_project': True, 'service_user_id': None, 'service_user_domain_id': None, 'service_project_id': None, 'service_project_domain_id': None, 'service_roles': []} {{(pid=86959) fill_context /opt/stack/keystone/keystone/server/flask/request_processing/middleware/auth_context.py:478}}
Jul 28 12:39:16.175078 dv-neutron-843245-10-hyperv devstack@keystone.service[86959]: DEBUG keystone.server.flask.request_processing.req_logging [None req-70a8ec10-f409-479e-b583-b567762ce5b8 None admin] REQUEST_METHOD: `GET` {{(pid=86959) log_request_info /opt/stack/keystone/keystone/server/flask/request_processing/req_logging.py:27}}
Jul 28 12:39:16.175364 dv-neutron-843245-10-hyperv devstack@keystone.service[86959]: DEBUG keystone.server.flask.request_processing.req_logging [None req-70a8ec10-f409-479e-b583-b567762ce5b8 None admin] SCRIPT_NAME: `/identity` {{(pid=86959) log_request_info /opt/stack/keystone/keystone/server/flask/request_processing/req_logging.py:28}}
Jul 28 12:39:16.175648 dv-neutron-843245-10-hyperv devstack@keystone.service[86959]: DEBUG keystone.server.flask.request_processing.req_logging [None req-70a8ec10-f409-479e-b583-b567762ce5b8 None admin] PATH_INFO: `/v3/roles/reader` {{(pid=86959) log_request_info /opt/stack/keystone/keystone/server/flask/request_processing/req_logging.py:29}}
Jul 28 12:39:16.199725 dv-neutron-843245-10-hyperv devstack@keystone.service[86959]: DEBUG keystone.common.rbac_enforcer.enforcer [None req-70a8ec10-f409-479e-b583-b567762ce5b8 None admin] Extracting inferred target data resulted in "NOT FOUND (404)". {{(pid=86959) enforce_call /opt/stack/keystone/keystone/common/rbac_enforcer/enforcer.py:409}}
Jul 28 12:39:16.205270 dv-neutron-843245-10-hyperv devstack@keystone.service[86959]: ERROR keystone.server.flask.application [None req-70a8ec10-f409-479e-b583-b567762ce5b8 None admin] Could not find role: reader.: keystone.exception.RoleNotFound: Could not find role: reader.
Jul 28 12:39:16.205270 dv-neutron-843245-10-hyperv devstack@keystone.service[86959]: ERROR keystone.server.flask.application
Traceback (most recent call last):
Jul 28 12:39:16.205270 dv-neutron-843245-10-hyperv devstack@keystone.service[86959]: ERROR keystone.server.flask.application
File "/usr/local/lib/python3.8/dist-packages/flask/app.py", line 1517, in full_dispatch_request
Jul 28 12:39:16.205270 dv-neutron-843245-10-hyperv devstack@keystone.service[86959]: ERROR keystone.server.flask.application rv = self.dispatch_request()
Jul 28 12:39:16.205270 dv-neutron-843245-10-hyperv devstack@keystone.service[86959]: ERROR keystone.server.flask.application
File "/usr/local/lib/python3.8/dist-packages/flask/app.py", line 1503, in dispatch_request
Jul 28 12:39:16.205270 dv-neutron-843245-10-hyperv devstack@keystone.service[86959]: ERROR keystone.server.flask.application return self.ensure_sync(self.view_functions[rule.endpoint])(**req.view_args)
Jul 28 12:39:16.205270 dv-neutron-843245-10-hyperv devstack@keystone.service[86959]: ERROR keystone.server.flask.application
File "/usr/local/lib/python3.8/dist-packages/flask_restful/__init__.py", line 467, in wrapper
Jul 28 12:39:16.205270 dv-neutron-843245-10-hyperv devstack@keystone.service[86959]: ERROR keystone.server.flask.application resp = resource(*args, **kwargs)
Jul 28 12:39:16.205270 dv-neutron-843245-10-hyperv devstack@keystone.service[86959]: ERROR keystone.server.flask.application
File "/usr/local/lib/python3.8/dist-packages/flask/views.py", line 84, in view
Jul 28 12:39:16.205270 dv-neutron-843245-10-hyperv devstack@keystone.service[86959]: ERROR keystone.server.flask.application return current_app.ensure_sync(self.dispatch_request)(*args, **kwargs)
Jul 28 12:39:16.205270 dv-neutron-843245-10-hyperv devstack@keystone.service[86959]: ERROR keystone.server.flask.application
File "/usr/local/lib/python3.8/dist-packages/flask_restful/__init__.py", line 582, in dispatch_request
Jul 28 12:39:16.205270 dv-neutron-843245-10-hyperv devstack@keystone.service[86959]: ERROR keystone.server.flask.application resp = meth(*args, **kwargs)
Jul 28 12:39:16.205270 dv-neutron-843245-10-hyperv devstack@keystone.service[86959]: ERROR keystone.server.flask.application
File "/opt/stack/keystone/keystone/api/roles.py", line 50, in get
Jul 28 12:39:16.205270 dv-neutron-843245-10-hyperv devstack@keystone.service[86959]: ERROR keystone.server.flask.application return self._get_role(role_id)
Jul 28 12:39:16.205270 dv-neutron-843245-10-hyperv devstack@keystone.service[86959]: ERROR keystone.server.flask.application
File "/opt/stack/keystone/keystone/api/roles.py", line 70, in _get_role
Jul 28 12:39:16.205270 dv-neutron-843245-10-hyperv devstack@keystone.service[86959]: ERROR keystone.server.flask.application ENFORCER.enforce_call(action='identity:get_role')
Jul 28 12:39:16.206493 dv-neutron-843245-10-hyperv devstack@keystone.service[86959]: ERROR keystone.server.flask.application
File "/opt/stack/keystone/keystone/common/rbac_enforcer/enforcer.py", line 402, in enforce_call
Jul 28 12:39:16.206493 dv-neutron-843245-10-hyperv devstack@keystone.service[86959]: ERROR keystone.server.flask.application policy_dict.update(cls._extract_member_target_data(
Jul 28 12:39:16.206493 dv-neutron-843245-10-hyperv devstack@keystone.service[86959]: ERROR keystone.server.flask.application
File "/opt/stack/keystone/keystone/common/rbac_enforcer/enforcer.py", line 234, in _extract_member_target_data
Jul 28 12:39:16.206493 dv-neutron-843245-10-hyperv devstack@keystone.service[86959]: ERROR keystone.server.flask.application member_name: func(flask.request.view_args[key])
Jul 28 12:39:16.206493 dv-neutron-843245-10-hyperv devstack@keystone.service[86959]: ERROR keystone.server.flask.application
File "/opt/stack/keystone/keystone/common/manager.py", line 115, in wrapped
Jul 28 12:39:16.206493 dv-neutron-843245-10-hyperv devstack@keystone.service[86959]: ERROR keystone.server.flask.application __ret_val = __f(*args, **kwargs)
Jul 28 12:39:16.206493 dv-neutron-843245-10-hyperv devstack@keystone.service[86959]: ERROR keystone.server.flask.application
File "/usr/local/lib/python3.8/dist-packages/decorator.py", line 232, in fun
Jul 28 12:39:16.206493 dv-neutron-843245-10-hyperv devstack@keystone.service[86959]: ERROR keystone.server.flask.application return caller(func, *(extras + args), **kw)
Jul 28 12:39:16.206493 dv-neutron-843245-10-hyperv devstack@keystone.service[86959]: ERROR keystone.server.flask.application
File "/usr/local/lib/python3.8/dist-packages/dogpile/cache/region.py", line 1577, in get_or_create_for_user_func
Jul 28 12:39:16.206493 dv-neutron-843245-10-hyperv devstack@keystone.service[86959]: ERROR keystone.server.flask.application return self.get_or_create(
Jul 28 12:39:16.206493 dv-neutron-843245-10-hyperv devstack@keystone.service[86959]: ERROR keystone.server.flask.application
File "/usr/local/lib/python3.8/dist-packages/dogpile/cache/region.py", line 1042, in get_or_create
Jul 28 12:39:16.206493 dv-neutron-843245-10-hyperv devstack@keystone.service[86959]: ERROR keystone.server.flask.application with Lock(
Jul 28 12:39:16.206493 dv-neutron-843245-10-hyperv devstack@keystone.service[86959]: ERROR keystone.server.flask.application
File "/usr/local/lib/python3.8/dist-packages/dogpile/lock.py", line 185, in __enter__
Jul 28 12:39:16.206493 dv-neutron-843245-10-hyperv devstack@keystone.service[86959]: ERROR keystone.server.flask.application return self._enter()
Jul 28 12:39:16.206493 dv-neutron-843245-10-hyperv devstack@keystone.service[86959]: ERROR keystone.server.flask.application
File "/usr/local/lib/python3.8/dist-packages/dogpile/lock.py", line 94, in _enter
Jul 28 12:39:16.206493 dv-neutron-843245-10-hyperv devstack@keystone.service[86959]: ERROR keystone.server.flask.application generated = self._enter_create(value, createdtime)
Jul 28 12:39:16.207268 dv-neutron-843245-10-hyperv devstack@keystone.service[86959]: ERROR keystone.server.flask.application
File "/usr/local/lib/python3.8/dist-packages/dogpile/lock.py", line 178, in _enter_create
Jul 28 12:39:16.207268 dv-neutron-843245-10-hyperv devstack@keystone.service[86959]: ERROR keystone.server.flask.application return self.creator()
Jul 28 12:39:16.207268 dv-neutron-843245-10-hyperv devstack@keystone.service[86959]: ERROR keystone.server.flask.application
File "/usr/local/lib/python3.8/dist-packages/dogpile/cache/region.py", line 995, in gen_value
Jul 28 12:39:16.207268 dv-neutron-843245-10-hyperv devstack@keystone.service[86959]: ERROR keystone.server.flask.application created_value = creator(
Jul 28 12:39:16.207268 dv-neutron-843245-10-hyperv devstack@keystone.service[86959]: ERROR keystone.server.flask.application
File "/opt/stack/keystone/keystone/assignment/core.py", line 1276, in get_role
Jul 28 12:39:16.207268 dv-neutron-843245-10-hyperv devstack@keystone.service[86959]: ERROR keystone.server.flask.application return self.driver.get_role(role_id)
Jul 28 12:39:16.207268 dv-neutron-843245-10-hyperv devstack@keystone.service[86959]: ERROR keystone.server.flask.application
File "/opt/stack/keystone/keystone/assignment/role_backends/sql.py", line 70, in get_role
Jul 28 12:39:16.207268 dv-neutron-843245-10-hyperv devstack@keystone.service[86959]: ERROR keystone.server.flask.application return self._get_role(session, role_id).to_dict()
Jul 28 12:39:16.207268 dv-neutron-843245-10-hyperv devstack@keystone.service[86959]: ERROR keystone.server.flask.application
File "/opt/stack/keystone/keystone/assignment/role_backends/sql.py", line 65, in _get_role
Jul 28 12:39:16.207268 dv-neutron-843245-10-hyperv devstack@keystone.service[86959]: ERROR keystone.server.flask.application raise exception.RoleNotFound(role_id=role_id)
Jul 28 12:39:16.207268 dv-neutron-843245-10-hyperv devstack@keystone.service[86959]: ERROR keystone.server.flask.application keystone.exception.RoleNotFound: Could not find role: reader.
Jul 28 12:39:16.207268 dv-neutron-843245-10-hyperv devstack@keystone.service[86959]: ERROR keystone.server.flask.application
Jul 28 12:39:16.207268 dv-neutron-843245-10-hyperv devstack@keystone.service[86959]: [pid: 86959|app: 0|req: 73/144] 10.222.0.71 () {56 vars in 1099 bytes} [Thu Jul 28 12:39:15 2022] GET /identity/v3/roles/reader => generated 84 bytes in 237 msecs (HTTP/1.1 404) 5 headers in 183 bytes (1 switches on core 0)
Jul 28 12:39:16.213947 dv-neutron-843245-10-hyperv devstack@keystone.service[86960]: DEBUG keystone.server.flask.request_processing.middleware.auth_context [None req-c3f58637-525f-47e9-bab3-3b7005331321 None None] Authenticating user token {{(pid=86960) process_request /usr/local/lib/python3.8/dist-packages/keystonemiddleware/auth_token/__init__.py:407}}
Jul 28 12:39:16.258307 dv-neutron-843245-10-hyperv devstack@keystone.service[86960]: DEBUG dbcounter [-] [86960] Writing DB stats keystone:SELECT=97,keystone:INSERT=3 {{(pid=86960) stat_writer /usr/local/lib/python3.8/dist-packages/dbcounter.py:114}}
Jul 28 12:39:16.276489 dv-neutron-843245-10-hyperv devstack@keystone.service[86959]: DEBUG keystone.server.flask.request_processing.req_logging [None req-4f0ecbc3-36d3-43e1-8951-711220cc7544 None None] REQUEST_METHOD: `GET` {{(pid=86959) log_request_info /opt/stack/keystone/keystone/server/flask/request_processing/req_logging.py:27}}
Jul 28 12:39:16.276802 dv-neutron-843245-10-hyperv devstack@keystone.service[86959]: DEBUG keystone.server.flask.request_processing.req_logging [None req-4f0ecbc3-36d3-43e1-8951-711220cc7544 None None] SCRIPT_NAME: `/identity` {{(pid=86959) log_request_info /opt/stack/keystone/keystone/server/flask/request_processing/req_logging.py:28}}
Jul 28 12:39:16.277412 dv-neutron-843245-10-hyperv devstack@keystone.service[86959]: DEBUG keystone.server.flask.request_processing.req_logging [None req-4f0ecbc3-36d3-43e1-8951-711220cc7544 None None] PATH_INFO: `/` {{(pid=86959) log_request_info /opt/stack/keystone/keystone/server/flask/request_processing/req_logging.py:29}}
Jul 28 12:39:16.279060 dv-neutron-843245-10-hyperv devstack@keystone.service[86959]: [pid: 86959|app: 0|req: 74/145] 10.222.0.71 () {54 vars in 926 bytes} [Thu Jul 28 12:39:16 2022] GET /identity => generated 270 bytes in 3 msecs (HTTP/1.1 300) 6 headers in 234 bytes (2 switches on core 0)
Jul 28 12:39:16.284254 dv-neutron-843245-10-hyperv devstack@keystone.service[86959]: DEBUG keystone.server.flask.request_processing.req_logging [None req-dec99d60-f828-4798-ac42-125f67fb2f29 None None] REQUEST_METHOD: `POST` {{(pid=86959) log_request_info /opt/stack/keystone/keystone/server/flask/request_processing/req_logging.py:27}}
Jul 28 12:39:16.284544 dv-neutron-843245-10-hyperv devstack@keystone.service[86959]: DEBUG keystone.server.flask.request_processing.req_logging [None req-dec99d60-f828-4798-ac42-125f67fb2f29 None None] SCRIPT_NAME: `/identity` {{(pid=86959) log_request_info /opt/stack/keystone/keystone/server/flask/request_processing/req_logging.py:28}}
Jul 28 12:39:16.284824 dv-neutron-843245-10-hyperv devstack@keystone.service[86959]: DEBUG keystone.server.flask.request_processing.req_logging [None req-dec99d60-f828-4798-ac42-125f67fb2f29 None None] PATH_INFO: `/v3/auth/tokens` {{(pid=86959) log_request_info /opt/stack/keystone/keystone/server/flask/request_processing/req_logging.py:29}}
Jul 28 12:39:16.323017 dv-neutron-843245-10-hyperv devstack@keystone.service[86959]: DEBUG keystone.auth.core [None req-dec99d60-f828-4798-ac42-125f67fb2f29 None None] MFA Rules not processed for user `e0b604092f564ca4b376cb684cd3b0f9`. Rule list: `[]` (Enabled: `True`). {{(pid=86959) check_auth_methods_against_rules /opt/stack/keystone/keystone/auth/core.py:438}}
Jul 28 12:39:16.324252 dv-neutron-843245-10-hyperv devstack@keystone.service[86959]: DEBUG keystone.common.fernet_utils [None req-dec99d60-f828-4798-ac42-125f67fb2f29 None None] Loaded 2 Fernet keys from /etc/keystone/fernet-keys/, but `[fernet_tokens] max_active_keys = 3`; perhaps there have not been enough key rotations to reach `max_active_keys` yet? {{(pid=86959) load_keys /opt/stack/keystone/keystone/common/fernet_utils.py:286}}
Jul 28 12:39:16.378020 dv-neutron-843245-10-hyperv devstack@keystone.service[86959]: DEBUG dbcounter [-] [86959] Writing DB stats keystone:SELECT=99,keystone:INSERT=1 {{(pid=86959) stat_writer /usr/local/lib/python3.8/dist-packages/dbcounter.py:114}}
Jul 28 12:39:16.387615 dv-neutron-843245-10-hyperv devstack@keystone.service[86960]: DEBUG keystone.server.flask.request_processing.middleware.auth_context [None req-c3f58637-525f-47e9-bab3-3b7005331321 None None] Validating token access rules against request {{(pid=86960) validate_allowed_request /usr/local/lib/python3.8/dist-packages/keystonemiddleware/auth_token/__init__.py:545}}
Jul 28 12:39:16.432598 dv-neutron-843245-10-hyperv devstack@keystone.service[86959]: [pid: 86959|app: 0|req: 75/146] 10.222.0.71 () {58 vars in 1023 bytes} [Thu Jul 28 12:39:16 2022] POST /identity/v3/auth/tokens => generated 799 bytes in 149 msecs (HTTP/1.1 201) 6 headers in 363 bytes (1 switches on core 0)
Jul 28 12:39:16.438382 dv-neutron-843245-10-hyperv devstack@keystone.service[86960]: DEBUG keystone.server.flask.request_processing.middleware.auth_context [None req-ce72e208-eb2a-4a7e-8789-70baca10dc8c None admin] RBAC: auth_context: {'token': , 'domain_id': None, 'trust_id': None, 'trustor_id': None, 'trustee_id': None, 'domain_name': None, 'group_ids': [], 'user_id': 'e0b604092f564ca4b376cb684cd3b0f9', 'user_domain_id': 'default', 'system_scope': 'all', 'project_id': None, 'project_domain_id': None, 'roles': ['admin', 'member', 'reader'], 'is_admin_project': True, 'service_user_id': None, 'service_user_domain_id': None, 'service_project_id': None, 'service_project_domain_id': None, 'service_roles': []} {{(pid=86960) fill_context /opt/stack/keystone/keystone/server/flask/request_processing/middleware/auth_context.py:478}}
Jul 28 12:39:16.439822 dv-neutron-843245-10-hyperv devstack@keystone.service[86959]: DEBUG keystone.server.flask.request_processing.req_logging [None req-0137e596-114a-4629-95c0-f5e71403fc1a None None] REQUEST_METHOD: `GET` {{(pid=86959) log_request_info /opt/stack/keystone/keystone/server/flask/request_processing/req_logging.py:27}}
Jul 28 12:39:16.439955 dv-neutron-843245-10-hyperv devstack@keystone.service[86960]: DEBUG keystone.server.flask.request_processing.req_logging [None req-ce72e208-eb2a-4a7e-8789-70baca10dc8c None admin] REQUEST_METHOD: `GET` {{(pid=86960) log_request_info /opt/stack/keystone/keystone/server/flask/request_processing/req_logging.py:27}}
Jul 28 12:39:16.440107 dv-neutron-843245-10-hyperv devstack@keystone.service[86960]: DEBUG keystone.server.flask.request_processing.req_logging [None req-ce72e208-eb2a-4a7e-8789-70baca10dc8c None admin] SCRIPT_NAME: `/identity` {{(pid=86960) log_request_info /opt/stack/keystone/keystone/server/flask/request_processing/req_logging.py:28}}
Jul 28 12:39:16.440564 dv-neutron-843245-10-hyperv devstack@keystone.service[86959]: DEBUG keystone.server.flask.request_processing.req_logging [None req-0137e596-114a-4629-95c0-f5e71403fc1a None None] SCRIPT_NAME: `/identity` {{(pid=86959) log_request_info /opt/stack/keystone/keystone/server/flask/request_processing/req_logging.py:28}}
Jul 28 12:39:16.440871 dv-neutron-843245-10-hyperv devstack@keystone.service[86960]: DEBUG keystone.server.flask.request_processing.req_logging [None req-ce72e208-eb2a-4a7e-8789-70baca10dc8c None admin] PATH_INFO: `/v3/roles` {{(pid=86960) log_request_info /opt/stack/keystone/keystone/server/flask/request_processing/req_logging.py:29}}
Jul 28 12:39:16.440984 dv-neutron-843245-10-hyperv devstack@keystone.service[86959]: DEBUG keystone.server.flask.request_processing.req_logging [None req-0137e596-114a-4629-95c0-f5e71403fc1a None None] PATH_INFO: `/` {{(pid=86959) log_request_info /opt/stack/keystone/keystone/server/flask/request_processing/req_logging.py:29}}
Jul 28 12:39:16.441846 dv-neutron-843245-10-hyperv devstack@keystone.service[86960]: DEBUG keystone.common.rbac_enforcer.enforcer [None req-ce72e208-eb2a-4a7e-8789-70baca10dc8c None admin] RBAC: Adding query filter params (name=reader) {{(pid=86960) _extract_filter_values /opt/stack/keystone/keystone/common/rbac_enforcer/enforcer.py:167}}
Jul 28 12:39:16.442326 dv-neutron-843245-10-hyperv devstack@keystone.service[86960]: DEBUG keystone.common.rbac_enforcer.enforcer [None req-ce72e208-eb2a-4a7e-8789-70baca10dc8c None admin] RBAC: Authorizing `identity:list_roles()` {{(pid=86960) enforce_call /opt/stack/keystone/keystone/common/rbac_enforcer/enforcer.py:449}}
Jul 28 12:39:16.442692 dv-neutron-843245-10-hyperv devstack@keystone.service[86959]: [pid: 86959|app: 0|req: 76/147] 10.222.0.71 () {54 vars in 926 bytes} [Thu Jul 28 12:39:16 2022] GET /identity => generated 270 bytes in 9 msecs (HTTP/1.1 300) 6 headers in 234 bytes (1 switches on core 0)
Jul 28 12:39:16.444151 dv-neutron-843245-10-hyperv devstack@keystone.service[86960]: DEBUG keystone.common.rbac_enforcer.enforcer [None req-ce72e208-eb2a-4a7e-8789-70baca10dc8c None admin] RBAC: Authorization granted {{(pid=86960) enforce_call /opt/stack/keystone/keystone/common/rbac_enforcer/enforcer.py:457}}
Jul 28 12:39:16.448101 dv-neutron-843245-10-hyperv devstack@keystone.service[86959]: DEBUG keystone.server.flask.request_processing.req_logging [None req-2ffeca9d-9123-4054-b085-72ee382ae86c None None] REQUEST_METHOD: `POST` {{(pid=86959) log_request_info /opt/stack/keystone/keystone/server/flask/request_processing/req_logging.py:27}}
Jul 28 12:39:16.448648 dv-neutron-843245-10-hyperv devstack@keystone.service[86959]: DEBUG keystone.server.flask.request_processing.req_logging [None req-2ffeca9d-9123-4054-b085-72ee382ae86c None None] SCRIPT_NAME: `/identity` {{(pid=86959) log_request_info /opt/stack/keystone/keystone/server/flask/request_processing/req_logging.py:28}}
Jul 28 12:39:16.449136 dv-neutron-843245-10-hyperv devstack@keystone.service[86959]: DEBUG keystone.server.flask.request_processing.req_logging [None req-2ffeca9d-9123-4054-b085-72ee382ae86c None None] PATH_INFO: `/v3/auth/tokens` {{(pid=86959) log_request_info /opt/stack/keystone/keystone/server/flask/request_processing/req_logging.py:29}}
Jul 28 12:39:16.458721 dv-neutron-843245-10-hyperv devstack@keystone.service[86960]: [pid: 86960|app: 0|req: 72/148] 10.222.0.71 () {56 vars in 1101 bytes} [Thu Jul 28 12:39:16 2022] GET /identity/v3/roles?name=reader => generated 341 bytes in 245 msecs (HTTP/1.1 200) 5 headers in 177 bytes (1 switches on core 0)
Jul 28 12:39:16.465578 dv-neutron-843245-10-hyperv devstack@keystone.service[86960]: DEBUG keystone.server.flask.request_processing.middleware.auth_context [None req-ce72e208-eb2a-4a7e-8789-70baca10dc8c None admin] Authenticating user token {{(pid=86960) process_request /usr/local/lib/python3.8/dist-packages/keystonemiddleware/auth_token/__init__.py:407}}
Jul 28 12:39:16.488877 dv-neutron-843245-10-hyperv devstack@keystone.service[86959]: DEBUG keystone.auth.core [None req-2ffeca9d-9123-4054-b085-72ee382ae86c None None] MFA Rules not processed for user `e0b604092f564ca4b376cb684cd3b0f9`. Rule list: `[]` (Enabled: `True`). {{(pid=86959) check_auth_methods_against_rules /opt/stack/keystone/keystone/auth/core.py:438}}
Jul 28 12:39:16.490654 dv-neutron-843245-10-hyperv devstack@keystone.service[86959]: DEBUG keystone.common.fernet_utils [None req-2ffeca9d-9123-4054-b085-72ee382ae86c None None] Loaded 2 Fernet keys from /etc/keystone/fernet-keys/, but `[fernet_tokens] max_active_keys = 3`; perhaps there have not been enough key rotations to reach `max_active_keys` yet? {{(pid=86959) load_keys /opt/stack/keystone/keystone/common/fernet_utils.py:286}}
Jul 28 12:39:16.617681 dv-neutron-843245-10-hyperv devstack@keystone.service[86960]: DEBUG dbcounter [-] [86960] Writing DB stats keystone:SELECT=100 {{(pid=86960) stat_writer /usr/local/lib/python3.8/dist-packages/dbcounter.py:114}}
Jul 28 12:39:16.634561 dv-neutron-843245-10-hyperv devstack@keystone.service[86960]: DEBUG keystone.server.flask.request_processing.middleware.auth_context [None req-ce72e208-eb2a-4a7e-8789-70baca10dc8c None admin] Validating token access rules against request {{(pid=86960) validate_allowed_request /usr/local/lib/python3.8/dist-packages/keystonemiddleware/auth_token/__init__.py:545}}
Jul 28 12:39:16.639791 dv-neutron-843245-10-hyperv devstack@keystone.service[86959]: [pid: 86959|app: 0|req: 77/149] 10.222.0.71 () {58 vars in 1023 bytes} [Thu Jul 28 12:39:16 2022] POST /identity/v3/auth/tokens => generated 799 bytes in 192 msecs (HTTP/1.1 201) 6 headers in 363 bytes (2 switches on core 0)
Jul 28 12:39:16.640660 dv-neutron-843245-10-hyperv devstack@keystone.service[86959]: DEBUG keystone.server.flask.request_processing.middleware.auth_context [None req-2ffeca9d-9123-4054-b085-72ee382ae86c None None] Authenticating user token {{(pid=86959) process_request /usr/local/lib/python3.8/dist-packages/keystonemiddleware/auth_token/__init__.py:407}}
Jul 28 12:39:16.692573 dv-neutron-843245-10-hyperv devstack@keystone.service[86960]: DEBUG keystone.server.flask.request_processing.middleware.auth_context [None req-8c00f549-1a33-4816-a0b0-3fc96bb63213 None admin] RBAC: auth_context: {'token': , 'domain_id': None, 'trust_id': None, 'trustor_id': None, 'trustee_id': None, 'domain_name': None, 'group_ids': [], 'user_id': 'e0b604092f564ca4b376cb684cd3b0f9', 'user_domain_id': 'default', 'system_scope': 'all', 'project_id': None, 'project_domain_id': None, 'roles': ['admin', 'member', 'reader'], 'is_admin_project': True, 'service_user_id': None, 'service_user_domain_id': None, 'service_project_id': None, 'service_project_domain_id': None, 'service_roles': []} {{(pid=86960) fill_context /opt/stack/keystone/keystone/server/flask/request_processing/middleware/auth_context.py:478}}
Jul 28 12:39:16.693236 dv-neutron-843245-10-hyperv devstack@keystone.service[86960]: DEBUG keystone.server.flask.request_processing.req_logging [None req-8c00f549-1a33-4816-a0b0-3fc96bb63213 None admin] REQUEST_METHOD: `GET` {{(pid=86960) log_request_info /opt/stack/keystone/keystone/server/flask/request_processing/req_logging.py:27}}
Jul 28 12:39:16.693496 dv-neutron-843245-10-hyperv devstack@keystone.service[86960]: DEBUG keystone.server.flask.request_processing.req_logging [None req-8c00f549-1a33-4816-a0b0-3fc96bb63213 None admin] SCRIPT_NAME: `/identity` {{(pid=86960) log_request_info /opt/stack/keystone/keystone/server/flask/request_processing/req_logging.py:28}}
Jul 28 12:39:16.693785 dv-neutron-843245-10-hyperv devstack@keystone.service[86960]: DEBUG keystone.server.flask.request_processing.req_logging [None req-8c00f549-1a33-4816-a0b0-3fc96bb63213 None admin] PATH_INFO: `/v3/users/08a9146e7fb147d4b4944f5105d1adb4` {{(pid=86960) log_request_info /opt/stack/keystone/keystone/server/flask/request_processing/req_logging.py:29}}
Jul 28 12:39:16.695666 dv-neutron-843245-10-hyperv devstack@keystone.service[86960]: DEBUG keystone.common.rbac_enforcer.enforcer [None req-8c00f549-1a33-4816-a0b0-3fc96bb63213 None admin] RBAC: Authorizing `identity:get_user(user_id=08a9146e7fb147d4b4944f5105d1adb4)` {{(pid=86960) enforce_call /opt/stack/keystone/keystone/common/rbac_enforcer/enforcer.py:449}}
Jul 28 12:39:16.697148 dv-neutron-843245-10-hyperv devstack@keystone.service[86960]: DEBUG keystone.common.rbac_enforcer.enforcer [None req-8c00f549-1a33-4816-a0b0-3fc96bb63213 None admin] RBAC: Authorization granted {{(pid=86960) enforce_call /opt/stack/keystone/keystone/common/rbac_enforcer/enforcer.py:457}}
Jul 28 12:39:16.698802 dv-neutron-843245-10-hyperv devstack@keystone.service[86960]: [pid: 86960|app: 0|req: 73/150] 10.222.0.71 () {56 vars in 1177 bytes} [Thu Jul 28 12:39:16 2022] GET /identity/v3/users/08a9146e7fb147d4b4944f5105d1adb4 => generated 289 bytes in 234 msecs (HTTP/1.1 200) 5 headers in 177 bytes (2 switches on core 0)
Jul 28 12:39:16.706295 dv-neutron-843245-10-hyperv devstack@keystone.service[86960]: DEBUG keystone.server.flask.request_processing.middleware.auth_context [None req-8c00f549-1a33-4816-a0b0-3fc96bb63213 None admin] Authenticating user token {{(pid=86960) process_request /usr/local/lib/python3.8/dist-packages/keystonemiddleware/auth_token/__init__.py:407}}
Jul 28 12:39:16.847778 dv-neutron-843245-10-hyperv devstack@keystone.service[86959]: DEBUG keystone.server.flask.request_processing.middleware.auth_context [None req-2ffeca9d-9123-4054-b085-72ee382ae86c None None] Validating token access rules against request {{(pid=86959) validate_allowed_request /usr/local/lib/python3.8/dist-packages/keystonemiddleware/auth_token/__init__.py:545}}
Jul 28 12:39:16.850205 dv-neutron-843245-10-hyperv devstack@keystone.service[86959]: DEBUG dbcounter [-] [86959] Writing DB stats keystone:SELECT=100 {{(pid=86959) stat_writer /usr/local/lib/python3.8/dist-packages/dbcounter.py:114}}
Jul 28 12:39:16.900243 dv-neutron-843245-10-hyperv devstack@keystone.service[86960]: DEBUG keystone.server.flask.request_processing.middleware.auth_context [None req-8c00f549-1a33-4816-a0b0-3fc96bb63213 None admin] Validating token access rules against request {{(pid=86960) validate_allowed_request /usr/local/lib/python3.8/dist-packages/keystonemiddleware/auth_token/__init__.py:545}}
Jul 28 12:39:16.919283 dv-neutron-843245-10-hyperv devstack@keystone.service[86959]: DEBUG keystone.server.flask.request_processing.middleware.auth_context [None req-4b4601da-671e-41f2-b351-98b26c897340 None admin] RBAC: auth_context: {'token': , 'domain_id': None, 'trust_id': None, 'trustor_id': None, 'trustee_id': None, 'domain_name': None, 'group_ids': [], 'user_id': 'e0b604092f564ca4b376cb684cd3b0f9', 'user_domain_id': 'default', 'system_scope': 'all', 'project_id': None, 'project_domain_id': None, 'roles': ['admin', 'member', 'reader'], 'is_admin_project': True, 'service_user_id': None, 'service_user_domain_id': None, 'service_project_id': None, 'service_project_domain_id': None, 'service_roles': []} {{(pid=86959) fill_context /opt/stack/keystone/keystone/server/flask/request_processing/middleware/auth_context.py:478}}
Jul 28 12:39:16.919949 dv-neutron-843245-10-hyperv devstack@keystone.service[86959]: DEBUG keystone.server.flask.request_processing.req_logging [None req-4b4601da-671e-41f2-b351-98b26c897340 None admin] REQUEST_METHOD: `GET` {{(pid=86959) log_request_info /opt/stack/keystone/keystone/server/flask/request_processing/req_logging.py:27}}
Jul 28 12:39:16.920231 dv-neutron-843245-10-hyperv devstack@keystone.service[86959]: DEBUG keystone.server.flask.request_processing.req_logging [None req-4b4601da-671e-41f2-b351-98b26c897340 None admin] SCRIPT_NAME: `/identity` {{(pid=86959) log_request_info /opt/stack/keystone/keystone/server/flask/request_processing/req_logging.py:28}}
Jul 28 12:39:16.920506 dv-neutron-843245-10-hyperv devstack@keystone.service[86959]: DEBUG keystone.server.flask.request_processing.req_logging [None req-4b4601da-671e-41f2-b351-98b26c897340 None admin] PATH_INFO: `/v3/roles/member` {{(pid=86959) log_request_info /opt/stack/keystone/keystone/server/flask/request_processing/req_logging.py:29}}
Jul 28 12:39:16.944639 dv-neutron-843245-10-hyperv devstack@keystone.service[86959]: DEBUG keystone.common.rbac_enforcer.enforcer [None req-4b4601da-671e-41f2-b351-98b26c897340 None admin] Extracting inferred target data resulted in "NOT FOUND (404)". {{(pid=86959) enforce_call /opt/stack/keystone/keystone/common/rbac_enforcer/enforcer.py:409}}
Jul 28 12:39:16.949600 dv-neutron-843245-10-hyperv devstack@keystone.service[86959]: ERROR keystone.server.flask.application [None req-4b4601da-671e-41f2-b351-98b26c897340 None admin] Could not find role: member.: keystone.exception.RoleNotFound: Could not find role: member.
Jul 28 12:39:16.949600 dv-neutron-843245-10-hyperv devstack@keystone.service[86959]: ERROR keystone.server.flask.application
Traceback (most recent call last):
Jul 28 12:39:16.949600 dv-neutron-843245-10-hyperv devstack@keystone.service[86959]: ERROR keystone.server.flask.application
File "/usr/local/lib/python3.8/dist-packages/flask/app.py", line 1517, in full_dispatch_request
Jul 28 12:39:16.949600 dv-neutron-843245-10-hyperv devstack@keystone.service[86959]: ERROR keystone.server.flask.application rv = self.dispatch_request()
Jul 28 12:39:16.949600 dv-neutron-843245-10-hyperv devstack@keystone.service[86959]: ERROR keystone.server.flask.application
File "/usr/local/lib/python3.8/dist-packages/flask/app.py", line 1503, in dispatch_request
Jul 28 12:39:16.949600 dv-neutron-843245-10-hyperv devstack@keystone.service[86959]: ERROR keystone.server.flask.application return self.ensure_sync(self.view_functions[rule.endpoint])(**req.view_args)
Jul 28 12:39:16.949600 dv-neutron-843245-10-hyperv devstack@keystone.service[86959]: ERROR keystone.server.flask.application
File "/usr/local/lib/python3.8/dist-packages/flask_restful/__init__.py", line 467, in wrapper
Jul 28 12:39:16.949600 dv-neutron-843245-10-hyperv devstack@keystone.service[86959]: ERROR keystone.server.flask.application resp = resource(*args, **kwargs)
Jul 28 12:39:16.949600 dv-neutron-843245-10-hyperv devstack@keystone.service[86959]: ERROR keystone.server.flask.application
File "/usr/local/lib/python3.8/dist-packages/flask/views.py", line 84, in view
Jul 28 12:39:16.949600 dv-neutron-843245-10-hyperv devstack@keystone.service[86959]: ERROR keystone.server.flask.application return current_app.ensure_sync(self.dispatch_request)(*args, **kwargs)
Jul 28 12:39:16.949600 dv-neutron-843245-10-hyperv devstack@keystone.service[86959]: ERROR keystone.server.flask.application
File "/usr/local/lib/python3.8/dist-packages/flask_restful/__init__.py", line 582, in dispatch_request
Jul 28 12:39:16.949600 dv-neutron-843245-10-hyperv devstack@keystone.service[86959]: ERROR keystone.server.flask.application resp = meth(*args, **kwargs)
Jul 28 12:39:16.949600 dv-neutron-843245-10-hyperv devstack@keystone.service[86959]: ERROR keystone.server.flask.application
File "/opt/stack/keystone/keystone/api/roles.py", line 50, in get
Jul 28 12:39:16.949600 dv-neutron-843245-10-hyperv devstack@keystone.service[86959]: ERROR keystone.server.flask.application return self._get_role(role_id)
Jul 28 12:39:16.949600 dv-neutron-843245-10-hyperv devstack@keystone.service[86959]: ERROR keystone.server.flask.application
File "/opt/stack/keystone/keystone/api/roles.py", line 70, in _get_role
Jul 28 12:39:16.949600 dv-neutron-843245-10-hyperv devstack@keystone.service[86959]: ERROR keystone.server.flask.application ENFORCER.enforce_call(action='identity:get_role')
Jul 28 12:39:16.950470 dv-neutron-843245-10-hyperv devstack@keystone.service[86959]: ERROR keystone.server.flask.application
File "/opt/stack/keystone/keystone/common/rbac_enforcer/enforcer.py", line 402, in enforce_call
Jul 28 12:39:16.950470 dv-neutron-843245-10-hyperv devstack@keystone.service[86959]: ERROR keystone.server.flask.application policy_dict.update(cls._extract_member_target_data(
Jul 28 12:39:16.950470 dv-neutron-843245-10-hyperv devstack@keystone.service[86959]: ERROR keystone.server.flask.application
File "/opt/stack/keystone/keystone/common/rbac_enforcer/enforcer.py", line 234, in _extract_member_target_data
Jul 28 12:39:16.950470 dv-neutron-843245-10-hyperv devstack@keystone.service[86959]: ERROR keystone.server.flask.application member_name: func(flask.request.view_args[key])
Jul 28 12:39:16.950470 dv-neutron-843245-10-hyperv devstack@keystone.service[86959]: ERROR keystone.server.flask.application
File "/opt/stack/keystone/keystone/common/manager.py", line 115, in wrapped
Jul 28 12:39:16.950470 dv-neutron-843245-10-hyperv devstack@keystone.service[86959]: ERROR keystone.server.flask.application __ret_val = __f(*args, **kwargs)
Jul 28 12:39:16.950470 dv-neutron-843245-10-hyperv devstack@keystone.service[86959]: ERROR keystone.server.flask.application
File "/usr/local/lib/python3.8/dist-packages/decorator.py", line 232, in fun
Jul 28 12:39:16.950470 dv-neutron-843245-10-hyperv devstack@keystone.service[86959]: ERROR keystone.server.flask.application return caller(func, *(extras + args), **kw)
Jul 28 12:39:16.950470 dv-neutron-843245-10-hyperv devstack@keystone.service[86959]: ERROR keystone.server.flask.application
File "/usr/local/lib/python3.8/dist-packages/dogpile/cache/region.py", line 1577, in get_or_create_for_user_func
Jul 28 12:39:16.950470 dv-neutron-843245-10-hyperv devstack@keystone.service[86959]: ERROR keystone.server.flask.application return self.get_or_create(
Jul 28 12:39:16.950470 dv-neutron-843245-10-hyperv devstack@keystone.service[86959]: ERROR keystone.server.flask.application
File "/usr/local/lib/python3.8/dist-packages/dogpile/cache/region.py", line 1042, in get_or_create
Jul 28 12:39:16.950470 dv-neutron-843245-10-hyperv devstack@keystone.service[86959]: ERROR keystone.server.flask.application with Lock(
Jul 28 12:39:16.950470 dv-neutron-843245-10-hyperv devstack@keystone.service[86959]: ERROR keystone.server.flask.application
