May 25 07:03:11.713319 dv-neutron-843237-1-hyperv devstack@keystone.service[80741]: DEBUG keystone.server.flask.request_processing.req_logging [None req-9d63f7ba-55ad-4e02-aedc-884a67436a96 None admin] PATH_INFO: `/v3/roles` {{(pid=80741) log_request_info /opt/stack/keystone/keystone/server/flask/request_processing/req_logging.py:29}}
May 25 07:03:11.714706 dv-neutron-843237-1-hyperv devstack@keystone.service[80741]: DEBUG keystone.common.rbac_enforcer.enforcer [None req-9d63f7ba-55ad-4e02-aedc-884a67436a96 None admin] RBAC: Adding query filter params (name=anotherrole) {{(pid=80741) _extract_filter_values /opt/stack/keystone/keystone/common/rbac_enforcer/enforcer.py:167}}
May 25 07:03:11.715195 dv-neutron-843237-1-hyperv devstack@keystone.service[80741]: DEBUG keystone.common.rbac_enforcer.enforcer [None req-9d63f7ba-55ad-4e02-aedc-884a67436a96 None admin] RBAC: Authorizing `identity:list_roles()` {{(pid=80741) enforce_call /opt/stack/keystone/keystone/common/rbac_enforcer/enforcer.py:449}}
May 25 07:03:11.715615 dv-neutron-843237-1-hyperv devstack@keystone.service[80740]: [pid: 80740|app: 0|req: 105/221] 10.222.0.32 () {58 vars in 1282 bytes} [Wed May 25 07:03:11 2022] GET /identity/v3/auth/tokens => generated 799 bytes in 372 msecs (HTTP/1.1 200) 6 headers in 358 bytes (1 switches on core 0)
May 25 07:03:11.720808 dv-neutron-843237-1-hyperv devstack@keystone.service[80741]: DEBUG keystone.common.rbac_enforcer.enforcer [None req-9d63f7ba-55ad-4e02-aedc-884a67436a96 None admin] RBAC: Authorization granted {{(pid=80741) enforce_call /opt/stack/keystone/keystone/common/rbac_enforcer/enforcer.py:457}}
May 25 07:03:11.723018 dv-neutron-843237-1-hyperv devstack@keystone.service[80740]: DEBUG keystone.server.flask.request_processing.middleware.auth_context [None req-4192fd95-bb2c-4694-a3ec-a04e23d6ba46 None admin] Authenticating user token {{(pid=80740) process_request /usr/local/lib/python3.8/dist-packages/keystonemiddleware/auth_token/__init__.py:407}}
May 25 07:03:11.735609 dv-neutron-843237-1-hyperv devstack@keystone.service[80741]: [pid: 80741|app: 0|req: 117/222] 10.222.0.32 () {56 vars in 1111 bytes} [Wed May 25 07:03:11 2022] GET /identity/v3/roles?name=anotherrole => generated 334 bytes in 174 msecs (HTTP/1.1 200) 5 headers in 177 bytes (2 switches on core 0)
May 25 07:03:11.741640 dv-neutron-843237-1-hyperv devstack@keystone.service[80741]: DEBUG keystone.server.flask.request_processing.middleware.auth_context [None req-9d63f7ba-55ad-4e02-aedc-884a67436a96 None admin] Authenticating user token {{(pid=80741) process_request /usr/local/lib/python3.8/dist-packages/keystonemiddleware/auth_token/__init__.py:407}}
May 25 07:03:11.763075 dv-neutron-843237-1-hyperv devstack@keystone.service[80740]: DEBUG dbcounter [-] [80740] Writing DB stats keystone:SELECT=100 {{(pid=80740) stat_writer /usr/local/lib/python3.8/dist-packages/dbcounter.py:114}}
May 25 07:03:11.851475 dv-neutron-843237-1-hyperv devstack@keystone.service[80741]: DEBUG keystone.server.flask.request_processing.middleware.auth_context [None req-9d63f7ba-55ad-4e02-aedc-884a67436a96 None admin] Validating token access rules against request {{(pid=80741) validate_allowed_request /usr/local/lib/python3.8/dist-packages/keystonemiddleware/auth_token/__init__.py:545}}
May 25 07:03:11.871075 dv-neutron-843237-1-hyperv devstack@keystone.service[80741]: DEBUG dbcounter [-] [80741] Writing DB stats keystone:SELECT=100 {{(pid=80741) stat_writer /usr/local/lib/python3.8/dist-packages/dbcounter.py:114}}
May 25 07:03:11.883171 dv-neutron-843237-1-hyperv devstack@keystone.service[80740]: DEBUG keystone.server.flask.request_processing.middleware.auth_context [None req-4192fd95-bb2c-4694-a3ec-a04e23d6ba46 None admin] Validating token access rules against request {{(pid=80740) validate_allowed_request /usr/local/lib/python3.8/dist-packages/keystonemiddleware/auth_token/__init__.py:545}}
May 25 07:03:11.889393 dv-neutron-843237-1-hyperv devstack@keystone.service[80741]: DEBUG keystone.server.flask.request_processing.middleware.auth_context [None req-65741a67-1ac5-4fe9-b1bc-48a32b25942b None admin] RBAC: auth_context: {'token': , 'domain_id': None, 'trust_id': None, 'trustor_id': None, 'trustee_id': None, 'domain_name': None, 'group_ids': [], 'user_id': '17eb9b2d181349ae870b8aea28709987', 'user_domain_id': 'default', 'system_scope': 'all', 'project_id': None, 'project_domain_id': None, 'roles': ['admin', 'member', 'reader'], 'is_admin_project': True, 'service_user_id': None, 'service_user_domain_id': None, 'service_project_id': None, 'service_project_domain_id': None, 'service_roles': []} {{(pid=80741) fill_context /opt/stack/keystone/keystone/server/flask/request_processing/middleware/auth_context.py:478}}
May 25 07:03:11.890278 dv-neutron-843237-1-hyperv devstack@keystone.service[80741]: DEBUG keystone.server.flask.request_processing.req_logging [None req-65741a67-1ac5-4fe9-b1bc-48a32b25942b None admin] REQUEST_METHOD: `GET` {{(pid=80741) log_request_info /opt/stack/keystone/keystone/server/flask/request_processing/req_logging.py:27}}
May 25 07:03:11.890560 dv-neutron-843237-1-hyperv devstack@keystone.service[80741]: DEBUG keystone.server.flask.request_processing.req_logging [None req-65741a67-1ac5-4fe9-b1bc-48a32b25942b None admin] SCRIPT_NAME: `/identity` {{(pid=80741) log_request_info /opt/stack/keystone/keystone/server/flask/request_processing/req_logging.py:28}}
May 25 07:03:11.890836 dv-neutron-843237-1-hyperv devstack@keystone.service[80741]: DEBUG keystone.server.flask.request_processing.req_logging [None req-65741a67-1ac5-4fe9-b1bc-48a32b25942b None admin] PATH_INFO: `/v3/users/7390b9821ca2438f84bdaa737b756681` {{(pid=80741) log_request_info /opt/stack/keystone/keystone/server/flask/request_processing/req_logging.py:29}}
May 25 07:03:11.892078 dv-neutron-843237-1-hyperv devstack@keystone.service[80741]: DEBUG keystone.common.rbac_enforcer.enforcer [None req-65741a67-1ac5-4fe9-b1bc-48a32b25942b None admin] RBAC: Authorizing `identity:get_user(user_id=7390b9821ca2438f84bdaa737b756681)` {{(pid=80741) enforce_call /opt/stack/keystone/keystone/common/rbac_enforcer/enforcer.py:449}}
May 25 07:03:11.893663 dv-neutron-843237-1-hyperv devstack@keystone.service[80741]: DEBUG keystone.common.rbac_enforcer.enforcer [None req-65741a67-1ac5-4fe9-b1bc-48a32b25942b None admin] RBAC: Authorization granted {{(pid=80741) enforce_call /opt/stack/keystone/keystone/common/rbac_enforcer/enforcer.py:457}}
May 25 07:03:11.895586 dv-neutron-843237-1-hyperv devstack@keystone.service[80741]: [pid: 80741|app: 0|req: 118/223] 10.222.0.32 () {56 vars in 1177 bytes} [Wed May 25 07:03:11 2022] GET /identity/v3/users/7390b9821ca2438f84bdaa737b756681 => generated 283 bytes in 154 msecs (HTTP/1.1 200) 5 headers in 177 bytes (2 switches on core 0)
May 25 07:03:11.896803 dv-neutron-843237-1-hyperv devstack@keystone.service[80741]: DEBUG keystone.server.flask.request_processing.req_logging [None req-e1e35f8a-fb59-4c6d-b043-479ec1df3214 None None] REQUEST_METHOD: `GET` {{(pid=80741) log_request_info /opt/stack/keystone/keystone/server/flask/request_processing/req_logging.py:27}}
May 25 07:03:11.901564 dv-neutron-843237-1-hyperv devstack@keystone.service[80741]: DEBUG keystone.server.flask.request_processing.req_logging [None req-e1e35f8a-fb59-4c6d-b043-479ec1df3214 None None] SCRIPT_NAME: `/identity` {{(pid=80741) log_request_info /opt/stack/keystone/keystone/server/flask/request_processing/req_logging.py:28}}
May 25 07:03:11.902296 dv-neutron-843237-1-hyperv devstack@keystone.service[80741]: DEBUG keystone.server.flask.request_processing.req_logging [None req-e1e35f8a-fb59-4c6d-b043-479ec1df3214 None None] PATH_INFO: `/` {{(pid=80741) log_request_info /opt/stack/keystone/keystone/server/flask/request_processing/req_logging.py:29}}
May 25 07:03:11.909378 dv-neutron-843237-1-hyperv devstack@keystone.service[80741]: [pid: 80741|app: 0|req: 119/224] 10.222.0.32 () {54 vars in 926 bytes} [Wed May 25 07:03:11 2022] GET /identity => generated 270 bytes in 9 msecs (HTTP/1.1 300) 6 headers in 234 bytes (1 switches on core 0)
May 25 07:03:11.909378 dv-neutron-843237-1-hyperv devstack@keystone.service[80741]: DEBUG keystone.server.flask.request_processing.middleware.auth_context [None req-e1e35f8a-fb59-4c6d-b043-479ec1df3214 None None] Authenticating user token {{(pid=80741) process_request /usr/local/lib/python3.8/dist-packages/keystonemiddleware/auth_token/__init__.py:407}}
May 25 07:03:11.927222 dv-neutron-843237-1-hyperv devstack@keystone.service[80740]: DEBUG keystone.server.flask.request_processing.middleware.auth_context [None req-6ff34171-09ad-4de5-8e9b-31841de16031 None admin] RBAC: auth_context: {'token': , 'domain_id': None, 'trust_id': None, 'trustor_id': None, 'trustee_id': None, 'domain_name': None, 'group_ids': [], 'user_id': '17eb9b2d181349ae870b8aea28709987', 'user_domain_id': 'default', 'system_scope': 'all', 'project_id': None, 'project_domain_id': None, 'roles': ['admin', 'member', 'reader'], 'is_admin_project': True, 'service_user_id': None, 'service_user_domain_id': None, 'service_project_id': None, 'service_project_domain_id': None, 'service_roles': []} {{(pid=80740) fill_context /opt/stack/keystone/keystone/server/flask/request_processing/middleware/auth_context.py:478}}
May 25 07:03:11.928476 dv-neutron-843237-1-hyperv devstack@keystone.service[80740]: DEBUG keystone.server.flask.request_processing.req_logging [None req-6ff34171-09ad-4de5-8e9b-31841de16031 None admin] REQUEST_METHOD: `GET` {{(pid=80740) log_request_info /opt/stack/keystone/keystone/server/flask/request_processing/req_logging.py:27}}
May 25 07:03:11.928905 dv-neutron-843237-1-hyperv devstack@keystone.service[80740]: DEBUG keystone.server.flask.request_processing.req_logging [None req-6ff34171-09ad-4de5-8e9b-31841de16031 None admin] SCRIPT_NAME: `/identity` {{(pid=80740) log_request_info /opt/stack/keystone/keystone/server/flask/request_processing/req_logging.py:28}}
May 25 07:03:11.929323 dv-neutron-843237-1-hyperv devstack@keystone.service[80740]: DEBUG keystone.server.flask.request_processing.req_logging [None req-6ff34171-09ad-4de5-8e9b-31841de16031 None admin] PATH_INFO: `/v3/projects/9fe2529faf0d46d5a1515f988bbf8d21` {{(pid=80740) log_request_info /opt/stack/keystone/keystone/server/flask/request_processing/req_logging.py:29}}
May 25 07:03:11.930767 dv-neutron-843237-1-hyperv devstack@keystone.service[80740]: DEBUG keystone.common.rbac_enforcer.enforcer [None req-6ff34171-09ad-4de5-8e9b-31841de16031 None admin] RBAC: Authorizing `identity:get_project(project_id=9fe2529faf0d46d5a1515f988bbf8d21)` {{(pid=80740) enforce_call /opt/stack/keystone/keystone/common/rbac_enforcer/enforcer.py:449}}
May 25 07:03:11.932519 dv-neutron-843237-1-hyperv devstack@keystone.service[80740]: DEBUG keystone.common.rbac_enforcer.enforcer [None req-6ff34171-09ad-4de5-8e9b-31841de16031 None admin] RBAC: Authorization granted {{(pid=80740) enforce_call /opt/stack/keystone/keystone/common/rbac_enforcer/enforcer.py:457}}
May 25 07:03:11.934914 dv-neutron-843237-1-hyperv devstack@keystone.service[80740]: [pid: 80740|app: 0|req: 106/225] 10.222.0.32 () {56 vars in 1186 bytes} [Wed May 25 07:03:11 2022] GET /identity/v3/projects/9fe2529faf0d46d5a1515f988bbf8d21 => generated 302 bytes in 212 msecs (HTTP/1.1 200) 5 headers in 177 bytes (1 switches on core 0)
May 25 07:03:11.936255 dv-neutron-843237-1-hyperv devstack@keystone.service[80740]: DEBUG keystone.server.flask.request_processing.req_logging [None req-b7e3952b-ac32-4516-b2be-1903e1e81d5d None None] REQUEST_METHOD: `POST` {{(pid=80740) log_request_info /opt/stack/keystone/keystone/server/flask/request_processing/req_logging.py:27}}
May 25 07:03:11.936707 dv-neutron-843237-1-hyperv devstack@keystone.service[80740]: DEBUG keystone.server.flask.request_processing.req_logging [None req-b7e3952b-ac32-4516-b2be-1903e1e81d5d None None] SCRIPT_NAME: `/identity` {{(pid=80740) log_request_info /opt/stack/keystone/keystone/server/flask/request_processing/req_logging.py:28}}
May 25 07:03:11.937130 dv-neutron-843237-1-hyperv devstack@keystone.service[80740]: DEBUG keystone.server.flask.request_processing.req_logging [None req-b7e3952b-ac32-4516-b2be-1903e1e81d5d None None] PATH_INFO: `/v3/auth/tokens` {{(pid=80740) log_request_info /opt/stack/keystone/keystone/server/flask/request_processing/req_logging.py:29}}
May 25 07:03:11.963850 dv-neutron-843237-1-hyperv devstack@keystone.service[80740]: DEBUG keystone.auth.core [None req-b7e3952b-ac32-4516-b2be-1903e1e81d5d None None] MFA Rules not processed for user `17eb9b2d181349ae870b8aea28709987`. Rule list: `[]` (Enabled: `True`). {{(pid=80740) check_auth_methods_against_rules /opt/stack/keystone/keystone/auth/core.py:438}}
May 25 07:03:11.963850 dv-neutron-843237-1-hyperv devstack@keystone.service[80740]: DEBUG keystone.common.fernet_utils [None req-b7e3952b-ac32-4516-b2be-1903e1e81d5d None None] Loaded 2 Fernet keys from /etc/keystone/fernet-keys/, but `[fernet_tokens] max_active_keys = 3`; perhaps there have not been enough key rotations to reach `max_active_keys` yet? {{(pid=80740) load_keys /opt/stack/keystone/keystone/common/fernet_utils.py:286}}
May 25 07:03:12.020158 dv-neutron-843237-1-hyperv devstack@keystone.service[80741]: DEBUG keystone.server.flask.request_processing.middleware.auth_context [None req-e1e35f8a-fb59-4c6d-b043-479ec1df3214 None None] Validating token access rules against request {{(pid=80741) validate_allowed_request /usr/local/lib/python3.8/dist-packages/keystonemiddleware/auth_token/__init__.py:545}}
May 25 07:03:12.028163 dv-neutron-843237-1-hyperv devstack@keystone.service[80740]: [pid: 80740|app: 0|req: 107/226] 10.222.0.32 () {58 vars in 1023 bytes} [Wed May 25 07:03:11 2022] POST /identity/v3/auth/tokens => generated 799 bytes in 93 msecs (HTTP/1.1 201) 6 headers in 363 bytes (1 switches on core 0)
May 25 07:03:12.029464 dv-neutron-843237-1-hyperv devstack@keystone.service[80740]: DEBUG keystone.server.flask.request_processing.middleware.auth_context [None req-b7e3952b-ac32-4516-b2be-1903e1e81d5d None None] Authenticating user token {{(pid=80740) process_request /usr/local/lib/python3.8/dist-packages/keystonemiddleware/auth_token/__init__.py:407}}
May 25 07:03:12.051748 dv-neutron-843237-1-hyperv devstack@keystone.service[80740]: DEBUG dbcounter [-] [80740] Writing DB stats keystone:SELECT=100 {{(pid=80740) stat_writer /usr/local/lib/python3.8/dist-packages/dbcounter.py:114}}
May 25 07:03:12.059154 dv-neutron-843237-1-hyperv devstack@keystone.service[80741]: DEBUG keystone.server.flask.request_processing.middleware.auth_context [None req-e3392be5-fd6f-4051-9cf2-8a4e824629a1 None admin] RBAC: auth_context: {'token': , 'domain_id': None, 'trust_id': None, 'trustor_id': None, 'trustee_id': None, 'domain_name': None, 'group_ids': [], 'user_id': '17eb9b2d181349ae870b8aea28709987', 'user_domain_id': 'default', 'system_scope': 'all', 'project_id': None, 'project_domain_id': None, 'roles': ['admin', 'member', 'reader'], 'is_admin_project': True, 'service_user_id': None, 'service_user_domain_id': None, 'service_project_id': None, 'service_project_domain_id': None, 'service_roles': []} {{(pid=80741) fill_context /opt/stack/keystone/keystone/server/flask/request_processing/middleware/auth_context.py:478}}
May 25 07:03:12.060412 dv-neutron-843237-1-hyperv devstack@keystone.service[80741]: DEBUG keystone.server.flask.request_processing.req_logging [None req-e3392be5-fd6f-4051-9cf2-8a4e824629a1 None admin] REQUEST_METHOD: `GET` {{(pid=80741) log_request_info /opt/stack/keystone/keystone/server/flask/request_processing/req_logging.py:27}}
May 25 07:03:12.060836 dv-neutron-843237-1-hyperv devstack@keystone.service[80741]: DEBUG keystone.server.flask.request_processing.req_logging [None req-e3392be5-fd6f-4051-9cf2-8a4e824629a1 None admin] SCRIPT_NAME: `/identity` {{(pid=80741) log_request_info /opt/stack/keystone/keystone/server/flask/request_processing/req_logging.py:28}}
May 25 07:03:12.061248 dv-neutron-843237-1-hyperv devstack@keystone.service[80741]: DEBUG keystone.server.flask.request_processing.req_logging [None req-e3392be5-fd6f-4051-9cf2-8a4e824629a1 None admin] PATH_INFO: `/v3/projects/9fe2529faf0d46d5a1515f988bbf8d21` {{(pid=80741) log_request_info /opt/stack/keystone/keystone/server/flask/request_processing/req_logging.py:29}}
May 25 07:03:12.062674 dv-neutron-843237-1-hyperv devstack@keystone.service[80741]: DEBUG keystone.common.rbac_enforcer.enforcer [None req-e3392be5-fd6f-4051-9cf2-8a4e824629a1 None admin] RBAC: Authorizing `identity:get_project(project_id=9fe2529faf0d46d5a1515f988bbf8d21)` {{(pid=80741) enforce_call /opt/stack/keystone/keystone/common/rbac_enforcer/enforcer.py:449}}
May 25 07:03:12.064366 dv-neutron-843237-1-hyperv devstack@keystone.service[80741]: DEBUG keystone.common.rbac_enforcer.enforcer [None req-e3392be5-fd6f-4051-9cf2-8a4e824629a1 None admin] RBAC: Authorization granted {{(pid=80741) enforce_call /opt/stack/keystone/keystone/common/rbac_enforcer/enforcer.py:457}}
May 25 07:03:12.066635 dv-neutron-843237-1-hyperv devstack@keystone.service[80741]: [pid: 80741|app: 0|req: 120/227] 10.222.0.32 () {56 vars in 1186 bytes} [Wed May 25 07:03:11 2022] GET /identity/v3/projects/9fe2529faf0d46d5a1515f988bbf8d21 => generated 302 bytes in 161 msecs (HTTP/1.1 200) 5 headers in 177 bytes (1 switches on core 0)
May 25 07:03:12.072078 dv-neutron-843237-1-hyperv devstack@keystone.service[80741]: DEBUG keystone.server.flask.request_processing.middleware.auth_context [None req-e3392be5-fd6f-4051-9cf2-8a4e824629a1 None admin] Authenticating user token {{(pid=80741) process_request /usr/local/lib/python3.8/dist-packages/keystonemiddleware/auth_token/__init__.py:407}}
May 25 07:03:12.137645 dv-neutron-843237-1-hyperv devstack@keystone.service[80740]: DEBUG keystone.server.flask.request_processing.middleware.auth_context [None req-b7e3952b-ac32-4516-b2be-1903e1e81d5d None None] Validating token access rules against request {{(pid=80740) validate_allowed_request /usr/local/lib/python3.8/dist-packages/keystonemiddleware/auth_token/__init__.py:545}}
May 25 07:03:12.140083 dv-neutron-843237-1-hyperv devstack@keystone.service[80741]: DEBUG dbcounter [-] [80741] Writing DB stats keystone:SELECT=100 {{(pid=80741) stat_writer /usr/local/lib/python3.8/dist-packages/dbcounter.py:114}}
May 25 07:03:12.175440 dv-neutron-843237-1-hyperv devstack@keystone.service[80740]: DEBUG keystone.server.flask.request_processing.middleware.auth_context [None req-0268e1fb-2daf-4332-8dda-fee898512dca None admin] RBAC: auth_context: {'token': , 'domain_id': None, 'trust_id': None, 'trustor_id': None, 'trustee_id': None, 'domain_name': None, 'group_ids': [], 'user_id': '17eb9b2d181349ae870b8aea28709987', 'user_domain_id': 'default', 'system_scope': 'all', 'project_id': None, 'project_domain_id': None, 'roles': ['admin', 'member', 'reader'], 'is_admin_project': True, 'service_user_id': None, 'service_user_domain_id': None, 'service_project_id': None, 'service_project_domain_id': None, 'service_roles': []} {{(pid=80740) fill_context /opt/stack/keystone/keystone/server/flask/request_processing/middleware/auth_context.py:478}}
May 25 07:03:12.176152 dv-neutron-843237-1-hyperv devstack@keystone.service[80740]: DEBUG keystone.server.flask.request_processing.req_logging [None req-0268e1fb-2daf-4332-8dda-fee898512dca None admin] REQUEST_METHOD: `GET` {{(pid=80740) log_request_info /opt/stack/keystone/keystone/server/flask/request_processing/req_logging.py:27}}
May 25 07:03:12.176436 dv-neutron-843237-1-hyperv devstack@keystone.service[80740]: DEBUG keystone.server.flask.request_processing.req_logging [None req-0268e1fb-2daf-4332-8dda-fee898512dca None admin] SCRIPT_NAME: `/identity` {{(pid=80740) log_request_info /opt/stack/keystone/keystone/server/flask/request_processing/req_logging.py:28}}
May 25 07:03:12.176804 dv-neutron-843237-1-hyperv devstack@keystone.service[80740]: DEBUG keystone.server.flask.request_processing.req_logging [None req-0268e1fb-2daf-4332-8dda-fee898512dca None admin] PATH_INFO: `/v3/role_assignments` {{(pid=80740) log_request_info /opt/stack/keystone/keystone/server/flask/request_processing/req_logging.py:29}}
May 25 07:03:12.177812 dv-neutron-843237-1-hyperv devstack@keystone.service[80740]: DEBUG keystone.common.rbac_enforcer.enforcer [None req-0268e1fb-2daf-4332-8dda-fee898512dca None admin] RBAC: Adding query filter params (role.id=0f653606c1cf40ac89092a4ea9281a08, scope.project.id=9fe2529faf0d46d5a1515f988bbf8d21, user.id=f433021f14c5402a97d80e0099c6469b) {{(pid=80740) _extract_filter_values /opt/stack/keystone/keystone/common/rbac_enforcer/enforcer.py:167}}
May 25 07:03:12.178134 dv-neutron-843237-1-hyperv devstack@keystone.service[80740]: DEBUG keystone.common.rbac_enforcer.enforcer [None req-0268e1fb-2daf-4332-8dda-fee898512dca None admin] RBAC: Authorizing `identity:list_role_assignments()` {{(pid=80740) enforce_call /opt/stack/keystone/keystone/common/rbac_enforcer/enforcer.py:449}}
May 25 07:03:12.180032 dv-neutron-843237-1-hyperv devstack@keystone.service[80740]: DEBUG keystone.common.rbac_enforcer.enforcer [None req-0268e1fb-2daf-4332-8dda-fee898512dca None admin] RBAC: Authorization granted {{(pid=80740) enforce_call /opt/stack/keystone/keystone/common/rbac_enforcer/enforcer.py:457}}
May 25 07:03:12.180373 dv-neutron-843237-1-hyperv devstack@keystone.service[80741]: DEBUG keystone.server.flask.request_processing.middleware.auth_context [None req-e3392be5-fd6f-4051-9cf2-8a4e824629a1 None admin] Validating token access rules against request {{(pid=80741) validate_allowed_request /usr/local/lib/python3.8/dist-packages/keystonemiddleware/auth_token/__init__.py:545}}
May 25 07:03:12.186524 dv-neutron-843237-1-hyperv devstack@keystone.service[80740]: [pid: 80740|app: 0|req: 108/228] 10.222.0.32 () {56 vars in 1374 bytes} [Wed May 25 07:03:12 2022] GET /identity/v3/role_assignments?user.id=f433021f14c5402a97d80e0099c6469b&scope.project.id=9fe2529faf0d46d5a1515f988bbf8d21&role.id=0f653606c1cf40ac89092a4ea9281a08 => generated 259 bytes in 158 msecs (HTTP/1.1 200) 5 headers in 177 bytes (1 switches on core 0)
May 25 07:03:12.187334 dv-neutron-843237-1-hyperv devstack@keystone.service[80740]: DEBUG keystone.server.flask.request_processing.middleware.auth_context [None req-0268e1fb-2daf-4332-8dda-fee898512dca None admin] Authenticating user token {{(pid=80740) process_request /usr/local/lib/python3.8/dist-packages/keystonemiddleware/auth_token/__init__.py:407}}
May 25 07:03:12.284205 dv-neutron-843237-1-hyperv devstack@keystone.service[80740]: DEBUG dbcounter [-] [80740] Writing DB stats keystone:SELECT=100 {{(pid=80740) stat_writer /usr/local/lib/python3.8/dist-packages/dbcounter.py:114}}
May 25 07:03:12.289502 dv-neutron-843237-1-hyperv devstack@keystone.service[80741]: DEBUG keystone.server.flask.request_processing.middleware.auth_context [None req-9692168e-b500-481e-b321-1c5a4dbca65c None admin] RBAC: auth_context: {'token': , 'domain_id': None, 'trust_id': None, 'trustor_id': None, 'trustee_id': None, 'domain_name': None, 'group_ids': [], 'user_id': '17eb9b2d181349ae870b8aea28709987', 'user_domain_id': 'default', 'system_scope': 'all', 'project_id': None, 'project_domain_id': None, 'roles': ['admin', 'member', 'reader'], 'is_admin_project': True, 'service_user_id': None, 'service_user_domain_id': None, 'service_project_id': None, 'service_project_domain_id': None, 'service_roles': []} {{(pid=80741) fill_context /opt/stack/keystone/keystone/server/flask/request_processing/middleware/auth_context.py:478}}
May 25 07:03:12.290377 dv-neutron-843237-1-hyperv devstack@keystone.service[80741]: DEBUG keystone.server.flask.request_processing.req_logging [None req-9692168e-b500-481e-b321-1c5a4dbca65c None admin] REQUEST_METHOD: `GET` {{(pid=80741) log_request_info /opt/stack/keystone/keystone/server/flask/request_processing/req_logging.py:27}}
May 25 07:03:12.290717 dv-neutron-843237-1-hyperv devstack@keystone.service[80741]: DEBUG keystone.server.flask.request_processing.req_logging [None req-9692168e-b500-481e-b321-1c5a4dbca65c None admin] SCRIPT_NAME: `/identity` {{(pid=80741) log_request_info /opt/stack/keystone/keystone/server/flask/request_processing/req_logging.py:28}}
May 25 07:03:12.290998 dv-neutron-843237-1-hyperv devstack@keystone.service[80741]: DEBUG keystone.server.flask.request_processing.req_logging [None req-9692168e-b500-481e-b321-1c5a4dbca65c None admin] PATH_INFO: `/v3/roles/admin` {{(pid=80741) log_request_info /opt/stack/keystone/keystone/server/flask/request_processing/req_logging.py:29}}
May 25 07:03:12.302132 dv-neutron-843237-1-hyperv devstack@keystone.service[80740]: DEBUG keystone.server.flask.request_processing.middleware.auth_context [None req-0268e1fb-2daf-4332-8dda-fee898512dca None admin] Validating token access rules against request {{(pid=80740) validate_allowed_request /usr/local/lib/python3.8/dist-packages/keystonemiddleware/auth_token/__init__.py:545}}
May 25 07:03:12.331048 dv-neutron-843237-1-hyperv devstack@keystone.service[80741]: DEBUG keystone.common.rbac_enforcer.enforcer [None req-9692168e-b500-481e-b321-1c5a4dbca65c None admin] Extracting inferred target data resulted in "NOT FOUND (404)". {{(pid=80741) enforce_call /opt/stack/keystone/keystone/common/rbac_enforcer/enforcer.py:409}}
May 25 07:03:12.341161 dv-neutron-843237-1-hyperv devstack@keystone.service[80741]: ERROR keystone.server.flask.application [None req-9692168e-b500-481e-b321-1c5a4dbca65c None admin] Could not find role: admin.: keystone.exception.RoleNotFound: Could not find role: admin.
May 25 07:03:12.341161 dv-neutron-843237-1-hyperv devstack@keystone.service[80741]: ERROR keystone.server.flask.application
Traceback (most recent call last):
May 25 07:03:12.341161 dv-neutron-843237-1-hyperv devstack@keystone.service[80741]: ERROR keystone.server.flask.application
File "/usr/local/lib/python3.8/dist-packages/flask/app.py", line 1523, in full_dispatch_request
May 25 07:03:12.341161 dv-neutron-843237-1-hyperv devstack@keystone.service[80741]: ERROR keystone.server.flask.application rv = self.dispatch_request()
May 25 07:03:12.341161 dv-neutron-843237-1-hyperv devstack@keystone.service[80741]: ERROR keystone.server.flask.application
File "/usr/local/lib/python3.8/dist-packages/flask/app.py", line 1509, in dispatch_request
May 25 07:03:12.341161 dv-neutron-843237-1-hyperv devstack@keystone.service[80741]: ERROR keystone.server.flask.application return self.ensure_sync(self.view_functions[rule.endpoint])(**req.view_args)
May 25 07:03:12.341161 dv-neutron-843237-1-hyperv devstack@keystone.service[80741]: ERROR keystone.server.flask.application
File "/usr/local/lib/python3.8/dist-packages/flask_restful/__init__.py", line 467, in wrapper
May 25 07:03:12.341161 dv-neutron-843237-1-hyperv devstack@keystone.service[80741]: ERROR keystone.server.flask.application resp = resource(*args, **kwargs)
May 25 07:03:12.341161 dv-neutron-843237-1-hyperv devstack@keystone.service[80741]: ERROR keystone.server.flask.application
File "/usr/local/lib/python3.8/dist-packages/flask/views.py", line 84, in view
May 25 07:03:12.341161 dv-neutron-843237-1-hyperv devstack@keystone.service[80741]: ERROR keystone.server.flask.application return current_app.ensure_sync(self.dispatch_request)(*args, **kwargs)
May 25 07:03:12.341161 dv-neutron-843237-1-hyperv devstack@keystone.service[80741]: ERROR keystone.server.flask.application
File "/usr/local/lib/python3.8/dist-packages/flask_restful/__init__.py", line 582, in dispatch_request
May 25 07:03:12.341161 dv-neutron-843237-1-hyperv devstack@keystone.service[80741]: ERROR keystone.server.flask.application resp = meth(*args, **kwargs)
May 25 07:03:12.341161 dv-neutron-843237-1-hyperv devstack@keystone.service[80741]: ERROR keystone.server.flask.application
File "/opt/stack/keystone/keystone/api/roles.py", line 50, in get
May 25 07:03:12.341161 dv-neutron-843237-1-hyperv devstack@keystone.service[80741]: ERROR keystone.server.flask.application return self._get_role(role_id)
May 25 07:03:12.341161 dv-neutron-843237-1-hyperv devstack@keystone.service[80741]: ERROR keystone.server.flask.application
File "/opt/stack/keystone/keystone/api/roles.py", line 70, in _get_role
May 25 07:03:12.341161 dv-neutron-843237-1-hyperv devstack@keystone.service[80741]: ERROR keystone.server.flask.application ENFORCER.enforce_call(action='identity:get_role')
May 25 07:03:12.342097 dv-neutron-843237-1-hyperv devstack@keystone.service[80741]: ERROR keystone.server.flask.application
File "/opt/stack/keystone/keystone/common/rbac_enforcer/enforcer.py", line 402, in enforce_call
May 25 07:03:12.342097 dv-neutron-843237-1-hyperv devstack@keystone.service[80741]: ERROR keystone.server.flask.application policy_dict.update(cls._extract_member_target_data(
May 25 07:03:12.342097 dv-neutron-843237-1-hyperv devstack@keystone.service[80741]: ERROR keystone.server.flask.application
File "/opt/stack/keystone/keystone/common/rbac_enforcer/enforcer.py", line 234, in _extract_member_target_data
May 25 07:03:12.342097 dv-neutron-843237-1-hyperv devstack@keystone.service[80741]: ERROR keystone.server.flask.application member_name: func(flask.request.view_args[key])
May 25 07:03:12.342097 dv-neutron-843237-1-hyperv devstack@keystone.service[80741]: ERROR keystone.server.flask.application
File "/opt/stack/keystone/keystone/common/manager.py", line 115, in wrapped
May 25 07:03:12.342097 dv-neutron-843237-1-hyperv devstack@keystone.service[80741]: ERROR keystone.server.flask.application __ret_val = __f(*args, **kwargs)
May 25 07:03:12.342097 dv-neutron-843237-1-hyperv devstack@keystone.service[80741]: ERROR keystone.server.flask.application
File "/usr/local/lib/python3.8/dist-packages/decorator.py", line 232, in fun
May 25 07:03:12.342097 dv-neutron-843237-1-hyperv devstack@keystone.service[80741]: ERROR keystone.server.flask.application return caller(func, *(extras + args), **kw)
May 25 07:03:12.342097 dv-neutron-843237-1-hyperv devstack@keystone.service[80741]: ERROR keystone.server.flask.application
File "/usr/local/lib/python3.8/dist-packages/dogpile/cache/region.py", line 1577, in get_or_create_for_user_func
May 25 07:03:12.342097 dv-neutron-843237-1-hyperv devstack@keystone.service[80741]: ERROR keystone.server.flask.application return self.get_or_create(
May 25 07:03:12.342097 dv-neutron-843237-1-hyperv devstack@keystone.service[80741]: ERROR keystone.server.flask.application
File "/usr/local/lib/python3.8/dist-packages/dogpile/cache/region.py", line 1042, in get_or_create
May 25 07:03:12.342097 dv-neutron-843237-1-hyperv devstack@keystone.service[80741]: ERROR keystone.server.flask.application with Lock(
May 25 07:03:12.342097 dv-neutron-843237-1-hyperv devstack@keystone.service[80741]: ERROR keystone.server.flask.application
File "/usr/local/lib/python3.8/dist-packages/dogpile/lock.py", line 185, in __enter__
May 25 07:03:12.342097 dv-neutron-843237-1-hyperv devstack@keystone.service[80741]: ERROR keystone.server.flask.application return self._enter()
May 25 07:03:12.342097 dv-neutron-843237-1-hyperv devstack@keystone.service[80741]: ERROR keystone.server.flask.application
File "/usr/local/lib/python3.8/dist-packages/dogpile/lock.py", line 94, in _enter
May 25 07:03:12.342097 dv-neutron-843237-1-hyperv devstack@keystone.service[80741]: ERROR keystone.server.flask.application generated = self._enter_create(value, createdtime)
May 25 07:03:12.342869 dv-neutron-843237-1-hyperv devstack@keystone.service[80741]: ERROR keystone.server.flask.application
File "/usr/local/lib/python3.8/dist-packages/dogpile/lock.py", line 178, in _enter_create
May 25 07:03:12.342869 dv-neutron-843237-1-hyperv devstack@keystone.service[80741]: ERROR keystone.server.flask.application return self.creator()
May 25 07:03:12.342869 dv-neutron-843237-1-hyperv devstack@keystone.service[80741]: ERROR keystone.server.flask.application
File "/usr/local/lib/python3.8/dist-packages/dogpile/cache/region.py", line 995, in gen_value
May 25 07:03:12.342869 dv-neutron-843237-1-hyperv devstack@keystone.service[80741]: ERROR keystone.server.flask.application created_value = creator(
May 25 07:03:12.342869 dv-neutron-843237-1-hyperv devstack@keystone.service[80741]: ERROR keystone.server.flask.application
File "/opt/stack/keystone/keystone/assignment/core.py", line 1276, in get_role
May 25 07:03:12.342869 dv-neutron-843237-1-hyperv devstack@keystone.service[80741]: ERROR keystone.server.flask.application return self.driver.get_role(role_id)
May 25 07:03:12.342869 dv-neutron-843237-1-hyperv devstack@keystone.service[80741]: ERROR keystone.server.flask.application
File "/opt/stack/keystone/keystone/assignment/role_backends/sql.py", line 70, in get_role
May 25 07:03:12.342869 dv-neutron-843237-1-hyperv devstack@keystone.service[80741]: ERROR keystone.server.flask.application return self._get_role(session, role_id).to_dict()
May 25 07:03:12.342869 dv-neutron-843237-1-hyperv devstack@keystone.service[80741]: ERROR keystone.server.flask.application
File "/opt/stack/keystone/keystone/assignment/role_backends/sql.py", line 65, in _get_role
May 25 07:03:12.342869 dv-neutron-843237-1-hyperv devstack@keystone.service[80741]: ERROR keystone.server.flask.application raise exception.RoleNotFound(role_id=role_id)
May 25 07:03:12.342869 dv-neutron-843237-1-hyperv devstack@keystone.service[80741]: ERROR keystone.server.flask.application keystone.exception.RoleNotFound: Could not find role: admin.
May 25 07:03:12.342869 dv-neutron-843237-1-hyperv devstack@keystone.service[80741]: ERROR keystone.server.flask.application
May 25 07:03:12.350299 dv-neutron-843237-1-hyperv devstack@keystone.service[80741]: [pid: 80741|app: 0|req: 121/229] 10.222.0.32 () {56 vars in 1096 bytes} [Wed May 25 07:03:12 2022] GET /identity/v3/roles/admin => generated 83 bytes in 279 msecs (HTTP/1.1 404) 5 headers in 183 bytes (1 switches on core 0)
May 25 07:03:12.353797 dv-neutron-843237-1-hyperv devstack@keystone.service[80740]: DEBUG keystone.server.flask.request_processing.middleware.auth_context [None req-5f59842a-1bb2-4549-adca-f70b553aa47d None admin] RBAC: auth_context: {'token': , 'domain_id': None, 'trust_id': None, 'trustor_id': None, 'trustee_id': None, 'domain_name': None, 'group_ids': [], 'user_id': '17eb9b2d181349ae870b8aea28709987', 'user_domain_id': 'default', 'system_scope': 'all', 'project_id': None, 'project_domain_id': None, 'roles': ['admin', 'member', 'reader'], 'is_admin_project': True, 'service_user_id': None, 'service_user_domain_id': None, 'service_project_id': None, 'service_project_domain_id': None, 'service_roles': []} {{(pid=80740) fill_context /opt/stack/keystone/keystone/server/flask/request_processing/middleware/auth_context.py:478}}
May 25 07:03:12.354755 dv-neutron-843237-1-hyperv devstack@keystone.service[80740]: DEBUG keystone.server.flask.request_processing.req_logging [None req-5f59842a-1bb2-4549-adca-f70b553aa47d None admin] REQUEST_METHOD: `PUT` {{(pid=80740) log_request_info /opt/stack/keystone/keystone/server/flask/request_processing/req_logging.py:27}}
May 25 07:03:12.355038 dv-neutron-843237-1-hyperv devstack@keystone.service[80740]: DEBUG keystone.server.flask.request_processing.req_logging [None req-5f59842a-1bb2-4549-adca-f70b553aa47d None admin] SCRIPT_NAME: `/identity` {{(pid=80740) log_request_info /opt/stack/keystone/keystone/server/flask/request_processing/req_logging.py:28}}
May 25 07:03:12.355400 dv-neutron-843237-1-hyperv devstack@keystone.service[80740]: DEBUG keystone.server.flask.request_processing.req_logging [None req-5f59842a-1bb2-4549-adca-f70b553aa47d None admin] PATH_INFO: `/v3/projects/9fe2529faf0d46d5a1515f988bbf8d21/users/7390b9821ca2438f84bdaa737b756681/roles/1105d366b49c4a2db03de22d5bf3e9f4` {{(pid=80740) log_request_info /opt/stack/keystone/keystone/server/flask/request_processing/req_logging.py:29}}
May 25 07:03:12.356893 dv-neutron-843237-1-hyperv devstack@keystone.service[80741]: DEBUG keystone.server.flask.request_processing.middleware.auth_context [None req-9692168e-b500-481e-b321-1c5a4dbca65c None admin] Authenticating user token {{(pid=80741) process_request /usr/local/lib/python3.8/dist-packages/keystonemiddleware/auth_token/__init__.py:407}}
May 25 07:03:12.368655 dv-neutron-843237-1-hyperv devstack@keystone.service[80740]: DEBUG keystone.common.rbac_enforcer.enforcer [None req-5f59842a-1bb2-4549-adca-f70b553aa47d None admin] RBAC: Authorizing `identity:create_grant(project_id=9fe2529faf0d46d5a1515f988bbf8d21, user_id=7390b9821ca2438f84bdaa737b756681, role_id=1105d366b49c4a2db03de22d5bf3e9f4)` {{(pid=80740) enforce_call /opt/stack/keystone/keystone/common/rbac_enforcer/enforcer.py:449}}
May 25 07:03:12.370756 dv-neutron-843237-1-hyperv devstack@keystone.service[80740]: DEBUG keystone.common.rbac_enforcer.enforcer [None req-5f59842a-1bb2-4549-adca-f70b553aa47d None admin] RBAC: Authorization granted {{(pid=80740) enforce_call /opt/stack/keystone/keystone/common/rbac_enforcer/enforcer.py:457}}
May 25 07:03:12.394677 dv-neutron-843237-1-hyperv devstack@keystone.service[80740]: [pid: 80740|app: 0|req: 109/230] 10.222.0.32 () {58 vars in 1439 bytes} [Wed May 25 07:03:12 2022] PUT /identity/v3/projects/9fe2529faf0d46d5a1515f988bbf8d21/users/7390b9821ca2438f84bdaa737b756681/roles/1105d366b49c4a2db03de22d5bf3e9f4 => generated 0 bytes in 208 msecs (HTTP/1.1 204) 3 headers in 132 bytes (0 switches on core 0)
May 25 07:03:12.489913 dv-neutron-843237-1-hyperv devstack@keystone.service[80741]: DEBUG keystone.server.flask.request_processing.middleware.auth_context [None req-9692168e-b500-481e-b321-1c5a4dbca65c None admin] Validating token access rules against request {{(pid=80741) validate_allowed_request /usr/local/lib/python3.8/dist-packages/keystonemiddleware/auth_token/__init__.py:545}}
May 25 07:03:12.506565 dv-neutron-843237-1-hyperv devstack@keystone.service[80741]: DEBUG dbcounter [-] [80741] Writing DB stats keystone:SELECT=100 {{(pid=80741) stat_writer /usr/local/lib/python3.8/dist-packages/dbcounter.py:114}}
May 25 07:03:12.531903 dv-neutron-843237-1-hyperv devstack@keystone.service[80741]: DEBUG keystone.server.flask.request_processing.middleware.auth_context [None req-18bc3ec8-8663-463e-b254-6a4043877484 None admin] RBAC: auth_context: {'token': , 'domain_id': None, 'trust_id': None, 'trustor_id': None, 'trustee_id': None, 'domain_name': None, 'group_ids': [], 'user_id': '17eb9b2d181349ae870b8aea28709987', 'user_domain_id': 'default', 'system_scope': 'all', 'project_id': None, 'project_domain_id': None, 'roles': ['admin', 'member', 'reader'], 'is_admin_project': True, 'service_user_id': None, 'service_user_domain_id': None, 'service_project_id': None, 'service_project_domain_id': None, 'service_roles': []} {{(pid=80741) fill_context /opt/stack/keystone/keystone/server/flask/request_processing/middleware/auth_context.py:478}}
May 25 07:03:12.532594 dv-neutron-843237-1-hyperv devstack@keystone.service[80741]: DEBUG keystone.server.flask.request_processing.req_logging [None req-18bc3ec8-8663-463e-b254-6a4043877484 None admin] REQUEST_METHOD: `GET` {{(pid=80741) log_request_info /opt/stack/keystone/keystone/server/flask/request_processing/req_logging.py:27}}
May 25 07:03:12.532875 dv-neutron-843237-1-hyperv devstack@keystone.service[80741]: DEBUG keystone.server.flask.request_processing.req_logging [None req-18bc3ec8-8663-463e-b254-6a4043877484 None admin] SCRIPT_NAME: `/identity` {{(pid=80741) log_request_info /opt/stack/keystone/keystone/server/flask/request_processing/req_logging.py:28}}
May 25 07:03:12.533147 dv-neutron-843237-1-hyperv devstack@keystone.service[80741]: DEBUG keystone.server.flask.request_processing.req_logging [None req-18bc3ec8-8663-463e-b254-6a4043877484 None admin] PATH_INFO: `/v3/roles` {{(pid=80741) log_request_info /opt/stack/keystone/keystone/server/flask/request_processing/req_logging.py:29}}
May 25 07:03:12.533910 dv-neutron-843237-1-hyperv devstack@keystone.service[80741]: DEBUG keystone.common.rbac_enforcer.enforcer [None req-18bc3ec8-8663-463e-b254-6a4043877484 None admin] RBAC: Adding query filter params (name=admin) {{(pid=80741) _extract_filter_values /opt/stack/keystone/keystone/common/rbac_enforcer/enforcer.py:167}}
May 25 07:03:12.534265 dv-neutron-843237-1-hyperv devstack@keystone.service[80741]: DEBUG keystone.common.rbac_enforcer.enforcer [None req-18bc3ec8-8663-463e-b254-6a4043877484 None admin] RBAC: Authorizing `identity:list_roles()` {{(pid=80741) enforce_call /opt/stack/keystone/keystone/common/rbac_enforcer/enforcer.py:449}}
May 25 07:03:12.535620 dv-neutron-843237-1-hyperv devstack@keystone.service[80741]: DEBUG keystone.common.rbac_enforcer.enforcer [None req-18bc3ec8-8663-463e-b254-6a4043877484 None admin] RBAC: Authorization granted {{(pid=80741) enforce_call /opt/stack/keystone/keystone/common/rbac_enforcer/enforcer.py:457}}
May 25 07:03:12.545843 dv-neutron-843237-1-hyperv devstack@keystone.service[80741]: [pid: 80741|app: 0|req: 122/231] 10.222.0.32 () {56 vars in 1099 bytes} [Wed May 25 07:03:12 2022] GET /identity/v3/roles?name=admin => generated 339 bytes in 189 msecs (HTTP/1.1 200) 5 headers in 177 bytes (1 switches on core 0)
May 25 07:03:12.552925 dv-neutron-843237-1-hyperv devstack@keystone.service[80740]: DEBUG keystone.server.flask.request_processing.middleware.auth_context [None req-5f59842a-1bb2-4549-adca-f70b553aa47d None admin] Authenticating user token {{(pid=80740) process_request /usr/local/lib/python3.8/dist-packages/keystonemiddleware/auth_token/__init__.py:407}}
May 25 07:03:12.672766 dv-neutron-843237-1-hyperv devstack@keystone.service[80740]: DEBUG keystone.server.flask.request_processing.middleware.auth_context [None req-5f59842a-1bb2-4549-adca-f70b553aa47d None admin] Validating token access rules against request {{(pid=80740) validate_allowed_request /usr/local/lib/python3.8/dist-packages/keystonemiddleware/auth_token/__init__.py:545}}
May 25 07:03:12.709983 dv-neutron-843237-1-hyperv devstack@keystone.service[80740]: DEBUG keystone.server.flask.request_processing.middleware.auth_context [None req-01a4a392-48c3-420e-8de4-0b47ce9213a0 None admin] RBAC: auth_context: {'token': , 'domain_id': None, 'trust_id': None, 'trustor_id': None, 'trustee_id': None, 'domain_name': None, 'group_ids': [], 'user_id': '17eb9b2d181349ae870b8aea28709987', 'user_domain_id': 'default', 'system_scope': 'all', 'project_id': None, 'project_domain_id': None, 'roles': ['admin', 'member', 'reader'], 'is_admin_project': True, 'service_user_id': None, 'service_user_domain_id': None, 'service_project_id': None, 'service_project_domain_id': None, 'service_roles': []} {{(pid=80740) fill_context /opt/stack/keystone/keystone/server/flask/request_processing/middleware/auth_context.py:478}}
May 25 07:03:12.711237 dv-neutron-843237-1-hyperv devstack@keystone.service[80740]: DEBUG keystone.server.flask.request_processing.req_logging [None req-01a4a392-48c3-420e-8de4-0b47ce9213a0 None admin] REQUEST_METHOD: `GET` {{(pid=80740) log_request_info /opt/stack/keystone/keystone/server/flask/request_processing/req_logging.py:27}}
May 25 07:03:12.711743 dv-neutron-843237-1-hyperv devstack@keystone.service[80740]: DEBUG keystone.server.flask.request_processing.req_logging [None req-01a4a392-48c3-420e-8de4-0b47ce9213a0 None admin] SCRIPT_NAME: `/identity` {{(pid=80740) log_request_info /opt/stack/keystone/keystone/server/flask/request_processing/req_logging.py:28}}
May 25 07:03:12.712213 dv-neutron-843237-1-hyperv devstack@keystone.service[80740]: DEBUG keystone.server.flask.request_processing.req_logging [None req-01a4a392-48c3-420e-8de4-0b47ce9213a0 None admin] PATH_INFO: `/v3/users/7390b9821ca2438f84bdaa737b756681` {{(pid=80740) log_request_info /opt/stack/keystone/keystone/server/flask/request_processing/req_logging.py:29}}
May 25 07:03:12.713624 dv-neutron-843237-1-hyperv devstack@keystone.service[80740]: DEBUG keystone.common.rbac_enforcer.enforcer [None req-01a4a392-48c3-420e-8de4-0b47ce9213a0 None admin] RBAC: Authorizing `identity:get_user(user_id=7390b9821ca2438f84bdaa737b756681)` {{(pid=80740) enforce_call /opt/stack/keystone/keystone/common/rbac_enforcer/enforcer.py:449}}
May 25 07:03:12.715260 dv-neutron-843237-1-hyperv devstack@keystone.service[80740]: DEBUG keystone.common.rbac_enforcer.enforcer [None req-01a4a392-48c3-420e-8de4-0b47ce9213a0 None admin] RBAC: Authorization granted {{(pid=80740) enforce_call /opt/stack/keystone/keystone/common/rbac_enforcer/enforcer.py:457}}
May 25 07:03:12.717120 dv-neutron-843237-1-hyperv devstack@keystone.service[80740]: [pid: 80740|app: 0|req: 110/232] 10.222.0.32 () {56 vars in 1177 bytes} [Wed May 25 07:03:12 2022] GET /identity/v3/users/7390b9821ca2438f84bdaa737b756681 => generated 283 bytes in 165 msecs (HTTP/1.1 200) 5 headers in 177 bytes (1 switches on core 0)
May 25 07:03:12.725276 dv-neutron-843237-1-hyperv devstack@keystone.service[80741]: DEBUG keystone.server.flask.request_processing.middleware.auth_context [None req-18bc3ec8-8663-463e-b254-6a4043877484 None admin] Authenticating user token {{(pid=80741) process_request /usr/local/lib/python3.8/dist-packages/keystonemiddleware/auth_token/__init__.py:407}}
May 25 07:03:12.871867 dv-neutron-843237-1-hyperv devstack@keystone.service[80741]: DEBUG keystone.server.flask.request_processing.middleware.auth_context [None req-18bc3ec8-8663-463e-b254-6a4043877484 None admin] Validating token access rules against request {{(pid=80741) validate_allowed_request /usr/local/lib/python3.8/dist-packages/keystonemiddleware/auth_token/__init__.py:545}}
May 25 07:03:12.928762 dv-neutron-843237-1-hyperv devstack@keystone.service[80741]: DEBUG keystone.server.flask.request_processing.middleware.auth_context [None req-2812ca8c-1600-4dc1-bd43-b1f1508751f3 None admin] RBAC: auth_context: {'token': , 'domain_id': None, 'trust_id': None, 'trustor_id': None, 'trustee_id': None, 'domain_name': None, 'group_ids': [], 'user_id': '17eb9b2d181349ae870b8aea28709987', 'user_domain_id': 'default', 'system_scope': 'all', 'project_id': None, 'project_domain_id': None, 'roles': ['admin', 'member', 'reader'], 'is_admin_project': True, 'service_user_id': None, 'service_user_domain_id': None, 'service_project_id': None, 'service_project_domain_id': None, 'service_roles': []} {{(pid=80741) fill_context /opt/stack/keystone/keystone/server/flask/request_processing/middleware/auth_context.py:478}}
May 25 07:03:12.929632 dv-neutron-843237-1-hyperv devstack@keystone.service[80741]: DEBUG keystone.server.flask.request_processing.req_logging [None req-2812ca8c-1600-4dc1-bd43-b1f1508751f3 None admin] REQUEST_METHOD: `GET` {{(pid=80741) log_request_info /opt/stack/keystone/keystone/server/flask/request_processing/req_logging.py:27}}
May 25 07:03:12.929912 dv-neutron-843237-1-hyperv devstack@keystone.service[80741]: DEBUG keystone.server.flask.request_processing.req_logging [None req-2812ca8c-1600-4dc1-bd43-b1f1508751f3 None admin] SCRIPT_NAME: `/identity` {{(pid=80741) log_request_info /opt/stack/keystone/keystone/server/flask/request_processing/req_logging.py:28}}
May 25 07:03:12.930185 dv-neutron-843237-1-hyperv devstack@keystone.service[80741]: DEBUG keystone.server.flask.request_processing.req_logging [None req-2812ca8c-1600-4dc1-bd43-b1f1508751f3 None admin] PATH_INFO: `/v3/projects/9fe2529faf0d46d5a1515f988bbf8d21` {{(pid=80741) log_request_info /opt/stack/keystone/keystone/server/flask/request_processing/req_logging.py:29}}
May 25 07:03:12.931383 dv-neutron-843237-1-hyperv devstack@keystone.service[80741]: DEBUG keystone.common.rbac_enforcer.enforcer [None req-2812ca8c-1600-4dc1-bd43-b1f1508751f3 None admin] RBAC: Authorizing `identity:get_project(project_id=9fe2529faf0d46d5a1515f988bbf8d21)` {{(pid=80741) enforce_call /opt/stack/keystone/keystone/common/rbac_enforcer/enforcer.py:449}}
May 25 07:03:12.933739 dv-neutron-843237-1-hyperv devstack@keystone.service[80741]: DEBUG keystone.common.rbac_enforcer.enforcer [None req-2812ca8c-1600-4dc1-bd43-b1f1508751f3 None admin] RBAC: Authorization granted {{(pid=80741) enforce_call /opt/stack/keystone/keystone/common/rbac_enforcer/enforcer.py:457}}
May 25 07:03:12.935892 dv-neutron-843237-1-hyperv devstack@keystone.service[80741]: [pid: 80741|app: 0|req: 123/233] 10.222.0.32 () {56 vars in 1186 bytes} [Wed May 25 07:03:12 2022] GET /identity/v3/projects/9fe2529faf0d46d5a1515f988bbf8d21 => generated 302 bytes in 211 msecs (HTTP/1.1 200) 5 headers in 177 bytes (1 switches on core 0)
May 25 07:03:12.941176 dv-neutron-843237-1-hyperv devstack@keystone.service[80740]: DEBUG keystone.server.flask.request_processing.middleware.auth_context [None req-01a4a392-48c3-420e-8de4-0b47ce9213a0 None admin] Authenticating user token {{(pid=80740) process_request /usr/local/lib/python3.8/dist-packages/keystonemiddleware/auth_token/__init__.py:407}}
May 25 07:03:12.964250 dv-neutron-843237-1-hyperv devstack@keystone.service[80740]: DEBUG dbcounter [-] [80740] Writing DB stats keystone:SELECT=99,keystone:INSERT=1 {{(pid=80740) stat_writer /usr/local/lib/python3.8/dist-packages/dbcounter.py:114}}
May 25 07:03:13.073679 dv-neutron-843237-1-hyperv devstack@keystone.service[80740]: DEBUG keystone.server.flask.request_processing.middleware.auth_context [None req-01a4a392-48c3-420e-8de4-0b47ce9213a0 None admin] Validating token access rules against request {{(pid=80740) validate_allowed_request /usr/local/lib/python3.8/dist-packages/keystonemiddleware/auth_token/__init__.py:545}}
