May 24 22:58:25.503820 dv-neutron-843190-1-hyperv neutron-server[88263]: DEBUG neutron_lib.callbacks.manager [None req-d491dd35-0f0e-4bef-8040-d6805036a47d None None] Notify callbacks ['neutron.plugins.ml2.plugin.SecurityGroupServerNotifierRpcMixin.notify_sg_on_port_change-559644', 'neutron.plugins.ml2.ovo_rpc._ObjectChangeHandler.handle_event-318372', 'neutron.api.rpc.agentnotifiers.dhcp_rpc_agent_api.DhcpAgentNotifyAPI._native_event_send_dhcp_notification-2036280', 'neutron.db.l3_db.L3RpcNotifierMixin._notify_gateway_port_ip_changed-8783744192431', 'neutron.db.l3_dvrscheduler_db._notify_l3_agent_port_update-8783743685470', 'neutron.db.l3_hascheduler_db._notify_l3_agent_ha_port_update-8783743685515'] for port, after_update {{(pid=88263) _notify_loop /usr/local/lib/python3.8/dist-packages/neutron_lib/callbacks/manager.py:192}}
May 24 22:58:25.515393 dv-neutron-843190-1-hyperv neutron-server[88262]: DEBUG neutron_lib.callbacks.manager [None req-f87ee0e7-fa79-46ca-9cf2-91bd68c0f59c None None] Notify callbacks ['neutron.plugins.ml2.plugin.SecurityGroupServerNotifierRpcMixin.notify_sg_on_port_change-559644', 'neutron.plugins.ml2.ovo_rpc._ObjectChangeHandler.handle_event-318372', 'neutron.api.rpc.agentnotifiers.dhcp_rpc_agent_api.DhcpAgentNotifyAPI._native_event_send_dhcp_notification-2036280', 'neutron.db.l3_dvrscheduler_db._notify_l3_agent_new_port-8783743685452'] for port, after_create {{(pid=88262) _notify_loop /usr/local/lib/python3.8/dist-packages/neutron_lib/callbacks/manager.py:192}}
May 24 22:58:25.532950 dv-neutron-843190-1-hyperv neutron-server[88261]: DEBUG neutron_lib.callbacks.manager [None req-fd211679-722c-49e7-9d96-2cd69c6c8bf2 tempest-ExternalNetworksTestJSON-1573929596 tempest-ExternalNetworksTestJSON-1573929596-project-admin] Notify callbacks ['neutron.plugins.ml2.plugin.Ml2Plugin._network_delete_after_delete_handler-715988', 'neutron.plugins.ml2.ovo_rpc._ObjectChangeHandler.handle_event-2068010', 'neutron.api.rpc.agentnotifiers.dhcp_rpc_agent_api.DhcpAgentNotifyAPI._native_event_send_dhcp_notification-2036280', 'neutron.services.l3_router.l3_router_plugin.DVRResourceOperationHandler.delete_fip_namespaces_for_ext_net-1603204'] for network, after_delete {{(pid=88261) _notify_loop /usr/local/lib/python3.8/dist-packages/neutron_lib/callbacks/manager.py:192}}
May 24 22:58:25.540671 dv-neutron-843190-1-hyperv neutron-server[88260]: DEBUG neutron.quota.resource [None req-29224819-1b2f-4fe3-925e-e2a6dab6c66a tempest-NegativeSecGroupIPv6Test-1561008931 tempest-NegativeSecGroupIPv6Test-1561008931-project] Usage tracker for resource:security_group_rule and tenant:de0a111cd7474e41b4e3d296e983746b is out of sync, need to count used quota {{(pid=88260) count_used /opt/stack/neutron/neutron/quota/resource.py:270}}
May 24 22:58:25.546678 dv-neutron-843190-1-hyperv neutron-server[88260]: DEBUG neutron.quota.resource [None req-29224819-1b2f-4fe3-925e-e2a6dab6c66a tempest-NegativeSecGroupIPv6Test-1561008931 tempest-NegativeSecGroupIPv6Test-1561008931-project] Quota usage for security_group_rule was recalculated. Used quota:7. {{(pid=88260) count_used /opt/stack/neutron/neutron/quota/resource.py:290}}
May 24 22:58:25.553590 dv-neutron-843190-1-hyperv neutron-server[88262]: DEBUG neutron.db.provisioning_blocks [None req-c594636c-891d-4b13-9a8b-d3860f262a20 None None] Provisioning complete for port 6bb0f013-820d-40d3-a696-55dd9e57ca57 triggered by entity L2. {{(pid=88262) provisioning_complete /opt/stack/neutron/neutron/db/provisioning_blocks.py:139}}
May 24 22:58:25.554287 dv-neutron-843190-1-hyperv neutron-server[88262]: DEBUG neutron_lib.callbacks.manager [None req-c594636c-891d-4b13-9a8b-d3860f262a20 None None] Notify callbacks ['neutron.plugins.ml2.plugin.Ml2Plugin._port_provisioned-650052'] for port, provisioning_complete {{(pid=88262) _notify_loop /usr/local/lib/python3.8/dist-packages/neutron_lib/callbacks/manager.py:192}}
May 24 22:58:25.564286 dv-neutron-843190-1-hyperv neutron-server[88260]: DEBUG neutron.db.quota.driver [None req-29224819-1b2f-4fe3-925e-e2a6dab6c66a tempest-NegativeSecGroupIPv6Test-1561008931 tempest-NegativeSecGroupIPv6Test-1561008931-project] Attempting to reserve 1 items for resource security_group_rule. Total usage: 7; quota limit: 100; headroom:93 {{(pid=88260) make_reservation /opt/stack/neutron/neutron/db/quota/driver.py:246}}
May 24 22:58:25.577909 dv-neutron-843190-1-hyperv neutron-server[88261]: INFO neutron.wsgi [None req-2d5f9d50-4200-468b-9cfa-265ddfd2aed9 tempest-RoutersAdminTest-328693122 tempest-RoutersAdminTest-328693122-project-admin] 10.222.0.32 "POST /v2.0/subnets HTTP/1.1" status: 201 len: 802 time: 5.1558070
May 24 22:58:25.598206 dv-neutron-843190-1-hyperv neutron-server[88260]: DEBUG neutron.wsgi [-] (88260) accepted ('10.222.0.32', 51262) {{(pid=88260) server /usr/local/lib/python3.8/dist-packages/eventlet/wsgi.py:992}}
May 24 22:58:25.620538 dv-neutron-843190-1-hyperv neutron-server[88263]: DEBUG neutron.api.rpc.handlers.resources_rpc [None req-6684cc87-1d75-4f69-9d6d-e5ddad51bf42 None None] Pushing event updated for resources: {'Port': ['ID=fd387696-b907-404a-9e1c-a18765fedf94,revision_number=3']} {{(pid=88263) push /opt/stack/neutron/neutron/api/rpc/handlers/resources_rpc.py:237}}
May 24 22:58:25.641081 dv-neutron-843190-1-hyperv neutron-server[88260]: DEBUG neutron.api.v2.base [None req-7e40d394-9701-45b7-8b33-bc01f144d4fa tempest-RoutersAdminTest-328693122 tempest-RoutersAdminTest-328693122-project-admin] Request body: {'port': {'name': 'tempest-RoutersAdminTest-669411950', 'network_id': 'a4a19bf4-aabd-484a-83b2-1c00a7e29686'}} {{(pid=88260) prepare_request_body /opt/stack/neutron/neutron/api/v2/base.py:729}}
May 24 22:58:25.649057 dv-neutron-843190-1-hyperv neutron-server[88263]: DEBUG neutron.db.l3_dvrscheduler_db [None req-d491dd35-0f0e-4bef-8040-d6805036a47d None None] Routers {'5ff6c264-8236-4df1-9372-aa06ad8cb12f'} bound to L3 agent in host dv-neutron-843190-1-hyperv {{(pid=88263) _get_router_ids_for_agent /opt/stack/neutron/neutron/db/l3_dvrscheduler_db.py:423}}
May 24 22:58:25.655356 dv-neutron-843190-1-hyperv neutron-server[88263]: DEBUG neutron.db.l3_hamode_db [None req-d491dd35-0f0e-4bef-8040-d6805036a47d None None] neutron.services.l3_router.l3_router_plugin.L3RouterPlugin method get_ha_sync_data_for_host called with arguments (, 'dv-neutron-843190-1-hyperv', Agent(admin_state_up=True,agent_type='L3 agent',availability_zone='nova',binary='neutron-l3-agent',configurations={"agent_mode": "legacy", "ex_gw_ports": 1, "extensions": [], "floating_ips": 0, "handle_internal_only_routers": true, "interface_driver": "openvswitch", "interfaces": 1, "log_agent_heartbeats": false, "routers": 1},created_at=2022-05-24T22:49:54Z,description=,heartbeat_timestamp=2022-05-24T22:58:24Z,host='dv-neutron-843190-1-hyperv',id=bfb1527c-bda8-4596-b18f-28959ccb954f,load=0,resource_versions=,resources_synced=,started_at=2022-05-24T22:49:54Z,topic='l3_agent')) {'router_ids': ['5ff6c264-8236-4df1-9372-aa06ad8cb12f'], 'active': True} {{(pid=88263) wrapper /usr/local/lib/python3.8/dist-packages/oslo_log/helpers.py:65}}
May 24 22:58:25.660529 dv-neutron-843190-1-hyperv neutron-server[88261]: DEBUG neutron.api.rpc.agentnotifiers.l3_rpc_agent_api [None req-fd211679-722c-49e7-9d96-2cd69c6c8bf2 tempest-ExternalNetworksTestJSON-1573929596 tempest-ExternalNetworksTestJSON-1573929596-project-admin] Fanout notify agent at l3_agent the message fipnamespace_delete_on_ext_net for external_network 80f39157-0830-4b64-a02a-419db3fdf654 {{(pid=88261) _notification_fanout /opt/stack/neutron/neutron/api/rpc/agentnotifiers/l3_rpc_agent_api.py:124}}
May 24 22:58:25.682397 dv-neutron-843190-1-hyperv neutron-server[88261]: DEBUG neutron_lib.callbacks.manager [None req-3675edd0-df6b-4fba-810f-bd078380c547 admin admin] Notify callbacks ['neutron.plugins.ml2.plugin.SecurityGroupDbMixin._ensure_default_security_group_handler-559711'] for port, before_create {{(pid=88261) _notify_loop /usr/local/lib/python3.8/dist-packages/neutron_lib/callbacks/manager.py:192}}
May 24 22:58:25.682593 dv-neutron-843190-1-hyperv neutron-server[88260]: DEBUG neutron.db.quota.driver [None req-7e40d394-9701-45b7-8b33-bc01f144d4fa tempest-RoutersAdminTest-328693122 tempest-RoutersAdminTest-328693122-project-admin] Resources subnetpool have unlimited quota limit. It is not required to calculate headroom {{(pid=88260) make_reservation /opt/stack/neutron/neutron/db/quota/driver.py:219}}
May 24 22:58:25.693131 dv-neutron-843190-1-hyperv neutron-server[88261]: DEBUG neutron_lib.callbacks.manager [None req-fd211679-722c-49e7-9d96-2cd69c6c8bf2 tempest-ExternalNetworksTestJSON-1573929596 tempest-ExternalNetworksTestJSON-1573929596-project-admin] Notify callbacks ['neutron.api.rpc.agentnotifiers.dhcp_rpc_agent_api.DhcpAgentNotifyAPI._send_dhcp_notification-2036310'] for network, before_response {{(pid=88261) _notify_loop /usr/local/lib/python3.8/dist-packages/neutron_lib/callbacks/manager.py:192}}
May 24 22:58:25.699142 dv-neutron-843190-1-hyperv neutron-server[88260]: DEBUG neutron.quota.resource [None req-7e40d394-9701-45b7-8b33-bc01f144d4fa tempest-RoutersAdminTest-328693122 tempest-RoutersAdminTest-328693122-project-admin] Usage tracker for resource:port and tenant:2c95a31525514df8a3c1b5c170166ecb is out of sync, need to count used quota {{(pid=88260) count_used /opt/stack/neutron/neutron/quota/resource.py:270}}
May 24 22:58:25.699378 dv-neutron-843190-1-hyperv neutron-server[88261]: INFO neutron.wsgi [None req-fd211679-722c-49e7-9d96-2cd69c6c8bf2 tempest-ExternalNetworksTestJSON-1573929596 tempest-ExternalNetworksTestJSON-1573929596-project-admin] 10.222.0.32 "DELETE /v2.0/networks/80f39157-0830-4b64-a02a-419db3fdf654 HTTP/1.1" status: 204 len: 168 time: 2.9147499
May 24 22:58:25.718690 dv-neutron-843190-1-hyperv neutron-server[88260]: INFO neutron.pecan_wsgi.hooks.translation [None req-22ac0b2c-dfff-4d05-bbcd-67853b3dca2d tempest-ExternalNetworksAdminNegativeTestJSON-119959875 tempest-ExternalNetworksAdminNegativeTestJSON-119959875-project-admin] POST failed (client error): There was a conflict when trying to complete your request.
May 24 22:58:25.719202 dv-neutron-843190-1-hyperv neutron-server[88260]: DEBUG neutron.pecan_wsgi.hooks.notifier [None req-22ac0b2c-dfff-4d05-bbcd-67853b3dca2d tempest-ExternalNetworksAdminNegativeTestJSON-119959875 tempest-ExternalNetworksAdminNegativeTestJSON-119959875-project-admin] No notification will be sent due to unsuccessful status code: 409 {{(pid=88260) after /opt/stack/neutron/neutron/pecan_wsgi/hooks/notifier.py:78}}
May 24 22:58:25.728513 dv-neutron-843190-1-hyperv neutron-server[88261]: DEBUG neutron.api.rpc.handlers.resources_rpc [None req-fd211679-722c-49e7-9d96-2cd69c6c8bf2 tempest-ExternalNetworksTestJSON-1573929596 tempest-ExternalNetworksTestJSON-1573929596-project-admin] Pushing event deleted for resources: {'Network': ['ID=80f39157-0830-4b64-a02a-419db3fdf654,revision_number=None']} {{(pid=88261) push /opt/stack/neutron/neutron/api/rpc/handlers/resources_rpc.py:237}}
May 24 22:58:25.730403 dv-neutron-843190-1-hyperv neutron-server[88262]: DEBUG neutron.scheduler.dhcp_agent_scheduler [None req-f87ee0e7-fa79-46ca-9cf2-91bd68c0f59c None None] Network 94e040c2-5978-40f0-9db8-862dba8a3a7c is already hosted by enough agents. {{(pid=88262) _get_dhcp_agents_hosting_network /opt/stack/neutron/neutron/scheduler/dhcp_agent_scheduler.py:275}}
May 24 22:58:25.739538 dv-neutron-843190-1-hyperv neutron-server[88261]: DEBUG neutron.wsgi [-] (88261) accepted ('10.222.0.32', 51268) {{(pid=88261) server /usr/local/lib/python3.8/dist-packages/eventlet/wsgi.py:992}}
May 24 22:58:25.741081 dv-neutron-843190-1-hyperv neutron-server[88260]: DEBUG neutron.quota.resource [None req-7e40d394-9701-45b7-8b33-bc01f144d4fa tempest-RoutersAdminTest-328693122 tempest-RoutersAdminTest-328693122-project-admin] Quota usage for port was recalculated. Used quota:0. {{(pid=88260) count_used /opt/stack/neutron/neutron/quota/resource.py:290}}
May 24 22:58:25.763989 dv-neutron-843190-1-hyperv neutron-server[88260]: DEBUG neutron_lib.callbacks.manager [None req-29224819-1b2f-4fe3-925e-e2a6dab6c66a tempest-NegativeSecGroupIPv6Test-1561008931 tempest-NegativeSecGroupIPv6Test-1561008931-project] Notify callbacks [] for security_group_rule, before_create {{(pid=88260) _notify_loop /usr/local/lib/python3.8/dist-packages/neutron_lib/callbacks/manager.py:192}}
May 24 22:58:25.768198 dv-neutron-843190-1-hyperv neutron-server[88262]: DEBUG neutron.scheduler.base_scheduler [None req-f87ee0e7-fa79-46ca-9cf2-91bd68c0f59c None None] Resources bound (agent type, host, resource id): {{(pid=88262) schedule /opt/stack/neutron/neutron/scheduler/base_scheduler.py:57}}
May 24 22:58:25.774141 dv-neutron-843190-1-hyperv neutron-server[88260]: DEBUG neutron.db.quota.driver [None req-7e40d394-9701-45b7-8b33-bc01f144d4fa tempest-RoutersAdminTest-328693122 tempest-RoutersAdminTest-328693122-project-admin] Attempting to reserve 1 items for resource port. Total usage: 0; quota limit: 500; headroom:500 {{(pid=88260) make_reservation /opt/stack/neutron/neutron/db/quota/driver.py:246}}
May 24 22:58:25.824530 dv-neutron-843190-1-hyperv neutron-server[88262]: DEBUG neutron.api.rpc.handlers.resources_rpc [None req-f87ee0e7-fa79-46ca-9cf2-91bd68c0f59c None None] Pushing event updated for resources: {'Port': ['ID=ce28a43f-216c-4ec4-ad84-0dee63f750ac,revision_number=1']} {{(pid=88262) push /opt/stack/neutron/neutron/api/rpc/handlers/resources_rpc.py:237}}
May 24 22:58:25.827754 dv-neutron-843190-1-hyperv neutron-server[88262]: DEBUG neutron.db.l3_dvrscheduler_db [None req-f87ee0e7-fa79-46ca-9cf2-91bd68c0f59c None None] Received port after_create {{(pid=88262) _notify_l3_agent_new_port /opt/stack/neutron/neutron/db/l3_dvrscheduler_db.py:538}}
May 24 22:58:25.831959 dv-neutron-843190-1-hyperv neutron-server[88261]: INFO neutron.services.segments.plugin [-] Segment 63f0ba71-6889-4cd4-98e6-7f21677add3b resource provider aggregate not found
May 24 22:58:25.860694 dv-neutron-843190-1-hyperv neutron-server[88261]: INFO neutron.services.segments.plugin [-] Segment 63f0ba71-6889-4cd4-98e6-7f21677add3b resource provider not found; error: Placement Client Error (4xx): {"errors": [{"status": 404, "title": "Not Found", "detail": "The resource could not be found.\n\n No resource provider with uuid 63f0ba71-6889-4cd4-98e6-7f21677add3b found for delete ", "request_id": "req-a072b7a5-10cc-487f-95b8-950159f51c7e"}]}
May 24 22:58:25.861044 dv-neutron-843190-1-hyperv neutron-server[88260]: INFO neutron.wsgi [None req-22ac0b2c-dfff-4d05-bbcd-67853b3dca2d tempest-ExternalNetworksAdminNegativeTestJSON-119959875 tempest-ExternalNetworksAdminNegativeTestJSON-119959875-project-admin] 10.222.0.32 "POST /v2.0/ports HTTP/1.1" status: 409 len: 371 time: 2.7681673
May 24 22:58:25.862891 dv-neutron-843190-1-hyperv neutron-server[88260]: DEBUG neutron.pecan_wsgi.hooks.quota_enforcement [None req-7e40d394-9701-45b7-8b33-bc01f144d4fa tempest-RoutersAdminTest-328693122 tempest-RoutersAdminTest-328693122-project-admin] Made reservation on behalf of 2c95a31525514df8a3c1b5c170166ecb for: {'port': 1} {{(pid=88260) before /opt/stack/neutron/neutron/pecan_wsgi/hooks/quota_enforcement.py:53}}
May 24 22:58:25.865556 dv-neutron-843190-1-hyperv neutron-server[88260]: DEBUG neutron_lib.callbacks.manager [None req-7e40d394-9701-45b7-8b33-bc01f144d4fa tempest-RoutersAdminTest-328693122 tempest-RoutersAdminTest-328693122-project-admin] Notify callbacks ['neutron.plugins.ml2.plugin.SecurityGroupDbMixin._ensure_default_security_group_handler-559711'] for port, before_create {{(pid=88260) _notify_loop /usr/local/lib/python3.8/dist-packages/neutron_lib/callbacks/manager.py:192}}
May 24 22:58:25.866409 dv-neutron-843190-1-hyperv neutron-server[88261]: DEBUG neutron.api.v2.base [None req-a5f1f55d-01ff-4cd9-9d4e-e40b45b1ec1a tempest-ExternalNetworksTestJSON-1573929596 tempest-ExternalNetworksTestJSON-1573929596-project-admin] Request body: {'network': {'router:external': True}} {{(pid=88261) prepare_request_body /opt/stack/neutron/neutron/api/v2/base.py:729}}
May 24 22:58:25.880155 dv-neutron-843190-1-hyperv neutron-server[88260]: DEBUG neutron.wsgi [-] (88260) accepted ('10.222.0.32', 51274) {{(pid=88260) server /usr/local/lib/python3.8/dist-packages/eventlet/wsgi.py:992}}
May 24 22:58:25.901816 dv-neutron-843190-1-hyperv neutron-server[88261]: DEBUG neutron.db.quota.driver [None req-a5f1f55d-01ff-4cd9-9d4e-e40b45b1ec1a tempest-ExternalNetworksTestJSON-1573929596 tempest-ExternalNetworksTestJSON-1573929596-project-admin] Resources subnetpool have unlimited quota limit. It is not required to calculate headroom {{(pid=88261) make_reservation /opt/stack/neutron/neutron/db/quota/driver.py:219}}
May 24 22:58:25.906933 dv-neutron-843190-1-hyperv neutron-server[88261]: DEBUG neutron.quota.resource [None req-a5f1f55d-01ff-4cd9-9d4e-e40b45b1ec1a tempest-ExternalNetworksTestJSON-1573929596 tempest-ExternalNetworksTestJSON-1573929596-project-admin] Usage tracker for resource:network and tenant:f4c57ccb6e67494f84b5c712af6e1d33 is out of sync, need to count used quota {{(pid=88261) count_used /opt/stack/neutron/neutron/quota/resource.py:270}}
May 24 22:58:25.912264 dv-neutron-843190-1-hyperv neutron-server[88261]: DEBUG neutron.quota.resource [None req-a5f1f55d-01ff-4cd9-9d4e-e40b45b1ec1a tempest-ExternalNetworksTestJSON-1573929596 tempest-ExternalNetworksTestJSON-1573929596-project-admin] Quota usage for network was recalculated. Used quota:0. {{(pid=88261) count_used /opt/stack/neutron/neutron/quota/resource.py:290}}
May 24 22:58:25.920391 dv-neutron-843190-1-hyperv neutron-server[88261]: DEBUG neutron.db.quota.driver [None req-a5f1f55d-01ff-4cd9-9d4e-e40b45b1ec1a tempest-ExternalNetworksTestJSON-1573929596 tempest-ExternalNetworksTestJSON-1573929596-project-admin] Attempting to reserve 1 items for resource network. Total usage: 0; quota limit: 100; headroom:100 {{(pid=88261) make_reservation /opt/stack/neutron/neutron/db/quota/driver.py:246}}
May 24 22:58:25.999749 dv-neutron-843190-1-hyperv neutron-server[88261]: DEBUG neutron.pecan_wsgi.hooks.quota_enforcement [None req-a5f1f55d-01ff-4cd9-9d4e-e40b45b1ec1a tempest-ExternalNetworksTestJSON-1573929596 tempest-ExternalNetworksTestJSON-1573929596-project-admin] Made reservation on behalf of f4c57ccb6e67494f84b5c712af6e1d33 for: {'network': 1} {{(pid=88261) before /opt/stack/neutron/neutron/pecan_wsgi/hooks/quota_enforcement.py:53}}
May 24 22:58:26.003039 dv-neutron-843190-1-hyperv neutron-server[88261]: DEBUG neutron_lib.callbacks.manager [None req-a5f1f55d-01ff-4cd9-9d4e-e40b45b1ec1a tempest-ExternalNetworksTestJSON-1573929596 tempest-ExternalNetworksTestJSON-1573929596-project-admin] Notify callbacks ['neutron.plugins.ml2.plugin.SecurityGroupDbMixin._ensure_default_security_group_handler-559711'] for network, before_create {{(pid=88261) _notify_loop /usr/local/lib/python3.8/dist-packages/neutron_lib/callbacks/manager.py:192}}
May 24 22:58:26.004457 dv-neutron-843190-1-hyperv neutron-server[88262]: DEBUG neutron.api.rpc.handlers.dhcp_rpc [None req-192d4e38-9744-473f-8df8-6a5a3426da9a None None] Network a4a19bf4-aabd-484a-83b2-1c00a7e29686 requested from dv-neutron-843190-1-hyperv {{(pid=88262) get_network_info /opt/stack/neutron/neutron/api/rpc/handlers/dhcp_rpc.py:213}}
May 24 22:58:26.046868 dv-neutron-843190-1-hyperv neutron-server[88260]: DEBUG neutron.db.db_base_plugin_common [None req-d993c778-0d73-47f4-8b1e-edfea749393e tempest-DHCPAgentSchedulersTestJSON-739395124 tempest-DHCPAgentSchedulersTestJSON-739395124-project] Allocated IP 172.20.0.12 (94e040c2-5978-40f0-9db8-862dba8a3a7c/a32b2cdb-f679-49b9-acbf-98d540671a81/9c752761-43fc-443d-988a-b27bfbcd971d) {{(pid=88260) _store_ip_allocation /opt/stack/neutron/neutron/db/db_base_plugin_common.py:131}}
May 24 22:58:26.091344 dv-neutron-843190-1-hyperv neutron-server[88263]: DEBUG neutron.db.l3_dvr_db [None req-d491dd35-0f0e-4bef-8040-d6805036a47d None None] Set router 5ff6c264-8236-4df1-9372-aa06ad8cb12f gateway port host: dv-neutron-843190-1-hyperv {{(pid=88263) _build_routers_list /opt/stack/neutron/neutron/db/l3_dvr_db.py:875}}
May 24 22:58:26.215883 dv-neutron-843190-1-hyperv neutron-server[88262]: DEBUG neutron.plugins.ml2.managers [None req-f87ee0e7-fa79-46ca-9cf2-91bd68c0f59c None None] Attempting to bind port ce28a43f-216c-4ec4-ad84-0dee63f750ac on host dv-neutron-843190-1-hyperv for vnic_type normal with profile {{(pid=88262) bind_port /opt/stack/neutron/neutron/plugins/ml2/managers.py:790}}
May 24 22:58:26.216276 dv-neutron-843190-1-hyperv neutron-server[88262]: DEBUG neutron.plugins.ml2.managers [None req-f87ee0e7-fa79-46ca-9cf2-91bd68c0f59c None None] Attempting to bind port ce28a43f-216c-4ec4-ad84-0dee63f750ac by drivers openvswitch,hyperv on host dv-neutron-843190-1-hyperv at level 0 using segments [{'id': '4fd637f1-6ee5-4d60-9f26-b130fb859ff0', 'network_type': 'vlan', 'physical_network': 'physnet1', 'segmentation_id': 162, 'network_id': '94e040c2-5978-40f0-9db8-862dba8a3a7c'}] {{(pid=88262) _bind_port_level /opt/stack/neutron/neutron/plugins/ml2/managers.py:815}}
May 24 22:58:26.216638 dv-neutron-843190-1-hyperv neutron-server[88262]: DEBUG neutron.plugins.ml2.drivers.mech_agent [None req-f87ee0e7-fa79-46ca-9cf2-91bd68c0f59c None None] Attempting to bind port ce28a43f-216c-4ec4-ad84-0dee63f750ac on network 94e040c2-5978-40f0-9db8-862dba8a3a7c {{(pid=88262) bind_port /opt/stack/neutron/neutron/plugins/ml2/drivers/mech_agent.py:86}}
May 24 22:58:26.272452 dv-neutron-843190-1-hyperv neutron-server[88261]: DEBUG neutron.db.db_base_plugin_common [None req-cc03f675-e958-449d-87c3-5c466f486ecd admin admin] Allocated IP 172.20.0.1 (86fa6376-f5d4-47c1-9c84-a0eb3e4d53d0/ffcc74a2-e1ac-447a-a1f7-9506aacc7570/fb0812bc-81cc-4a37-9ef7-8556b82c3b95) {{(pid=88261) _store_ip_allocation /opt/stack/neutron/neutron/db/db_base_plugin_common.py:131}}
May 24 22:58:26.273381 dv-neutron-843190-1-hyperv neutron-server[88262]: DEBUG neutron.plugins.ml2.drivers.mech_agent [None req-f87ee0e7-fa79-46ca-9cf2-91bd68c0f59c None None] Checking agent: {'id': 'b38ce7a3-eee6-4186-8ad0-121a29af1c5a', 'agent_type': 'Open vSwitch agent', 'binary': 'neutron-openvswitch-agent', 'topic': 'N/A', 'host': 'dv-neutron-843190-1-hyperv', 'admin_state_up': True, 'created_at': datetime.datetime(2022, 5, 24, 22, 49, 55), 'started_at': datetime.datetime(2022, 5, 24, 22, 50, 25), 'heartbeat_timestamp': datetime.datetime(2022, 5, 24, 22, 58, 25), 'description': None, 'resources_synced': None, 'availability_zone': None, 'alive': True, 'configurations': {'arp_responder_enabled': False, 'baremetal_smartnic': False, 'bridge_mappings': {'physnet1': 'br-data'}, 'datapath_type': 'system', 'devices': 0, 'enable_distributed_routing': False, 'extensions': [], 'in_distributed_mode': False, 'integration_bridge': 'br-int', 'l2_population': False, 'log_agent_heartbeats': False, 'ovs_capabilities': {'datapath_types': ['netdev', 'system'], 'iface_types': ['erspan', 'geneve', 'gre', 'internal', 'ip6erspan', 'ip6gre', 'lisp', 'patch', 'stt', 'system', 'tap', 'vxlan']}, 'ovs_hybrid_plug': False, 'resource_provider_bandwidths': {}, 'resource_provider_hypervisors': {'br-data': 'dv-neutron-843190-1-hyperv'}, 'resource_provider_inventory_defaults': {'allocation_ratio': 1.0, 'min_unit': 1, 'step_size': 1, 'reserved': 0}, 'tunnel_types': [], 'tunneling_ip': None, 'vhostuser_socket_dir': '/var/run/openvswitch'}, 'resource_versions': {'AddressGroup': '1.2', 'ConntrackHelper': '1.0', 'Log': '1.0', 'Network': '1.1', 'Port': '1.7', 'PortForwarding': '1.2', 'QosPolicy': '1.8', 'SecurityGroup': '1.4', 'SecurityGroupRule': '1.2', 'SubPort': '1.0', 'Subnet': '1.1', 'Trunk': '1.1'}} {{(pid=88262) bind_port /opt/stack/neutron/neutron/plugins/ml2/drivers/mech_agent.py:105}}
May 24 22:58:26.273758 dv-neutron-843190-1-hyperv neutron-server[88262]: DEBUG neutron.plugins.ml2.drivers.mech_agent [None req-f87ee0e7-fa79-46ca-9cf2-91bd68c0f59c None None] Checking segment: {'id': '4fd637f1-6ee5-4d60-9f26-b130fb859ff0', 'network_type': 'vlan', 'physical_network': 'physnet1', 'segmentation_id': 162, 'network_id': '94e040c2-5978-40f0-9db8-862dba8a3a7c'} for mappings: {'physnet1': 'br-data'} with network types: ['local', 'flat', 'vlan'] {{(pid=88262) check_segment_for_agent /opt/stack/neutron/neutron/plugins/ml2/drivers/mech_agent.py:343}}
May 24 22:58:26.274153 dv-neutron-843190-1-hyperv neutron-server[88262]: DEBUG neutron_lib.callbacks.manager [None req-f87ee0e7-fa79-46ca-9cf2-91bd68c0f59c None None] Notify callbacks [] for ovs_bridge_name, before_read {{(pid=88262) _notify_loop /usr/local/lib/python3.8/dist-packages/neutron_lib/callbacks/manager.py:192}}
May 24 22:58:26.274713 dv-neutron-843190-1-hyperv neutron-server[88262]: DEBUG neutron.plugins.ml2.drivers.mech_agent [None req-f87ee0e7-fa79-46ca-9cf2-91bd68c0f59c None None] Bound using segment: {'id': '4fd637f1-6ee5-4d60-9f26-b130fb859ff0', 'network_type': 'vlan', 'physical_network': 'physnet1', 'segmentation_id': 162, 'network_id': '94e040c2-5978-40f0-9db8-862dba8a3a7c'} {{(pid=88262) bind_port /opt/stack/neutron/neutron/plugins/ml2/drivers/mech_agent.py:115}}
May 24 22:58:26.276072 dv-neutron-843190-1-hyperv neutron-server[88262]: DEBUG neutron.plugins.ml2.managers [None req-f87ee0e7-fa79-46ca-9cf2-91bd68c0f59c None None] Bound port: ce28a43f-216c-4ec4-ad84-0dee63f750ac, host: dv-neutron-843190-1-hyperv, vif_type: ovs, vif_details: {"connectivity": "l2", "port_filter": true, "ovs_hybrid_plug": false, "datapath_type": "system", "bridge_name": "br-int"}, binding_levels: [{'bound_driver': 'openvswitch', 'bound_segment': {'id': '4fd637f1-6ee5-4d60-9f26-b130fb859ff0', 'network_type': 'vlan', 'physical_network': 'physnet1', 'segmentation_id': 162, 'network_id': '94e040c2-5978-40f0-9db8-862dba8a3a7c'}}] {{(pid=88262) _bind_port_level /opt/stack/neutron/neutron/plugins/ml2/managers.py:928}}
May 24 22:58:26.276469 dv-neutron-843190-1-hyperv neutron-server[88262]: DEBUG neutron_lib.callbacks.manager [None req-f87ee0e7-fa79-46ca-9cf2-91bd68c0f59c None None] Notify callbacks ['neutron.plugins.ml2.plugin.SecurityGroupDbMixin._ensure_default_security_group_handler-559711'] for port, before_update {{(pid=88262) _notify_loop /usr/local/lib/python3.8/dist-packages/neutron_lib/callbacks/manager.py:192}}
May 24 22:58:26.291970 dv-neutron-843190-1-hyperv neutron-server[88260]: DEBUG neutron_lib.callbacks.manager [None req-d993c778-0d73-47f4-8b1e-edfea749393e tempest-DHCPAgentSchedulersTestJSON-739395124 tempest-DHCPAgentSchedulersTestJSON-739395124-project] Notify callbacks [] for port, precommit_create {{(pid=88260) _notify_loop /usr/local/lib/python3.8/dist-packages/neutron_lib/callbacks/manager.py:192}}
May 24 22:58:26.312331 dv-neutron-843190-1-hyperv neutron-server[88260]: DEBUG neutron.db.provisioning_blocks [None req-d993c778-0d73-47f4-8b1e-edfea749393e tempest-DHCPAgentSchedulersTestJSON-739395124 tempest-DHCPAgentSchedulersTestJSON-739395124-project] Transition to ACTIVE for port object 9c752761-43fc-443d-988a-b27bfbcd971d will not be triggered until provisioned by entity DHCP. {{(pid=88260) add_provisioning_component /opt/stack/neutron/neutron/db/provisioning_blocks.py:73}}
May 24 22:58:26.349608 dv-neutron-843190-1-hyperv neutron-server[88260]: DEBUG neutron.notifiers.nova [None req-7e40d394-9701-45b7-8b33-bc01f144d4fa tempest-RoutersAdminTest-328693122 tempest-RoutersAdminTest-328693122-project-admin] device_id is not set on port 879123c7-c75c-4443-9a12-cfa4a9dfc4ff yet. {{(pid=88260) _can_notify /opt/stack/neutron/neutron/notifiers/nova.py:199}}
May 24 22:58:26.422977 dv-neutron-843190-1-hyperv neutron-server[88262]: DEBUG neutron.plugins.ml2.plugin [None req-c594636c-891d-4b13-9a8b-d3860f262a20 None None] Current status of the port 6bb0f013-820d-40d3-a696-55dd9e57ca57 is: ACTIVE; New status is: ACTIVE {{(pid=88262) _update_individual_port_db_status /opt/stack/neutron/neutron/plugins/ml2/plugin.py:2163}}
May 24 22:58:26.427649 dv-neutron-843190-1-hyperv neutron-server[88262]: DEBUG neutron.plugins.ml2.rpc [None req-c594636c-891d-4b13-9a8b-d3860f262a20 None None] Device 93ddf5e2-1293-4fcd-920a-08b77a5eedb3 up at agent ovs-agent-dv-neutron-843190-1-hyperv {{(pid=88262) update_device_up /opt/stack/neutron/neutron/plugins/ml2/rpc.py:278}}
May 24 22:58:26.446175 dv-neutron-843190-1-hyperv neutron-server[88261]: DEBUG neutron.plugins.ml2.drivers.helpers [None req-a5f1f55d-01ff-4cd9-9d4e-e40b45b1ec1a tempest-ExternalNetworksTestJSON-1573929596 tempest-ExternalNetworksTestJSON-1573929596-project-admin] vlan segment allocate from pool success with {'vlan_id': 150, 'physical_network': 'physnet1'} {{(pid=88261) allocate_partially_specified_segment /opt/stack/neutron/neutron/plugins/ml2/drivers/helpers.py:153}}
May 24 22:58:26.503989 dv-neutron-843190-1-hyperv neutron-server[88261]: DEBUG neutron.db.db_base_plugin_common [None req-3675edd0-df6b-4fba-810f-bd078380c547 admin admin] Allocated IP 172.20.0.1 (d6205c16-b3a2-4d86-9909-668148e58a5b/13943762-dae2-4602-990d-129c1c56cf13/a54bafc4-3696-4b73-9d2c-f022a02a3f40) {{(pid=88261) _store_ip_allocation /opt/stack/neutron/neutron/db/db_base_plugin_common.py:131}}
May 24 22:58:26.519609 dv-neutron-843190-1-hyperv neutron-server[88260]: DEBUG neutron.plugins.ml2.plugin [None req-dbd0ee20-ce2c-4fd7-8ae3-f146a97dff35 tempest-ExternalNetworksAdminNegativeTestJSON-119959875 tempest-ExternalNetworksAdminNegativeTestJSON-119959875-project-admin] Deleting port 0a3b4802-7517-4192-8e1f-03b3c61e3f4a {{(pid=88260) _pre_delete_port /opt/stack/neutron/neutron/plugins/ml2/plugin.py:1915}}
May 24 22:58:26.520100 dv-neutron-843190-1-hyperv neutron-server[88260]: DEBUG neutron_lib.callbacks.manager [None req-dbd0ee20-ce2c-4fd7-8ae3-f146a97dff35 tempest-ExternalNetworksAdminNegativeTestJSON-119959875 tempest-ExternalNetworksAdminNegativeTestJSON-119959875-project-admin] Notify callbacks ['neutron.db.l3_db.L3_NAT_dbonly_mixin._prevent_l3_port_delete_callback-8783744192296'] for port, before_delete {{(pid=88260) _notify_loop /usr/local/lib/python3.8/dist-packages/neutron_lib/callbacks/manager.py:192}}
May 24 22:58:26.546833 dv-neutron-843190-1-hyperv neutron-server[88263]: DEBUG neutron.db.l3_hamode_db [None req-d491dd35-0f0e-4bef-8040-d6805036a47d None None] neutron.services.l3_router.l3_router_plugin.L3RouterPlugin method _process_sync_ha_data called with arguments (, [{'id': '5ff6c264-8236-4df1-9372-aa06ad8cb12f', 'name': 'tempest-ServersTestManualDisk-1420277607-router', 'tenant_id': '1ef6f5139f3a435992e0ee1ac47012a8', 'admin_state_up': True, 'status': 'ACTIVE', 'external_gateway_info': {'network_id': '318939cd-b7b2-441e-9046-bfb8d80aee1b', 'external_fixed_ips': [{'subnet_id': '7b9bfdaa-bd6e-4fc5-89bf-37d86376232d', 'ip_address': '172.26.3.128'}], 'enable_snat': True}, 'gw_port_id': 'fd387696-b907-404a-9e1c-a18765fedf94', 'description': '', 'availability_zones': ['nova'], 'distributed': False, 'ha': False, 'ha_vr_id': 0, 'availability_zone_hints': [], 'routes': [], 'flavor_id': None, 'tags': [], 'created_at': '2022-05-24T22:58:15Z', 'updated_at': '2022-05-24T22:58:17Z', 'revision_number': 3, 'project_id': '1ef6f5139f3a435992e0ee1ac47012a8', 'gw_port': {'id': 'fd387696-b907-404a-9e1c-a18765fedf94', 'name': '', 'network_id': '318939cd-b7b2-441e-9046-bfb8d80aee1b', 'tenant_id': '', 'mac_address': 'fa:16:3e:24:a3:f6', 'admin_state_up': True, 'status': 'DOWN', 'device_id': '5ff6c264-8236-4df1-9372-aa06ad8cb12f', 'device_owner': 'network:router_gateway', 'standard_attr_id': 59, 'fixed_ips': [{'subnet_id': '7b9bfdaa-bd6e-4fc5-89bf-37d86376232d', 'ip_address': '172.26.3.128', 'prefixlen': 24}], 'allowed_address_pairs': [], 'extra_dhcp_opts': [], 'security_groups': [], 'description': '', 'binding:vnic_type': 'normal', 'binding:profile': {}, 'binding:host_id': 'dv-neutron-843190-1-hyperv', 'binding:vif_type': 'ovs', 'binding:vif_details': {'connectivity': 'l2', 'port_filter': True, 'ovs_hybrid_plug': False, 'datapath_type': 'system', 'bridge_name': 'br-int'}, 'port_security_enabled': False, 'tags': [], 'created_at': '2022-05-24T22:58:16Z', 'updated_at': '2022-05-24T22:58:25Z', 'revision_number': 3, 'project_id': '', 'subnets': [{'id': '7b9bfdaa-bd6e-4fc5-89bf-37d86376232d', 'cidr': '172.26.3.0/24', 'gateway_ip': '172.26.3.1', 'dns_nameservers': [], 'ipv6_ra_mode': None, 'subnetpool_id': None}], 'extra_subnets': [], 'address_scopes': {4: None, 6: None}, 'mtu': 1500}, 'enable_snat': True, 'gw_port_host': 'dv-neutron-843190-1-hyperv'}], 'dv-neutron-843190-1-hyperv', False) {} {{(pid=88263) wrapper /usr/local/lib/python3.8/dist-packages/oslo_log/helpers.py:65}}
May 24 22:58:26.555017 dv-neutron-843190-1-hyperv neutron-server[88263]: DEBUG neutron.api.rpc.handlers.l3_rpc [None req-d491dd35-0f0e-4bef-8040-d6805036a47d None None] The sync data for ids ['5ff6c264-8236-4df1-9372-aa06ad8cb12f'] in dv-neutron-843190-1-hyperv is: [{'id': '5ff6c264-8236-4df1-9372-aa06ad8cb12f', 'name': 'tempest-ServersTestManualDisk-1420277607-router', 'tenant_id': '1ef6f5139f3a435992e0ee1ac47012a8', 'admin_state_up': True, 'status': 'ACTIVE', 'external_gateway_info': {'network_id': '318939cd-b7b2-441e-9046-bfb8d80aee1b', 'external_fixed_ips': [{'subnet_id': '7b9bfdaa-bd6e-4fc5-89bf-37d86376232d', 'ip_address': '172.26.3.128'}], 'enable_snat': True}, 'gw_port_id': 'fd387696-b907-404a-9e1c-a18765fedf94', 'description': '', 'availability_zones': ['nova'], 'distributed': False, 'ha': False, 'ha_vr_id': 0, 'availability_zone_hints': [], 'routes': [], 'flavor_id': None, 'tags': [], 'created_at': '2022-05-24T22:58:15Z', 'updated_at': '2022-05-24T22:58:17Z', 'revision_number': 3, 'project_id': '1ef6f5139f3a435992e0ee1ac47012a8', 'gw_port': {'id': 'fd387696-b907-404a-9e1c-a18765fedf94', 'name': '', 'network_id': '318939cd-b7b2-441e-9046-bfb8d80aee1b', 'tenant_id': '', 'mac_address': 'fa:16:3e:24:a3:f6', 'admin_state_up': True, 'status': 'DOWN', 'device_id': '5ff6c264-8236-4df1-9372-aa06ad8cb12f', 'device_owner': 'network:router_gateway', 'standard_attr_id': 59, 'fixed_ips': [{'subnet_id': '7b9bfdaa-bd6e-4fc5-89bf-37d86376232d', 'ip_address': '172.26.3.128', 'prefixlen': 24}], 'allowed_address_pairs': [], 'extra_dhcp_opts': [], 'security_groups': [], 'description': '', 'binding:vnic_type': 'normal', 'binding:profile': {}, 'binding:host_id': 'dv-neutron-843190-1-hyperv', 'binding:vif_type': 'ovs', 'binding:vif_details': {'connectivity': 'l2', 'port_filter': True, 'ovs_hybrid_plug': False, 'datapath_type': 'system', 'bridge_name': 'br-int'}, 'port_security_enabled': False, 'tags': [], 'created_at': '2022-05-24T22:58:16Z', 'updated_at': '2022-05-24T22:58:25Z', 'revision_number': 3, 'project_id': '', 'subnets': [{'id': '7b9bfdaa-bd6e-4fc5-89bf-37d86376232d', 'cidr': '172.26.3.0/24', 'gateway_ip': '172.26.3.1', 'dns_nameservers': [], 'ipv6_ra_mode': None, 'subnetpool_id': None}], 'extra_subnets': [], 'address_scopes': {4: None, 6: None}, 'mtu': 1500}, 'enable_snat': True, 'gw_port_host': 'dv-neutron-843190-1-hyperv'}] {{(pid=88263) sync_routers /opt/stack/neutron/neutron/api/rpc/handlers/l3_rpc.py:137}}
May 24 22:58:26.557798 dv-neutron-843190-1-hyperv neutron-server[88260]: INFO neutron.api.v2.resource [None req-29224819-1b2f-4fe3-925e-e2a6dab6c66a tempest-NegativeSecGroupIPv6Test-1561008931 tempest-NegativeSecGroupIPv6Test-1561008931-project] create failed (client error): There was a conflict when trying to complete your request.
May 24 22:58:26.562173 dv-neutron-843190-1-hyperv neutron-server[88260]: INFO neutron.wsgi [None req-29224819-1b2f-4fe3-925e-e2a6dab6c66a tempest-NegativeSecGroupIPv6Test-1561008931 tempest-NegativeSecGroupIPv6Test-1561008931-project] 10.222.0.32 "POST /v2.0/security-group-rules HTTP/1.1" status: 409 len: 366 time: 1.3623343
May 24 22:58:26.567923 dv-neutron-843190-1-hyperv neutron-server[88262]: DEBUG neutron_lib.db.resource_extend [None req-6c52c7a2-d9aa-4d4b-ab71-27ac68cb0dd0 None None] It took 0.24 seconds to run function 'neutron_lib.db.resource_extend.apply_funcs' {{(pid=88262) wrapper /usr/local/lib/python3.8/dist-packages/oslo_utils/timeutils.py:386}}
May 24 22:58:26.569245 dv-neutron-843190-1-hyperv neutron-server[88261]: DEBUG neutron_lib.callbacks.manager [None req-a5f1f55d-01ff-4cd9-9d4e-e40b45b1ec1a tempest-ExternalNetworksTestJSON-1573929596 tempest-ExternalNetworksTestJSON-1573929596-project-admin] Notify callbacks ['neutron.plugins.ml2.plugin.Ml2Plugin._handle_segment_change-719345'] for segment, precommit_create {{(pid=88261) _notify_loop /usr/local/lib/python3.8/dist-packages/neutron_lib/callbacks/manager.py:192}}
May 24 22:58:26.569781 dv-neutron-843190-1-hyperv neutron-server[88261]: INFO neutron.db.segments_db [None req-a5f1f55d-01ff-4cd9-9d4e-e40b45b1ec1a tempest-ExternalNetworksTestJSON-1573929596 tempest-ExternalNetworksTestJSON-1573929596-project-admin] Added segment a6b6b687-e0e5-445d-81c3-e5d1b8229180 of type vlan for network 62688011-427e-4f7f-a1e1-53cd670893be
May 24 22:58:26.570752 dv-neutron-843190-1-hyperv neutron-server[88260]: DEBUG neutron_lib.callbacks.manager [None req-d993c778-0d73-47f4-8b1e-edfea749393e tempest-DHCPAgentSchedulersTestJSON-739395124 tempest-DHCPAgentSchedulersTestJSON-739395124-project] Notify callbacks ['neutron.plugins.ml2.plugin.SecurityGroupServerNotifierRpcMixin.notify_sg_on_port_change-559644', 'neutron.plugins.ml2.ovo_rpc._ObjectChangeHandler.handle_event-318372', 'neutron.api.rpc.agentnotifiers.dhcp_rpc_agent_api.DhcpAgentNotifyAPI._native_event_send_dhcp_notification-2036280', 'neutron.db.l3_dvrscheduler_db._notify_l3_agent_new_port-8783743685452'] for port, after_create {{(pid=88260) _notify_loop /usr/local/lib/python3.8/dist-packages/neutron_lib/callbacks/manager.py:192}}
May 24 22:58:26.572992 dv-neutron-843190-1-hyperv neutron-server[88261]: DEBUG neutron.wsgi [-] (88261) accepted ('10.222.0.32', 51278) {{(pid=88261) server /usr/local/lib/python3.8/dist-packages/eventlet/wsgi.py:992}}
May 24 22:58:26.641017 dv-neutron-843190-1-hyperv neutron-server[88262]: DEBUG neutron_lib.callbacks.manager [None req-a07becd1-1dc2-4275-9d4e-0307b7b8228d None None] Notify callbacks ['neutron.services.segments.db._update_segment_host_mapping_for_agent-8783744137674', 'neutron.plugins.ml2.plugin.Ml2Plugin._retry_binding_revived_agents-650007'] for agent, after_update {{(pid=88262) _notify_loop /usr/local/lib/python3.8/dist-packages/neutron_lib/callbacks/manager.py:192}}
May 24 22:58:26.666758 dv-neutron-843190-1-hyperv neutron-server[88260]: DEBUG neutron.scheduler.dhcp_agent_scheduler [None req-d993c778-0d73-47f4-8b1e-edfea749393e tempest-DHCPAgentSchedulersTestJSON-739395124 tempest-DHCPAgentSchedulersTestJSON-739395124-project] Network 94e040c2-5978-40f0-9db8-862dba8a3a7c is already hosted by enough agents. {{(pid=88260) _get_dhcp_agents_hosting_network /opt/stack/neutron/neutron/scheduler/dhcp_agent_scheduler.py:275}}
May 24 22:58:26.678811 dv-neutron-843190-1-hyperv neutron-server[88260]: DEBUG neutron.scheduler.base_scheduler [None req-d993c778-0d73-47f4-8b1e-edfea749393e tempest-DHCPAgentSchedulersTestJSON-739395124 tempest-DHCPAgentSchedulersTestJSON-739395124-project] Resources bound (agent type, host, resource id): {{(pid=88260) schedule /opt/stack/neutron/neutron/scheduler/base_scheduler.py:57}}
May 24 22:58:26.717963 dv-neutron-843190-1-hyperv neutron-server[88260]: DEBUG neutron.db.l3_dvrscheduler_db [None req-d993c778-0d73-47f4-8b1e-edfea749393e tempest-DHCPAgentSchedulersTestJSON-739395124 tempest-DHCPAgentSchedulersTestJSON-739395124-project] Received port after_create {{(pid=88260) _notify_l3_agent_new_port /opt/stack/neutron/neutron/db/l3_dvrscheduler_db.py:538}}
May 24 22:58:26.723676 dv-neutron-843190-1-hyperv neutron-server[88260]: DEBUG neutron.pecan_wsgi.hooks.policy_enforcement [None req-d993c778-0d73-47f4-8b1e-edfea749393e tempest-DHCPAgentSchedulersTestJSON-739395124 tempest-DHCPAgentSchedulersTestJSON-739395124-project] Attributes excluded by policy engine: ['standard_attr_id', 'binding:profile', 'binding:host_id', 'binding:vif_type', 'binding:vif_details', 'network'] {{(pid=88260) _exclude_attributes_by_policy /opt/stack/neutron/neutron/pecan_wsgi/hooks/policy_enforcement.py:259}}
May 24 22:58:26.724385 dv-neutron-843190-1-hyperv neutron-server[88260]: DEBUG neutron_lib.callbacks.manager [None req-d993c778-0d73-47f4-8b1e-edfea749393e tempest-DHCPAgentSchedulersTestJSON-739395124 tempest-DHCPAgentSchedulersTestJSON-739395124-project] Notify callbacks ['neutron.notifiers.nova.Notifier._send_nova_notification-25140', 'neutron.api.rpc.agentnotifiers.dhcp_rpc_agent_api.DhcpAgentNotifyAPI._send_dhcp_notification-2036310'] for port, before_response {{(pid=88260) _notify_loop /usr/local/lib/python3.8/dist-packages/neutron_lib/callbacks/manager.py:192}}
May 24 22:58:26.776730 dv-neutron-843190-1-hyperv neutron-server[88260]: INFO neutron.wsgi [None req-d993c778-0d73-47f4-8b1e-edfea749393e tempest-DHCPAgentSchedulersTestJSON-739395124 tempest-DHCPAgentSchedulersTestJSON-739395124-project] 10.222.0.32 "POST /v2.0/ports HTTP/1.1" status: 201 len: 939 time: 1.9282823
May 24 22:58:26.780562 dv-neutron-843190-1-hyperv neutron-server[88261]: DEBUG neutron.wsgi [-] (88261) accepted ('10.222.0.32', 51282) {{(pid=88261) server /usr/local/lib/python3.8/dist-packages/eventlet/wsgi.py:992}}
May 24 22:58:26.791985 dv-neutron-843190-1-hyperv neutron-server[88262]: DEBUG neutron_lib.callbacks.manager [None req-6c52c7a2-d9aa-4d4b-ab71-27ac68cb0dd0 None None] Notify callbacks [] for port, precommit_update {{(pid=88262) _notify_loop /usr/local/lib/python3.8/dist-packages/neutron_lib/callbacks/manager.py:192}}
May 24 22:58:26.796534 dv-neutron-843190-1-hyperv neutron-server[88262]: DEBUG neutron.db.provisioning_blocks [None req-c594636c-891d-4b13-9a8b-d3860f262a20 None None] Provisioning complete for port 93ddf5e2-1293-4fcd-920a-08b77a5eedb3 triggered by entity L2. {{(pid=88262) provisioning_complete /opt/stack/neutron/neutron/db/provisioning_blocks.py:139}}
May 24 22:58:26.796912 dv-neutron-843190-1-hyperv neutron-server[88262]: DEBUG neutron_lib.callbacks.manager [None req-c594636c-891d-4b13-9a8b-d3860f262a20 None None] Notify callbacks ['neutron.plugins.ml2.plugin.Ml2Plugin._port_provisioned-650052'] for port, provisioning_complete {{(pid=88262) _notify_loop /usr/local/lib/python3.8/dist-packages/neutron_lib/callbacks/manager.py:192}}
May 24 22:58:26.830102 dv-neutron-843190-1-hyperv neutron-server[88262]: DEBUG neutron.plugins.ml2.db [None req-f87ee0e7-fa79-46ca-9cf2-91bd68c0f59c None None] For port ce28a43f-216c-4ec4-ad84-0dee63f750ac, host dv-neutron-843190-1-hyperv, cleared binding levels {{(pid=88262) clear_binding_levels /opt/stack/neutron/neutron/plugins/ml2/db.py:88}}
May 24 22:58:26.843031 dv-neutron-843190-1-hyperv neutron-server[88260]: DEBUG neutron.api.rpc.handlers.resources_rpc [None req-d993c778-0d73-47f4-8b1e-edfea749393e tempest-DHCPAgentSchedulersTestJSON-739395124 tempest-DHCPAgentSchedulersTestJSON-739395124-project] Pushing event updated for resources: {'Port': ['ID=9c752761-43fc-443d-988a-b27bfbcd971d,revision_number=1']} {{(pid=88260) push /opt/stack/neutron/neutron/api/rpc/handlers/resources_rpc.py:237}}
May 24 22:58:26.886511 dv-neutron-843190-1-hyperv neutron-server[88260]: DEBUG neutron.db.db_base_plugin_common [None req-7e40d394-9701-45b7-8b33-bc01f144d4fa tempest-RoutersAdminTest-328693122 tempest-RoutersAdminTest-328693122-project-admin] Allocated IP 172.20.0.7 (a4a19bf4-aabd-484a-83b2-1c00a7e29686/2d763aff-c203-4681-8dc1-1176ae537336/879123c7-c75c-4443-9a12-cfa4a9dfc4ff) {{(pid=88260) _store_ip_allocation /opt/stack/neutron/neutron/db/db_base_plugin_common.py:131}}
May 24 22:58:26.887209 dv-neutron-843190-1-hyperv neutron-server[88262]: DEBUG neutron.db.provisioning_blocks [None req-6c52c7a2-d9aa-4d4b-ab71-27ac68cb0dd0 None None] Transition to ACTIVE for port object 77475bf7-d550-4d1b-a753-9965b630a762 will not be triggered until provisioned by entity L2. {{(pid=88262) add_provisioning_component /opt/stack/neutron/neutron/db/provisioning_blocks.py:73}}
May 24 22:58:26.896039 dv-neutron-843190-1-hyperv neutron-server[88261]: DEBUG neutron_lib.callbacks.manager [None req-a5f1f55d-01ff-4cd9-9d4e-e40b45b1ec1a tempest-ExternalNetworksTestJSON-1573929596 tempest-ExternalNetworksTestJSON-1573929596-project-admin] Notify callbacks ['neutron.services.auto_allocate.db._ensure_external_network_default_value_callback-8783743671745'] for network, precommit_create {{(pid=88261) _notify_loop /usr/local/lib/python3.8/dist-packages/neutron_lib/callbacks/manager.py:192}}
May 24 22:58:26.898046 dv-neutron-843190-1-hyperv neutron-server[88262]: DEBUG neutron.plugins.ml2.db [None req-f87ee0e7-fa79-46ca-9cf2-91bd68c0f59c None None] For port ce28a43f-216c-4ec4-ad84-0dee63f750ac, host dv-neutron-843190-1-hyperv, set binding levels [PortBindingLevel(driver='openvswitch',host='dv-neutron-843190-1-hyperv',level=0,port_id=ce28a43f-216c-4ec4-ad84-0dee63f750ac,segment=NetworkSegment(4fd637f1-6ee5-4d60-9f26-b130fb859ff0),segment_id=4fd637f1-6ee5-4d60-9f26-b130fb859ff0)] {{(pid=88262) set_binding_levels /opt/stack/neutron/neutron/plugins/ml2/db.py:60}}
May 24 22:58:26.904862 dv-neutron-843190-1-hyperv neutron-server[88262]: DEBUG neutron_lib.callbacks.manager [None req-6c52c7a2-d9aa-4d4b-ab71-27ac68cb0dd0 None None] Notify callbacks ['neutron.plugins.ml2.plugin.SecurityGroupServerNotifierRpcMixin.notify_sg_on_port_change-559644', 'neutron.plugins.ml2.ovo_rpc._ObjectChangeHandler.handle_event-318372', 'neutron.api.rpc.agentnotifiers.dhcp_rpc_agent_api.DhcpAgentNotifyAPI._native_event_send_dhcp_notification-2036280', 'neutron.db.l3_db.L3RpcNotifierMixin._notify_gateway_port_ip_changed-8783744192431', 'neutron.db.l3_dvrscheduler_db._notify_l3_agent_port_update-8783743685470', 'neutron.db.l3_hascheduler_db._notify_l3_agent_ha_port_update-8783743685515'] for port, after_update {{(pid=88262) _notify_loop /usr/local/lib/python3.8/dist-packages/neutron_lib/callbacks/manager.py:192}}
May 24 22:58:26.946149 dv-neutron-843190-1-hyperv neutron-server[88261]: DEBUG neutron_lib.callbacks.manager [None req-bd60fa45-36a2-47f0-92da-50aff7821458 admin admin] Notify callbacks [] for router_gateway, after_create {{(pid=88261) _notify_loop /usr/local/lib/python3.8/dist-packages/neutron_lib/callbacks/manager.py:192}}
May 24 22:58:26.968878 dv-neutron-843190-1-hyperv neutron-server[88260]: DEBUG neutron_lib.callbacks.manager [None req-dbd0ee20-ce2c-4fd7-8ae3-f146a97dff35 tempest-ExternalNetworksAdminNegativeTestJSON-119959875 tempest-ExternalNetworksAdminNegativeTestJSON-119959875-project-admin] Notify callbacks ['neutron.services.l3_router.l3_router_plugin.L3_NAT_dbonly_mixin._precommit_delete_port_callback-1593074'] for port, precommit_delete {{(pid=88260) _notify_loop /usr/local/lib/python3.8/dist-packages/neutron_lib/callbacks/manager.py:192}}
May 24 22:58:26.970680 dv-neutron-843190-1-hyperv neutron-server[88262]: DEBUG neutron_lib.callbacks.manager [None req-f87ee0e7-fa79-46ca-9cf2-91bd68c0f59c None None] Notify callbacks ['neutron.plugins.ml2.plugin.SecurityGroupServerNotifierRpcMixin.notify_sg_on_port_change-559644', 'neutron.plugins.ml2.ovo_rpc._ObjectChangeHandler.handle_event-318372', 'neutron.api.rpc.agentnotifiers.dhcp_rpc_agent_api.DhcpAgentNotifyAPI._native_event_send_dhcp_notification-2036280', 'neutron.db.l3_db.L3RpcNotifierMixin._notify_gateway_port_ip_changed-8783744192431', 'neutron.db.l3_dvrscheduler_db._notify_l3_agent_port_update-8783743685470', 'neutron.db.l3_hascheduler_db._notify_l3_agent_ha_port_update-8783743685515'] for port, after_update {{(pid=88262) _notify_loop /usr/local/lib/python3.8/dist-packages/neutron_lib/callbacks/manager.py:192}}
May 24 22:58:26.971413 dv-neutron-843190-1-hyperv neutron-server[88260]: DEBUG neutron_lib.callbacks.manager [None req-dbd0ee20-ce2c-4fd7-8ae3-f146a97dff35 tempest-ExternalNetworksAdminNegativeTestJSON-119959875 tempest-ExternalNetworksAdminNegativeTestJSON-119959875-project-admin] Notify callbacks [] for floatingip, precommit_delete {{(pid=88260) _notify_loop /usr/local/lib/python3.8/dist-packages/neutron_lib/callbacks/manager.py:192}}
May 24 22:58:27.037742 dv-neutron-843190-1-hyperv neutron-server[88262]: DEBUG neutron.api.rpc.handlers.resources_rpc [None req-73362c56-ff02-4474-bae3-a77aea1dfbaf None None] Pushing event updated for resources: {'Port': ['ID=77475bf7-d550-4d1b-a753-9965b630a762,revision_number=2']} {{(pid=88262) push /opt/stack/neutron/neutron/api/rpc/handlers/resources_rpc.py:237}}
May 24 22:58:27.113490 dv-neutron-843190-1-hyperv neutron-server[88261]: DEBUG neutron_lib.callbacks.manager [None req-04de17c9-f273-4bad-8281-aecbdd08300c tempest-NegativeSecGroupIPv6Test-1561008931 tempest-NegativeSecGroupIPv6Test-1561008931-project] Notify callbacks [] for security_group, before_delete {{(pid=88261) _notify_loop /usr/local/lib/python3.8/dist-packages/neutron_lib/callbacks/manager.py:192}}
May 24 22:58:27.139624 dv-neutron-843190-1-hyperv neutron-server[88261]: DEBUG neutron_lib.db.resource_extend [None req-a5f1f55d-01ff-4cd9-9d4e-e40b45b1ec1a tempest-ExternalNetworksTestJSON-1573929596 tempest-ExternalNetworksTestJSON-1573929596-project-admin] It took 0.11 seconds to run function 'neutron_lib.db.resource_extend.apply_funcs' {{(pid=88261) wrapper /usr/local/lib/python3.8/dist-packages/oslo_utils/timeutils.py:386}}
May 24 22:58:27.170489 dv-neutron-843190-1-hyperv neutron-server[88261]: DEBUG neutron.plugins.ml2.plugin [None req-3f75158e-c937-42ad-a559-ed0324f16d77 tempest-DHCPAgentSchedulersTestJSON-739395124 tempest-DHCPAgentSchedulersTestJSON-739395124-project] Deleting port 9c752761-43fc-443d-988a-b27bfbcd971d {{(pid=88261) _pre_delete_port /opt/stack/neutron/neutron/plugins/ml2/plugin.py:1915}}
