May 29 01:00:55.988561 dv-neutron-843186-2-hyperv devstack@n-api.service[98259]: DEBUG oslo_concurrency.lockutils [None req-b7fec820-77aa-4020-ba54-0cbf88de0b3b tempest-ServersTestManualDisk-1989202300 tempest-ServersTestManualDisk-1989202300-project] Lock "640caa34-b515-47de-b988-092b792f5477" acquired by "nova.context.set_target_cell..get_or_set_cached_cell_and_set_connections" :: waited 0.000s {{(pid=98259) inner /usr/local/lib/python3.8/dist-packages/oslo_concurrency/lockutils.py:355}}
May 29 01:00:55.989021 dv-neutron-843186-2-hyperv devstack@n-api.service[98259]: DEBUG oslo_concurrency.lockutils [None req-b7fec820-77aa-4020-ba54-0cbf88de0b3b tempest-ServersTestManualDisk-1989202300 tempest-ServersTestManualDisk-1989202300-project] Lock "640caa34-b515-47de-b988-092b792f5477" released by "nova.context.set_target_cell..get_or_set_cached_cell_and_set_connections" :: held 0.001s {{(pid=98259) inner /usr/local/lib/python3.8/dist-packages/oslo_concurrency/lockutils.py:367}}
May 29 01:00:55.989968 dv-neutron-843186-2-hyperv devstack@n-api.service[98259]: DEBUG oslo_concurrency.lockutils [None req-b7fec820-77aa-4020-ba54-0cbf88de0b3b tempest-ServersTestManualDisk-1989202300 tempest-ServersTestManualDisk-1989202300-project] Lock "640caa34-b515-47de-b988-092b792f5477" acquired by "nova.context.set_target_cell..get_or_set_cached_cell_and_set_connections" :: waited 0.000s {{(pid=98259) inner /usr/local/lib/python3.8/dist-packages/oslo_concurrency/lockutils.py:355}}
May 29 01:00:55.990411 dv-neutron-843186-2-hyperv devstack@n-api.service[98259]: DEBUG oslo_concurrency.lockutils [None req-b7fec820-77aa-4020-ba54-0cbf88de0b3b tempest-ServersTestManualDisk-1989202300 tempest-ServersTestManualDisk-1989202300-project] Lock "640caa34-b515-47de-b988-092b792f5477" released by "nova.context.set_target_cell..get_or_set_cached_cell_and_set_connections" :: held 0.000s {{(pid=98259) inner /usr/local/lib/python3.8/dist-packages/oslo_concurrency/lockutils.py:367}}
May 29 01:00:56.195520 dv-neutron-843186-2-hyperv devstack@n-api.service[98258]: DEBUG nova.api.openstack.wsgi [None req-07ad4e11-fb2c-42ec-81c8-d13cdf08b1b2 tempest-ServersTestJSON-590219477 tempest-ServersTestJSON-590219477-project] Calling method '>' {{(pid=98258) _process_stack /opt/stack/nova/nova/api/openstack/wsgi.py:513}}
May 29 01:00:56.198802 dv-neutron-843186-2-hyperv devstack@n-api.service[98258]: DEBUG nova.compute.api [None req-07ad4e11-fb2c-42ec-81c8-d13cdf08b1b2 tempest-ServersTestJSON-590219477 tempest-ServersTestJSON-590219477-project] [instance: 46f46bdf-9af6-487c-9083-1bacb62043b1] Fetching instance by UUID {{(pid=98258) get /opt/stack/nova/nova/compute/api.py:2810}}
May 29 01:00:56.218894 dv-neutron-843186-2-hyperv devstack@n-api.service[98258]: DEBUG oslo_concurrency.lockutils [None req-07ad4e11-fb2c-42ec-81c8-d13cdf08b1b2 tempest-ServersTestJSON-590219477 tempest-ServersTestJSON-590219477-project] Lock "640caa34-b515-47de-b988-092b792f5477" acquired by "nova.context.set_target_cell..get_or_set_cached_cell_and_set_connections" :: waited 0.000s {{(pid=98258) inner /usr/local/lib/python3.8/dist-packages/oslo_concurrency/lockutils.py:355}}
May 29 01:00:56.222192 dv-neutron-843186-2-hyperv devstack@n-api.service[98258]: DEBUG oslo_concurrency.lockutils [None req-07ad4e11-fb2c-42ec-81c8-d13cdf08b1b2 tempest-ServersTestJSON-590219477 tempest-ServersTestJSON-590219477-project] Lock "640caa34-b515-47de-b988-092b792f5477" released by "nova.context.set_target_cell..get_or_set_cached_cell_and_set_connections" :: held 0.003s {{(pid=98258) inner /usr/local/lib/python3.8/dist-packages/oslo_concurrency/lockutils.py:367}}
May 29 01:00:56.228966 dv-neutron-843186-2-hyperv devstack@n-api.service[98258]: DEBUG oslo_concurrency.lockutils [None req-07ad4e11-fb2c-42ec-81c8-d13cdf08b1b2 tempest-ServersTestJSON-590219477 tempest-ServersTestJSON-590219477-project] Lock "640caa34-b515-47de-b988-092b792f5477" acquired by "nova.context.set_target_cell..get_or_set_cached_cell_and_set_connections" :: waited 0.000s {{(pid=98258) inner /usr/local/lib/python3.8/dist-packages/oslo_concurrency/lockutils.py:355}}
May 29 01:00:56.230035 dv-neutron-843186-2-hyperv devstack@n-api.service[98258]: DEBUG oslo_concurrency.lockutils [None req-07ad4e11-fb2c-42ec-81c8-d13cdf08b1b2 tempest-ServersTestJSON-590219477 tempest-ServersTestJSON-590219477-project] Lock "640caa34-b515-47de-b988-092b792f5477" released by "nova.context.set_target_cell..get_or_set_cached_cell_and_set_connections" :: held 0.004s {{(pid=98258) inner /usr/local/lib/python3.8/dist-packages/oslo_concurrency/lockutils.py:367}}
May 29 01:00:56.369305 dv-neutron-843186-2-hyperv devstack@n-api.service[98259]: INFO nova.api.openstack.requestlog [None req-b7fec820-77aa-4020-ba54-0cbf88de0b3b tempest-ServersTestManualDisk-1989202300 tempest-ServersTestManualDisk-1989202300-project] 10.222.0.33 "GET /compute/v2.1/servers/fdf25153-3aa8-4628-aac5-f86b22c6b385/os-interface" status: 200 len: 285 microversion: 2.1 time: 0.414491
May 29 01:00:56.369894 dv-neutron-843186-2-hyperv devstack@n-api.service[98259]: [pid: 98259|app: 0|req: 34/66] 10.222.0.33 () {58 vars in 1274 bytes} [Sun May 29 01:00:55 2022] GET /compute/v2.1/servers/fdf25153-3aa8-4628-aac5-f86b22c6b385/os-interface => generated 285 bytes in 416 msecs (HTTP/1.1 200) 9 headers in 357 bytes (1 switches on core 0)
May 29 01:00:56.380518 dv-neutron-843186-2-hyperv devstack@n-api.service[98259]: DEBUG nova.api.openstack.wsgi [None req-d8cd352c-bd65-4ab8-88c3-7fee81cadcff tempest-ServerActionsTestJSON-1179462359 tempest-ServerActionsTestJSON-1179462359-project] Calling method '>' {{(pid=98259) _process_stack /opt/stack/nova/nova/api/openstack/wsgi.py:513}}
May 29 01:00:56.381124 dv-neutron-843186-2-hyperv devstack@n-api.service[98259]: DEBUG nova.compute.api [None req-d8cd352c-bd65-4ab8-88c3-7fee81cadcff tempest-ServerActionsTestJSON-1179462359 tempest-ServerActionsTestJSON-1179462359-project] [instance: cd0b30ab-b8ad-4a80-8327-572cc6ebc4e2] Fetching instance by UUID {{(pid=98259) get /opt/stack/nova/nova/compute/api.py:2810}}
May 29 01:00:56.411339 dv-neutron-843186-2-hyperv devstack@n-api.service[98259]: DEBUG oslo_concurrency.lockutils [None req-d8cd352c-bd65-4ab8-88c3-7fee81cadcff tempest-ServerActionsTestJSON-1179462359 tempest-ServerActionsTestJSON-1179462359-project] Lock "640caa34-b515-47de-b988-092b792f5477" acquired by "nova.context.set_target_cell..get_or_set_cached_cell_and_set_connections" :: waited 0.000s {{(pid=98259) inner /usr/local/lib/python3.8/dist-packages/oslo_concurrency/lockutils.py:355}}
May 29 01:00:56.412058 dv-neutron-843186-2-hyperv devstack@n-api.service[98259]: DEBUG oslo_concurrency.lockutils [None req-d8cd352c-bd65-4ab8-88c3-7fee81cadcff tempest-ServerActionsTestJSON-1179462359 tempest-ServerActionsTestJSON-1179462359-project] Lock "640caa34-b515-47de-b988-092b792f5477" released by "nova.context.set_target_cell..get_or_set_cached_cell_and_set_connections" :: held 0.001s {{(pid=98259) inner /usr/local/lib/python3.8/dist-packages/oslo_concurrency/lockutils.py:367}}
May 29 01:00:56.412980 dv-neutron-843186-2-hyperv devstack@n-api.service[98259]: DEBUG oslo_concurrency.lockutils [None req-d8cd352c-bd65-4ab8-88c3-7fee81cadcff tempest-ServerActionsTestJSON-1179462359 tempest-ServerActionsTestJSON-1179462359-project] Lock "640caa34-b515-47de-b988-092b792f5477" acquired by "nova.context.set_target_cell..get_or_set_cached_cell_and_set_connections" :: waited 0.000s {{(pid=98259) inner /usr/local/lib/python3.8/dist-packages/oslo_concurrency/lockutils.py:355}}
May 29 01:00:56.413551 dv-neutron-843186-2-hyperv devstack@n-api.service[98259]: DEBUG oslo_concurrency.lockutils [None req-d8cd352c-bd65-4ab8-88c3-7fee81cadcff tempest-ServerActionsTestJSON-1179462359 tempest-ServerActionsTestJSON-1179462359-project] Lock "640caa34-b515-47de-b988-092b792f5477" released by "nova.context.set_target_cell..get_or_set_cached_cell_and_set_connections" :: held 0.001s {{(pid=98259) inner /usr/local/lib/python3.8/dist-packages/oslo_concurrency/lockutils.py:367}}
May 29 01:00:57.778362 dv-neutron-843186-2-hyperv devstack@n-api.service[98259]: DEBUG nova.policy [None req-d8cd352c-bd65-4ab8-88c3-7fee81cadcff tempest-ServerActionsTestJSON-1179462359 tempest-ServerActionsTestJSON-1179462359-project] Policy check for os_compute_api:os-extended-server-attributes failed with credentials {'is_admin': False, 'user_id': '15bb5ea5641e4d6b9d78cfaf1e0edb9d', 'user_domain_id': 'default', 'system_scope': None, 'domain_id': None, 'project_id': '9cd7a747df0a4f6b84cc6a375f1c75b5', 'project_domain_id': 'default', 'roles': ['member', 'reader'], 'is_admin_project': True, 'service_user_id': None, 'service_user_domain_id': None, 'service_project_id': None, 'service_project_domain_id': None, 'service_roles': []} {{(pid=98259) authorize /opt/stack/nova/nova/policy.py:222}}
May 29 01:00:57.791389 dv-neutron-843186-2-hyperv devstack@n-api.service[98259]: INFO nova.api.openstack.requestlog [None req-d8cd352c-bd65-4ab8-88c3-7fee81cadcff tempest-ServerActionsTestJSON-1179462359 tempest-ServerActionsTestJSON-1179462359-project] 10.222.0.33 "GET /compute/v2.1/servers/cd0b30ab-b8ad-4a80-8327-572cc6ebc4e2" status: 200 len: 1362 microversion: 2.1 time: 1.420411
May 29 01:00:57.791945 dv-neutron-843186-2-hyperv devstack@n-api.service[98259]: [pid: 98259|app: 0|req: 35/67] 10.222.0.33 () {58 vars in 1235 bytes} [Sun May 29 01:00:56 2022] GET /compute/v2.1/servers/cd0b30ab-b8ad-4a80-8327-572cc6ebc4e2 => generated 1362 bytes in 1421 msecs (HTTP/1.1 200) 9 headers in 358 bytes (1 switches on core 0)
May 29 01:00:57.813422 dv-neutron-843186-2-hyperv devstack@n-api.service[98258]: DEBUG nova.policy [None req-07ad4e11-fb2c-42ec-81c8-d13cdf08b1b2 tempest-ServersTestJSON-590219477 tempest-ServersTestJSON-590219477-project] Policy check for os_compute_api:os-extended-server-attributes failed with credentials {'is_admin': False, 'user_id': '81b5c0a0673f42bf96b3f2166ba9aca3', 'user_domain_id': 'default', 'system_scope': None, 'domain_id': None, 'project_id': 'bfbcc555f07f4acbbabab7aa1f77313f', 'project_domain_id': 'default', 'roles': ['member', 'reader'], 'is_admin_project': True, 'service_user_id': None, 'service_user_domain_id': None, 'service_project_id': None, 'service_project_domain_id': None, 'service_roles': []} {{(pid=98258) authorize /opt/stack/nova/nova/policy.py:222}}
May 29 01:00:57.826381 dv-neutron-843186-2-hyperv devstack@n-api.service[98258]: INFO nova.api.openstack.requestlog [None req-07ad4e11-fb2c-42ec-81c8-d13cdf08b1b2 tempest-ServersTestJSON-590219477 tempest-ServersTestJSON-590219477-project] 10.222.0.33 "GET /compute/v2.1/servers/46f46bdf-9af6-487c-9083-1bacb62043b1" status: 200 len: 1396 microversion: 2.1 time: 1.644623
May 29 01:00:57.827438 dv-neutron-843186-2-hyperv devstack@n-api.service[98258]: [pid: 98258|app: 0|req: 33/68] 10.222.0.33 () {58 vars in 1235 bytes} [Sun May 29 01:00:56 2022] GET /compute/v2.1/servers/46f46bdf-9af6-487c-9083-1bacb62043b1 => generated 1396 bytes in 1647 msecs (HTTP/1.1 200) 9 headers in 358 bytes (1 switches on core 0)
May 29 01:00:58.824752 dv-neutron-843186-2-hyperv devstack@n-api.service[98259]: DEBUG nova.api.openstack.wsgi [None req-6a767bc5-5401-4c38-a7a1-4cfd9e102c42 tempest-ServerActionsTestJSON-1179462359 tempest-ServerActionsTestJSON-1179462359-project] Calling method '>' {{(pid=98259) _process_stack /opt/stack/nova/nova/api/openstack/wsgi.py:513}}
May 29 01:00:58.827832 dv-neutron-843186-2-hyperv devstack@n-api.service[98259]: DEBUG nova.compute.api [None req-6a767bc5-5401-4c38-a7a1-4cfd9e102c42 tempest-ServerActionsTestJSON-1179462359 tempest-ServerActionsTestJSON-1179462359-project] [instance: cd0b30ab-b8ad-4a80-8327-572cc6ebc4e2] Fetching instance by UUID {{(pid=98259) get /opt/stack/nova/nova/compute/api.py:2810}}
May 29 01:00:58.839676 dv-neutron-843186-2-hyperv devstack@n-api.service[98259]: DEBUG oslo_concurrency.lockutils [None req-6a767bc5-5401-4c38-a7a1-4cfd9e102c42 tempest-ServerActionsTestJSON-1179462359 tempest-ServerActionsTestJSON-1179462359-project] Lock "640caa34-b515-47de-b988-092b792f5477" acquired by "nova.context.set_target_cell..get_or_set_cached_cell_and_set_connections" :: waited 0.000s {{(pid=98259) inner /usr/local/lib/python3.8/dist-packages/oslo_concurrency/lockutils.py:355}}
May 29 01:00:58.840515 dv-neutron-843186-2-hyperv devstack@n-api.service[98259]: DEBUG oslo_concurrency.lockutils [None req-6a767bc5-5401-4c38-a7a1-4cfd9e102c42 tempest-ServerActionsTestJSON-1179462359 tempest-ServerActionsTestJSON-1179462359-project] Lock "640caa34-b515-47de-b988-092b792f5477" released by "nova.context.set_target_cell..get_or_set_cached_cell_and_set_connections" :: held 0.001s {{(pid=98259) inner /usr/local/lib/python3.8/dist-packages/oslo_concurrency/lockutils.py:367}}
May 29 01:00:58.841960 dv-neutron-843186-2-hyperv devstack@n-api.service[98259]: DEBUG oslo_concurrency.lockutils [None req-6a767bc5-5401-4c38-a7a1-4cfd9e102c42 tempest-ServerActionsTestJSON-1179462359 tempest-ServerActionsTestJSON-1179462359-project] Lock "640caa34-b515-47de-b988-092b792f5477" acquired by "nova.context.set_target_cell..get_or_set_cached_cell_and_set_connections" :: waited 0.000s {{(pid=98259) inner /usr/local/lib/python3.8/dist-packages/oslo_concurrency/lockutils.py:355}}
May 29 01:00:58.842872 dv-neutron-843186-2-hyperv devstack@n-api.service[98259]: DEBUG oslo_concurrency.lockutils [None req-6a767bc5-5401-4c38-a7a1-4cfd9e102c42 tempest-ServerActionsTestJSON-1179462359 tempest-ServerActionsTestJSON-1179462359-project] Lock "640caa34-b515-47de-b988-092b792f5477" released by "nova.context.set_target_cell..get_or_set_cached_cell_and_set_connections" :: held 0.001s {{(pid=98259) inner /usr/local/lib/python3.8/dist-packages/oslo_concurrency/lockutils.py:367}}
May 29 01:00:58.848615 dv-neutron-843186-2-hyperv devstack@n-api.service[98258]: DEBUG nova.api.openstack.wsgi [None req-ec00845a-d7e5-4a49-a514-be1c03ad2934 tempest-ServersTestJSON-590219477 tempest-ServersTestJSON-590219477-project] Calling method '>' {{(pid=98258) _process_stack /opt/stack/nova/nova/api/openstack/wsgi.py:513}}
May 29 01:00:58.849224 dv-neutron-843186-2-hyperv devstack@n-api.service[98258]: DEBUG nova.compute.api [None req-ec00845a-d7e5-4a49-a514-be1c03ad2934 tempest-ServersTestJSON-590219477 tempest-ServersTestJSON-590219477-project] [instance: 46f46bdf-9af6-487c-9083-1bacb62043b1] Fetching instance by UUID {{(pid=98258) get /opt/stack/nova/nova/compute/api.py:2810}}
May 29 01:00:58.867362 dv-neutron-843186-2-hyperv devstack@n-api.service[98258]: DEBUG oslo_concurrency.lockutils [None req-ec00845a-d7e5-4a49-a514-be1c03ad2934 tempest-ServersTestJSON-590219477 tempest-ServersTestJSON-590219477-project] Lock "640caa34-b515-47de-b988-092b792f5477" acquired by "nova.context.set_target_cell..get_or_set_cached_cell_and_set_connections" :: waited 0.000s {{(pid=98258) inner /usr/local/lib/python3.8/dist-packages/oslo_concurrency/lockutils.py:355}}
May 29 01:00:58.867796 dv-neutron-843186-2-hyperv devstack@n-api.service[98258]: DEBUG oslo_concurrency.lockutils [None req-ec00845a-d7e5-4a49-a514-be1c03ad2934 tempest-ServersTestJSON-590219477 tempest-ServersTestJSON-590219477-project] Lock "640caa34-b515-47de-b988-092b792f5477" released by "nova.context.set_target_cell..get_or_set_cached_cell_and_set_connections" :: held 0.001s {{(pid=98258) inner /usr/local/lib/python3.8/dist-packages/oslo_concurrency/lockutils.py:367}}
May 29 01:00:58.868621 dv-neutron-843186-2-hyperv devstack@n-api.service[98258]: DEBUG oslo_concurrency.lockutils [None req-ec00845a-d7e5-4a49-a514-be1c03ad2934 tempest-ServersTestJSON-590219477 tempest-ServersTestJSON-590219477-project] Lock "640caa34-b515-47de-b988-092b792f5477" acquired by "nova.context.set_target_cell..get_or_set_cached_cell_and_set_connections" :: waited 0.000s {{(pid=98258) inner /usr/local/lib/python3.8/dist-packages/oslo_concurrency/lockutils.py:355}}
May 29 01:00:58.869054 dv-neutron-843186-2-hyperv devstack@n-api.service[98258]: DEBUG oslo_concurrency.lockutils [None req-ec00845a-d7e5-4a49-a514-be1c03ad2934 tempest-ServersTestJSON-590219477 tempest-ServersTestJSON-590219477-project] Lock "640caa34-b515-47de-b988-092b792f5477" released by "nova.context.set_target_cell..get_or_set_cached_cell_and_set_connections" :: held 0.000s {{(pid=98258) inner /usr/local/lib/python3.8/dist-packages/oslo_concurrency/lockutils.py:367}}
May 29 01:00:59.855575 dv-neutron-843186-2-hyperv devstack@n-api.service[98258]: DEBUG nova.policy [None req-ec00845a-d7e5-4a49-a514-be1c03ad2934 tempest-ServersTestJSON-590219477 tempest-ServersTestJSON-590219477-project] Policy check for os_compute_api:os-extended-server-attributes failed with credentials {'is_admin': False, 'user_id': '81b5c0a0673f42bf96b3f2166ba9aca3', 'user_domain_id': 'default', 'system_scope': None, 'domain_id': None, 'project_id': 'bfbcc555f07f4acbbabab7aa1f77313f', 'project_domain_id': 'default', 'roles': ['member', 'reader'], 'is_admin_project': True, 'service_user_id': None, 'service_user_domain_id': None, 'service_project_id': None, 'service_project_domain_id': None, 'service_roles': []} {{(pid=98258) authorize /opt/stack/nova/nova/policy.py:222}}
May 29 01:00:59.867494 dv-neutron-843186-2-hyperv devstack@n-api.service[98258]: INFO nova.api.openstack.requestlog [None req-ec00845a-d7e5-4a49-a514-be1c03ad2934 tempest-ServersTestJSON-590219477 tempest-ServersTestJSON-590219477-project] 10.222.0.33 "GET /compute/v2.1/servers/46f46bdf-9af6-487c-9083-1bacb62043b1" status: 200 len: 1577 microversion: 2.1 time: 1.028476
May 29 01:00:59.877809 dv-neutron-843186-2-hyperv devstack@n-api.service[98258]: [pid: 98258|app: 0|req: 34/69] 10.222.0.33 () {58 vars in 1235 bytes} [Sun May 29 01:00:58 2022] GET /compute/v2.1/servers/46f46bdf-9af6-487c-9083-1bacb62043b1 => generated 1577 bytes in 1039 msecs (HTTP/1.1 200) 9 headers in 358 bytes (2 switches on core 0)
May 29 01:00:59.892214 dv-neutron-843186-2-hyperv devstack@n-api.service[98258]: DEBUG nova.api.openstack.wsgi [None req-cd1528f3-723a-450f-ba25-81357c0145ef tempest-ServersTestJSON-590219477 tempest-ServersTestJSON-590219477-project] Calling method '>' {{(pid=98258) _process_stack /opt/stack/nova/nova/api/openstack/wsgi.py:513}}
May 29 01:00:59.893078 dv-neutron-843186-2-hyperv devstack@n-api.service[98258]: DEBUG nova.compute.api [None req-cd1528f3-723a-450f-ba25-81357c0145ef tempest-ServersTestJSON-590219477 tempest-ServersTestJSON-590219477-project] [instance: 46f46bdf-9af6-487c-9083-1bacb62043b1] Fetching instance by UUID {{(pid=98258) get /opt/stack/nova/nova/compute/api.py:2810}}
May 29 01:00:59.900713 dv-neutron-843186-2-hyperv devstack@n-api.service[98258]: DEBUG oslo_concurrency.lockutils [None req-cd1528f3-723a-450f-ba25-81357c0145ef tempest-ServersTestJSON-590219477 tempest-ServersTestJSON-590219477-project] Lock "640caa34-b515-47de-b988-092b792f5477" acquired by "nova.context.set_target_cell..get_or_set_cached_cell_and_set_connections" :: waited 0.000s {{(pid=98258) inner /usr/local/lib/python3.8/dist-packages/oslo_concurrency/lockutils.py:355}}
May 29 01:00:59.901573 dv-neutron-843186-2-hyperv devstack@n-api.service[98258]: DEBUG oslo_concurrency.lockutils [None req-cd1528f3-723a-450f-ba25-81357c0145ef tempest-ServersTestJSON-590219477 tempest-ServersTestJSON-590219477-project] Lock "640caa34-b515-47de-b988-092b792f5477" released by "nova.context.set_target_cell..get_or_set_cached_cell_and_set_connections" :: held 0.001s {{(pid=98258) inner /usr/local/lib/python3.8/dist-packages/oslo_concurrency/lockutils.py:367}}
May 29 01:00:59.902561 dv-neutron-843186-2-hyperv devstack@n-api.service[98258]: DEBUG oslo_concurrency.lockutils [None req-cd1528f3-723a-450f-ba25-81357c0145ef tempest-ServersTestJSON-590219477 tempest-ServersTestJSON-590219477-project] Lock "640caa34-b515-47de-b988-092b792f5477" acquired by "nova.context.set_target_cell..get_or_set_cached_cell_and_set_connections" :: waited 0.000s {{(pid=98258) inner /usr/local/lib/python3.8/dist-packages/oslo_concurrency/lockutils.py:355}}
May 29 01:00:59.903203 dv-neutron-843186-2-hyperv devstack@n-api.service[98258]: DEBUG oslo_concurrency.lockutils [None req-cd1528f3-723a-450f-ba25-81357c0145ef tempest-ServersTestJSON-590219477 tempest-ServersTestJSON-590219477-project] Lock "640caa34-b515-47de-b988-092b792f5477" released by "nova.context.set_target_cell..get_or_set_cached_cell_and_set_connections" :: held 0.001s {{(pid=98258) inner /usr/local/lib/python3.8/dist-packages/oslo_concurrency/lockutils.py:367}}
May 29 01:00:59.926278 dv-neutron-843186-2-hyperv devstack@n-api.service[98259]: DEBUG nova.policy [None req-6a767bc5-5401-4c38-a7a1-4cfd9e102c42 tempest-ServerActionsTestJSON-1179462359 tempest-ServerActionsTestJSON-1179462359-project] Policy check for os_compute_api:os-extended-server-attributes failed with credentials {'is_admin': False, 'user_id': '15bb5ea5641e4d6b9d78cfaf1e0edb9d', 'user_domain_id': 'default', 'system_scope': None, 'domain_id': None, 'project_id': '9cd7a747df0a4f6b84cc6a375f1c75b5', 'project_domain_id': 'default', 'roles': ['member', 'reader'], 'is_admin_project': True, 'service_user_id': None, 'service_user_domain_id': None, 'service_project_id': None, 'service_project_domain_id': None, 'service_roles': []} {{(pid=98259) authorize /opt/stack/nova/nova/policy.py:222}}
May 29 01:00:59.947519 dv-neutron-843186-2-hyperv devstack@n-api.service[98259]: INFO nova.api.openstack.requestlog [None req-6a767bc5-5401-4c38-a7a1-4cfd9e102c42 tempest-ServerActionsTestJSON-1179462359 tempest-ServerActionsTestJSON-1179462359-project] 10.222.0.33 "GET /compute/v2.1/servers/cd0b30ab-b8ad-4a80-8327-572cc6ebc4e2" status: 200 len: 1549 microversion: 2.1 time: 1.142360
May 29 01:00:59.956972 dv-neutron-843186-2-hyperv devstack@n-api.service[98259]: [pid: 98259|app: 0|req: 36/70] 10.222.0.33 () {58 vars in 1235 bytes} [Sun May 29 01:00:58 2022] GET /compute/v2.1/servers/cd0b30ab-b8ad-4a80-8327-572cc6ebc4e2 => generated 1549 bytes in 1153 msecs (HTTP/1.1 200) 9 headers in 358 bytes (1 switches on core 0)
May 29 01:00:59.980805 dv-neutron-843186-2-hyperv devstack@n-api.service[98259]: DEBUG nova.api.openstack.wsgi [None req-9d4d622f-aa8a-4821-aa5b-2beb5b77782a tempest-ServerActionsTestJSON-1179462359 tempest-ServerActionsTestJSON-1179462359-project] Calling method '>' {{(pid=98259) _process_stack /opt/stack/nova/nova/api/openstack/wsgi.py:513}}
May 29 01:00:59.981611 dv-neutron-843186-2-hyperv devstack@n-api.service[98259]: DEBUG nova.compute.api [None req-9d4d622f-aa8a-4821-aa5b-2beb5b77782a tempest-ServerActionsTestJSON-1179462359 tempest-ServerActionsTestJSON-1179462359-project] [instance: cd0b30ab-b8ad-4a80-8327-572cc6ebc4e2] Fetching instance by UUID {{(pid=98259) get /opt/stack/nova/nova/compute/api.py:2810}}
May 29 01:01:00.001742 dv-neutron-843186-2-hyperv devstack@n-api.service[98259]: DEBUG oslo_concurrency.lockutils [None req-9d4d622f-aa8a-4821-aa5b-2beb5b77782a tempest-ServerActionsTestJSON-1179462359 tempest-ServerActionsTestJSON-1179462359-project] Lock "640caa34-b515-47de-b988-092b792f5477" acquired by "nova.context.set_target_cell..get_or_set_cached_cell_and_set_connections" :: waited 0.000s {{(pid=98259) inner /usr/local/lib/python3.8/dist-packages/oslo_concurrency/lockutils.py:355}}
May 29 01:01:00.002664 dv-neutron-843186-2-hyperv devstack@n-api.service[98259]: DEBUG oslo_concurrency.lockutils [None req-9d4d622f-aa8a-4821-aa5b-2beb5b77782a tempest-ServerActionsTestJSON-1179462359 tempest-ServerActionsTestJSON-1179462359-project] Lock "640caa34-b515-47de-b988-092b792f5477" released by "nova.context.set_target_cell..get_or_set_cached_cell_and_set_connections" :: held 0.003s {{(pid=98259) inner /usr/local/lib/python3.8/dist-packages/oslo_concurrency/lockutils.py:367}}
May 29 01:01:00.004309 dv-neutron-843186-2-hyperv devstack@n-api.service[98259]: DEBUG oslo_concurrency.lockutils [None req-9d4d622f-aa8a-4821-aa5b-2beb5b77782a tempest-ServerActionsTestJSON-1179462359 tempest-ServerActionsTestJSON-1179462359-project] Lock "640caa34-b515-47de-b988-092b792f5477" acquired by "nova.context.set_target_cell..get_or_set_cached_cell_and_set_connections" :: waited 0.000s {{(pid=98259) inner /usr/local/lib/python3.8/dist-packages/oslo_concurrency/lockutils.py:355}}
May 29 01:01:00.006822 dv-neutron-843186-2-hyperv devstack@n-api.service[98259]: DEBUG oslo_concurrency.lockutils [None req-9d4d622f-aa8a-4821-aa5b-2beb5b77782a tempest-ServerActionsTestJSON-1179462359 tempest-ServerActionsTestJSON-1179462359-project] Lock "640caa34-b515-47de-b988-092b792f5477" released by "nova.context.set_target_cell..get_or_set_cached_cell_and_set_connections" :: held 0.003s {{(pid=98259) inner /usr/local/lib/python3.8/dist-packages/oslo_concurrency/lockutils.py:367}}
May 29 01:01:00.548463 dv-neutron-843186-2-hyperv devstack@n-api.service[98258]: INFO nova.api.openstack.requestlog [None req-cd1528f3-723a-450f-ba25-81357c0145ef tempest-ServersTestJSON-590219477 tempest-ServersTestJSON-590219477-project] 10.222.0.33 "GET /compute/v2.1/servers/46f46bdf-9af6-487c-9083-1bacb62043b1/os-interface" status: 200 len: 284 microversion: 2.1 time: 0.666103
May 29 01:01:00.557254 dv-neutron-843186-2-hyperv devstack@n-api.service[98258]: [pid: 98258|app: 0|req: 35/71] 10.222.0.33 () {58 vars in 1274 bytes} [Sun May 29 01:00:59 2022] GET /compute/v2.1/servers/46f46bdf-9af6-487c-9083-1bacb62043b1/os-interface => generated 284 bytes in 675 msecs (HTTP/1.1 200) 9 headers in 357 bytes (2 switches on core 0)
May 29 01:01:00.839205 dv-neutron-843186-2-hyperv devstack@n-api.service[98259]: INFO nova.api.openstack.requestlog [None req-9d4d622f-aa8a-4821-aa5b-2beb5b77782a tempest-ServerActionsTestJSON-1179462359 tempest-ServerActionsTestJSON-1179462359-project] 10.222.0.33 "GET /compute/v2.1/servers/cd0b30ab-b8ad-4a80-8327-572cc6ebc4e2/os-interface" status: 200 len: 284 microversion: 2.1 time: 0.870699
May 29 01:01:00.847805 dv-neutron-843186-2-hyperv devstack@n-api.service[98259]: [pid: 98259|app: 0|req: 37/72] 10.222.0.33 () {58 vars in 1274 bytes} [Sun May 29 01:00:59 2022] GET /compute/v2.1/servers/cd0b30ab-b8ad-4a80-8327-572cc6ebc4e2/os-interface => generated 284 bytes in 880 msecs (HTTP/1.1 200) 9 headers in 357 bytes (1 switches on core 0)
May 29 01:01:04.663452 dv-neutron-843186-2-hyperv devstack@n-api.service[98258]: DEBUG nova.api.openstack.wsgi [None req-ec6544f3-5dd2-4725-8625-1cd47b5c4ae5 tempest-ServersTestJSON-590219477 tempest-ServersTestJSON-590219477-project] Calling method '>' {{(pid=98258) _process_stack /opt/stack/nova/nova/api/openstack/wsgi.py:513}}
May 29 01:01:04.679864 dv-neutron-843186-2-hyperv devstack@n-api.service[98258]: DEBUG nova.compute.api [None req-ec6544f3-5dd2-4725-8625-1cd47b5c4ae5 tempest-ServersTestJSON-590219477 tempest-ServersTestJSON-590219477-project] [instance: 46f46bdf-9af6-487c-9083-1bacb62043b1] Fetching instance by UUID {{(pid=98258) get /opt/stack/nova/nova/compute/api.py:2810}}
May 29 01:01:04.683327 dv-neutron-843186-2-hyperv devstack@n-api.service[98259]: DEBUG nova.api.openstack.wsgi [req-199ce41a-ad3d-495d-b6b8-287cb166b9e6 req-ee93af0f-6bf8-419c-aa32-f5c2db9dfc87 service nova] Action: 'create', calling method: >, body: {"events": [{"name": "network-changed", "server_uuid": "46f46bdf-9af6-487c-9083-1bacb62043b1", "tag": "37b6bca4-e0ca-4c5c-92a5-9bf33c401367"}]} {{(pid=98259) _process_stack /opt/stack/nova/nova/api/openstack/wsgi.py:511}}
May 29 01:01:04.690538 dv-neutron-843186-2-hyperv devstack@n-api.service[98259]: /usr/local/lib/python3.8/dist-packages/oslo_policy/policy.py:1022: UserWarning: Policy os_compute_api:os-server-external-events:create failed scope check. The token used to make the request was project scoped but the policy requires ['system'] scope. This behavior may change in the future where using the intended scope is required
May 29 01:01:04.690538 dv-neutron-843186-2-hyperv devstack@n-api.service[98259]: warnings.warn(msg)
May 29 01:01:04.708325 dv-neutron-843186-2-hyperv devstack@n-api.service[98258]: DEBUG oslo_concurrency.lockutils [None req-ec6544f3-5dd2-4725-8625-1cd47b5c4ae5 tempest-ServersTestJSON-590219477 tempest-ServersTestJSON-590219477-project] Lock "640caa34-b515-47de-b988-092b792f5477" acquired by "nova.context.set_target_cell..get_or_set_cached_cell_and_set_connections" :: waited 0.000s {{(pid=98258) inner /usr/local/lib/python3.8/dist-packages/oslo_concurrency/lockutils.py:355}}
May 29 01:01:04.708790 dv-neutron-843186-2-hyperv devstack@n-api.service[98258]: DEBUG oslo_concurrency.lockutils [None req-ec6544f3-5dd2-4725-8625-1cd47b5c4ae5 tempest-ServersTestJSON-590219477 tempest-ServersTestJSON-590219477-project] Lock "640caa34-b515-47de-b988-092b792f5477" released by "nova.context.set_target_cell..get_or_set_cached_cell_and_set_connections" :: held 0.001s {{(pid=98258) inner /usr/local/lib/python3.8/dist-packages/oslo_concurrency/lockutils.py:367}}
May 29 01:01:04.709644 dv-neutron-843186-2-hyperv devstack@n-api.service[98258]: DEBUG oslo_concurrency.lockutils [None req-ec6544f3-5dd2-4725-8625-1cd47b5c4ae5 tempest-ServersTestJSON-590219477 tempest-ServersTestJSON-590219477-project] Lock "640caa34-b515-47de-b988-092b792f5477" acquired by "nova.context.set_target_cell..get_or_set_cached_cell_and_set_connections" :: waited 0.000s {{(pid=98258) inner /usr/local/lib/python3.8/dist-packages/oslo_concurrency/lockutils.py:355}}
May 29 01:01:04.710247 dv-neutron-843186-2-hyperv devstack@n-api.service[98258]: DEBUG oslo_concurrency.lockutils [None req-ec6544f3-5dd2-4725-8625-1cd47b5c4ae5 tempest-ServersTestJSON-590219477 tempest-ServersTestJSON-590219477-project] Lock "640caa34-b515-47de-b988-092b792f5477" released by "nova.context.set_target_cell..get_or_set_cached_cell_and_set_connections" :: held 0.001s {{(pid=98258) inner /usr/local/lib/python3.8/dist-packages/oslo_concurrency/lockutils.py:367}}
May 29 01:01:04.734197 dv-neutron-843186-2-hyperv devstack@n-api.service[98259]: DEBUG oslo_concurrency.lockutils [req-199ce41a-ad3d-495d-b6b8-287cb166b9e6 req-ee93af0f-6bf8-419c-aa32-f5c2db9dfc87 service nova] Lock "640caa34-b515-47de-b988-092b792f5477" acquired by "nova.context.set_target_cell..get_or_set_cached_cell_and_set_connections" :: waited 0.000s {{(pid=98259) inner /usr/local/lib/python3.8/dist-packages/oslo_concurrency/lockutils.py:355}}
May 29 01:01:04.734651 dv-neutron-843186-2-hyperv devstack@n-api.service[98259]: DEBUG oslo_concurrency.lockutils [req-199ce41a-ad3d-495d-b6b8-287cb166b9e6 req-ee93af0f-6bf8-419c-aa32-f5c2db9dfc87 service nova] Lock "640caa34-b515-47de-b988-092b792f5477" released by "nova.context.set_target_cell..get_or_set_cached_cell_and_set_connections" :: held 0.001s {{(pid=98259) inner /usr/local/lib/python3.8/dist-packages/oslo_concurrency/lockutils.py:367}}
May 29 01:01:04.775133 dv-neutron-843186-2-hyperv devstack@n-api.service[98259]: INFO nova.api.openstack.compute.server_external_events [req-199ce41a-ad3d-495d-b6b8-287cb166b9e6 req-ee93af0f-6bf8-419c-aa32-f5c2db9dfc87 service nova] Creating event network-changed:37b6bca4-e0ca-4c5c-92a5-9bf33c401367 for instance 46f46bdf-9af6-487c-9083-1bacb62043b1 on hv-neutron-8431
May 29 01:01:04.800868 dv-neutron-843186-2-hyperv devstack@n-api.service[98259]: INFO nova.api.openstack.requestlog [req-199ce41a-ad3d-495d-b6b8-287cb166b9e6 req-ee93af0f-6bf8-419c-aa32-f5c2db9dfc87 service nova] 10.222.0.33 "POST /compute/v2.1/os-server-external-events" status: 200 len: 179 microversion: 2.1 time: 0.130319
May 29 01:01:04.801789 dv-neutron-843186-2-hyperv devstack@n-api.service[98259]: [pid: 98259|app: 0|req: 38/73] 10.222.0.33 () {64 vars in 1317 bytes} [Sun May 29 01:01:04 2022] POST /compute/v2.1/os-server-external-events => generated 179 bytes in 132 msecs (HTTP/1.1 200) 9 headers in 357 bytes (3 switches on core 0)
May 29 01:01:06.799571 dv-neutron-843186-2-hyperv devstack@n-api.service[98258]: DEBUG nova.policy [None req-ec6544f3-5dd2-4725-8625-1cd47b5c4ae5 tempest-ServersTestJSON-590219477 tempest-ServersTestJSON-590219477-project] Policy check for os_compute_api:os-extended-server-attributes failed with credentials {'is_admin': False, 'user_id': '81b5c0a0673f42bf96b3f2166ba9aca3', 'user_domain_id': 'default', 'system_scope': None, 'domain_id': None, 'project_id': 'bfbcc555f07f4acbbabab7aa1f77313f', 'project_domain_id': 'default', 'roles': ['member', 'reader'], 'is_admin_project': True, 'service_user_id': None, 'service_user_domain_id': None, 'service_project_id': None, 'service_project_domain_id': None, 'service_roles': []} {{(pid=98258) authorize /opt/stack/nova/nova/policy.py:222}}
May 29 01:01:06.820432 dv-neutron-843186-2-hyperv devstack@n-api.service[98258]: INFO nova.api.openstack.requestlog [None req-ec6544f3-5dd2-4725-8625-1cd47b5c4ae5 tempest-ServersTestJSON-590219477 tempest-ServersTestJSON-590219477-project] 10.222.0.33 "GET /compute/v2.1/servers/46f46bdf-9af6-487c-9083-1bacb62043b1" status: 200 len: 1577 microversion: 2.1 time: 2.167422
May 29 01:01:06.821499 dv-neutron-843186-2-hyperv devstack@n-api.service[98258]: [pid: 98258|app: 0|req: 36/74] 10.222.0.33 () {58 vars in 1235 bytes} [Sun May 29 01:01:04 2022] GET /compute/v2.1/servers/46f46bdf-9af6-487c-9083-1bacb62043b1 => generated 1577 bytes in 2169 msecs (HTTP/1.1 200) 9 headers in 358 bytes (1 switches on core 0)
May 29 01:01:06.852160 dv-neutron-843186-2-hyperv devstack@n-api.service[98259]: DEBUG nova.api.openstack.wsgi [None req-22a0896b-d37c-4fc3-a664-d5f361f1d141 tempest-ServersTestJSON-590219477 tempest-ServersTestJSON-590219477-project] Calling method '>' {{(pid=98259) _process_stack /opt/stack/nova/nova/api/openstack/wsgi.py:513}}
May 29 01:01:06.880264 dv-neutron-843186-2-hyperv devstack@n-api.service[98259]: INFO nova.api.openstack.requestlog [None req-22a0896b-d37c-4fc3-a664-d5f361f1d141 tempest-ServersTestJSON-590219477 tempest-ServersTestJSON-590219477-project] 10.222.0.33 "GET /compute/v2.1/flavors/452" status: 200 len: 370 microversion: 2.1 time: 0.044542
May 29 01:01:06.881429 dv-neutron-843186-2-hyperv devstack@n-api.service[98259]: [pid: 98259|app: 0|req: 39/75] 10.222.0.33 () {58 vars in 1136 bytes} [Sun May 29 01:01:06 2022] GET /compute/v2.1/flavors/452 => generated 370 bytes in 47 msecs (HTTP/1.1 200) 9 headers in 357 bytes (1 switches on core 0)
May 29 01:01:07.562614 dv-neutron-843186-2-hyperv devstack@n-api.service[98258]: DEBUG nova.api.openstack.wsgi [None req-a252ebba-11ba-4a06-8c18-f47b7437da9f tempest-ServersTestManualDisk-1989202300 tempest-ServersTestManualDisk-1989202300-project] Calling method '>' {{(pid=98258) _process_stack /opt/stack/nova/nova/api/openstack/wsgi.py:513}}
May 29 01:01:07.563243 dv-neutron-843186-2-hyperv devstack@n-api.service[98258]: DEBUG nova.compute.api [None req-a252ebba-11ba-4a06-8c18-f47b7437da9f tempest-ServersTestManualDisk-1989202300 tempest-ServersTestManualDisk-1989202300-project] [instance: fdf25153-3aa8-4628-aac5-f86b22c6b385] Fetching instance by UUID {{(pid=98258) get /opt/stack/nova/nova/compute/api.py:2810}}
May 29 01:01:07.581904 dv-neutron-843186-2-hyperv devstack@n-api.service[98258]: DEBUG oslo_concurrency.lockutils [None req-a252ebba-11ba-4a06-8c18-f47b7437da9f tempest-ServersTestManualDisk-1989202300 tempest-ServersTestManualDisk-1989202300-project] Lock "640caa34-b515-47de-b988-092b792f5477" acquired by "nova.context.set_target_cell..get_or_set_cached_cell_and_set_connections" :: waited 0.000s {{(pid=98258) inner /usr/local/lib/python3.8/dist-packages/oslo_concurrency/lockutils.py:355}}
May 29 01:01:07.582278 dv-neutron-843186-2-hyperv devstack@n-api.service[98258]: DEBUG oslo_concurrency.lockutils [None req-a252ebba-11ba-4a06-8c18-f47b7437da9f tempest-ServersTestManualDisk-1989202300 tempest-ServersTestManualDisk-1989202300-project] Lock "640caa34-b515-47de-b988-092b792f5477" released by "nova.context.set_target_cell..get_or_set_cached_cell_and_set_connections" :: held 0.001s {{(pid=98258) inner /usr/local/lib/python3.8/dist-packages/oslo_concurrency/lockutils.py:367}}
May 29 01:01:07.583086 dv-neutron-843186-2-hyperv devstack@n-api.service[98258]: DEBUG oslo_concurrency.lockutils [None req-a252ebba-11ba-4a06-8c18-f47b7437da9f tempest-ServersTestManualDisk-1989202300 tempest-ServersTestManualDisk-1989202300-project] Lock "640caa34-b515-47de-b988-092b792f5477" acquired by "nova.context.set_target_cell..get_or_set_cached_cell_and_set_connections" :: waited 0.000s {{(pid=98258) inner /usr/local/lib/python3.8/dist-packages/oslo_concurrency/lockutils.py:355}}
May 29 01:01:07.583527 dv-neutron-843186-2-hyperv devstack@n-api.service[98258]: DEBUG oslo_concurrency.lockutils [None req-a252ebba-11ba-4a06-8c18-f47b7437da9f tempest-ServersTestManualDisk-1989202300 tempest-ServersTestManualDisk-1989202300-project] Lock "640caa34-b515-47de-b988-092b792f5477" released by "nova.context.set_target_cell..get_or_set_cached_cell_and_set_connections" :: held 0.000s {{(pid=98258) inner /usr/local/lib/python3.8/dist-packages/oslo_concurrency/lockutils.py:367}}
May 29 01:01:07.644883 dv-neutron-843186-2-hyperv devstack@n-api.service[98259]: DEBUG nova.api.openstack.wsgi [req-a42adb82-6466-4052-ba8b-57fb14b5ba87 req-42db243e-f8d3-4a64-bad3-b1cc3edb5651 service nova] Action: 'create', calling method: >, body: {"events": [{"name": "network-changed", "server_uuid": "fdf25153-3aa8-4628-aac5-f86b22c6b385", "tag": "f9683f03-ce62-43aa-a2ba-d9eea144c476"}]} {{(pid=98259) _process_stack /opt/stack/nova/nova/api/openstack/wsgi.py:511}}
May 29 01:01:07.651184 dv-neutron-843186-2-hyperv devstack@n-api.service[98259]: /usr/local/lib/python3.8/dist-packages/oslo_policy/policy.py:1022: UserWarning: Policy os_compute_api:os-server-external-events:create failed scope check. The token used to make the request was project scoped but the policy requires ['system'] scope. This behavior may change in the future where using the intended scope is required
May 29 01:01:07.651184 dv-neutron-843186-2-hyperv devstack@n-api.service[98259]: warnings.warn(msg)
May 29 01:01:07.688154 dv-neutron-843186-2-hyperv devstack@n-api.service[98259]: DEBUG oslo_concurrency.lockutils [req-a42adb82-6466-4052-ba8b-57fb14b5ba87 req-42db243e-f8d3-4a64-bad3-b1cc3edb5651 service nova] Lock "640caa34-b515-47de-b988-092b792f5477" acquired by "nova.context.set_target_cell..get_or_set_cached_cell_and_set_connections" :: waited 0.000s {{(pid=98259) inner /usr/local/lib/python3.8/dist-packages/oslo_concurrency/lockutils.py:355}}
May 29 01:01:07.688607 dv-neutron-843186-2-hyperv devstack@n-api.service[98259]: DEBUG oslo_concurrency.lockutils [req-a42adb82-6466-4052-ba8b-57fb14b5ba87 req-42db243e-f8d3-4a64-bad3-b1cc3edb5651 service nova] Lock "640caa34-b515-47de-b988-092b792f5477" released by "nova.context.set_target_cell..get_or_set_cached_cell_and_set_connections" :: held 0.001s {{(pid=98259) inner /usr/local/lib/python3.8/dist-packages/oslo_concurrency/lockutils.py:367}}
May 29 01:01:07.723711 dv-neutron-843186-2-hyperv devstack@n-api.service[98259]: INFO nova.api.openstack.compute.server_external_events [req-a42adb82-6466-4052-ba8b-57fb14b5ba87 req-42db243e-f8d3-4a64-bad3-b1cc3edb5651 service nova] Creating event network-changed:f9683f03-ce62-43aa-a2ba-d9eea144c476 for instance fdf25153-3aa8-4628-aac5-f86b22c6b385 on hv-neutron-8431
May 29 01:01:07.730468 dv-neutron-843186-2-hyperv devstack@n-api.service[98259]: INFO nova.api.openstack.requestlog [req-a42adb82-6466-4052-ba8b-57fb14b5ba87 req-42db243e-f8d3-4a64-bad3-b1cc3edb5651 service nova] 10.222.0.33 "POST /compute/v2.1/os-server-external-events" status: 200 len: 179 microversion: 2.1 time: 0.095798
May 29 01:01:07.732154 dv-neutron-843186-2-hyperv devstack@n-api.service[98259]: [pid: 98259|app: 0|req: 40/76] 10.222.0.33 () {64 vars in 1317 bytes} [Sun May 29 01:01:07 2022] POST /compute/v2.1/os-server-external-events => generated 179 bytes in 98 msecs (HTTP/1.1 200) 9 headers in 357 bytes (2 switches on core 0)
May 29 01:01:08.991911 dv-neutron-843186-2-hyperv devstack@n-api.service[98258]: DEBUG nova.policy [None req-a252ebba-11ba-4a06-8c18-f47b7437da9f tempest-ServersTestManualDisk-1989202300 tempest-ServersTestManualDisk-1989202300-project] Policy check for os_compute_api:os-extended-server-attributes failed with credentials {'is_admin': False, 'user_id': '668289c9f87447168dcefeb525d061d0', 'user_domain_id': 'default', 'system_scope': None, 'domain_id': None, 'project_id': '3e768bca5e734748ba34ae3f30ef138b', 'project_domain_id': 'default', 'roles': ['member', 'reader'], 'is_admin_project': True, 'service_user_id': None, 'service_user_domain_id': None, 'service_project_id': None, 'service_project_domain_id': None, 'service_roles': []} {{(pid=98258) authorize /opt/stack/nova/nova/policy.py:222}}
May 29 01:01:09.014402 dv-neutron-843186-2-hyperv devstack@n-api.service[98258]: INFO nova.api.openstack.requestlog [None req-a252ebba-11ba-4a06-8c18-f47b7437da9f tempest-ServersTestManualDisk-1989202300 tempest-ServersTestManualDisk-1989202300-project] 10.222.0.33 "GET /compute/v2.1/servers/fdf25153-3aa8-4628-aac5-f86b22c6b385" status: 200 len: 1589 microversion: 2.1 time: 1.461887
May 29 01:01:09.014981 dv-neutron-843186-2-hyperv devstack@n-api.service[98258]: [pid: 98258|app: 0|req: 37/77] 10.222.0.33 () {58 vars in 1235 bytes} [Sun May 29 01:01:07 2022] GET /compute/v2.1/servers/fdf25153-3aa8-4628-aac5-f86b22c6b385 => generated 1589 bytes in 1463 msecs (HTTP/1.1 200) 9 headers in 358 bytes (1 switches on core 0)
May 29 01:01:09.070368 dv-neutron-843186-2-hyperv devstack@n-api.service[98259]: DEBUG nova.api.openstack.wsgi [None req-5046c0e1-9aa6-4f3e-b97f-33838e93d322 tempest-ServersTestManualDisk-1989202300 tempest-ServersTestManualDisk-1989202300-project] Calling method '>' {{(pid=98259) _process_stack /opt/stack/nova/nova/api/openstack/wsgi.py:513}}
May 29 01:01:09.124680 dv-neutron-843186-2-hyperv devstack@n-api.service[98259]: INFO nova.api.openstack.requestlog [None req-5046c0e1-9aa6-4f3e-b97f-33838e93d322 tempest-ServersTestManualDisk-1989202300 tempest-ServersTestManualDisk-1989202300-project] 10.222.0.33 "GET /compute/v2.1/flavors/452" status: 200 len: 370 microversion: 2.1 time: 0.093377
May 29 01:01:09.125905 dv-neutron-843186-2-hyperv devstack@n-api.service[98259]: [pid: 98259|app: 0|req: 41/78] 10.222.0.33 () {58 vars in 1136 bytes} [Sun May 29 01:01:09 2022] GET /compute/v2.1/flavors/452 => generated 370 bytes in 96 msecs (HTTP/1.1 200) 9 headers in 357 bytes (1 switches on core 0)
May 29 01:01:12.096681 dv-neutron-843186-2-hyperv devstack@n-api.service[98258]: DEBUG nova.api.openstack.wsgi [None req-8274c123-2a38-4a61-9fbd-d5f833ff8b49 tempest-ServerActionsTestJSON-1179462359 tempest-ServerActionsTestJSON-1179462359-project] Calling method '>' {{(pid=98258) _process_stack /opt/stack/nova/nova/api/openstack/wsgi.py:513}}
May 29 01:01:12.098279 dv-neutron-843186-2-hyperv devstack@n-api.service[98258]: DEBUG nova.compute.api [None req-8274c123-2a38-4a61-9fbd-d5f833ff8b49 tempest-ServerActionsTestJSON-1179462359 tempest-ServerActionsTestJSON-1179462359-project] [instance: cd0b30ab-b8ad-4a80-8327-572cc6ebc4e2] Fetching instance by UUID {{(pid=98258) get /opt/stack/nova/nova/compute/api.py:2810}}
May 29 01:01:12.109900 dv-neutron-843186-2-hyperv devstack@n-api.service[98258]: DEBUG oslo_concurrency.lockutils [None req-8274c123-2a38-4a61-9fbd-d5f833ff8b49 tempest-ServerActionsTestJSON-1179462359 tempest-ServerActionsTestJSON-1179462359-project] Lock "640caa34-b515-47de-b988-092b792f5477" acquired by "nova.context.set_target_cell..get_or_set_cached_cell_and_set_connections" :: waited 0.000s {{(pid=98258) inner /usr/local/lib/python3.8/dist-packages/oslo_concurrency/lockutils.py:355}}
May 29 01:01:12.116954 dv-neutron-843186-2-hyperv devstack@n-api.service[98258]: DEBUG oslo_concurrency.lockutils [None req-8274c123-2a38-4a61-9fbd-d5f833ff8b49 tempest-ServerActionsTestJSON-1179462359 tempest-ServerActionsTestJSON-1179462359-project] Lock "640caa34-b515-47de-b988-092b792f5477" released by "nova.context.set_target_cell..get_or_set_cached_cell_and_set_connections" :: held 0.007s {{(pid=98258) inner /usr/local/lib/python3.8/dist-packages/oslo_concurrency/lockutils.py:367}}
May 29 01:01:12.118133 dv-neutron-843186-2-hyperv devstack@n-api.service[98258]: DEBUG oslo_concurrency.lockutils [None req-8274c123-2a38-4a61-9fbd-d5f833ff8b49 tempest-ServerActionsTestJSON-1179462359 tempest-ServerActionsTestJSON-1179462359-project] Lock "640caa34-b515-47de-b988-092b792f5477" acquired by "nova.context.set_target_cell..get_or_set_cached_cell_and_set_connections" :: waited 0.000s {{(pid=98258) inner /usr/local/lib/python3.8/dist-packages/oslo_concurrency/lockutils.py:355}}
May 29 01:01:12.118795 dv-neutron-843186-2-hyperv devstack@n-api.service[98258]: DEBUG oslo_concurrency.lockutils [None req-8274c123-2a38-4a61-9fbd-d5f833ff8b49 tempest-ServerActionsTestJSON-1179462359 tempest-ServerActionsTestJSON-1179462359-project] Lock "640caa34-b515-47de-b988-092b792f5477" released by "nova.context.set_target_cell..get_or_set_cached_cell_and_set_connections" :: held 0.001s {{(pid=98258) inner /usr/local/lib/python3.8/dist-packages/oslo_concurrency/lockutils.py:367}}
May 29 01:01:12.132820 dv-neutron-843186-2-hyperv devstack@n-api.service[98259]: DEBUG nova.api.openstack.wsgi [req-faea6fd4-9e92-44fe-8ede-08514ec59b51 req-e5018605-c630-4a4f-bef3-ef1187ae19eb service nova] Action: 'create', calling method: >, body: {"events": [{"name": "network-changed", "server_uuid": "cd0b30ab-b8ad-4a80-8327-572cc6ebc4e2", "tag": "50f163f7-75b1-4823-b2c0-351416b87875"}]} {{(pid=98259) _process_stack /opt/stack/nova/nova/api/openstack/wsgi.py:511}}
May 29 01:01:12.159695 dv-neutron-843186-2-hyperv devstack@n-api.service[98259]: /usr/local/lib/python3.8/dist-packages/oslo_policy/policy.py:1022: UserWarning: Policy os_compute_api:os-server-external-events:create failed scope check. The token used to make the request was project scoped but the policy requires ['system'] scope. This behavior may change in the future where using the intended scope is required
May 29 01:01:12.159695 dv-neutron-843186-2-hyperv devstack@n-api.service[98259]: warnings.warn(msg)
May 29 01:01:12.182686 dv-neutron-843186-2-hyperv devstack@n-api.service[98259]: DEBUG oslo_concurrency.lockutils [req-faea6fd4-9e92-44fe-8ede-08514ec59b51 req-e5018605-c630-4a4f-bef3-ef1187ae19eb service nova] Lock "640caa34-b515-47de-b988-092b792f5477" acquired by "nova.context.set_target_cell..get_or_set_cached_cell_and_set_connections" :: waited 0.000s {{(pid=98259) inner /usr/local/lib/python3.8/dist-packages/oslo_concurrency/lockutils.py:355}}
May 29 01:01:12.187314 dv-neutron-843186-2-hyperv devstack@n-api.service[98259]: DEBUG oslo_concurrency.lockutils [req-faea6fd4-9e92-44fe-8ede-08514ec59b51 req-e5018605-c630-4a4f-bef3-ef1187ae19eb service nova] Lock "640caa34-b515-47de-b988-092b792f5477" released by "nova.context.set_target_cell..get_or_set_cached_cell_and_set_connections" :: held 0.003s {{(pid=98259) inner /usr/local/lib/python3.8/dist-packages/oslo_concurrency/lockutils.py:367}}
May 29 01:01:12.230346 dv-neutron-843186-2-hyperv devstack@n-api.service[98259]: INFO nova.api.openstack.compute.server_external_events [req-faea6fd4-9e92-44fe-8ede-08514ec59b51 req-e5018605-c630-4a4f-bef3-ef1187ae19eb service nova] Creating event network-changed:50f163f7-75b1-4823-b2c0-351416b87875 for instance cd0b30ab-b8ad-4a80-8327-572cc6ebc4e2 on hv-neutron-8431
May 29 01:01:12.243502 dv-neutron-843186-2-hyperv devstack@n-api.service[98259]: INFO nova.api.openstack.requestlog [req-faea6fd4-9e92-44fe-8ede-08514ec59b51 req-e5018605-c630-4a4f-bef3-ef1187ae19eb service nova] 10.222.0.33 "POST /compute/v2.1/os-server-external-events" status: 200 len: 179 microversion: 2.1 time: 0.130136
May 29 01:01:12.246516 dv-neutron-843186-2-hyperv devstack@n-api.service[98259]: [pid: 98259|app: 0|req: 42/79] 10.222.0.33 () {64 vars in 1317 bytes} [Sun May 29 01:01:12 2022] POST /compute/v2.1/os-server-external-events => generated 179 bytes in 134 msecs (HTTP/1.1 200) 9 headers in 357 bytes (2 switches on core 0)
May 29 01:01:13.045244 dv-neutron-843186-2-hyperv devstack@n-api.service[98258]: DEBUG nova.policy [None req-8274c123-2a38-4a61-9fbd-d5f833ff8b49 tempest-ServerActionsTestJSON-1179462359 tempest-ServerActionsTestJSON-1179462359-project] Policy check for os_compute_api:os-extended-server-attributes failed with credentials {'is_admin': False, 'user_id': '15bb5ea5641e4d6b9d78cfaf1e0edb9d', 'user_domain_id': 'default', 'system_scope': None, 'domain_id': None, 'project_id': '9cd7a747df0a4f6b84cc6a375f1c75b5', 'project_domain_id': 'default', 'roles': ['member', 'reader'], 'is_admin_project': True, 'service_user_id': None, 'service_user_domain_id': None, 'service_project_id': None, 'service_project_domain_id': None, 'service_roles': []} {{(pid=98258) authorize /opt/stack/nova/nova/policy.py:222}}
May 29 01:01:13.075745 dv-neutron-843186-2-hyperv devstack@n-api.service[98258]: INFO nova.api.openstack.requestlog [None req-8274c123-2a38-4a61-9fbd-d5f833ff8b49 tempest-ServerActionsTestJSON-1179462359 tempest-ServerActionsTestJSON-1179462359-project] 10.222.0.33 "GET /compute/v2.1/servers/cd0b30ab-b8ad-4a80-8327-572cc6ebc4e2" status: 200 len: 1549 microversion: 2.1 time: 0.986827
May 29 01:01:13.092052 dv-neutron-843186-2-hyperv devstack@n-api.service[98258]: [pid: 98258|app: 0|req: 38/80] 10.222.0.33 () {58 vars in 1235 bytes} [Sun May 29 01:01:12 2022] GET /compute/v2.1/servers/cd0b30ab-b8ad-4a80-8327-572cc6ebc4e2 => generated 1549 bytes in 1006 msecs (HTTP/1.1 200) 9 headers in 358 bytes (1 switches on core 0)
May 29 01:01:13.102599 dv-neutron-843186-2-hyperv devstack@n-api.service[98259]: DEBUG nova.api.openstack.wsgi [None req-ce57fae1-44f6-4f40-9efd-011287261e8d tempest-ServerActionsTestJSON-1179462359 tempest-ServerActionsTestJSON-1179462359-project] Calling method '>' {{(pid=98259) _process_stack /opt/stack/nova/nova/api/openstack/wsgi.py:513}}
